Results for 4.7.0 20110629 (experimental) [trunk revision 175673] (GCC) gcc testsuite on avr-unknown-none

Mike Stein mstein.lists@googlemail.com
Thu Jun 30 22:08:00 GMT 2011


Debian 5 on x86_64
cross tool versions:
GNU assembler (GNU Binutils) 2.20.51.20090926
GNU gdb 6.4
GNU ld (GNU Binutils) 2.20.51.20090926

GNU Make 3.81
expect version 5.43.0
host gcc version: gcc (GCC) 4.7.0 20110628 (experimental) [trunk revision 175604]
LAST_UPDATED: Wed Jun 29 22:19:31 UTC 2011 (revision 175673)

Target is avr-unknown-none
Host   is x86_64-unknown-linux-gnu

		=== gcc tests ===


Running target avrtest-m128-sim
FAIL: gcc.c-torture/compile/pr34448.c  -O2  (internal compiler error)
FAIL: gcc.c-torture/compile/pr34448.c  -O2  (test for excess errors)
FAIL: gcc.c-torture/compile/pr34448.c  -O3 -fomit-frame-pointer  (internal compiler error)
FAIL: gcc.c-torture/compile/pr34448.c  -O3 -fomit-frame-pointer  (test for excess errors)
FAIL: gcc.c-torture/compile/pr34448.c  -O3 -g  (internal compiler error)
FAIL: gcc.c-torture/compile/pr34448.c  -O3 -g  (test for excess errors)
FAIL: gcc.c-torture/compile/pr34448.c  -O2 -flto -flto-partition=none  (internal compiler error)
FAIL: gcc.c-torture/compile/pr34448.c  -O2 -flto -flto-partition=none  (test for excess errors)
FAIL: gcc.c-torture/compile/pr34448.c  -O2 -flto  (internal compiler error)
FAIL: gcc.c-torture/compile/pr34448.c  -O2 -flto  (test for excess errors)
FAIL: gcc.c-torture/compile/pr39928-1.c  -O2  (internal compiler error)
FAIL: gcc.c-torture/compile/pr39928-1.c  -O2  (test for excess errors)
FAIL: gcc.c-torture/compile/pr39928-1.c  -O3 -fomit-frame-pointer  (internal compiler error)
FAIL: gcc.c-torture/compile/pr39928-1.c  -O3 -fomit-frame-pointer  (test for excess errors)
FAIL: gcc.c-torture/compile/pr39928-1.c  -O3 -g  (internal compiler error)
FAIL: gcc.c-torture/compile/pr39928-1.c  -O3 -g  (test for excess errors)
FAIL: gcc.c-torture/compile/pr39928-1.c  -O2 -flto -flto-partition=none  (internal compiler error)
FAIL: gcc.c-torture/compile/pr39928-1.c  -O2 -flto -flto-partition=none  (test for excess errors)
FAIL: gcc.c-torture/compile/pr39928-1.c  -O2 -flto  (internal compiler error)
FAIL: gcc.c-torture/compile/pr39928-1.c  -O2 -flto  (test for excess errors)
FAIL: gcc.c-torture/execute/builtin-bitops-1.c compilation,  -O0 
UNRESOLVED: gcc.c-torture/execute/builtin-bitops-1.c execution,  -O0 
FAIL: gcc.c-torture/execute/builtin-bitops-1.c compilation,  -O1 
UNRESOLVED: gcc.c-torture/execute/builtin-bitops-1.c execution,  -O1 
FAIL: gcc.c-torture/execute/builtin-bitops-1.c compilation,  -O2 
UNRESOLVED: gcc.c-torture/execute/builtin-bitops-1.c execution,  -O2 
FAIL: gcc.c-torture/execute/builtin-bitops-1.c compilation,  -O3 -fomit-frame-pointer 
UNRESOLVED: gcc.c-torture/execute/builtin-bitops-1.c execution,  -O3 -fomit-frame-pointer 
FAIL: gcc.c-torture/execute/builtin-bitops-1.c compilation,  -O3 -fomit-frame-pointer -funroll-loops 
UNRESOLVED: gcc.c-torture/execute/builtin-bitops-1.c execution,  -O3 -fomit-frame-pointer -funroll-loops 
FAIL: gcc.c-torture/execute/builtin-bitops-1.c compilation,  -O3 -fomit-frame-pointer -funroll-all-loops -finline-functions 
UNRESOLVED: gcc.c-torture/execute/builtin-bitops-1.c execution,  -O3 -fomit-frame-pointer -funroll-all-loops -finline-functions 
FAIL: gcc.c-torture/execute/builtin-bitops-1.c compilation,  -O3 -g 
UNRESOLVED: gcc.c-torture/execute/builtin-bitops-1.c execution,  -O3 -g 
FAIL: gcc.c-torture/execute/builtin-bitops-1.c compilation,  -Os 
UNRESOLVED: gcc.c-torture/execute/builtin-bitops-1.c execution,  -Os 
FAIL: gcc.c-torture/execute/builtin-bitops-1.c compilation,  -O2 -flto -flto-partition=none 
UNRESOLVED: gcc.c-torture/execute/builtin-bitops-1.c execution,  -O2 -flto -flto-partition=none 
FAIL: gcc.c-torture/execute/builtin-bitops-1.c compilation,  -O2 -flto 
UNRESOLVED: gcc.c-torture/execute/builtin-bitops-1.c execution,  -O2 -flto 
FAIL: gcc.c-torture/execute/pr38051.c compilation,  -Os  (internal compiler error)
UNRESOLVED: gcc.c-torture/execute/pr38051.c execution,  -Os 
FAIL: gcc.dg/compat/struct-by-value-16 c_compat_x_tst.o-c_compat_y_tst.o link
UNRESOLVED: gcc.dg/compat/struct-by-value-16 c_compat_x_tst.o-c_compat_y_tst.o execute "-Os -mno-interrupts  -mcall-prologues","-Os -mno-interrupts  -mcall-prologues"
FAIL: gcc.dg/compat/struct-by-value-17 c_compat_x_tst.o-c_compat_y_tst.o link
UNRESOLVED: gcc.dg/compat/struct-by-value-17 c_compat_x_tst.o-c_compat_y_tst.o execute "-Os -mno-interrupts  -mcall-prologues","-Os -mno-interrupts  -mcall-prologues"
FAIL: gcc.dg/compat/struct-by-value-18 c_compat_x_tst.o-c_compat_y_tst.o link
UNRESOLVED: gcc.dg/compat/struct-by-value-18 c_compat_x_tst.o-c_compat_y_tst.o execute "-Os -mno-interrupts  -mcall-prologues","-Os -mno-interrupts  -mcall-prologues"
FAIL: gcc.dg/cpp/pragma-3.c (test for excess errors)
UNRESOLVED: gcc.dg/cpp/pragma-3.c scan-file-not # [0-9]{3} [^\\n\\r]*pragma-3.c
FAIL: gcc.dg/cpp/warn-multichar-2.c  (test for warnings, line )
FAIL: gcc.dg/cpp/warn-multichar-2.c  (test for errors, line 4)
FAIL: gcc.dg/cpp/warn-multichar-2.c (test for excess errors)
FAIL: gcc.dg/cpp/warn-multichar.c  (test for warnings, line 4)
FAIL: gcc.dg/cpp/warn-multichar.c (test for excess errors)
FAIL: gcc.dg/debug/dwarf2/global-used-types.c scan-assembler-times DIE \\\\(0x[^\\n]*\\\\) DW_TAG_enumeration_type 1
FAIL: gcc.dg/debug/dwarf2/global-used-types.c scan-assembler-times DIE \\\\(0x[^\\n]*\\\\) DW_TAG_enumerator 2
FAIL: gcc.dg/debug/dwarf2/global-used-types.c scan-assembler-times ascii "a.0"[\\t ]+[^\\n]*DW_AT_name 1
FAIL: gcc.dg/debug/dwarf2/global-used-types.c scan-assembler-times ascii "b.0"[\\t ]+[^\\n]*DW_AT_name 1
FAIL: gcc.dg/debug/dwarf2/inline2.c scan-assembler-times \\\\(DIE \\\\([^\\n]*\\\\) DW_TAG_inlined_subroutine 6
FAIL: gcc.dg/debug/dwarf2/inline2.c scan-assembler-times \\\\(DIE \\\\([^\\n]*\\\\) DW_TAG_lexical_block 6
FAIL: gcc.dg/debug/dwarf2/inline2.c scan-assembler-times (?:byte|data1)[^\\n]*0x3[^\\n]* DW_AT_inline 3
FAIL: gcc.dg/debug/dwarf2/inline3.c scan-assembler-times  DW_AT_const_value 1
FAIL: gcc.dg/debug/dwarf2/pr37726.c scan-assembler-times "parm[^\\n]*"[^\\n]*DW_AT_name 2
FAIL: gcc.dg/debug/dwarf2/pr37726.c scan-assembler-times "var[^\\n]*"[^\\n]*DW_AT_name 2
FAIL: gcc.dg/debug/dwarf2/pr41445-1.c scan-assembler DW_TAG_variable[^\\\\r\\\\n]*[\\\\r\\\\n]+[^\\\\r\\\\n]*"varh[^\\\\r\\\\n]*DW_AT_name([^\\\\r\\\\n]*[\\\\r\\\\n]+[^\\\\r\\\\n]*DW_AT_)*[^\\\\r\\\\n]*[\\\\r\\\\n]+[^\\\\r\\\\n]*[^0-9a-fA-FxX](0x)?8[^0-9a-fA-FxX][^\\\\r\\\\n]*DW_AT_decl_line
FAIL: gcc.dg/debug/dwarf2/pr41445-1.c scan-assembler DW_TAG_variable[^\\\\r\\\\n]*[\\\\r\\\\n]+[^\\\\r\\\\n]*"vari[^\\\\r\\\\n]*DW_AT_name([^\\\\r\\\\n]*[\\\\r\\\\n]+[^\\\\r\\\\n]*DW_AT_)*[^\\\\r\\\\n]*[\\\\r\\\\n]+[^\\\\r\\\\n]*[^0-9a-fA-FxX](0xc|12)[^0-9a-fA-FxX][^\\\\r\\\\n]*DW_AT_decl_line
FAIL: gcc.dg/debug/dwarf2/pr41445-1.c scan-assembler DW_TAG_variable[^\\\\r\\\\n]*[\\\\r\\\\n]+[^\\\\r\\\\n]*"varj[^\\\\r\\\\n]*DW_AT_name([^\\\\r\\\\n]*[\\\\r\\\\n]+[^\\\\r\\\\n]*DW_AT_)*[^\\\\r\\\\n]*[\\\\r\\\\n]+[^\\\\r\\\\n]*[^0-9a-fA-FxX](0xd|13)[^0-9a-fA-FxX][^\\\\r\\\\n]*DW_AT_decl_line
FAIL: gcc.dg/debug/dwarf2/pr41445-2.c scan-assembler DW_TAG_variable[^\\\\r\\\\n]*[\\\\r\\\\n]+[^\\\\r\\\\n]*"varh[^\\\\r\\\\n]*DW_AT_name([^\\\\r\\\\n]*[\\\\r\\\\n]+[^\\\\r\\\\n]*DW_AT_)*[^\\\\r\\\\n]*[\\\\r\\\\n]+[^\\\\r\\\\n]*[^0-9a-fA-FxX](0x)?8[^0-9a-fA-FxX][^\\\\r\\\\n]*DW_AT_decl_line
FAIL: gcc.dg/debug/dwarf2/pr41445-2.c scan-assembler DW_TAG_variable[^\\\\r\\\\n]*[\\\\r\\\\n]+[^\\\\r\\\\n]*"vari[^\\\\r\\\\n]*DW_AT_name([^\\\\r\\\\n]*[\\\\r\\\\n]+[^\\\\r\\\\n]*DW_AT_)*[^\\\\r\\\\n]*[\\\\r\\\\n]+[^\\\\r\\\\n]*[^0-9a-fA-FxX](0xc|12)[^0-9a-fA-FxX][^\\\\r\\\\n]*DW_AT_decl_line
FAIL: gcc.dg/debug/dwarf2/pr41445-2.c scan-assembler DW_TAG_variable[^\\\\r\\\\n]*[\\\\r\\\\n]+[^\\\\r\\\\n]*"varj[^\\\\r\\\\n]*DW_AT_name([^\\\\r\\\\n]*[\\\\r\\\\n]+[^\\\\r\\\\n]*DW_AT_)*[^\\\\r\\\\n]*[\\\\r\\\\n]+[^\\\\r\\\\n]*[^0-9a-fA-FxX](0xd|13)[^0-9a-fA-FxX][^\\\\r\\\\n]*DW_AT_decl_line
FAIL: gcc.dg/debug/dwarf2/pr41445-3.c scan-assembler DW_TAG_variable[^\\\\r\\\\n]*[\\\\r\\\\n]+[^\\\\r\\\\n]*"varh[^\\\\r\\\\n]*DW_AT_name([^\\\\r\\\\n]*[\\\\r\\\\n]+[^\\\\r\\\\n]*DW_AT_)*[^\\\\r\\\\n]*[\\\\r\\\\n]+[^\\\\r\\\\n]*[^0-9a-fA-FxX](0x)?8[^0-9a-fA-FxX][^\\\\r\\\\n]*DW_AT_decl_line
FAIL: gcc.dg/debug/dwarf2/pr41445-3.c scan-assembler DW_TAG_variable[^\\\\r\\\\n]*[\\\\r\\\\n]+[^\\\\r\\\\n]*"vari[^\\\\r\\\\n]*DW_AT_name([^\\\\r\\\\n]*[\\\\r\\\\n]+[^\\\\r\\\\n]*DW_AT_)*[^\\\\r\\\\n]*[\\\\r\\\\n]+[^\\\\r\\\\n]*[^0-9a-fA-FxX](0xc|12)[^0-9a-fA-FxX][^\\\\r\\\\n]*DW_AT_decl_line
FAIL: gcc.dg/debug/dwarf2/pr41445-3.c scan-assembler DW_TAG_variable[^\\\\r\\\\n]*[\\\\r\\\\n]+[^\\\\r\\\\n]*"varj[^\\\\r\\\\n]*DW_AT_name([^\\\\r\\\\n]*[\\\\r\\\\n]+[^\\\\r\\\\n]*DW_AT_)*[^\\\\r\\\\n]*[\\\\r\\\\n]+[^\\\\r\\\\n]*[^0-9a-fA-FxX](0xd|13)[^0-9a-fA-FxX][^\\\\r\\\\n]*DW_AT_decl_line
FAIL: gcc.dg/debug/dwarf2/pr41445-4.c scan-assembler DW_TAG_variable[^\\\\r\\\\n]*[\\\\r\\\\n]+[^\\\\r\\\\n]*"varh[^\\\\r\\\\n]*DW_AT_name([^\\\\r\\\\n]*[\\\\r\\\\n]+[^\\\\r\\\\n]*DW_AT_)*[^\\\\r\\\\n]*[\\\\r\\\\n]+[^\\\\r\\\\n]*[^0-9a-fA-FxX](0x)?8[^0-9a-fA-FxX][^\\\\r\\\\n]*DW_AT_decl_line
FAIL: gcc.dg/debug/dwarf2/pr41445-4.c scan-assembler DW_TAG_variable[^\\\\r\\\\n]*[\\\\r\\\\n]+[^\\\\r\\\\n]*"vari[^\\\\r\\\\n]*DW_AT_name([^\\\\r\\\\n]*[\\\\r\\\\n]+[^\\\\r\\\\n]*DW_AT_)*[^\\\\r\\\\n]*[\\\\r\\\\n]+[^\\\\r\\\\n]*[^0-9a-fA-FxX](0xc|12)[^0-9a-fA-FxX][^\\\\r\\\\n]*DW_AT_decl_line
FAIL: gcc.dg/debug/dwarf2/pr41445-4.c scan-assembler DW_TAG_variable[^\\\\r\\\\n]*[\\\\r\\\\n]+[^\\\\r\\\\n]*"varj[^\\\\r\\\\n]*DW_AT_name([^\\\\r\\\\n]*[\\\\r\\\\n]+[^\\\\r\\\\n]*DW_AT_)*[^\\\\r\\\\n]*[\\\\r\\\\n]+[^\\\\r\\\\n]*[^0-9a-fA-FxX](0xd|13)[^0-9a-fA-FxX][^\\\\r\\\\n]*DW_AT_decl_line
FAIL: gcc.dg/debug/dwarf2/pr41445-5.c scan-assembler DW_TAG_variable[^\\\\r\\\\n]*[\\\\r\\\\n]+[^\\\\r\\\\n]*"vari[^\\\\r\\\\n]*DW_AT_name([^\\\\r\\\\n]*[\\\\r\\\\n]+[^\\\\r\\\\n]*DW_AT_)*[^\\\\r\\\\n]*[\\\\r\\\\n]+[^\\\\r\\\\n]*[^0-9a-fA-FxX](0x)?7[^0-9a-fA-FxX][^\\\\r\\\\n]*DW_AT_decl_line
FAIL: gcc.dg/debug/dwarf2/pr41445-5.c scan-assembler DW_TAG_variable[^\\\\r\\\\n]*[\\\\r\\\\n]+[^\\\\r\\\\n]*"varj[^\\\\r\\\\n]*DW_AT_name([^\\\\r\\\\n]*[\\\\r\\\\n]+[^\\\\r\\\\n]*DW_AT_)*[^\\\\r\\\\n]*[\\\\r\\\\n]+[^\\\\r\\\\n]*[^0-9a-fA-FxX](0xa|10)[^0-9a-fA-FxX][^\\\\r\\\\n]*DW_AT_decl_line
FAIL: gcc.dg/debug/dwarf2/pr41445-6.c scan-assembler DW_TAG_variable[^\\\\r\\\\n]*[\\\\r\\\\n]+[^\\\\r\\\\n]*"vari[^\\\\r\\\\n]*DW_AT_name([^\\\\r\\\\n]*[\\\\r\\\\n]+[^\\\\r\\\\n]*DW_AT_)*[^\\\\r\\\\n]*[\\\\r\\\\n]+[^\\\\r\\\\n]*[^0-9a-fA-FxX](0x)?7[^0-9a-fA-FxX][^\\\\r\\\\n]*DW_AT_decl_line
FAIL: gcc.dg/debug/dwarf2/pr41445-6.c scan-assembler DW_TAG_variable[^\\\\r\\\\n]*[\\\\r\\\\n]+[^\\\\r\\\\n]*"varj[^\\\\r\\\\n]*DW_AT_name([^\\\\r\\\\n]*[\\\\r\\\\n]+[^\\\\r\\\\n]*DW_AT_)*[^\\\\r\\\\n]*[\\\\r\\\\n]+[^\\\\r\\\\n]*[^0-9a-fA-FxX](0xa|10)[^0-9a-fA-FxX][^\\\\r\\\\n]*DW_AT_decl_line
FAIL: gcc.dg/debug/dwarf2/pr47939-1.c scan-assembler DW_TAG_typedef[^\\\\r\\\\n]*[\\\\r\\\\n]+[^\\\\r\\\\n]*(DW_AT_name: "Harry_t"|"Harry_t.."[^\\\\r\\\\n]*DW_AT_name)
FAIL: gcc.dg/debug/dwarf2/pr47939-2.c scan-assembler DW_TAG_typedef[^\\\\r\\\\n]*[\\\\r\\\\n]+[^\\\\r\\\\n]*(DW_AT_name: "Harry_t"|"Harry_t.."[^\\\\r\\\\n]*DW_AT_name)
FAIL: gcc.dg/debug/dwarf2/pr47939-3.c scan-assembler DW_TAG_typedef[^\\\\r\\\\n]*[\\\\r\\\\n]+[^\\\\r\\\\n]*(DW_AT_name: "Harry_t"|"Harry_t.."[^\\\\r\\\\n]*DW_AT_name)
FAIL: gcc.dg/debug/dwarf2/pr47939-4.c scan-assembler DW_TAG_typedef[^\\\\r\\\\n]*[\\\\r\\\\n]+[^\\\\r\\\\n]*(DW_AT_name: "Harry_t"|"Harry_t.."[^\\\\r\\\\n]*DW_AT_name)
FAIL: gcc.dg/debug/dwarf2/struct-loc1.c scan-assembler DW_TAG_structure_type[^\\\\r\\\\n]*[\\\\r\\\\n]+[^\\\\r\\\\n]*"foo[^\\\\r\\\\n]*DW_AT_name([^\\\\r\\\\n]*[\\\\r\\\\n]+[^\\\\r\\\\n]*DW_AT_)*[^\\\\r\\\\n]*[\\\\r\\\\n]+[^\\\\r\\\\n]*[^0-9a-fA-FxX](0x)?6[^0-9a-fA-FxX][^\\\\r\\\\n]*DW_AT_decl_line
FAIL: gcc.dg/20030324-1.c (internal compiler error)
FAIL: gcc.dg/20030324-1.c (test for excess errors)
UNRESOLVED: gcc.dg/20030324-1.c compilation failed to produce executable
FAIL: gcc.dg/Wdouble-promotion.c  (test for warnings, line 45)
FAIL: gcc.dg/Wdouble-promotion.c  (test for warnings, line 52)
FAIL: gcc.dg/Wdouble-promotion.c  (test for warnings, line 53)
FAIL: gcc.dg/Wdouble-promotion.c  (test for warnings, line 56)
XPASS: gcc.dg/Wtype-limits-Wextra.c (test for excess errors)
FAIL: gcc.dg/binop-xor1.c scan-tree-dump-times optimized "<bb[^>]*>" 5
FAIL: gcc.dg/binop-xor1.c scan-tree-dump-times optimized "\\^" 1
FAIL: gcc.dg/binop-xor3.c scan-tree-dump-times optimized "<bb[^>]*>" 1
FAIL: gcc.dg/binop-xor3.c scan-tree-dump-times optimized "\\^" 1
XPASS: gcc.dg/builtin-return-1.c execution test
FAIL: gcc.dg/c99-stdint-1.c (test for excess errors)
FAIL: gcc.dg/c99-stdint-5.c (test for excess errors)
FAIL: gcc.dg/c99-stdint-6.c (test for excess errors)
FAIL: gcc.dg/c99-stdint-7.c (test for excess errors)
FAIL: gcc.dg/large-size-array-2.c (internal compiler error)
FAIL: gcc.dg/large-size-array-2.c  (test for errors, line 6)
FAIL: gcc.dg/large-size-array-2.c (test for excess errors)
FAIL: gcc.dg/large-size-array-4.c (internal compiler error)
FAIL: gcc.dg/large-size-array-4.c  (test for errors, line 6)
FAIL: gcc.dg/large-size-array-4.c (test for excess errors)
XPASS: gcc.dg/memcpy-1.c scan-tree-dump-times optimized "nasty_local\\." 0
FAIL: gcc.dg/pr31490.c (test for excess errors)
FAIL: gcc.dg/pr41963.c (test for excess errors)
UNRESOLVED: gcc.dg/pr41963.c compilation failed to produce executable
FAIL: gcc.dg/pr43300.c (internal compiler error)
FAIL: gcc.dg/pr43300.c (test for excess errors)
FAIL: gcc.dg/pr43402.c (test for excess errors)
FAIL: gcc.dg/pr43670.c (internal compiler error)
FAIL: gcc.dg/pr43670.c (test for excess errors)
FAIL: gcc.dg/pr44023.c (test for excess errors)
FAIL: gcc.dg/pr44024.c scan-tree-dump-not original "foo"
FAIL: gcc.dg/pr44545.c (test for excess errors)
FAIL: gcc.dg/pr44674.c (test for excess errors)
FAIL: gcc.dg/pr45055.c (test for excess errors)
FAIL: gcc.dg/pr45353.c (test for excess errors)
FAIL: gcc.dg/pr46088.c (test for excess errors)
FAIL: gcc.dg/pr46212.c (test for excess errors)
FAIL: gcc.dg/pr46614.c (test for excess errors)
FAIL: gcc.dg/pr46647.c scan-tree-dump-not optimized "memset"
FAIL: gcc.dg/pr47086.c (test for excess errors)
FAIL: gcc.dg/pr47793.c (test for excess errors)
UNRESOLVED: gcc.dg/pr47793.c compilation failed to produce executable
UNRESOLVED: gcc.dg/pr47793.c scan-file .
FAIL: gcc.dg/pr47893.c execution test
FAIL: gcc.dg/pr49544.c (test for excess errors)
FAIL: gcc.dg/pragma-align.c execution test
XPASS: gcc.dg/section1.c scan-assembler-not .bss
FAIL: gcc.dg/uninit-pred-8_b.c bogus warning (test for bogus messages, line 20)
FAIL: gcc.dg/var-expand2.c execution test
FAIL: c-c++-common/pr44832.c  -Wc++-compat  (test for excess errors)
FAIL: gcc.dg/ipa/ipa-pta-14.c scan-ipa-dump pta "foo.result = { NULL a[^ ]* a[^ ]* c[^ ]* }"
FAIL: gcc.dg/lto/20090218-2 c_lto_20090218-2_1.o assemble, -O0 -flto -flto-partition=none 
FAIL: gcc.dg/lto/20090218-2 c_lto_20090218-2_1.o assemble, -O2 -flto -flto-partition=none 
FAIL: gcc.dg/lto/20090218-2 c_lto_20090218-2_1.o assemble, -O0 -flto -flto-partition=1to1 
FAIL: gcc.dg/lto/20090218-2 c_lto_20090218-2_1.o assemble, -O2 -flto -flto-partition=1to1 
FAIL: gcc.dg/lto/20090218-2 c_lto_20090218-2_1.o assemble, -O0 -flto
FAIL: gcc.dg/lto/20090218-2 c_lto_20090218-2_1.o assemble, -O2 -flto
FAIL: gcc.dg/lto/20091013-1 c_lto_20091013-1_1.o assemble, -fPIC -r -nostdlib -flto
FAIL: gcc.dg/lto/20091013-1 c_lto_20091013-1_2.o assemble, -fPIC -r -nostdlib -flto
FAIL: gcc.dg/lto/20091013-1 c_lto_20091013-1_1.o assemble, -fPIC -r -nostdlib -O2 -flto
FAIL: gcc.dg/lto/20091013-1 c_lto_20091013-1_2.o assemble, -fPIC -r -nostdlib -O2 -flto
FAIL: gcc.dg/matrix/transpose-1.c compilation,  -fprofile-generate -O3 -fno-tree-fre
UNRESOLVED: gcc.dg/matrix/transpose-1.c execution,    -fprofile-generate -O3 -fno-tree-fre
UNRESOLVED: gcc.dg/matrix/transpose-1.c compilation,  -fprofile-use -fipa-matrix-reorg -fdump-ipa-matrix-reorg -O3 -fwhole-program -fno-tree-fre
UNRESOLVED: gcc.dg/matrix/transpose-1.c execution,    -fprofile-use -fipa-matrix-reorg -fdump-ipa-matrix-reorg -O3 -fwhole-program -fno-tree-fre
FAIL: gcc.dg/matrix/transpose-2.c compilation,  -fprofile-generate -O3 -fno-tree-fre
UNRESOLVED: gcc.dg/matrix/transpose-2.c execution,    -fprofile-generate -O3 -fno-tree-fre
UNRESOLVED: gcc.dg/matrix/transpose-2.c compilation,  -fprofile-use -fipa-matrix-reorg -fdump-ipa-matrix-reorg -O3 -fwhole-program -fno-tree-fre
UNRESOLVED: gcc.dg/matrix/transpose-2.c execution,    -fprofile-use -fipa-matrix-reorg -fdump-ipa-matrix-reorg -O3 -fwhole-program -fno-tree-fre
FAIL: gcc.dg/matrix/transpose-3.c compilation,  -fprofile-generate -O3 -fno-tree-fre
UNRESOLVED: gcc.dg/matrix/transpose-3.c execution,    -fprofile-generate -O3 -fno-tree-fre
UNRESOLVED: gcc.dg/matrix/transpose-3.c compilation,  -fprofile-use -fipa-matrix-reorg -fdump-ipa-matrix-reorg -O3 -fwhole-program -fno-tree-fre
UNRESOLVED: gcc.dg/matrix/transpose-3.c execution,    -fprofile-use -fipa-matrix-reorg -fdump-ipa-matrix-reorg -O3 -fwhole-program -fno-tree-fre
FAIL: gcc.dg/matrix/transpose-4.c compilation,  -fprofile-generate -O3 -fno-tree-fre
UNRESOLVED: gcc.dg/matrix/transpose-4.c execution,    -fprofile-generate -O3 -fno-tree-fre
UNRESOLVED: gcc.dg/matrix/transpose-4.c compilation,  -fprofile-use -fipa-matrix-reorg -fdump-ipa-matrix-reorg -O3 -fwhole-program -fno-tree-fre
UNRESOLVED: gcc.dg/matrix/transpose-4.c execution,    -fprofile-use -fipa-matrix-reorg -fdump-ipa-matrix-reorg -O3 -fwhole-program -fno-tree-fre
FAIL: gcc.dg/matrix/transpose-5.c compilation,  -fprofile-generate -O3 -fno-tree-fre
UNRESOLVED: gcc.dg/matrix/transpose-5.c execution,    -fprofile-generate -O3 -fno-tree-fre
UNRESOLVED: gcc.dg/matrix/transpose-5.c compilation,  -fprofile-use -fipa-matrix-reorg -fdump-ipa-matrix-reorg -O3 -fwhole-program -fno-tree-fre
UNRESOLVED: gcc.dg/matrix/transpose-5.c execution,    -fprofile-use -fipa-matrix-reorg -fdump-ipa-matrix-reorg -O3 -fwhole-program -fno-tree-fre
FAIL: gcc.dg/matrix/transpose-6.c compilation,  -fprofile-generate -O3 -fno-tree-fre
UNRESOLVED: gcc.dg/matrix/transpose-6.c execution,    -fprofile-generate -O3 -fno-tree-fre
UNRESOLVED: gcc.dg/matrix/transpose-6.c compilation,  -fprofile-use -fipa-matrix-reorg -fdump-ipa-matrix-reorg -O3 -fwhole-program -fno-tree-fre
UNRESOLVED: gcc.dg/matrix/transpose-6.c execution,    -fprofile-use -fipa-matrix-reorg -fdump-ipa-matrix-reorg -O3 -fwhole-program -fno-tree-fre
FAIL: gcc.dg/tls/alias-1.c (test for excess errors)
FAIL: gcc.dg/torture/builtin-math-7.c  -O0  (test for excess errors)
UNRESOLVED: gcc.dg/torture/builtin-math-7.c  -O0  compilation failed to produce executable
FAIL: gcc.dg/torture/builtin-math-7.c  -O1  (test for excess errors)
UNRESOLVED: gcc.dg/torture/builtin-math-7.c  -O1  compilation failed to produce executable
FAIL: gcc.dg/torture/builtin-math-7.c  -O2  (test for excess errors)
UNRESOLVED: gcc.dg/torture/builtin-math-7.c  -O2  compilation failed to produce executable
FAIL: gcc.dg/torture/builtin-math-7.c  -O3 -fomit-frame-pointer  (test for excess errors)
UNRESOLVED: gcc.dg/torture/builtin-math-7.c  -O3 -fomit-frame-pointer  compilation failed to produce executable
FAIL: gcc.dg/torture/builtin-math-7.c  -O3 -fomit-frame-pointer -funroll-loops  (test for excess errors)
UNRESOLVED: gcc.dg/torture/builtin-math-7.c  -O3 -fomit-frame-pointer -funroll-loops  compilation failed to produce executable
FAIL: gcc.dg/torture/builtin-math-7.c  -O3 -fomit-frame-pointer -funroll-all-loops -finline-functions  (test for excess errors)
UNRESOLVED: gcc.dg/torture/builtin-math-7.c  -O3 -fomit-frame-pointer -funroll-all-loops -finline-functions  compilation failed to produce executable
FAIL: gcc.dg/torture/builtin-math-7.c  -O3 -g  (test for excess errors)
UNRESOLVED: gcc.dg/torture/builtin-math-7.c  -O3 -g  compilation failed to produce executable
FAIL: gcc.dg/torture/builtin-math-7.c  -Os  (test for excess errors)
UNRESOLVED: gcc.dg/torture/builtin-math-7.c  -Os  compilation failed to produce executable
FAIL: gcc.dg/torture/builtin-math-7.c  -O2 -flto -flto-partition=none  (test for excess errors)
UNRESOLVED: gcc.dg/torture/builtin-math-7.c  -O2 -flto -flto-partition=none  compilation failed to produce executable
FAIL: gcc.dg/torture/builtin-math-7.c  -O2 -flto  (test for excess errors)
UNRESOLVED: gcc.dg/torture/builtin-math-7.c  -O2 -flto  compilation failed to produce executable
FAIL: gcc.dg/torture/pr41094.c  -O0  execution test
FAIL: gcc.dg/torture/pr45764.c  -O0  execution test
FAIL: gcc.dg/torture/pr48146.c  -O0  (test for excess errors)
FAIL: gcc.dg/torture/pr48146.c  -O1  (test for excess errors)
FAIL: gcc.dg/torture/pr48146.c  -O2  (test for excess errors)
FAIL: gcc.dg/torture/pr48146.c  -O3 -fomit-frame-pointer  (test for excess errors)
FAIL: gcc.dg/torture/pr48146.c  -O3 -fomit-frame-pointer -funroll-loops  (test for excess errors)
FAIL: gcc.dg/torture/pr48146.c  -O3 -fomit-frame-pointer -funroll-all-loops -finline-functions  (test for excess errors)
FAIL: gcc.dg/torture/pr48146.c  -O3 -g  (test for excess errors)
FAIL: gcc.dg/torture/pr48146.c  -Os  (test for excess errors)
FAIL: gcc.dg/torture/pr48146.c  -O2 -flto -flto-partition=none  (test for excess errors)
FAIL: gcc.dg/torture/pr48146.c  -O2 -flto  (test for excess errors)
FAIL: gcc.dg/torture/pta-ptrarith-3.c  -O1  execution test
FAIL: gcc.dg/torture/pta-ptrarith-3.c  -O2  execution test
FAIL: gcc.dg/torture/pta-ptrarith-3.c  -O3 -fomit-frame-pointer  execution test
FAIL: gcc.dg/torture/pta-ptrarith-3.c  -O3 -g  execution test
FAIL: gcc.dg/torture/pta-ptrarith-3.c  -Os  execution test
FAIL: gcc.dg/torture/pta-ptrarith-3.c  -O2 -flto -flto-partition=none  execution test
FAIL: gcc.dg/torture/pta-ptrarith-3.c  -O2 -flto  execution test
FAIL: gcc.dg/torture/stackalign/builtin-apply-2.c  -O0  execution test
FAIL: gcc.dg/torture/stackalign/builtin-apply-2.c  -O0  execution test
FAIL: gcc.dg/torture/stackalign/builtin-apply-2.c  -O1  execution test
FAIL: gcc.dg/torture/stackalign/builtin-apply-2.c  -O2  execution test
FAIL: gcc.dg/torture/stackalign/builtin-apply-2.c  -O3 -fomit-frame-pointer  execution test
FAIL: gcc.dg/torture/stackalign/builtin-apply-2.c  -O3 -g  execution test
FAIL: gcc.dg/torture/stackalign/builtin-apply-2.c  -Os  execution test
FAIL: gcc.dg/torture/stackalign/builtin-apply-2.c  -O2 -flto -flto-partition=none  execution test
FAIL: gcc.dg/torture/stackalign/builtin-apply-2.c  -O2 -flto  execution test
FAIL: gcc.dg/tree-prof/bb-reorg.c compilation,  -fprofile-generate -D_PROFILE_GENERATE
UNRESOLVED: gcc.dg/tree-prof/bb-reorg.c execution,    -fprofile-generate -D_PROFILE_GENERATE
UNRESOLVED: gcc.dg/tree-prof/bb-reorg.c compilation,  -fprofile-use -D_PROFILE_USE
UNRESOLVED: gcc.dg/tree-prof/bb-reorg.c execution,    -fprofile-use -D_PROFILE_USE
FAIL: gcc.dg/tree-prof/ic-misattribution-1.c compilation,  -fprofile-generate -D_PROFILE_GENERATE
UNRESOLVED: gcc.dg/tree-prof/ic-misattribution-1.c execution,    -fprofile-generate -D_PROFILE_GENERATE
UNRESOLVED: gcc.dg/tree-prof/ic-misattribution-1.c compilation,  -fprofile-use -D_PROFILE_USE
UNRESOLVED: gcc.dg/tree-prof/ic-misattribution-1.c execution,    -fprofile-use -D_PROFILE_USE
FAIL: gcc.dg/tree-prof/ic-misattribution-1a.c compilation,  -fprofile-generate -D_PROFILE_GENERATE
UNRESOLVED: gcc.dg/tree-prof/ic-misattribution-1a.c execution,    -fprofile-generate -D_PROFILE_GENERATE
UNRESOLVED: gcc.dg/tree-prof/ic-misattribution-1a.c compilation,  -fprofile-use -D_PROFILE_USE
UNRESOLVED: gcc.dg/tree-prof/ic-misattribution-1a.c execution,    -fprofile-use -D_PROFILE_USE
FAIL: gcc.dg/tree-prof/indir-call-prof.c compilation,  -fprofile-generate -D_PROFILE_GENERATE
UNRESOLVED: gcc.dg/tree-prof/indir-call-prof.c execution,    -fprofile-generate -D_PROFILE_GENERATE
UNRESOLVED: gcc.dg/tree-prof/indir-call-prof.c compilation,  -fprofile-use -D_PROFILE_USE
UNRESOLVED: gcc.dg/tree-prof/indir-call-prof.c execution,    -fprofile-use -D_PROFILE_USE
FAIL: gcc.dg/tree-prof/inliner-1.c compilation,  -fprofile-generate -D_PROFILE_GENERATE
UNRESOLVED: gcc.dg/tree-prof/inliner-1.c execution,    -fprofile-generate -D_PROFILE_GENERATE
UNRESOLVED: gcc.dg/tree-prof/inliner-1.c compilation,  -fprofile-use -D_PROFILE_USE
UNRESOLVED: gcc.dg/tree-prof/inliner-1.c execution,    -fprofile-use -D_PROFILE_USE
FAIL: gcc.dg/tree-prof/pr34999.c compilation,  -fprofile-generate -D_PROFILE_GENERATE
UNRESOLVED: gcc.dg/tree-prof/pr34999.c execution,    -fprofile-generate -D_PROFILE_GENERATE
UNRESOLVED: gcc.dg/tree-prof/pr34999.c compilation,  -fprofile-use -D_PROFILE_USE
UNRESOLVED: gcc.dg/tree-prof/pr34999.c execution,    -fprofile-use -D_PROFILE_USE
FAIL: gcc.dg/tree-prof/pr45354.c compilation,  -fprofile-generate -D_PROFILE_GENERATE
UNRESOLVED: gcc.dg/tree-prof/pr45354.c execution,    -fprofile-generate -D_PROFILE_GENERATE
UNRESOLVED: gcc.dg/tree-prof/pr45354.c compilation,  -fprofile-use -D_PROFILE_USE
UNRESOLVED: gcc.dg/tree-prof/pr45354.c execution,    -fprofile-use -D_PROFILE_USE
FAIL: gcc.dg/tree-prof/pr47187.c compilation,  -fprofile-generate -D_PROFILE_GENERATE
UNRESOLVED: gcc.dg/tree-prof/pr47187.c execution,    -fprofile-generate -D_PROFILE_GENERATE
UNRESOLVED: gcc.dg/tree-prof/pr47187.c compilation,  -fprofile-use -D_PROFILE_USE
UNRESOLVED: gcc.dg/tree-prof/pr47187.c execution,    -fprofile-use -D_PROFILE_USE
FAIL: gcc.dg/tree-prof/pr49299-1.c compilation,  -fprofile-generate -D_PROFILE_GENERATE
UNRESOLVED: gcc.dg/tree-prof/pr49299-1.c execution,    -fprofile-generate -D_PROFILE_GENERATE
UNRESOLVED: gcc.dg/tree-prof/pr49299-1.c compilation,  -fprofile-use -D_PROFILE_USE
UNRESOLVED: gcc.dg/tree-prof/pr49299-1.c execution,    -fprofile-use -D_PROFILE_USE
FAIL: gcc.dg/tree-prof/pr49299-2.c compilation,  -fprofile-generate -D_PROFILE_GENERATE
UNRESOLVED: gcc.dg/tree-prof/pr49299-2.c execution,    -fprofile-generate -D_PROFILE_GENERATE
UNRESOLVED: gcc.dg/tree-prof/pr49299-2.c compilation,  -fprofile-use -D_PROFILE_USE
UNRESOLVED: gcc.dg/tree-prof/pr49299-2.c execution,    -fprofile-use -D_PROFILE_USE
FAIL: gcc.dg/tree-prof/prof-robust-1.c compilation,  -fprofile-generate -D_PROFILE_GENERATE
UNRESOLVED: gcc.dg/tree-prof/prof-robust-1.c execution,    -fprofile-generate -D_PROFILE_GENERATE
UNRESOLVED: gcc.dg/tree-prof/prof-robust-1.c compilation,  -fprofile-use -D_PROFILE_USE
UNRESOLVED: gcc.dg/tree-prof/prof-robust-1.c execution,    -fprofile-use -D_PROFILE_USE
FAIL: gcc.dg/tree-prof/stringop-1.c compilation,  -fprofile-generate -D_PROFILE_GENERATE
UNRESOLVED: gcc.dg/tree-prof/stringop-1.c execution,    -fprofile-generate -D_PROFILE_GENERATE
UNRESOLVED: gcc.dg/tree-prof/stringop-1.c compilation,  -fprofile-use -D_PROFILE_USE
UNRESOLVED: gcc.dg/tree-prof/stringop-1.c execution,    -fprofile-use -D_PROFILE_USE
FAIL: gcc.dg/tree-prof/stringop-2.c compilation,  -fprofile-generate -D_PROFILE_GENERATE
UNRESOLVED: gcc.dg/tree-prof/stringop-2.c execution,    -fprofile-generate -D_PROFILE_GENERATE
UNRESOLVED: gcc.dg/tree-prof/stringop-2.c compilation,  -fprofile-use -D_PROFILE_USE
UNRESOLVED: gcc.dg/tree-prof/stringop-2.c execution,    -fprofile-use -D_PROFILE_USE
FAIL: gcc.dg/tree-prof/tracer-1.c compilation,  -fprofile-generate -D_PROFILE_GENERATE
UNRESOLVED: gcc.dg/tree-prof/tracer-1.c execution,    -fprofile-generate -D_PROFILE_GENERATE
UNRESOLVED: gcc.dg/tree-prof/tracer-1.c compilation,  -fprofile-use -D_PROFILE_USE
UNRESOLVED: gcc.dg/tree-prof/tracer-1.c execution,    -fprofile-use -D_PROFILE_USE
FAIL: gcc.dg/tree-prof/update-cunroll-2.c compilation,  -fprofile-generate -D_PROFILE_GENERATE
UNRESOLVED: gcc.dg/tree-prof/update-cunroll-2.c execution,    -fprofile-generate -D_PROFILE_GENERATE
UNRESOLVED: gcc.dg/tree-prof/update-cunroll-2.c compilation,  -fprofile-use -D_PROFILE_USE
UNRESOLVED: gcc.dg/tree-prof/update-cunroll-2.c execution,    -fprofile-use -D_PROFILE_USE
FAIL: gcc.dg/tree-prof/update-loopch.c compilation,  -fprofile-generate -D_PROFILE_GENERATE
UNRESOLVED: gcc.dg/tree-prof/update-loopch.c execution,    -fprofile-generate -D_PROFILE_GENERATE
UNRESOLVED: gcc.dg/tree-prof/update-loopch.c compilation,  -fprofile-use -D_PROFILE_USE
UNRESOLVED: gcc.dg/tree-prof/update-loopch.c execution,    -fprofile-use -D_PROFILE_USE
FAIL: gcc.dg/tree-prof/update-tailcall.c compilation,  -fprofile-generate -D_PROFILE_GENERATE
UNRESOLVED: gcc.dg/tree-prof/update-tailcall.c execution,    -fprofile-generate -D_PROFILE_GENERATE
UNRESOLVED: gcc.dg/tree-prof/update-tailcall.c compilation,  -fprofile-use -D_PROFILE_USE
UNRESOLVED: gcc.dg/tree-prof/update-tailcall.c execution,    -fprofile-use -D_PROFILE_USE
FAIL: gcc.dg/tree-prof/val-prof-1.c compilation,  -fprofile-generate -D_PROFILE_GENERATE
UNRESOLVED: gcc.dg/tree-prof/val-prof-1.c execution,    -fprofile-generate -D_PROFILE_GENERATE
UNRESOLVED: gcc.dg/tree-prof/val-prof-1.c compilation,  -fprofile-use -D_PROFILE_USE
UNRESOLVED: gcc.dg/tree-prof/val-prof-1.c execution,    -fprofile-use -D_PROFILE_USE
FAIL: gcc.dg/tree-prof/val-prof-2.c compilation,  -fprofile-generate -D_PROFILE_GENERATE
UNRESOLVED: gcc.dg/tree-prof/val-prof-2.c execution,    -fprofile-generate -D_PROFILE_GENERATE
UNRESOLVED: gcc.dg/tree-prof/val-prof-2.c compilation,  -fprofile-use -D_PROFILE_USE
UNRESOLVED: gcc.dg/tree-prof/val-prof-2.c execution,    -fprofile-use -D_PROFILE_USE
FAIL: gcc.dg/tree-prof/val-prof-3.c compilation,  -fprofile-generate -D_PROFILE_GENERATE
UNRESOLVED: gcc.dg/tree-prof/val-prof-3.c execution,    -fprofile-generate -D_PROFILE_GENERATE
UNRESOLVED: gcc.dg/tree-prof/val-prof-3.c compilation,  -fprofile-use -D_PROFILE_USE
UNRESOLVED: gcc.dg/tree-prof/val-prof-3.c execution,    -fprofile-use -D_PROFILE_USE
FAIL: gcc.dg/tree-prof/val-prof-4.c compilation,  -fprofile-generate -D_PROFILE_GENERATE
UNRESOLVED: gcc.dg/tree-prof/val-prof-4.c execution,    -fprofile-generate -D_PROFILE_GENERATE
UNRESOLVED: gcc.dg/tree-prof/val-prof-4.c compilation,  -fprofile-use -D_PROFILE_USE
UNRESOLVED: gcc.dg/tree-prof/val-prof-4.c execution,    -fprofile-use -D_PROFILE_USE
FAIL: gcc.dg/tree-prof/val-prof-5.c compilation,  -fprofile-generate -D_PROFILE_GENERATE
UNRESOLVED: gcc.dg/tree-prof/val-prof-5.c execution,    -fprofile-generate -D_PROFILE_GENERATE
UNRESOLVED: gcc.dg/tree-prof/val-prof-5.c compilation,  -fprofile-use -D_PROFILE_USE
UNRESOLVED: gcc.dg/tree-prof/val-prof-5.c execution,    -fprofile-use -D_PROFILE_USE
FAIL: gcc.dg/tree-prof/val-prof-6.c compilation,  -fprofile-generate -D_PROFILE_GENERATE
UNRESOLVED: gcc.dg/tree-prof/val-prof-6.c execution,    -fprofile-generate -D_PROFILE_GENERATE
UNRESOLVED: gcc.dg/tree-prof/val-prof-6.c compilation,  -fprofile-use -D_PROFILE_USE
UNRESOLVED: gcc.dg/tree-prof/val-prof-6.c execution,    -fprofile-use -D_PROFILE_USE
FAIL: gcc.dg/tree-prof/wcoverage-mismatch.c compilation,  -fprofile-generate -D_PROFILE_GENERATE
UNRESOLVED: gcc.dg/tree-prof/wcoverage-mismatch.c execution,    -fprofile-generate -D_PROFILE_GENERATE
UNRESOLVED: gcc.dg/tree-prof/wcoverage-mismatch.c compilation,  -fprofile-use -D_PROFILE_USE
UNRESOLVED: gcc.dg/tree-prof/wcoverage-mismatch.c execution,    -fprofile-use -D_PROFILE_USE
XPASS: gcc.dg/tree-ssa/20030807-7.c scan-tree-dump-times vrp1 "if " 1
XPASS: gcc.dg/tree-ssa/20040204-1.c scan-tree-dump-times optimized "link_error" 0
FAIL: gcc.dg/tree-ssa/pr42585.c scan-tree-dump-times optimized "struct _fat_ptr _ans" 0
FAIL: gcc.dg/tree-ssa/pr42585.c scan-tree-dump-times optimized "struct _fat_ptr _T2" 0
FAIL: gcc.dg/tree-ssa/pta-escape-1.c scan-tree-dump alias "ESCAPED, points-to non-local, points-to NULL, points-to vars: { x }"
FAIL: gcc.dg/tree-ssa/pta-escape-2.c scan-tree-dump alias "ESCAPED, points-to non-local, points-to NULL, points-to vars: { x }"
FAIL: gcc.dg/tree-ssa/pta-escape-3.c scan-tree-dump alias "ESCAPED, points-to non-local, points-to NULL, points-to vars: { x }"
FAIL: gcc.dg/tree-ssa/ssa-ccp-23.c scan-tree-dump ccp1 "MEM\\[\\(int \\*\\)&a \\+ 4B\\]"
FAIL: gcc.dg/tree-ssa/ssa-dom-thread-4.c scan-tree-dump-times dom1 "Threaded" 3
FAIL: gcc.dg/tree-ssa/unreachable.c scan-tree-dump-not optimized "bad_boy"
FAIL: gcc.dg/tree-ssa/vrp51.c scan-assembler-not vrp\\\\.bug\\\\.
FAIL: gcc.dg/tree-ssa/vrp55.c scan-tree-dump-times vrp1 "Threaded jump" 1
FAIL: gcc.target/avr/pr46779-1.c execution test
FAIL: gcc.target/avr/pr46779-2.c execution test

		=== gcc Summary ===

# of expected passes		65740
# of unexpected failures	208
# of unexpected successes	6
# of expected failures		106
# of unresolved testcases	119
# of untested testcases		21
# of unsupported tests		2704
/home/mstein/sim/trunk/avr/build/gcc/xgcc  version 4.7.0 20110629 (experimental) [trunk revision 175673] (GCC) 


Compiler version: 4.7.0 20110629 (experimental) [trunk revision 175673] (GCC) gcc 
Platform: avr-unknown-none
configure flags: --target=avr --prefix=/home/mstein/cross-local/avr --enable-languages=c --disable-nls --disable-build-warnings --with-sysroot=/home/mstein/cross-local/avr --with-build-sysroot=/home/mstein/cross-local/avr --with-ld=/home/mstein/cross-local/avr/usr/bin/ld --with-as=/home/mstein/cross-local/avr/usr/bin/as --disable-libssp --with-mpfr=/opt/cfarm/mpfr-2.4.1 --with-gmp=/opt/cfarm/gmp-4.2.4 --with-libelf=/opt/cfarm/libelf-0.8.12 --with-mpc=/opt/cfarm/mpc-0.8



More information about the Gcc-testresults mailing list