Results for 4.5.3 (GCC) testsuite on sparc-sun-solaris2.7

Tom G. Christensen tgc@jupiterrise.com
Thu Jun 30 14:51:00 GMT 2011


Built with:
Sun as (107058-02)
Sun ld (106950-24)
gmp 5.0.1
mpfr 3.0.1p4

CONFIG_SHELL=/bin/ksh

Built with a patch to fix gctest link errors:
http://gcc.gnu.org/ml/gcc-patches/2011-01/msg02288.html
(the test hangs though so not much of a gain)

Bootstrap compiler:
Using built-in specs.
Target: sparc-sun-solaris2.7
Configured with: ../gcc-4.3.5/configure --prefix=/usr/tgcware/gcc-4.3.5 --with-local-prefix=/usr/tgcware/gcc-4.3.5 --with-gmp=/usr/tgcware --with-mpfr=/usr/tgcware --disable-nls --enable-shared --with-cpu=v7 --without-gnu-ld --with-ld=/usr/ccs/bin/ld --without-gnu-as --with-as=/usr/ccs/bin/as --enable-languages=c,ada,c++,fortran,objc,obj-c++,java --with-java-awt=xlib
Thread model: posix
gcc version 4.3.5 (GCC) 

LAST_UPDATED: Obtained from SVN: tags/gcc_4_5_3_release revision 173114

		=== acats tests ===
FAIL:	c52103x
FAIL:	c52104x
FAIL:	c52104y
FAIL:	cb1010a
FAIL:	cb1010c
FAIL:	cb1010d

		=== acats Summary ===
# of expected passes		2315
# of unexpected failures	6
Native configuration is sparc-sun-solaris2.7

		=== g++ tests ===


Running target unix

		=== g++ Summary for unix ===

# of expected passes		22081
# of expected failures		155
# of unsupported tests		312

Running target unix/-m64

		=== g++ Summary for unix/-m64 ===

# of expected passes		22042
# of expected failures		155
# of unsupported tests		313

		=== g++ Summary ===

# of expected passes		44123
# of expected failures		310
# of unsupported tests		625
/export/home/tgc/buildpkg/gcc45/src/all_native/gcc/testsuite/g++/../../g++  version 4.5.3 (GCC) 

		=== gcc tests ===


Running target unix
WARNING: program timed out.
FAIL: gcc.dg/pr28796-2.c execution test
FAIL: gcc.dg/lto/20081201-2 c_lto_20081201-2_0.o-c_lto_20081201-2_1.o execute -O3 -fwhopr

		=== gcc Summary for unix ===

# of expected passes		64803
# of unexpected failures	2
# of expected failures		194
# of unsupported tests		992

Running target unix/-m64
WARNING: program timed out.
FAIL: gcc.dg/pr28796-2.c execution test
FAIL: gcc.dg/lto/20081201-2 c_lto_20081201-2_0.o-c_lto_20081201-2_1.o execute -O3 -fwhopr

		=== gcc Summary for unix/-m64 ===

# of expected passes		64794
# of unexpected failures	2
# of expected failures		189
# of unsupported tests		998

		=== gcc Summary ===

# of expected passes		129597
# of unexpected failures	4
# of expected failures		383
# of unsupported tests		1990
/export/home/tgc/buildpkg/gcc45/src/all_native/gcc/xgcc  version 4.5.3 (GCC) 

		=== gfortran tests ===


Running target unix

		=== gfortran Summary for unix ===

# of expected passes		33993
# of expected failures		23
# of unsupported tests		324

Running target unix/-m64

		=== gfortran Summary for unix/-m64 ===

# of expected passes		34144
# of expected failures		23
# of unsupported tests		251

		=== gfortran Summary ===

# of expected passes		68137
# of expected failures		46
# of unsupported tests		575
/export/home/tgc/buildpkg/gcc45/src/all_native/gcc/testsuite/gfortran/../../gfortran  version 4.5.3 (GCC) 

		=== gnat tests ===


Running target unix
FAIL: gnat.dg/null_pointer_deref1.adb execution test
FAIL: gnat.dg/null_pointer_deref2.adb execution test
FAIL: gnat.dg/stack_check1.adb execution test
FAIL: gnat.dg/stack_check2.adb execution test

		=== gnat Summary for unix ===

# of expected passes		761
# of unexpected failures	4
# of expected failures		7
# of unsupported tests		2

Running target unix/-m64
FAIL: gnat.dg/null_pointer_deref1.adb execution test

		=== gnat Summary for unix/-m64 ===

# of expected passes		764
# of unexpected failures	1
# of expected failures		7
# of unsupported tests		2

		=== gnat Summary ===

# of expected passes		1525
# of unexpected failures	5
# of expected failures		14
# of unsupported tests		4
		=== obj-c++ tests ===


Running target unix
WARNING: obj-c++.dg/lookup-2.mm -fgnu-runtime compilation failed to produce executable
WARNING: obj-c++.dg/try-catch-2.mm -fgnu-runtime compilation failed to produce executable
WARNING: obj-c++.dg/try-catch-9.mm -fgnu-runtime compilation failed to produce executable

		=== obj-c++ Summary for unix ===

# of expected passes		440
# of expected failures		3
# of unsupported tests		14

Running target unix/-m64
WARNING: obj-c++.dg/lookup-2.mm -fgnu-runtime compilation failed to produce executable
WARNING: obj-c++.dg/try-catch-2.mm -fgnu-runtime compilation failed to produce executable
WARNING: obj-c++.dg/try-catch-9.mm -fgnu-runtime compilation failed to produce executable

		=== obj-c++ Summary for unix/-m64 ===

# of expected passes		432
# of expected failures		11
# of unsupported tests		14

		=== obj-c++ Summary ===

# of expected passes		872
# of expected failures		14
# of unsupported tests		28
/export/home/tgc/buildpkg/gcc45/src/all_native/gcc/testsuite/obj-c++/../../g++  version 4.5.3 (GCC) 

		=== objc tests ===


Running target unix

		=== objc Summary for unix ===

# of expected passes		1874
# of expected failures		15
# of unsupported tests		20

Running target unix/-m64

		=== objc Summary for unix/-m64 ===

# of expected passes		1874
# of expected failures		15
# of unsupported tests		20

		=== objc Summary ===

# of expected passes		3748
# of expected failures		30
# of unsupported tests		40
/export/home/tgc/buildpkg/gcc45/src/all_native/gcc/xgcc  version 4.5.3 (GCC) 

		=== libffi tests ===


Running target unix

		=== libffi Summary for unix ===

# of expected passes		1634
# of expected failures		10
# of unsupported tests		15

Running target unix/-m64

		=== libffi Summary for unix/-m64 ===

# of expected passes		1634
# of expected failures		10
# of unsupported tests		15

		=== libffi Summary ===

# of expected passes		3268
# of expected failures		20
# of unsupported tests		30
		=== libgomp tests ===


Running target unix
WARNING: program timed out.
FAIL: libgomp.c/appendix-a/a.18.1.c execution test
WARNING: program timed out.
FAIL: libgomp.fortran/appendix-a/a.18.1.f90  -O0  execution test
WARNING: program timed out.
FAIL: libgomp.fortran/appendix-a/a.18.1.f90  -O1  execution test
WARNING: program timed out.
FAIL: libgomp.fortran/appendix-a/a.18.1.f90  -O2  execution test
WARNING: program timed out.
FAIL: libgomp.fortran/appendix-a/a.18.1.f90  -O3 -fomit-frame-pointer  execution test
WARNING: program timed out.
FAIL: libgomp.fortran/appendix-a/a.18.1.f90  -O3 -fomit-frame-pointer -funroll-loops  execution test
WARNING: program timed out.
FAIL: libgomp.fortran/appendix-a/a.18.1.f90  -O3 -fomit-frame-pointer -funroll-all-loops -finline-functions  execution test
WARNING: program timed out.
FAIL: libgomp.fortran/appendix-a/a.18.1.f90  -O3 -g  execution test
WARNING: program timed out.
FAIL: libgomp.fortran/appendix-a/a.18.1.f90  -Os  execution test

		=== libgomp Summary for unix ===

# of expected passes		2515
# of unexpected failures	9
# of unsupported tests		9

Running target unix/-m64
WARNING: program timed out.
FAIL: libgomp.c/appendix-a/a.18.1.c execution test
WARNING: program timed out.
FAIL: libgomp.fortran/appendix-a/a.18.1.f90  -O0  execution test
WARNING: program timed out.
FAIL: libgomp.fortran/appendix-a/a.18.1.f90  -O1  execution test
WARNING: program timed out.
FAIL: libgomp.fortran/appendix-a/a.18.1.f90  -O2  execution test
WARNING: program timed out.
FAIL: libgomp.fortran/appendix-a/a.18.1.f90  -O3 -fomit-frame-pointer  execution test
WARNING: program timed out.
FAIL: libgomp.fortran/appendix-a/a.18.1.f90  -O3 -fomit-frame-pointer -funroll-loops  execution test
WARNING: program timed out.
FAIL: libgomp.fortran/appendix-a/a.18.1.f90  -O3 -fomit-frame-pointer -funroll-all-loops -finline-functions  execution test
WARNING: program timed out.
FAIL: libgomp.fortran/appendix-a/a.18.1.f90  -O3 -g  execution test
WARNING: program timed out.
FAIL: libgomp.fortran/appendix-a/a.18.1.f90  -Os  execution test

		=== libgomp Summary for unix/-m64 ===

# of expected passes		2515
# of unexpected failures	9
# of unsupported tests		9

		=== libgomp Summary ===

# of expected passes		5030
# of unexpected failures	18
# of unsupported tests		18
		=== libjava tests ===


Running target unix
FAIL: TestClosureGC run
FAIL: getstacktrace run
WARNING: program timed out.
FAIL: getallthreads run
FAIL: Array_3 execution - source compiled test
FAIL: Array_3 -findirect-dispatch execution - source compiled test
FAIL: Array_3 -O3 execution - source compiled test
FAIL: Array_3 -O3 -findirect-dispatch execution - source compiled test
FAIL: InvokeInterface execution - source compiled test
FAIL: InvokeInterface -O3 execution - source compiled test
FAIL: Invoke_1 execution - source compiled test
FAIL: Invoke_1 -findirect-dispatch execution - source compiled test
FAIL: Invoke_1 -O3 execution - source compiled test
FAIL: Invoke_1 -O3 -findirect-dispatch execution - source compiled test
FAIL: PR218 execution - source compiled test
FAIL: PR218 -O3 execution - source compiled test
WARNING: program timed out.
FAIL: PR27908 execution - source compiled test
WARNING: program timed out.
FAIL: PR27908 -findirect-dispatch execution - source compiled test
WARNING: program timed out.
FAIL: PR27908 -O3 execution - source compiled test
WARNING: program timed out.
FAIL: PR27908 -O3 -findirect-dispatch execution - source compiled test
FAIL: StackTrace2 execution - source compiled test
FAIL: StackTrace2 -findirect-dispatch execution - source compiled test
FAIL: StackTrace2 -O3 execution - source compiled test
FAIL: StackTrace2 -O3 -findirect-dispatch execution - source compiled test
FAIL: Throw_2 execution - source compiled test
FAIL: Throw_2 -findirect-dispatch execution - source compiled test
FAIL: Throw_2 -O3 execution - source compiled test
FAIL: Throw_2 -O3 -findirect-dispatch execution - source compiled test
FAIL: Throw_3 execution - source compiled test
FAIL: Throw_3 -findirect-dispatch execution - source compiled test
FAIL: Throw_3 -O3 execution - source compiled test
FAIL: Throw_3 -O3 -findirect-dispatch execution - source compiled test
FAIL: pr83 -findirect-dispatch execution - source compiled test
FAIL: pr83 -O3 -findirect-dispatch execution - source compiled test

		=== libjava Summary for unix ===

# of expected passes		2511
# of unexpected failures	33
# of untested testcases		33

Running target unix/-m64
FAIL: PR16923 run
FAIL: getstacktrace run
WARNING: program timed out.
FAIL: getallthreads run
FAIL: InvokeInterface execution - source compiled test
FAIL: InvokeInterface -O3 execution - source compiled test
WARNING: program timed out.
FAIL: PR27908 execution - source compiled test
WARNING: program timed out.
FAIL: PR27908 -findirect-dispatch execution - source compiled test
WARNING: program timed out.
FAIL: PR27908 -O3 execution - source compiled test
WARNING: program timed out.
FAIL: PR27908 -O3 -findirect-dispatch execution - source compiled test

		=== libjava Summary for unix/-m64 ===

# of expected passes		2559
# of unexpected failures	9
# of untested testcases		9

		=== libjava Summary ===

# of expected passes		5070
# of unexpected failures	42
# of untested testcases		42
		=== libstdc++ tests ===


Running target unix
FAIL: 27_io/basic_istream/extractors_arithmetic/char/12.cc execution test
FAIL: 27_io/basic_istream/extractors_arithmetic/wchar_t/12.cc execution test

		=== libstdc++ Summary for unix ===

# of expected passes		6305
# of unexpected failures	2
# of expected failures		88
# of unsupported tests		639

Running target unix/-m64
FAIL: 27_io/basic_istream/extractors_arithmetic/char/12.cc execution test
FAIL: 27_io/basic_istream/extractors_arithmetic/wchar_t/12.cc execution test

		=== libstdc++ Summary for unix/-m64 ===

# of expected passes		6324
# of unexpected failures	2
# of expected failures		88
# of unsupported tests		629

		=== libstdc++ Summary ===

# of expected passes		12629
# of unexpected failures	4
# of expected failures		176
# of unsupported tests		1268

Compiler version: 4.5.3 (GCC) 
Platform: sparc-sun-solaris2.7
configure flags: --prefix=/usr/tgcware/gcc4.5 --with-local-prefix=/usr/tgcware/gcc4.5 --with-gmp=/usr/tgcware --with-mpfr=/usr/tgcware --with-mpc=/usr/tgcware --disable-nls --enable-shared --enable-obsolete --with-cpu=v7 --without-gnu-ld --with-ld=/usr/ccs/bin/ld --without-gnu-as --with-as=/usr/ccs/bin/as --enable-languages=c,ada,c++,fortran,objc,obj-c++,java --with-java-awt=xlib



More information about the Gcc-testresults mailing list