Results for 4.6.1 20110619 (prerelease) [gcc-4_6-branch revision 175188] (GCC) testsuite on hppa1.1-hp-hpux10.20

John David Anglin dave@hiauly1.hia.nrc.ca
Mon Jun 27 21:13:00 GMT 2011


		=== acats tests ===
FAIL:	c34007j
FAIL:	c380004
FAIL:	c393a06
FAIL:	c52104k
FAIL:	c64201b
FAIL:	c64201c
FAIL:	c85018b
FAIL:	c91004b
FAIL:	c93004b
FAIL:	c93004c
FAIL:	c93004d
FAIL:	c93005a
FAIL:	c93005b
FAIL:	c93005c
FAIL:	c93005d
FAIL:	c93005e
FAIL:	c93005f
FAIL:	c93005g
FAIL:	c93005h
FAIL:	c940010
FAIL:	c940013
FAIL:	c940014
FAIL:	c940016
FAIL:	c94001a
FAIL:	c94001b
FAIL:	c94001c
FAIL:	c94002a
FAIL:	c94002f
FAIL:	c94002g
FAIL:	c94007a
FAIL:	c94008d
FAIL:	c94010a
FAIL:	c94011a
FAIL:	c95008a
FAIL:	c95022b
FAIL:	c95040d
FAIL:	c95065a
FAIL:	c95065b
FAIL:	c95065c
FAIL:	c95065d
FAIL:	c95065e
FAIL:	c95065f
FAIL:	c95085a
FAIL:	c95085b
FAIL:	c95085c
FAIL:	c95085d
FAIL:	c95085e
FAIL:	c95085f
FAIL:	c95085g
FAIL:	c953001
FAIL:	c954016
FAIL:	c954017
FAIL:	c954018
FAIL:	c954019
FAIL:	c954023
FAIL:	c954025
FAIL:	c97204b
FAIL:	c97304b
FAIL:	c97307a
FAIL:	c974013
FAIL:	c99004a
FAIL:	c99005a
FAIL:	c9a007a
FAIL:	c9a009a
FAIL:	c9a009c
FAIL:	c9a009f
FAIL:	c9a009g
FAIL:	c9a009h
FAIL:	cb1010a
FAIL:	cb20001
FAIL:	cb5002a
FAIL:	cc3019c
FAIL:	cc3120a
FAIL:	cc3120b

		=== acats Summary ===
# of expected passes		2247
# of unexpected failures	74
Native configuration is hppa1.1-hp-hpux10.20

		=== g++ tests ===


Running target unix
WARNING: program timed out.
FAIL: tmpdir-g++.dg-struct-layout-1/t002 cp_compat_y_tst.o compile
UNRESOLVED: tmpdir-g++.dg-struct-layout-1/t002 cp_compat_x_tst.o-cp_compat_y_tst.o link 
UNRESOLVED: tmpdir-g++.dg-struct-layout-1/t002 cp_compat_x_tst.o-cp_compat_y_tst.o execute 
WARNING: program timed out.
FAIL: g++.dg/eh/cleanup1.C (test for excess errors)
WARNING: g++.dg/ext/label13.C compilation failed to produce executable
WARNING: program timed out.
FAIL: g++.dg/guality/redeclaration1.C  -O0  line 17 i == 24
FAIL: g++.dg/guality/redeclaration1.C  -O1  line 14 i == 42
FAIL: g++.dg/guality/redeclaration1.C  -O2  line 14 i == 42
FAIL: g++.dg/guality/redeclaration1.C  -O3 -fomit-frame-pointer  line 14 i == 42
FAIL: g++.dg/guality/redeclaration1.C  -O3 -g  line 14 i == 42
FAIL: g++.dg/guality/redeclaration1.C  -Os  line 14 i == 42
WARNING: program timed out.
FAIL: g++.dg/torture/pr31863.C  -O2  (test for excess errors)
WARNING: program timed out.
FAIL: g++.dg/torture/pr31863.C  -O3 -fomit-frame-pointer  (test for excess errors)
WARNING: program timed out.
FAIL: g++.dg/torture/pr31863.C  -O3 -g  (test for excess errors)
WARNING: program timed out.
FAIL: g++.dg/torture/pr31863.C  -Os  (test for excess errors)

		=== g++ Summary ===

# of expected passes		22892
# of unexpected failures	12
# of expected failures		163
# of unresolved testcases	2
# of unsupported tests		623
/xxx/gnu/gcc/objdir/gcc/testsuite/g++/../../g++  version 4.6.1 20110619 (prerelease) [gcc-4_6-branch revision 175188] (GCC) 

		=== gcc tests ===


Running target unix
WARNING: program timed out.
FAIL: gcc.c-torture/compile/20001226-1.c  -O2  (test for excess errors)
WARNING: program timed out.
FAIL: gcc.c-torture/compile/20001226-1.c  -O3 -fomit-frame-pointer  (test for excess errors)
WARNING: program timed out.
FAIL: gcc.c-torture/compile/20001226-1.c  -O3 -g  (test for excess errors)
WARNING: program timed out.
FAIL: gcc.c-torture/compile/20001226-1.c  -Os  (test for excess errors)
WARNING: program timed out.
FAIL: gcc.c-torture/compile/limits-fndefn.c  -O2  (test for excess errors)
WARNING: program timed out.
FAIL: gcc.c-torture/compile/limits-fndefn.c  -O3 -fomit-frame-pointer  (test for excess errors)
WARNING: program timed out.
FAIL: gcc.c-torture/compile/limits-fndefn.c  -O3 -g  (test for excess errors)
WARNING: program timed out.
FAIL: gcc.c-torture/compile/limits-fndefn.c  -Os  (test for excess errors)
FAIL: gcc.c-torture/compile/limits-structnest.c  -O2  (test for excess errors)
FAIL: gcc.c-torture/compile/limits-structnest.c  -O3 -fomit-frame-pointer  (test for excess errors)
FAIL: gcc.c-torture/compile/limits-structnest.c  -O3 -g  (test for excess errors)
FAIL: gcc.c-torture/compile/limits-structnest.c  -Os  (test for excess errors)
WARNING: program timed out.
FAIL: tmpdir-gcc.dg-struct-layout-1/t024 c_compat_y_tst.o compile
UNRESOLVED: tmpdir-gcc.dg-struct-layout-1/t024 c_compat_x_tst.o-c_compat_y_tst.o link 
UNRESOLVED: tmpdir-gcc.dg-struct-layout-1/t024 c_compat_x_tst.o-c_compat_y_tst.o execute 
WARNING: program timed out.
FAIL: tmpdir-gcc.dg-struct-layout-1/t025 c_compat_y_tst.o compile
UNRESOLVED: tmpdir-gcc.dg-struct-layout-1/t025 c_compat_x_tst.o-c_compat_y_tst.o link 
UNRESOLVED: tmpdir-gcc.dg-struct-layout-1/t025 c_compat_x_tst.o-c_compat_y_tst.o execute 
WARNING: program timed out.
FAIL: tmpdir-gcc.dg-struct-layout-1/t026 c_compat_y_tst.o compile
UNRESOLVED: tmpdir-gcc.dg-struct-layout-1/t026 c_compat_x_tst.o-c_compat_y_tst.o link 
UNRESOLVED: tmpdir-gcc.dg-struct-layout-1/t026 c_compat_x_tst.o-c_compat_y_tst.o execute 
WARNING: program timed out.
FAIL: tmpdir-gcc.dg-struct-layout-1/t027 c_compat_y_tst.o compile
UNRESOLVED: tmpdir-gcc.dg-struct-layout-1/t027 c_compat_x_tst.o-c_compat_y_tst.o link 
UNRESOLVED: tmpdir-gcc.dg-struct-layout-1/t027 c_compat_x_tst.o-c_compat_y_tst.o execute 
WARNING: program timed out.
FAIL: tmpdir-gcc.dg-struct-layout-1/t028 c_compat_y_tst.o compile
UNRESOLVED: tmpdir-gcc.dg-struct-layout-1/t028 c_compat_x_tst.o-c_compat_y_tst.o link 
UNRESOLVED: tmpdir-gcc.dg-struct-layout-1/t028 c_compat_x_tst.o-c_compat_y_tst.o execute 
WARNING: program timed out.
FAIL: gcc.dg/c99-intconst-1.c (test for excess errors)
WARNING: program timed out.
FAIL: gcc.dg/pr48141.c (test for excess errors)
FAIL: gcc.dg/uninit-pred-7_a.c bogus warning (test for bogus messages, line 26)
FAIL: gcc.dg/uninit-pred-8_a.c bogus warning (test for bogus messages, line 26)
XPASS: gcc.dg/guality/example.c  -O0  execution test
XPASS: gcc.dg/guality/guality.c  -O0  execution test
XPASS: gcc.dg/guality/guality.c  -O1  execution test
FAIL: gcc.dg/guality/inline-params.c  -O0  execution test
FAIL: gcc.dg/guality/inline-params.c  -O1  execution test
FAIL: gcc.dg/guality/nrv-1.c  -O2  line 20 a2.i[0] == 42
FAIL: gcc.dg/guality/nrv-1.c  -O3 -fomit-frame-pointer  line 20 a2.i[0] == 42
FAIL: gcc.dg/guality/nrv-1.c  -O3 -g  line 20 a2.i[0] == 42
FAIL: gcc.dg/guality/nrv-1.c  -Os  line 20 a2.i[0] == 42
FAIL: gcc.dg/guality/pr36728-1.c  -O1  line 12 arg7 == 30
FAIL: gcc.dg/guality/pr36728-1.c  -O1  line 14 arg7 == 30
FAIL: gcc.dg/guality/pr36728-1.c  -O2  line 12 arg7 == 30
FAIL: gcc.dg/guality/pr36728-1.c  -O2  line 14 arg7 == 30
FAIL: gcc.dg/guality/pr36728-1.c  -O3 -fomit-frame-pointer  line 12 arg7 == 30
FAIL: gcc.dg/guality/pr36728-1.c  -O3 -fomit-frame-pointer  line 14 arg7 == 30
FAIL: gcc.dg/guality/pr36728-1.c  -O3 -g  line 12 arg7 == 30
FAIL: gcc.dg/guality/pr36728-1.c  -O3 -g  line 14 arg7 == 30
FAIL: gcc.dg/guality/pr36728-1.c  -Os  line 12 arg7 == 30
FAIL: gcc.dg/guality/pr36728-1.c  -Os  line 14 arg7 == 30
XPASS: gcc.dg/guality/pr41353-1.c  -O0  line 28 j == 28 + 37
XPASS: gcc.dg/guality/pr41447-1.c  -O0  execution test
XPASS: gcc.dg/guality/pr41616-1.c  -O0  execution test
FAIL: gcc.dg/guality/pr43051-1.c  -Os  line 34 c == &a[0]
FAIL: gcc.dg/guality/pr43051-1.c  -Os  line 36 e == &a[1]
FAIL: gcc.dg/guality/pr43051-1.c  -Os  line 39 c == &a[0]
FAIL: gcc.dg/guality/pr43077-1.c  -O1  line 42 varb == 2
FAIL: gcc.dg/guality/pr43077-1.c  -O2  line 42 varb == 2
FAIL: gcc.dg/guality/pr43077-1.c  -O3 -fomit-frame-pointer  line 42 varb == 2
FAIL: gcc.dg/guality/pr43077-1.c  -O3 -g  line 42 varb == 2
FAIL: gcc.dg/guality/pr43077-1.c  -Os  line 42 varb == 2
FAIL: gcc.dg/guality/pr43177.c  -O1  line 15 x == 7
FAIL: gcc.dg/guality/pr43177.c  -O1  line 24 x == 7
FAIL: gcc.dg/guality/pr43177.c  -O2  line 15 x == 7
FAIL: gcc.dg/guality/pr43177.c  -O2  line 24 x == 7
FAIL: gcc.dg/guality/pr43177.c  -O3 -fomit-frame-pointer  line 15 x == 7
FAIL: gcc.dg/guality/pr43177.c  -O3 -fomit-frame-pointer  line 24 x == 7
FAIL: gcc.dg/guality/pr43177.c  -O3 -g  line 15 x == 7
FAIL: gcc.dg/guality/pr43177.c  -O3 -g  line 24 x == 7
FAIL: gcc.dg/guality/pr43177.c  -Os  line 15 x == 7
FAIL: gcc.dg/guality/pr43177.c  -Os  line 24 x == 7
FAIL: gcc.dg/guality/vla-1.c  -O2  line 24 i == 5
FAIL: gcc.dg/guality/vla-1.c  -O3 -fomit-frame-pointer  line 24 i == 5
FAIL: gcc.dg/guality/vla-1.c  -O3 -g  line 24 i == 5
FAIL: gcc.dg/guality/vla-1.c  -Os  line 24 i == 5
FAIL: gcc.dg/ipa/pr48195.c (test for excess errors)
FAIL: gcc.dg/tree-ssa/vrp47.c scan-tree-dump-times vrp1 "[xy][^ ]* !=" 0
FAIL: gcc.dg/tree-ssa/vrp47.c scan-tree-dump-times dom1 "x[^ ]* & y" 1
FAIL: gcc.dg/tree-ssa/vrp47.c scan-tree-dump-times vrp1 "x[^ ]* [|] y" 1

		=== gcc Summary ===

# of expected passes		55875
# of unexpected failures	63
# of unexpected successes	6
# of expected failures		160
# of unresolved testcases	10
# of unsupported tests		1465
/xxx/gnu/gcc/objdir/gcc/xgcc  version 4.6.1 20110619 (prerelease) [gcc-4_6-branch revision 175188] (GCC) 

		=== gfortran tests ===


Running target unix
FAIL: gfortran.dg/erf_2.F90  -O0  execution test
FAIL: gfortran.dg/erf_2.F90  -O1  execution test
FAIL: gfortran.dg/erf_2.F90  -O2  execution test
FAIL: gfortran.dg/erf_2.F90  -O3 -fomit-frame-pointer  execution test
FAIL: gfortran.dg/erf_2.F90  -O3 -fomit-frame-pointer -funroll-loops  execution test
FAIL: gfortran.dg/erf_2.F90  -O3 -fomit-frame-pointer -funroll-all-loops -finline-functions  execution test
FAIL: gfortran.dg/erf_2.F90  -O3 -g  execution test
FAIL: gfortran.dg/erf_2.F90  -Os  execution test
FAIL: gfortran.dg/integer_exponentiation_4.f90  -O  (internal compiler error)
FAIL: gfortran.dg/integer_exponentiation_4.f90  -O   (test for errors, line 24)
FAIL: gfortran.dg/integer_exponentiation_4.f90  -O   (test for errors, line 25)
FAIL: gfortran.dg/integer_exponentiation_4.f90  -O   (test for errors, line 26)
FAIL: gfortran.dg/integer_exponentiation_4.f90  -O   (test for errors, line 27)
FAIL: gfortran.dg/integer_exponentiation_4.f90  -O   (test for errors, line 35)
FAIL: gfortran.dg/integer_exponentiation_4.f90  -O   (test for errors, line 36)
FAIL: gfortran.dg/integer_exponentiation_4.f90  -O   (test for errors, line 37)
FAIL: gfortran.dg/integer_exponentiation_4.f90  -O   (test for errors, line 38)
FAIL: gfortran.dg/integer_exponentiation_4.f90  -O   (test for errors, line 41)
FAIL: gfortran.dg/integer_exponentiation_4.f90  -O   (test for errors, line 42)
FAIL: gfortran.dg/integer_exponentiation_4.f90  -O  (test for excess errors)
FAIL: gfortran.dg/namelist_42.f90  -O0  execution test
FAIL: gfortran.dg/namelist_42.f90  -O1  execution test
FAIL: gfortran.dg/namelist_42.f90  -O2  execution test
FAIL: gfortran.dg/namelist_42.f90  -O3 -fomit-frame-pointer  execution test
FAIL: gfortran.dg/namelist_42.f90  -O3 -fomit-frame-pointer -funroll-loops  execution test
FAIL: gfortran.dg/namelist_42.f90  -O3 -fomit-frame-pointer -funroll-all-loops -finline-functions  execution test
FAIL: gfortran.dg/namelist_42.f90  -O3 -g  execution test
FAIL: gfortran.dg/namelist_42.f90  -Os  execution test
FAIL: gfortran.dg/namelist_43.f90  -O0  execution test
FAIL: gfortran.dg/namelist_43.f90  -O1  execution test
FAIL: gfortran.dg/namelist_43.f90  -O2  execution test
FAIL: gfortran.dg/namelist_43.f90  -O3 -fomit-frame-pointer  execution test
FAIL: gfortran.dg/namelist_43.f90  -O3 -fomit-frame-pointer -funroll-loops  execution test
FAIL: gfortran.dg/namelist_43.f90  -O3 -fomit-frame-pointer -funroll-all-loops -finline-functions  execution test
FAIL: gfortran.dg/namelist_43.f90  -O3 -g  execution test
FAIL: gfortran.dg/namelist_43.f90  -Os  execution test
FAIL: gfortran.dg/nan_3.f90  -O0  execution test
FAIL: gfortran.dg/nan_3.f90  -O1  execution test
FAIL: gfortran.dg/nan_3.f90  -O2  execution test
FAIL: gfortran.dg/nan_3.f90  -O3 -fomit-frame-pointer  execution test
FAIL: gfortran.dg/nan_3.f90  -O3 -fomit-frame-pointer -funroll-loops  execution test
FAIL: gfortran.dg/nan_3.f90  -O3 -fomit-frame-pointer -funroll-all-loops -finline-functions  execution test
FAIL: gfortran.dg/nan_3.f90  -O3 -g  execution test
FAIL: gfortran.dg/nan_3.f90  -Os  execution test
FAIL: gfortran.dg/nan_6.f90  -O0  execution test
FAIL: gfortran.dg/nan_6.f90  -O1  execution test
FAIL: gfortran.dg/nan_6.f90  -O2  execution test
FAIL: gfortran.dg/nan_6.f90  -O3 -fomit-frame-pointer  execution test
FAIL: gfortran.dg/nan_6.f90  -O3 -fomit-frame-pointer -funroll-loops  execution test
FAIL: gfortran.dg/nan_6.f90  -O3 -fomit-frame-pointer -funroll-all-loops -finline-functions  execution test
FAIL: gfortran.dg/nan_6.f90  -O3 -g  execution test
FAIL: gfortran.dg/nan_6.f90  -Os  execution test
FAIL: gfortran.dg/pr45636.f90  -O  scan-tree-dump-times forwprop2 "memset" 0
FAIL: gfortran.dg/read_infnan_1.f90  -O0  execution test
FAIL: gfortran.dg/read_infnan_1.f90  -O1  execution test
FAIL: gfortran.dg/read_infnan_1.f90  -O2  execution test
FAIL: gfortran.dg/read_infnan_1.f90  -O3 -fomit-frame-pointer  execution test
FAIL: gfortran.dg/read_infnan_1.f90  -O3 -fomit-frame-pointer -funroll-loops  execution test
FAIL: gfortran.dg/read_infnan_1.f90  -O3 -fomit-frame-pointer -funroll-all-loops -finline-functions  execution test
FAIL: gfortran.dg/read_infnan_1.f90  -O3 -g  execution test
FAIL: gfortran.dg/read_infnan_1.f90  -Os  execution test
FAIL: gfortran.dg/guality/arg1.f90  -O0  line 14 a(10) == 10
FAIL: gfortran.dg/guality/arg1.f90  -O1  line 14 a(10) == 10
FAIL: gfortran.dg/guality/arg1.f90  -O2  line 14 a(10) == 10
FAIL: gfortran.dg/guality/arg1.f90  -O3 -fomit-frame-pointer  line 14 a(10) == 10
FAIL: gfortran.dg/guality/arg1.f90  -O3 -fomit-frame-pointer -funroll-loops  line 14 a(10) == 10
FAIL: gfortran.dg/guality/arg1.f90  -O3 -fomit-frame-pointer -funroll-all-loops -finline-functions  line 14 a(10) == 10
FAIL: gfortran.dg/guality/arg1.f90  -O3 -g  line 14 a(10) == 10
FAIL: gfortran.dg/guality/arg1.f90  -Os  line 14 a(10) == 10
WARNING: program timed out.
FAIL: gfortran.fortran-torture/execute/forall_7.f90 compilation,  -O3 -g 

		=== gfortran Summary ===

# of expected passes		36849
# of unexpected failures	70
# of expected failures		38
# of untested testcases		1
# of unsupported tests		373
/xxx/gnu/gcc/objdir/gcc/testsuite/gfortran/../../gfortran  version 4.6.1 20110619 (prerelease) [gcc-4_6-branch revision 175188] (GCC) 

		=== gnat tests ===


Running target unix
FAIL: gnat.dg/null_pointer_deref2.adb execution test
FAIL: gnat.dg/stack_check1.adb execution test
FAIL: gnat.dg/stack_check2.adb execution test
FAIL: gnat.dg/test_image.adb execution test
FAIL: gnat.dg/timer_cancel.adb execution test
FAIL: gnat.dg/specs/weak1.ads (test for excess errors)

		=== gnat Summary ===

# of expected passes		864
# of unexpected failures	6
# of expected failures		10
# of unsupported tests		3
/xxx/gnu/gcc/objdir/gcc/gnatmake version 4.6.1 20110619 (prerelease) [gcc-4_6-branch revision 175188]

		=== obj-c++ tests ===


Running target unix

		=== obj-c++ Summary ===

# of expected passes		1344
# of expected failures		2
# of unsupported tests		69
/xxx/gnu/gcc/objdir/gcc/testsuite/obj-c++/../../g++  version 4.6.1 20110619 (prerelease) [gcc-4_6-branch revision 175188] (GCC) 

		=== objc tests ===


Running target unix

		=== objc Summary ===

# of expected passes		2844
# of expected failures		8
# of unsupported tests		65
/xxx/gnu/gcc/objdir/gcc/xgcc  version 4.6.1 20110619 (prerelease) [gcc-4_6-branch revision 175188] (GCC) 

		=== libstdc++ tests ===


Running target unix
WARNING: program timed out.
FAIL: 20_util/hash/chi2_quality.cc execution test
XPASS: 26_numerics/headers/cmath/c99_classification_macros_c.cc (test for excess errors)
FAIL: 27_io/basic_istream/extractors_arithmetic/char/12.cc execution test
WARNING: program timed out.
FAIL: ext/pb_ds/regression/hash_data_map_rand.cc (test for excess errors)
WARNING: ext/pb_ds/regression/hash_data_map_rand.cc compilation failed to produce executable
WARNING: program timed out.
FAIL: ext/pb_ds/regression/hash_no_data_map_rand.cc (test for excess errors)
WARNING: ext/pb_ds/regression/hash_no_data_map_rand.cc compilation failed to produce executable
WARNING: program timed out.
FAIL: ext/pb_ds/regression/priority_queue_rand.cc (test for excess errors)
WARNING: ext/pb_ds/regression/priority_queue_rand.cc compilation failed to produce executable
WARNING: program timed out.
FAIL: ext/pb_ds/regression/tree_data_map_rand.cc (test for excess errors)
WARNING: ext/pb_ds/regression/tree_data_map_rand.cc compilation failed to produce executable
WARNING: program timed out.
FAIL: ext/pb_ds/regression/tree_no_data_map_rand.cc (test for excess errors)
WARNING: ext/pb_ds/regression/tree_no_data_map_rand.cc compilation failed to produce executable
WARNING: program timed out.
FAIL: ext/pb_ds/regression/trie_data_map_rand.cc (test for excess errors)
WARNING: ext/pb_ds/regression/trie_data_map_rand.cc compilation failed to produce executable
WARNING: program timed out.
FAIL: ext/pb_ds/regression/trie_no_data_map_rand.cc (test for excess errors)
WARNING: ext/pb_ds/regression/trie_no_data_map_rand.cc compilation failed to produce executable

		=== libstdc++ Summary ===

# of expected passes		5885
# of unexpected failures	9
# of unexpected successes	1
# of expected failures		80
# of unsupported tests		360

Compiler version: 4.6.1 20110619 (prerelease) [gcc-4_6-branch revision 175188] (GCC) 
Platform: hppa1.1-hp-hpux10.20
configure flags:Test Run By dave on Sun Jun 26 13:20:43 EDT 2011



More information about the Gcc-testresults mailing list