Results for 4.6.1 20110622 (prerelease) [gcc-4_6-branch revision 175282] (GCC) testsuite on i386-pc-solaris2.9

Rainer Orth ro@CeBiTec.Uni-Bielefeld.DE
Mon Jun 27 12:49:00 GMT 2011


LAST_UPDATED: Wed Jun 22 16:22:09 UTC 2011 (revision 175282)

		=== acats tests ===

		=== acats Summary ===
# of expected passes		2321
# of unexpected failures	0
Native configuration is i386-pc-solaris2.9

		=== g++ tests ===


Running target unix
FAIL: g++.dg/lto/20091219 cp_lto_20091219_0.o-cp_lto_20091219_0.o link, -O3 -flto
UNRESOLVED: g++.dg/lto/20091219 cp_lto_20091219_0.o-cp_lto_20091219_0.o execute -O3 -flto
FAIL: g++.dg/torture/pr31863.C  -O2 -flto  (test for excess errors)

		=== g++ Summary ===

# of expected passes		26741
# of unexpected failures	2
# of expected failures		165
# of unresolved testcases	1
# of unsupported tests		256
/var/gcc/regression/gcc-4.6-branch/9-gcc/build/gcc/testsuite/g++/../../g++  version 4.6.1 20110622 (prerelease) [gcc-4_6-branch revision 175282] (GCC) 

		=== gcc tests ===


Running target unix
FAIL: gcc.dg/lto/20110201-1 c_lto_20110201-1_0.o-c_lto_20110201-1_0.o link,  -O0 -flto 
UNRESOLVED: gcc.dg/lto/20110201-1 c_lto_20110201-1_0.o-c_lto_20110201-1_0.o execute  -O0 -flto 

		=== gcc Summary ===

# of expected passes		74740
# of unexpected failures	1
# of expected failures		211
# of unresolved testcases	1
# of unsupported tests		1484
/var/gcc/regression/gcc-4.6-branch/9-gcc/build/gcc/xgcc  version 4.6.1 20110622 (prerelease) [gcc-4_6-branch revision 175282] (GCC) 

		=== gfortran tests ===


Running target unix

		=== gfortran Summary ===

# of expected passes		38093
# of expected failures		41
# of unsupported tests		366
/var/gcc/regression/gcc-4.6-branch/9-gcc/build/gcc/testsuite/gfortran/../../gfortran  version 4.6.1 20110622 (prerelease) [gcc-4_6-branch revision 175282] (GCC) 

		=== gnat tests ===


Running target unix

		=== gnat Summary ===

# of expected passes		869
# of expected failures		10
# of unsupported tests		3
/var/gcc/regression/gcc-4.6-branch/9-gcc/build/gcc/gnatmake version 4.6.1 20110622 (prerelease) [gcc-4_6-branch revision 175282]

		=== objc tests ===


Running target unix

		=== objc Summary ===

# of expected passes		2920
# of expected failures		6
# of unsupported tests		74
/var/gcc/regression/gcc-4.6-branch/9-gcc/build/gcc/xgcc  version 4.6.1 20110622 (prerelease) [gcc-4_6-branch revision 175282] (GCC) 

		=== libffi tests ===


Running target unix

		=== libffi Summary ===

# of expected passes		1634
# of expected failures		10
# of unsupported tests		15
		=== libgomp tests ===


Running target unix

		=== libgomp Summary ===

# of expected passes		2586
# of unsupported tests		3
		=== libjava tests ===


Running target unix
FAIL: Divide_1 output - source compiled test
FAIL: Divide_1 -findirect-dispatch output - source compiled test
FAIL: Divide_1 -O3 output - source compiled test
FAIL: Divide_1 -O3 -findirect-dispatch output - source compiled test
FAIL: InvokeInterface execution - source compiled test
FAIL: InvokeInterface -O3 execution - source compiled test

		=== libjava Summary ===

# of expected passes		2566
# of unexpected failures	6
# of untested testcases		2
		=== libstdc++ tests ===


Running target unix

		=== libstdc++ Summary ===

# of expected passes		6869
# of expected failures		86
# of unsupported tests		742

Compiler version: 4.6.1 20110622 (prerelease) [gcc-4_6-branch revision 175282] (GCC) 
Platform: i386-pc-solaris2.9
configure flags: --prefix=/vol/gcc --target=i386-pc-solaris2.9 --with-gmp=/vol/gcc --with-mpfr=/vol/gcc --with-mpc=/vol/gcc --enable-languages=all,ada --without-ppl --without-cloog
BOOT_CFLAGS=-g -O2



More information about the Gcc-testresults mailing list