Results for 4.5.4 20110622 (prerelease) [gcc-4_5-branch revision 175281] (GCC) testsuite on sparc-sun-solaris2.9

Rainer Orth ro@CeBiTec.Uni-Bielefeld.DE
Mon Jun 27 12:18:00 GMT 2011


LAST_UPDATED: Wed Jun 22 16:25:02 UTC 2011 (revision 175281)

		=== acats tests ===

		=== acats Summary ===
# of expected passes		2321
# of unexpected failures	0
Native configuration is sparc-sun-solaris2.9

		=== g++ tests ===


Running target unix

		=== g++ Summary for unix ===

# of expected passes		22160
# of expected failures		154
# of unsupported tests		312

Running target unix/-m64

		=== g++ Summary for unix/-m64 ===

# of expected passes		22121
# of expected failures		154
# of unsupported tests		313

		=== g++ Summary ===

# of expected passes		44281
# of expected failures		308
# of unsupported tests		625
/var/gcc/regression/gcc-4.5-branch/9-gcc/build/gcc/testsuite/g++/../../g++  version 4.5.4 20110622 (prerelease) [gcc-4_5-branch revision 175281] (GCC) 

		=== gcc tests ===


Running target unix
FAIL: gcc.c-torture/execute/pr38819.c execution,  -O2 
FAIL: gcc.c-torture/execute/pr38819.c execution,  -O3 -fomit-frame-pointer 
FAIL: gcc.c-torture/execute/pr38819.c execution,  -O3 -fomit-frame-pointer -funroll-loops 
FAIL: gcc.c-torture/execute/pr38819.c execution,  -O3 -fomit-frame-pointer -funroll-all-loops -finline-functions 
FAIL: gcc.c-torture/execute/pr38819.c execution,  -O3 -g 
FAIL: gcc.c-torture/execute/pr38819.c execution,  -O2 -flto 
FAIL: gcc.c-torture/execute/pr38819.c execution,  -O2 -fwhopr 
FAIL: gcc.dg/lto/20081201-2 c_lto_20081201-2_0.o-c_lto_20081201-2_1.o execute -O3 -fwhopr

		=== gcc Summary for unix ===

# of expected passes		64895
# of unexpected failures	8
# of expected failures		194
# of unsupported tests		991

Running target unix/-m64
FAIL: gcc.dg/lto/20081201-2 c_lto_20081201-2_0.o-c_lto_20081201-2_1.o execute -O3 -fwhopr

		=== gcc Summary for unix/-m64 ===

# of expected passes		64892
# of unexpected failures	1
# of expected failures		189
# of unsupported tests		998

		=== gcc Summary ===

# of expected passes		129787
# of unexpected failures	9
# of expected failures		383
# of unsupported tests		1989
/var/gcc/regression/gcc-4.5-branch/9-gcc/build/gcc/xgcc  version 4.5.4 20110622 (prerelease) [gcc-4_5-branch revision 175281] (GCC) 

		=== gfortran tests ===


Running target unix

		=== gfortran Summary for unix ===

# of expected passes		34002
# of expected failures		23
# of unsupported tests		316

Running target unix/-m64

		=== gfortran Summary for unix/-m64 ===

# of expected passes		34153
# of expected failures		23
# of unsupported tests		243

		=== gfortran Summary ===

# of expected passes		68155
# of expected failures		46
# of unsupported tests		559
/var/gcc/regression/gcc-4.5-branch/9-gcc/build/gcc/testsuite/gfortran/../../gfortran  version 4.5.4 20110622 (prerelease) [gcc-4_5-branch revision 175281] (GCC) 

		=== gnat tests ===


Running target unix

		=== gnat Summary for unix ===

# of expected passes		765
# of expected failures		7
# of unsupported tests		2

Running target unix/-m64

		=== gnat Summary for unix/-m64 ===

# of expected passes		765
# of expected failures		7
# of unsupported tests		2

		=== gnat Summary ===

# of expected passes		1530
# of expected failures		14
# of unsupported tests		4
		=== objc tests ===


Running target unix

		=== objc Summary for unix ===

# of expected passes		1874
# of expected failures		15
# of unsupported tests		20

Running target unix/-m64

		=== objc Summary for unix/-m64 ===

# of expected passes		1874
# of expected failures		15
# of unsupported tests		20

		=== objc Summary ===

# of expected passes		3748
# of expected failures		30
# of unsupported tests		40
/var/gcc/regression/gcc-4.5-branch/9-gcc/build/gcc/xgcc  version 4.5.4 20110622 (prerelease) [gcc-4_5-branch revision 175281] (GCC) 

		=== libffi tests ===


Running target unix

		=== libffi Summary for unix ===

# of expected passes		1634
# of expected failures		10
# of unsupported tests		15

Running target unix/-m64

		=== libffi Summary for unix/-m64 ===

# of expected passes		1634
# of expected failures		10
# of unsupported tests		15

		=== libffi Summary ===

# of expected passes		3268
# of expected failures		20
# of unsupported tests		30
		=== libgomp tests ===


Running target unix

		=== libgomp Summary for unix ===

# of expected passes		2540
# of unsupported tests		9

Running target unix/-m64

		=== libgomp Summary for unix/-m64 ===

# of expected passes		2540
# of unsupported tests		9

		=== libgomp Summary ===

# of expected passes		5080
# of unsupported tests		18
		=== libjava tests ===


Running target unix
FAIL: InvokeInterface execution - source compiled test
FAIL: InvokeInterface -O3 execution - source compiled test

		=== libjava Summary for unix ===

# of expected passes		2570
# of unexpected failures	2
# of untested testcases		2

Running target unix/-m64
FAIL: InvokeInterface execution - source compiled test
FAIL: InvokeInterface -O3 execution - source compiled test

		=== libjava Summary for unix/-m64 ===

# of expected passes		2570
# of unexpected failures	2
# of untested testcases		2

		=== libjava Summary ===

# of expected passes		5140
# of unexpected failures	4
# of untested testcases		4
		=== libstdc++ tests ===


Running target unix

		=== libstdc++ Summary for unix ===

# of expected passes		6337
# of expected failures		91
# of unsupported tests		622

Running target unix/-m64

		=== libstdc++ Summary for unix/-m64 ===

# of expected passes		6337
# of expected failures		91
# of unsupported tests		622

		=== libstdc++ Summary ===

# of expected passes		12674
# of expected failures		182
# of unsupported tests		1244

		=== libstdc++ Summary ===


Compiler version: 4.5.4 20110622 (prerelease) [gcc-4_5-branch revision 175281] (GCC) 
Platform: sparc-sun-solaris2.9
configure flags: --prefix=/vol/gcc --target=sparc-sun-solaris2.9 --with-gmp=/vol/gcc --with-mpfr=/vol/gcc --with-mpc=/vol/gcc --enable-languages=all,ada --without-ppl --without-cloog
BOOT_CFLAGS=-g -O2



More information about the Gcc-testresults mailing list