Results for 4.7.0 20110622 (experimental) [trunk revision 175296] (GCC) testsuite on i386-pc-solaris2.8
ro@smtp-relay.CeBiTec.Uni-Bielefeld.DE
ro@smtp-relay.CeBiTec.Uni-Bielefeld.DE
Mon Jun 27 11:51:00 GMT 2011
LAST_UPDATED: Wed Jun 22 16:19:57 UTC 2011 (revision 175296)
=== acats tests ===
=== acats Summary ===
# of expected passes 2321
# of unexpected failures 0
Native configuration is i386-pc-solaris2.8
=== g++ tests ===
Running target unix
FAIL: g++.dg/cpp0x/initlist53.C execution test
FAIL: g++.dg/lto/20091219 cp_lto_20091219_0.o-cp_lto_20091219_0.o link, -O3 -flto
UNRESOLVED: g++.dg/lto/20091219 cp_lto_20091219_0.o-cp_lto_20091219_0.o execute -O3 -flto
FAIL: g++.dg/torture/pr31863.C -O2 -flto (test for excess errors)
=== g++ Summary ===
# of expected passes 27071
# of unexpected failures 3
# of expected failures 159
# of unresolved testcases 1
# of unsupported tests 277
/var/gcc/regression/trunk/8-gcc/build/gcc/testsuite/g++/../../g++ version 4.7.0 20110622 (experimental) [trunk revision 175296] (GCC)
=== gcc tests ===
Running target unix
XPASS: gcc.dg/inline_1.c (test for excess errors)
XPASS: gcc.dg/inline_2.c (test for excess errors)
XPASS: gcc.dg/unroll_1.c (test for excess errors)
UNRESOLVED: gcc.dg/graphite/pr37485.c scan-tree-dump-times graphite "Loop blocked" 1
XPASS: gcc.dg/tree-ssa/20030807-7.c scan-tree-dump-times vrp1 "if " 1
FAIL: gcc.dg/tree-ssa/vrp47.c scan-tree-dump-times dom1 "x[^ ]* & y" 1
=== gcc Summary ===
# of expected passes 75249
# of unexpected failures 1
# of unexpected successes 4
# of expected failures 240
# of unresolved testcases 1
# of unsupported tests 1943
/var/gcc/regression/trunk/8-gcc/build/gcc/xgcc version 4.7.0 20110622 (experimental) [trunk revision 175296] (GCC)
=== gfortran tests ===
Running target unix
FAIL: gfortran.dg/coarray_lock_3.f90 -O (test for errors, line 72)
=== gfortran Summary ===
# of expected passes 38198
# of unexpected failures 1
# of expected failures 53
# of unsupported tests 369
/var/gcc/regression/trunk/8-gcc/build/gcc/testsuite/gfortran/../../gfortran version 4.7.0 20110622 (experimental) [trunk revision 175296] (GCC)
=== gnat tests ===
Running target unix
=== gnat Summary ===
# of expected passes 906
# of expected failures 11
# of unsupported tests 5
/var/gcc/regression/trunk/8-gcc/build/gcc/gnatmake version 4.7.0 20110622 (experimental) [trunk revision 175296]
=== go tests ===
Running target unix
FAIL: go.test/test/chan/powser1.go execution, -O2 -g
FAIL: go.test/test/chan/powser2.go execution, -O2 -g
FAIL: go.test/test/chan/select3.go execution, -O2 -g
FAIL: go.test/test/chan/sieve2.go execution, -O2 -g
FAIL: go.test/test/fixedbugs/bug273.go execution, -O2 -g
FAIL: go.test/test/mallocfin.go execution, -O2 -g
WARNING: program timed out.
WARNING: program timed out.
WARNING: program timed out.
WARNING: program timed out.
WARNING: program timed out.
=== go Summary ===
# of expected passes 2981
# of unexpected failures 6
# of expected failures 23
/var/gcc/regression/trunk/8-gcc/build/gcc/testsuite/go/../../gccgo version 4.7.0 20110622 (experimental) [trunk revision 175296] (GCC)
=== obj-c++ tests ===
Running target unix
=== obj-c++ Summary ===
# of expected passes 1446
# of expected failures 2
# of unsupported tests 86
/var/gcc/regression/trunk/8-gcc/build/gcc/testsuite/obj-c++/../../g++ version 4.7.0 20110622 (experimental) [trunk revision 175296] (GCC)
=== objc tests ===
Running target unix
=== objc Summary ===
# of expected passes 2974
# of expected failures 6
# of unsupported tests 74
/var/gcc/regression/trunk/8-gcc/build/gcc/xgcc version 4.7.0 20110622 (experimental) [trunk revision 175296] (GCC)
=== boehm-gc tests ===
Running target unix
=== boehm-gc Summary ===
# of expected passes 12
# of unsupported tests 1
=== libffi tests ===
Running target unix
=== libffi Summary ===
# of expected passes 1634
# of expected failures 10
# of unsupported tests 15
=== libgo tests ===
Running target unix
FAIL: big
FAIL: exec
FAIL: http
FAIL: netchan
FAIL: os
FAIL: rand
FAIL: rpc
FAIL: sync
FAIL: time
FAIL: websocket
FAIL: xml
FAIL: archive/tar
FAIL: archive/zip
FAIL: compress/bzip2
FAIL: compress/flate
FAIL: compress/gzip
FAIL: compress/lzw
FAIL: compress/zlib
FAIL: container/ring
FAIL: crypto/openpgp
FAIL: crypto/rand
FAIL: crypto/rsa
FAIL: crypto/tls
FAIL: crypto/x509
FAIL: debug/dwarf
FAIL: debug/elf
FAIL: debug/macho
FAIL: debug/pe
FAIL: exp/datafmt
FAIL: exp/eval
FAIL: go/printer
FAIL: go/token
FAIL: http/spdy
FAIL: image/png
FAIL: mime/multipart
FAIL: rpc/jsonrpc
FAIL: sync/atomic
=== libgo Summary ===
# of expected passes 87
# of unexpected failures 37
# of untested testcases 2
=== libgomp tests ===
Running target unix
FAIL: libgomp.graphite/force-parallel-1.c execution test
=== libgomp Summary ===
# of expected passes 2631
# of unexpected failures 1
# of unsupported tests 3
=== libjava tests ===
Running target unix
FAIL: PR16923 run
FAIL: Divide_1 output - source compiled test
FAIL: Divide_1 -findirect-dispatch output - source compiled test
FAIL: Divide_1 -O3 output - source compiled test
FAIL: Divide_1 -O3 -findirect-dispatch output - source compiled test
FAIL: InvokeInterface execution - source compiled test
FAIL: InvokeInterface -O3 execution - source compiled test
FAIL: Throw_3 execution - source compiled test
=== libjava Summary ===
# of expected passes 2563
# of unexpected failures 8
# of untested testcases 4
=== libstdc++ tests ===
Running target unix
=== libstdc++ Summary ===
# of expected passes 7068
# of expected failures 46
# of unsupported tests 771
Compiler version: 4.7.0 20110622 (experimental) [trunk revision 175296] (GCC)
Platform: i386-pc-solaris2.8
configure flags: --prefix=/vol/gcc --target=i386-pc-solaris2.8 --enable-obsolete --enable-objc-gc --with-host-libstdcxx='-Wl,-Bstatic -lstdc++ -Wl,-Bdynamic -lm' --with-boot-ldflags='-static-libstdc++ -static-libgcc -L/vol/gcc-4.4/lib' --with-gmp=/vol/gcc --with-mpfr=/vol/gcc --with-mpc=/vol/gcc --enable-languages=all,ada,obj-c++,go --with-ppl=/vol/gcc --with-cloog=/vol/gcc --enable-cloog-backend=ppl
BOOT_CFLAGS=-g -O2
More information about the Gcc-testresults
mailing list