Results for 4.7.0 20110622 (experimental) [trunk revision 175296] (GCC) testsuite on sparc-sun-solaris2.9

Rainer Orth ro@CeBiTec.Uni-Bielefeld.DE
Mon Jun 27 11:46:00 GMT 2011


LAST_UPDATED: Wed Jun 22 16:19:57 UTC 2011 (revision 175296)

		=== acats tests ===
FAIL:	c391002
FAIL:	c41325a
FAIL:	c432002
FAIL:	c52101a
FAIL:	ca11005
FAIL:	ca11c01
FAIL:	ca11c02
FAIL:	ca11c03

		=== acats Summary ===
# of expected passes		2313
# of unexpected failures	8
Native configuration is sparc-sun-solaris2.9

		=== g++ tests ===


Running target unix
FAIL: g++.dg/cpp0x/initlist53.C execution test
WARNING: program timed out.

		=== g++ Summary for unix ===

# of expected passes		26806
# of unexpected failures	1
# of expected failures		158
# of unsupported tests		431

Running target unix/-m64
FAIL: g++.dg/cpp0x/initlist53.C execution test
FAIL: g++.dg/torture/pr30252.C  -Os  execution test
FAIL: g++.dg/torture/pr43784.C  -Os  execution test
FAIL: g++.dg/torture/pr49039.C  -Os  execution test

		=== g++ Summary for unix/-m64 ===

# of expected passes		27415
# of unexpected failures	4
# of expected failures		158
# of unsupported tests		428

		=== g++ Summary ===

# of expected passes		54221
# of unexpected failures	5
# of expected failures		316
# of unsupported tests		859
/var/gcc/regression/trunk/9-gcc-gas/build/gcc/testsuite/g++/../../g++  version 4.7.0 20110622 (experimental) [trunk revision 175296] (GCC) 

		=== gcc tests ===


Running target unix
FAIL: gcc.c-torture/compile/limits-fndefn.c  -O3 -g  (test for excess errors)
WARNING: program timed out.
FAIL: gcc.c-torture/execute/20000412-3.c execution,  -O1 
FAIL: gcc.c-torture/execute/20000706-1.c execution,  -Os 
FAIL: gcc.c-torture/execute/20000706-2.c execution,  -Os 
FAIL: gcc.c-torture/execute/20030914-1.c execution,  -O3 -fomit-frame-pointer 
FAIL: gcc.c-torture/execute/20030914-1.c execution,  -O3 -fomit-frame-pointer -funroll-loops 
FAIL: gcc.c-torture/execute/20030914-1.c execution,  -O3 -fomit-frame-pointer -funroll-all-loops -finline-functions 
FAIL: gcc.c-torture/execute/20030914-1.c execution,  -O3 -g 
FAIL: gcc.c-torture/execute/20041218-1.c execution,  -Os 
FAIL: gcc.c-torture/execute/931004-11.c execution,  -Os 
FAIL: gcc.c-torture/execute/931004-12.c execution,  -Os 
FAIL: gcc.c-torture/execute/stdarg-3.c execution,  -Os 
FAIL: gcc.c-torture/execute/strct-stdarg-1.c execution,  -Os 
FAIL: gcc.c-torture/execute/va-arg-22.c execution,  -O1 
FAIL: gcc.c-torture/execute/va-arg-22.c execution,  -O2 
FAIL: gcc.c-torture/execute/va-arg-22.c execution,  -Os 
FAIL: gcc.c-torture/execute/va-arg-22.c execution,  -O2 -flto -flto-partition=none 
FAIL: gcc.c-torture/execute/va-arg-22.c execution,  -O2 -flto 
XPASS: gcc.dg/inline_1.c (test for excess errors)
XPASS: gcc.dg/inline_2.c (test for excess errors)
FAIL: gcc.dg/memcpy-3.c scan-tree-dump-not optimized "memcpy"
FAIL: gcc.dg/memcpy-3.c scan-tree-dump-times optimized "MEM" 1
WARNING: program timed out.
FAIL: gcc.dg/pr43058.c (test for excess errors)
WARNING: program timed out.
FAIL: gcc.dg/pr48141.c (test for excess errors)
XPASS: gcc.dg/unroll_1.c (test for excess errors)
WARNING: program timed out.
FAIL: gcc.dg/graphite/interchange-8.c (test for excess errors)
WARNING: gcc.dg/graphite/interchange-8.c compilation failed to produce executable
FAIL: gcc.dg/graphite/interchange-8.c scan-tree-dump-times graphite "will be interchanged" 2
UNRESOLVED: gcc.dg/graphite/pr37485.c scan-tree-dump-times graphite "Loop blocked" 1
WARNING: program timed out.
XPASS: gcc.dg/tree-ssa/20030807-7.c scan-tree-dump-times vrp1 "if " 1
FAIL: gcc.dg/tree-ssa/vrp47.c scan-tree-dump-times dom1 "x[^ ]* & y" 1
FAIL: gcc.dg/vect/pr48377.c execution test
FAIL: gcc.dg/vect/pr48377.c -flto execution test

		=== gcc Summary for unix ===

# of expected passes		71562
# of unexpected failures	27
# of unexpected successes	4
# of expected failures		291
# of unresolved testcases	1
# of unsupported tests		1316

Running target unix/-m64
FAIL: gcc.c-torture/compile/limits-fndefn.c  -O3 -g  (test for excess errors)
WARNING: program timed out.
FAIL: gcc.c-torture/execute/20000412-3.c execution,  -O1 
FAIL: gcc.c-torture/execute/20000706-1.c execution,  -Os 
FAIL: gcc.c-torture/execute/20000706-2.c execution,  -Os 
FAIL: gcc.c-torture/execute/20030914-1.c execution,  -O3 -fomit-frame-pointer 
FAIL: gcc.c-torture/execute/20030914-1.c execution,  -O3 -fomit-frame-pointer -funroll-loops 
FAIL: gcc.c-torture/execute/20030914-1.c execution,  -O3 -fomit-frame-pointer -funroll-all-loops -finline-functions 
FAIL: gcc.c-torture/execute/20030914-1.c execution,  -O3 -g 
FAIL: gcc.c-torture/execute/20040709-2.c execution,  -O1 
FAIL: gcc.c-torture/execute/950628-1.c execution,  -Os 
FAIL: gcc.c-torture/execute/stdarg-3.c execution,  -Os 
FAIL: gcc.c-torture/execute/va-arg-22.c execution,  -O1 
FAIL: gcc.c-torture/execute/va-arg-22.c execution,  -O2 
FAIL: gcc.c-torture/execute/va-arg-22.c execution,  -Os 
FAIL: gcc.c-torture/execute/va-arg-22.c execution,  -O2 -flto -flto-partition=none 
FAIL: gcc.c-torture/execute/va-arg-22.c execution,  -O2 -flto 
XPASS: gcc.dg/inline_1.c (test for excess errors)
XPASS: gcc.dg/inline_2.c (test for excess errors)
FAIL: gcc.dg/memcpy-3.c scan-tree-dump-not optimized "memcpy"
FAIL: gcc.dg/memcpy-3.c scan-tree-dump-times optimized "MEM" 1
FAIL: gcc.dg/pr44194-1.c scan-rtl-dump dse1 "global deletions = 2"
XPASS: gcc.dg/unroll_1.c (test for excess errors)
WARNING: program timed out.
FAIL: gcc.dg/graphite/interchange-8.c (test for excess errors)
WARNING: gcc.dg/graphite/interchange-8.c compilation failed to produce executable
FAIL: gcc.dg/graphite/interchange-8.c scan-tree-dump-times graphite "will be interchanged" 2
UNRESOLVED: gcc.dg/graphite/pr37485.c scan-tree-dump-times graphite "Loop blocked" 1
WARNING: program timed out.
XPASS: gcc.dg/tree-ssa/20030807-7.c scan-tree-dump-times vrp1 "if " 1
FAIL: gcc.dg/tree-ssa/vrp47.c scan-tree-dump-times dom1 "x[^ ]* & y" 1
FAIL: gcc.dg/vect/pr33804.c scan-tree-dump-times vect "vectorized 1 loops" 1
FAIL: gcc.dg/vect/pr33804.c scan-tree-dump-times vect "vectorizing stmts using SLP" 1
FAIL: gcc.dg/vect/pr48377.c execution test
FAIL: gcc.dg/vect/slp-multitypes-3.c scan-tree-dump-times vect "vectorized 1 loops" 1
FAIL: gcc.dg/vect/slp-multitypes-3.c scan-tree-dump-times vect "vectorizing stmts using SLP" 2
FAIL: gcc.dg/vect/pr33804.c -flto scan-tree-dump-times vect "vectorized 1 loops" 1
FAIL: gcc.dg/vect/pr33804.c -flto scan-tree-dump-times vect "vectorizing stmts using SLP" 1
FAIL: gcc.dg/vect/pr48377.c -flto execution test
FAIL: gcc.dg/vect/slp-multitypes-3.c -flto scan-tree-dump-times vect "vectorized 1 loops" 1
FAIL: gcc.dg/vect/slp-multitypes-3.c -flto scan-tree-dump-times vect "vectorizing stmts using SLP" 2

		=== gcc Summary for unix/-m64 ===

# of expected passes		72201
# of unexpected failures	32
# of unexpected successes	4
# of expected failures		272
# of unresolved testcases	1
# of unsupported tests		1323

		=== gcc Summary ===

# of expected passes		143763
# of unexpected failures	59
# of unexpected successes	8
# of expected failures		563
# of unresolved testcases	2
# of unsupported tests		2639
/var/gcc/regression/trunk/9-gcc-gas/build/gcc/xgcc  version 4.7.0 20110622 (experimental) [trunk revision 175296] (GCC) 

		=== gfortran tests ===


Running target unix
FAIL: gfortran.dg/actual_array_substr_1.f90  -Os  execution test
FAIL: gfortran.dg/aliasing_dummy_1.f90  -Os  execution test
FAIL: gfortran.dg/allocate_deferred_char_scalar_1.f03  -O1  execution test
FAIL: gfortran.dg/allocate_deferred_char_scalar_1.f03  -O2  execution test
FAIL: gfortran.dg/allocate_deferred_char_scalar_1.f03  -O3 -fomit-frame-pointer  execution test
FAIL: gfortran.dg/allocate_deferred_char_scalar_1.f03  -O3 -fomit-frame-pointer -funroll-loops  execution test
FAIL: gfortran.dg/allocate_deferred_char_scalar_1.f03  -O3 -fomit-frame-pointer -funroll-all-loops -finline-functions  execution test
FAIL: gfortran.dg/allocate_deferred_char_scalar_1.f03  -O3 -g  execution test
FAIL: gfortran.dg/coarray_lock_3.f90  -O   (test for errors, line 72)
FAIL: gfortran.dg/dependency_25.f90  -O1  execution test
FAIL: gfortran.dg/dependency_25.f90  -O2  execution test
FAIL: gfortran.dg/dependency_25.f90  -Os  execution test
FAIL: gfortran.dg/der_array_1.f90  -O1  execution test
FAIL: gfortran.dg/der_array_1.f90  -O2  execution test
FAIL: gfortran.dg/der_array_1.f90  -O3 -fomit-frame-pointer  execution test
FAIL: gfortran.dg/der_array_1.f90  -O3 -fomit-frame-pointer -funroll-loops  execution test
FAIL: gfortran.dg/der_array_1.f90  -O3 -fomit-frame-pointer -funroll-all-loops -finline-functions  execution test
FAIL: gfortran.dg/der_array_1.f90  -O3 -g  execution test
FAIL: gfortran.dg/derived_init_2.f90  -Os  execution test
FAIL: gfortran.dg/extends_3.f03  -O1  execution test
FAIL: gfortran.dg/intent_out_2.f90  -O1  execution test
FAIL: gfortran.dg/intent_out_2.f90  -O2  execution test
FAIL: gfortran.dg/intent_out_2.f90  -O3 -fomit-frame-pointer  execution test
FAIL: gfortran.dg/intent_out_2.f90  -O3 -fomit-frame-pointer -funroll-loops  execution test
FAIL: gfortran.dg/intent_out_2.f90  -O3 -fomit-frame-pointer -funroll-all-loops -finline-functions  execution test
FAIL: gfortran.dg/intent_out_2.f90  -O3 -g  execution test
FAIL: gfortran.dg/intent_out_2.f90  -Os  execution test

		=== gfortran Summary for unix ===

# of expected passes		38629
# of unexpected failures	27
# of expected failures		55
# of unsupported tests		399

Running target unix/-m64
FAIL: gfortran.dg/actual_array_substr_1.f90  -Os  execution test
FAIL: gfortran.dg/coarray_lock_3.f90  -O   (test for errors, line 72)
FAIL: gfortran.dg/der_array_1.f90  -O1  execution test
FAIL: gfortran.dg/der_array_1.f90  -O2  execution test
FAIL: gfortran.dg/der_array_1.f90  -O3 -fomit-frame-pointer  execution test
FAIL: gfortran.dg/der_array_1.f90  -O3 -fomit-frame-pointer -funroll-loops  execution test
FAIL: gfortran.dg/der_array_1.f90  -O3 -fomit-frame-pointer -funroll-all-loops -finline-functions  execution test
FAIL: gfortran.dg/der_array_1.f90  -O3 -g  execution test
FAIL: gfortran.dg/derived_init_2.f90  -Os  execution test
FAIL: gfortran.dg/extends_3.f03  -O1  execution test
FAIL: gfortran.dg/intent_out_2.f90  -O1  execution test
FAIL: gfortran.dg/intent_out_2.f90  -O2  execution test
FAIL: gfortran.dg/intent_out_2.f90  -O3 -fomit-frame-pointer  execution test
FAIL: gfortran.dg/intent_out_2.f90  -O3 -fomit-frame-pointer -funroll-loops  execution test
FAIL: gfortran.dg/intent_out_2.f90  -O3 -fomit-frame-pointer -funroll-all-loops -finline-functions  execution test
FAIL: gfortran.dg/intent_out_2.f90  -O3 -g  execution test
FAIL: gfortran.dg/intent_out_2.f90  -Os  execution test

		=== gfortran Summary for unix/-m64 ===

# of expected passes		38918
# of unexpected failures	17
# of expected failures		55
# of unsupported tests		262

		=== gfortran Summary ===

# of expected passes		77547
# of unexpected failures	44
# of expected failures		110
# of unsupported tests		661
/var/gcc/regression/trunk/9-gcc-gas/build/gcc/testsuite/gfortran/../../gfortran  version 4.7.0 20110622 (experimental) [trunk revision 175296] (GCC) 

		=== gnat tests ===


Running target unix

		=== gnat Summary for unix ===

# of expected passes		907
# of expected failures		11
# of unsupported tests		5

Running target unix/-m64

		=== gnat Summary for unix/-m64 ===

# of expected passes		907
# of expected failures		11
# of unsupported tests		5

		=== gnat Summary ===

# of expected passes		1814
# of expected failures		22
# of unsupported tests		10
/var/gcc/regression/trunk/9-gcc-gas/build/gcc/gnatmake version 4.7.0 20110622 (experimental) [trunk revision 175296]

		=== go tests ===


Running target unix
FAIL: ./64bit-out.go compilation,  -O2 -g 
FAIL: ./select5-out.go compilation,  -O2 -g 
FAIL: ./tmp.go compilation,  -O2 -g 
FAIL: go.test/test/cmplxdivide.go
FAIL: go.test/test/fixedbugs/bug177.go execution,  -O2 -g 
FAIL: go.test/test/fixedbugs/bug273.go execution,  -O2 -g 
FAIL: go.test/test/typeswitch1.go execution,  -O2 -g 
WARNING: program timed out.
WARNING: program timed out.
WARNING: program timed out.
WARNING: program timed out.

		=== go Summary for unix ===

# of expected passes		2977
# of unexpected failures	7
# of expected failures		23
# of untested testcases		3

Running target unix/-m64
FAIL: ./64bit-out.go compilation,  -O2 -g 
FAIL: ./select5-out.go compilation,  -O2 -g 
FAIL: ./tmp.go compilation,  -O2 -g 
FAIL: go.test/test/cmplxdivide.go
FAIL: go.test/test/interface/fake.go execution,  -O2 -g 
WARNING: program timed out.
WARNING: program timed out.
WARNING: program timed out.
WARNING: program timed out.

		=== go Summary for unix/-m64 ===

# of expected passes		2979
# of unexpected failures	5
# of expected failures		23
# of untested testcases		3

		=== go Summary ===

# of expected passes		5956
# of unexpected failures	12
# of expected failures		46
# of untested testcases		6
/var/gcc/regression/trunk/9-gcc-gas/build/gcc/testsuite/go/../../gccgo  version 4.7.0 20110622 (experimental) [trunk revision 175296] (GCC) 

		=== obj-c++ tests ===


Running target unix

		=== obj-c++ Summary for unix ===

# of expected passes		1446
# of expected failures		2
# of unsupported tests		86

Running target unix/-m64

		=== obj-c++ Summary for unix/-m64 ===

# of expected passes		1438
# of expected failures		10
# of unsupported tests		86

		=== obj-c++ Summary ===

# of expected passes		2884
# of expected failures		12
# of unsupported tests		172
/var/gcc/regression/trunk/9-gcc-gas/build/gcc/testsuite/obj-c++/../../g++  version 4.7.0 20110622 (experimental) [trunk revision 175296] (GCC) 

		=== objc tests ===


Running target unix
XPASS: objc.dg/torture/forward-1.m  -O0  -fgnu-runtime execution test
XPASS: objc.dg/torture/forward-1.m  -O1  -fgnu-runtime execution test
XPASS: objc.dg/torture/forward-1.m  -O2  -fgnu-runtime execution test
XPASS: objc.dg/torture/forward-1.m  -O3 -fomit-frame-pointer  -fgnu-runtime execution test
XPASS: objc.dg/torture/forward-1.m  -O3 -fomit-frame-pointer -funroll-loops  -fgnu-runtime execution test
XPASS: objc.dg/torture/forward-1.m  -O3 -fomit-frame-pointer -funroll-all-loops -finline-functions  -fgnu-runtime execution test
XPASS: objc.dg/torture/forward-1.m  -O3 -g  -fgnu-runtime execution test
XPASS: objc.dg/torture/forward-1.m  -Os  -fgnu-runtime execution test
XPASS: objc.dg/torture/forward-1.m  -O2 -flto -flto-partition=none  -fgnu-runtime execution test
XPASS: objc.dg/torture/forward-1.m  -O2 -flto  -fgnu-runtime execution test

		=== objc Summary for unix ===

# of expected passes		2970
# of unexpected successes	10
# of unsupported tests		74

Running target unix/-m64
XPASS: objc.dg/torture/forward-1.m  -O0  -fgnu-runtime execution test
XPASS: objc.dg/torture/forward-1.m  -O1  -fgnu-runtime execution test
XPASS: objc.dg/torture/forward-1.m  -O2  -fgnu-runtime execution test
XPASS: objc.dg/torture/forward-1.m  -O3 -fomit-frame-pointer  -fgnu-runtime execution test
XPASS: objc.dg/torture/forward-1.m  -O3 -fomit-frame-pointer -funroll-loops  -fgnu-runtime execution test
XPASS: objc.dg/torture/forward-1.m  -O3 -fomit-frame-pointer -funroll-all-loops -finline-functions  -fgnu-runtime execution test
XPASS: objc.dg/torture/forward-1.m  -O3 -g  -fgnu-runtime execution test
XPASS: objc.dg/torture/forward-1.m  -Os  -fgnu-runtime execution test
XPASS: objc.dg/torture/forward-1.m  -O2 -flto -flto-partition=none  -fgnu-runtime execution test
XPASS: objc.dg/torture/forward-1.m  -O2 -flto  -fgnu-runtime execution test

		=== objc Summary for unix/-m64 ===

# of expected passes		2970
# of unexpected successes	10
# of unsupported tests		74

		=== objc Summary ===

# of expected passes		5940
# of unexpected successes	20
# of unsupported tests		148
/var/gcc/regression/trunk/9-gcc-gas/build/gcc/xgcc  version 4.7.0 20110622 (experimental) [trunk revision 175296] (GCC) 

		=== boehm-gc tests ===


Running target unix

		=== boehm-gc Summary for unix ===

# of expected passes		12
# of unsupported tests		1

Running target unix/-m64

		=== boehm-gc Summary for unix/-m64 ===

# of expected passes		12
# of unsupported tests		1

		=== boehm-gc Summary ===

# of expected passes		24
# of unsupported tests		2
		=== libffi tests ===


Running target unix

		=== libffi Summary for unix ===

# of expected passes		1634
# of expected failures		10
# of unsupported tests		15

Running target unix/-m64

		=== libffi Summary for unix/-m64 ===

# of expected passes		1634
# of expected failures		10
# of unsupported tests		15

		=== libffi Summary ===

# of expected passes		3268
# of expected failures		20
# of unsupported tests		30
		=== libgo tests ===


Running target unix
FAIL: asn1
FAIL: big
FAIL: exec
FAIL: flag
FAIL: fmt
FAIL: gob
FAIL: http
FAIL: json
FAIL: netchan
FAIL: rand
FAIL: regexp
FAIL: rpc
FAIL: sync
FAIL: template
FAIL: time
FAIL: try
FAIL: xml
FAIL: archive/zip
FAIL: compress/gzip
FAIL: compress/zlib
FAIL: crypto/ocsp
FAIL: crypto/rand
FAIL: crypto/tls
FAIL: crypto/x509
FAIL: debug/elf
FAIL: exp/datafmt
FAIL: http/spdy
FAIL: image/jpeg
FAIL: image/png
FAIL: rpc/jsonrpc
FAIL: testing/quick

		=== libgo Summary for unix ===

# of expected passes		93
# of unexpected failures	31
# of untested testcases		2

Running target unix/-m64
FAIL: asn1
FAIL: big
FAIL: exec
FAIL: flag
FAIL: fmt
FAIL: gob
FAIL: http
FAIL: json
FAIL: os
FAIL: rand
FAIL: reflect
FAIL: regexp
FAIL: rpc
FAIL: sync
FAIL: template
FAIL: time
FAIL: try
FAIL: xml
FAIL: archive/zip
FAIL: crypto/ocsp
FAIL: crypto/rand
FAIL: crypto/tls
FAIL: crypto/x509
FAIL: debug/elf
FAIL: testing/quick

		=== libgo Summary for unix/-m64 ===

# of expected passes		99
# of unexpected failures	25
# of untested testcases		2

		=== libgo Summary ===

# of expected passes		192
# of unexpected failures	56
# of untested testcases		4
		=== libgomp tests ===


Running target unix
FAIL: libgomp.graphite/force-parallel-1.c execution test

		=== libgomp Summary for unix ===

# of expected passes		2617
# of unexpected failures	1
# of unsupported tests		10

Running target unix/-m64
FAIL: libgomp.graphite/force-parallel-1.c execution test

		=== libgomp Summary for unix/-m64 ===

# of expected passes		2617
# of unexpected failures	1
# of unsupported tests		10

		=== libgomp Summary ===

# of expected passes		5234
# of unexpected failures	2
# of unsupported tests		20
		=== libjava tests ===


Running target unix

		=== libjava Summary for unix ===

# of expected passes		2574

Running target unix/-m64

		=== libjava Summary for unix/-m64 ===

# of expected passes		2574

		=== libjava Summary ===

# of expected passes		5148
		=== libstdc++ tests ===


Running target unix
FAIL: ext/pb_ds/regression/tree_data_map_rand.cc (test for excess errors)
WARNING: ext/pb_ds/regression/tree_data_map_rand.cc compilation failed to produce executable
FAIL: ext/pb_ds/regression/tree_no_data_map_rand.cc (test for excess errors)
WARNING: ext/pb_ds/regression/tree_no_data_map_rand.cc compilation failed to produce executable
WARNING: program timed out.
WARNING: program timed out.

		=== libstdc++ Summary for unix ===

# of expected passes		7077
# of unexpected failures	2
# of expected failures		47
# of unsupported tests		764

Running target unix/-m64

		=== libstdc++ Summary for unix/-m64 ===

# of expected passes		7081
# of expected failures		47
# of unsupported tests		764

		=== libstdc++ Summary ===

# of expected passes		14158
# of unexpected failures	2
# of expected failures		94
# of unsupported tests		1528

Compiler version: 4.7.0 20110622 (experimental) [trunk revision 175296] (GCC) 
Platform: sparc-sun-solaris2.9
configure flags: --prefix=/vol/gcc --target=sparc-sun-solaris2.9 --enable-objc-gc --with-host-libstdcxx='-Wl,-Bstatic -lstdc++ -Wl,-Bdynamic -lm' --with-boot-ldflags='-static-libstdc++ -static-libgcc -L/vol/gcc-4.4/lib' --with-as=/vol/gcc/bin/gas-2.21 --with-gnu-as --with-gmp=/vol/gcc --with-mpfr=/vol/gcc --with-mpc=/vol/gcc --enable-languages=all,ada,obj-c++,go --with-ppl=/vol/gcc --with-cloog=/vol/gcc --enable-cloog-backend=ppl
BOOT_CFLAGS=-g -O2



More information about the Gcc-testresults mailing list