Results for 4.6.1 20110622 (prerelease) [gcc-4_6-branch revision 175282] (GCC) testsuite on i386-pc-solaris2.8

ro@smtp-relay.CeBiTec.Uni-Bielefeld.DE ro@smtp-relay.CeBiTec.Uni-Bielefeld.DE
Mon Jun 27 11:46:00 GMT 2011


LAST_UPDATED: Wed Jun 22 16:22:09 UTC 2011 (revision 175282)

		=== acats tests ===

		=== acats Summary ===
# of expected passes		2321
# of unexpected failures	0
Native configuration is i386-pc-solaris2.8

		=== g++ tests ===


Running target unix

		=== g++ Summary ===

# of expected passes		26881
# of expected failures		166
# of unsupported tests		203
/var/gcc/regression/gcc-4.6-branch/8-gcc-gas/build/gcc/testsuite/g++/../../g++  version 4.6.1 20110622 (prerelease) [gcc-4_6-branch revision 175282] (GCC) 

		=== gcc tests ===


Running target unix
FAIL: gcc.dg/lto/20110201-1 c_lto_20110201-1_0.o-c_lto_20110201-1_0.o link,  -O0 -flto 
UNRESOLVED: gcc.dg/lto/20110201-1 c_lto_20110201-1_0.o-c_lto_20110201-1_0.o execute  -O0 -flto 
FAIL: gcc.dg/vect/pr48172.c execution test
FAIL: gcc.dg/vect/pr48377.c execution test

		=== gcc Summary ===

# of expected passes		75231
# of unexpected failures	3
# of expected failures		212
# of unresolved testcases	1
# of unsupported tests		1031
/var/gcc/regression/gcc-4.6-branch/8-gcc-gas/build/gcc/xgcc  version 4.6.1 20110622 (prerelease) [gcc-4_6-branch revision 175282] (GCC) 

		=== gfortran tests ===


Running target unix

		=== gfortran Summary ===

# of expected passes		37572
# of expected failures		41
# of unsupported tests		372
/var/gcc/regression/gcc-4.6-branch/8-gcc-gas/build/gcc/testsuite/gfortran/../../gfortran  version 4.6.1 20110622 (prerelease) [gcc-4_6-branch revision 175282] (GCC) 

		=== gnat tests ===


Running target unix

		=== gnat Summary ===

# of expected passes		867
# of expected failures		10
# of unsupported tests		4
/var/gcc/regression/gcc-4.6-branch/8-gcc-gas/build/gcc/gnatmake version 4.6.1 20110622 (prerelease) [gcc-4_6-branch revision 175282]

		=== objc tests ===


Running target unix

		=== objc Summary ===

# of expected passes		2872
# of expected failures		6
# of unsupported tests		98
/var/gcc/regression/gcc-4.6-branch/8-gcc-gas/build/gcc/xgcc  version 4.6.1 20110622 (prerelease) [gcc-4_6-branch revision 175282] (GCC) 

		=== libffi tests ===


Running target unix

		=== libffi Summary ===

# of expected passes		1634
# of expected failures		10
# of unsupported tests		15
		=== libgomp tests ===


Running target unix

		=== libgomp Summary ===

# of expected passes		2586
# of unsupported tests		3
		=== libjava tests ===


Running target unix
FAIL: PR16923 run
FAIL: Divide_1 output - source compiled test
FAIL: Divide_1 -findirect-dispatch output - source compiled test
FAIL: Divide_1 -O3 output - source compiled test
FAIL: Divide_1 -O3 -findirect-dispatch output - source compiled test

		=== libjava Summary ===

# of expected passes		2569
# of unexpected failures	5
# of untested testcases		1
		=== libstdc++ tests ===


Running target unix

		=== libstdc++ Summary ===

# of expected passes		6858
# of expected failures		83
# of unsupported tests		749

Compiler version: 4.6.1 20110622 (prerelease) [gcc-4_6-branch revision 175282] (GCC) 
Platform: i386-pc-solaris2.8
configure flags: --prefix=/vol/gcc --target=i386-pc-solaris2.8 --with-as=/vol/gcc/bin/gas-2.21 --with-gnu-as --with-gmp=/vol/gcc --with-mpfr=/vol/gcc --with-mpc=/vol/gcc --enable-languages=all,ada --without-ppl --without-cloog
BOOT_CFLAGS=-g -O2



More information about the Gcc-testresults mailing list