Results for 4.6.1 20110622 (prerelease) [gcc-4_6-branch revision 175282] (GCC) testsuite on sparc-sun-solaris2.8
Rainer Orth
ro@CeBiTec.Uni-Bielefeld.DE
Mon Jun 27 11:45:00 GMT 2011
LAST_UPDATED: Wed Jun 22 16:22:09 UTC 2011 (revision 175282)
=== acats tests ===
=== acats Summary ===
# of expected passes 2321
# of unexpected failures 0
Native configuration is sparc-sun-solaris2.8
=== g++ tests ===
Running target unix
FAIL: g++.dg/cpp0x/lambda/lambda-eh2.C execution test
WARNING: program timed out.
FAIL: g++.dg/lto/20091219 cp_lto_20091219_0.o-cp_lto_20091219_0.o link, -O3 -flto
UNRESOLVED: g++.dg/lto/20091219 cp_lto_20091219_0.o-cp_lto_20091219_0.o execute -O3 -flto
FAIL: g++.dg/torture/pr31863.C -O2 -flto (test for excess errors)
=== g++ Summary for unix ===
# of expected passes 26280
# of unexpected failures 3
# of expected failures 166
# of unresolved testcases 1
# of unsupported tests 494
Running target unix/-m64
FAIL: g++.dg/cpp0x/lambda/lambda-eh2.C execution test
FAIL: g++.dg/lto/20091219 cp_lto_20091219_0.o-cp_lto_20091219_0.o link, -O3 -flto
UNRESOLVED: g++.dg/lto/20091219 cp_lto_20091219_0.o-cp_lto_20091219_0.o execute -O3 -flto
FAIL: g++.dg/torture/pr31863.C -O2 -flto (test for excess errors)
=== g++ Summary for unix/-m64 ===
# of expected passes 26892
# of unexpected failures 3
# of expected failures 166
# of unresolved testcases 1
# of unsupported tests 491
=== g++ Summary ===
# of expected passes 53172
# of unexpected failures 6
# of expected failures 332
# of unresolved testcases 2
# of unsupported tests 985
/var/gcc/regression/gcc-4.6-branch/8-gcc/build/gcc/testsuite/g++/../../g++ version 4.6.1 20110622 (prerelease) [gcc-4_6-branch revision 175282] (GCC)
=== gcc tests ===
Running target unix
FAIL: gcc.dg/lto/20110201-1 c_lto_20110201-1_0.o-c_lto_20110201-1_0.o link, -O0 -flto
UNRESOLVED: gcc.dg/lto/20110201-1 c_lto_20110201-1_0.o-c_lto_20110201-1_0.o execute -O0 -flto
FAIL: gcc.dg/vect/pr48377.c execution test
=== gcc Summary for unix ===
# of expected passes 69750
# of unexpected failures 2
# of expected failures 235
# of unresolved testcases 1
# of unsupported tests 1229
Running target unix/-m64
FAIL: gcc.dg/vect/pr48377.c execution test
=== gcc Summary for unix/-m64 ===
# of expected passes 70331
# of unexpected failures 1
# of expected failures 227
# of unsupported tests 1239
=== gcc Summary ===
# of expected passes 140081
# of unexpected failures 3
# of expected failures 462
# of unresolved testcases 1
# of unsupported tests 2468
/var/gcc/regression/gcc-4.6-branch/8-gcc/build/gcc/xgcc version 4.6.1 20110622 (prerelease) [gcc-4_6-branch revision 175282] (GCC)
=== gfortran tests ===
Running target unix
=== gfortran Summary for unix ===
# of expected passes 38025
# of expected failures 43
# of unsupported tests 396
Running target unix/-m64
=== gfortran Summary for unix/-m64 ===
# of expected passes 38304
# of expected failures 43
# of unsupported tests 259
=== gfortran Summary ===
# of expected passes 76329
# of expected failures 86
# of unsupported tests 655
/var/gcc/regression/gcc-4.6-branch/8-gcc/build/gcc/testsuite/gfortran/../../gfortran version 4.6.1 20110622 (prerelease) [gcc-4_6-branch revision 175282] (GCC)
=== gnat tests ===
Running target unix
=== gnat Summary for unix ===
# of expected passes 868
# of expected failures 10
# of unsupported tests 4
Running target unix/-m64
=== gnat Summary for unix/-m64 ===
# of expected passes 868
# of expected failures 10
# of unsupported tests 4
=== gnat Summary ===
# of expected passes 1736
# of expected failures 20
# of unsupported tests 8
/var/gcc/regression/gcc-4.6-branch/8-gcc/build/gcc/gnatmake version 4.6.1 20110622 (prerelease) [gcc-4_6-branch revision 175282]
=== objc tests ===
Running target unix
=== objc Summary for unix ===
# of expected passes 2916
# of expected failures 10
# of unsupported tests 74
Running target unix/-m64
=== objc Summary for unix/-m64 ===
# of expected passes 2916
# of expected failures 10
# of unsupported tests 74
=== objc Summary ===
# of expected passes 5832
# of expected failures 20
# of unsupported tests 148
/var/gcc/regression/gcc-4.6-branch/8-gcc/build/gcc/xgcc version 4.6.1 20110622 (prerelease) [gcc-4_6-branch revision 175282] (GCC)
=== libffi tests ===
Running target unix
=== libffi Summary for unix ===
# of expected passes 1634
# of expected failures 10
# of unsupported tests 15
Running target unix/-m64
=== libffi Summary for unix/-m64 ===
# of expected passes 1634
# of expected failures 10
# of unsupported tests 15
=== libffi Summary ===
# of expected passes 3268
# of expected failures 20
# of unsupported tests 30
=== libgomp tests ===
Running target unix
=== libgomp Summary for unix ===
# of expected passes 2572
# of unsupported tests 10
Running target unix/-m64
=== libgomp Summary for unix/-m64 ===
# of expected passes 2572
# of unsupported tests 10
=== libgomp Summary ===
# of expected passes 5144
# of unsupported tests 20
=== libjava tests ===
Running target unix
FAIL: InvokeInterface execution - source compiled test
FAIL: InvokeInterface -O3 execution - source compiled test
=== libjava Summary for unix ===
# of expected passes 2570
# of unexpected failures 2
# of untested testcases 2
Running target unix/-m64
FAIL: InvokeInterface execution - source compiled test
FAIL: InvokeInterface -O3 execution - source compiled test
=== libjava Summary for unix/-m64 ===
# of expected passes 2570
# of unexpected failures 2
# of untested testcases 2
=== libjava Summary ===
# of expected passes 5140
# of unexpected failures 4
# of untested testcases 4
=== libstdc++ tests ===
Running target unix
=== libstdc++ Summary for unix ===
# of expected passes 6871
# of expected failures 84
# of unsupported tests 742
Running target unix/-m64
=== libstdc++ Summary for unix/-m64 ===
# of expected passes 6871
# of expected failures 84
# of unsupported tests 742
=== libstdc++ Summary ===
# of expected passes 13742
# of expected failures 168
# of unsupported tests 1484
Compiler version: 4.6.1 20110622 (prerelease) [gcc-4_6-branch revision 175282] (GCC)
Platform: sparc-sun-solaris2.8
configure flags: --prefix=/vol/gcc --target=sparc-sun-solaris2.8 --with-gmp=/vol/gcc --with-mpfr=/vol/gcc --with-mpc=/vol/gcc --enable-languages=all,ada --without-ppl --without-cloog
BOOT_CFLAGS=-g -O2
More information about the Gcc-testresults
mailing list