Results for 4.6.1 20110622 (prerelease) [gcc-4_6-branch revision 175282] (GCC) testsuite on i386-pc-solaris2.11

Rainer Orth ro@CeBiTec.Uni-Bielefeld.DE
Mon Jun 27 11:42:00 GMT 2011


LAST_UPDATED: Wed Jun 22 16:22:09 UTC 2011 (revision 175282)

		=== acats tests ===

		=== acats Summary ===
# of expected passes		2321
# of unexpected failures	0
Native configuration is i386-pc-solaris2.11

		=== g++ tests ===


Running target unix

		=== g++ Summary for unix ===

# of expected passes		26910
# of expected failures		165
# of unsupported tests		189

Running target unix/-m64

		=== g++ Summary for unix/-m64 ===

# of expected passes		27142
# of expected failures		165
# of unsupported tests		388

		=== g++ Summary ===

# of expected passes		54052
# of expected failures		330
# of unsupported tests		577
/var/gcc/regression/gcc-4.6-branch/11-gcc-gas/build/gcc/testsuite/g++/../../g++  version 4.6.1 20110622 (prerelease) [gcc-4_6-branch revision 175282] (GCC) 

		=== gcc tests ===


Running target unix
FAIL: gcc.dg/lto/20110201-1 c_lto_20110201-1_0.o-c_lto_20110201-1_0.o link,  -O0 -flto 
UNRESOLVED: gcc.dg/lto/20110201-1 c_lto_20110201-1_0.o-c_lto_20110201-1_0.o execute  -O0 -flto 

		=== gcc Summary for unix ===

# of expected passes		76177
# of unexpected failures	1
# of expected failures		213
# of unresolved testcases	1
# of unsupported tests		786

Running target unix/-m64

		=== gcc Summary for unix/-m64 ===

# of expected passes		76254
# of expected failures		212
# of unsupported tests		1203

		=== gcc Summary ===

# of expected passes		152431
# of unexpected failures	1
# of expected failures		425
# of unresolved testcases	1
# of unsupported tests		1989
/var/gcc/regression/gcc-4.6-branch/11-gcc-gas/build/gcc/xgcc  version 4.6.1 20110622 (prerelease) [gcc-4_6-branch revision 175282] (GCC) 

		=== gfortran tests ===


Running target unix

		=== gfortran Summary for unix ===

# of expected passes		38380
# of expected failures		41
# of unsupported tests		228

Running target unix/-m64

		=== gfortran Summary for unix/-m64 ===

# of expected passes		38677
# of expected failures		41
# of unsupported tests		88

		=== gfortran Summary ===

# of expected passes		77057
# of expected failures		82
# of unsupported tests		316
/var/gcc/regression/gcc-4.6-branch/11-gcc-gas/build/gcc/testsuite/gfortran/../../gfortran  version 4.6.1 20110622 (prerelease) [gcc-4_6-branch revision 175282] (GCC) 

		=== gnat tests ===


Running target unix

		=== gnat Summary for unix ===

# of expected passes		869
# of expected failures		10
# of unsupported tests		3

Running target unix/-m64

		=== gnat Summary for unix/-m64 ===

# of expected passes		869
# of expected failures		10
# of unsupported tests		3

		=== gnat Summary ===

# of expected passes		1738
# of expected failures		20
# of unsupported tests		6
/var/gcc/regression/gcc-4.6-branch/11-gcc-gas/build/gcc/gnatmake version 4.6.1 20110622 (prerelease) [gcc-4_6-branch revision 175282]

		=== objc tests ===


Running target unix

		=== objc Summary for unix ===

# of expected passes		2920
# of expected failures		6
# of unsupported tests		74

Running target unix/-m64

		=== objc Summary for unix/-m64 ===

# of expected passes		2910
# of expected failures		16
# of unsupported tests		74

		=== objc Summary ===

# of expected passes		5830
# of expected failures		22
# of unsupported tests		148
/var/gcc/regression/gcc-4.6-branch/11-gcc-gas/build/gcc/xgcc  version 4.6.1 20110622 (prerelease) [gcc-4_6-branch revision 175282] (GCC) 

		=== libffi tests ===


Running target unix

		=== libffi Summary for unix ===

# of expected passes		1634
# of expected failures		10
# of unsupported tests		15

Running target unix/-m64

		=== libffi Summary for unix/-m64 ===

# of expected passes		1634
# of expected failures		10
# of unsupported tests		15

		=== libffi Summary ===

# of expected passes		3268
# of expected failures		20
# of unsupported tests		30
		=== libgomp tests ===


Running target unix

		=== libgomp Summary for unix ===

# of expected passes		2586
# of unsupported tests		3

Running target unix/-m64

		=== libgomp Summary for unix/-m64 ===

# of expected passes		2586
# of unsupported tests		3

		=== libgomp Summary ===

# of expected passes		5172
# of unsupported tests		6
		=== libjava tests ===


Running target unix

		=== libjava Summary for unix ===

# of expected passes		2574

Running target unix/-m64

		=== libjava Summary for unix/-m64 ===

# of expected passes		2574

		=== libjava Summary ===

# of expected passes		5148
		=== libstdc++ tests ===


Running target unix

		=== libstdc++ Summary for unix ===

# of expected passes		7393
# of expected failures		82
# of unsupported tests		460

Running target unix/-m64

		=== libstdc++ Summary for unix/-m64 ===

# of expected passes		7393
# of expected failures		82
# of unsupported tests		460

		=== libstdc++ Summary ===

# of expected passes		14786
# of expected failures		164
# of unsupported tests		920

Compiler version: 4.6.1 20110622 (prerelease) [gcc-4_6-branch revision 175282] (GCC) 
Platform: i386-pc-solaris2.11
configure flags: --prefix=/vol/gcc --target=i386-pc-solaris2.11 --with-as=/vol/gcc/bin/gas-2.21 --with-gnu-as --with-gmp=/vol/gcc --with-mpfr=/vol/gcc --with-mpc=/vol/gcc --enable-languages=all,ada --without-ppl --without-cloog
BOOT_CFLAGS=-g -O2



More information about the Gcc-testresults mailing list