Results for 4.7.0 20110626 (experimental) [trunk revision 175404] (GCC) testsuite on hppa64-hp-hpux11.11

John David Anglin dave@hiauly3.hia.nrc.ca
Mon Jun 27 03:26:00 GMT 2011


Native configuration is hppa64-hp-hpux11.11

		=== g++ tests ===


Running target unix
WARNING: program timed out.
FAIL: g++.old-deja/g++.jason/rfg10.C  (test for errors, line 11)
FAIL: g++.old-deja/g++.jason/rfg10.C (test for excess errors)

		=== g++ Summary ===

# of expected passes		25316
# of unexpected failures	2
# of expected failures		159
# of unsupported tests		594
/test/gnu/gcc/objdir/gcc/testsuite/g++/../../g++  version 4.7.0 20110626 (experimental) [trunk revision 175404] (GCC) 

		=== gcc tests ===


Running target unix
XPASS: gcc.dg/inline_1.c (test for excess errors)
XPASS: gcc.dg/inline_2.c (test for excess errors)
FAIL: gcc.dg/memcpy-3.c scan-tree-dump-not optimized "memcpy"
FAIL: gcc.dg/memcpy-3.c scan-tree-dump-times optimized "MEM" 1
XPASS: gcc.dg/unroll_1.c (test for excess errors)
WARNING: program timed out.
FAIL: gcc.dg/lto/20090116 c_lto_20090116_0.o-c_lto_20090116_0.o link, -O1 -flto -flto-partition=1to1 -fPIC (internal compiler error)
UNRESOLVED: gcc.dg/lto/20090116 c_lto_20090116_0.o-c_lto_20090116_0.o execute -O1 -flto -flto-partition=1to1 -fPIC
XPASS: gcc.dg/tree-ssa/20030807-7.c scan-tree-dump-times vrp1 "if " 1
FAIL: gcc.dg/tree-ssa/vrp47.c scan-tree-dump-times dom1 "x[^ ]* & y" 1

		=== gcc Summary ===

# of expected passes		67379
# of unexpected failures	4
# of unexpected successes	4
# of expected failures		112
# of unresolved testcases	1
# of unsupported tests		1260
/test/gnu/gcc/objdir/gcc/xgcc  version 4.7.0 20110626 (experimental) [trunk revision 175404] (GCC) 

		=== gfortran tests ===


Running target unix
FAIL: gfortran.dg/coarray_lock_3.f90  -O   (test for errors, line 72)

		=== gfortran Summary ===

# of expected passes		37949
# of unexpected failures	1
# of expected failures		41
# of unsupported tests		363
/test/gnu/gcc/objdir/gcc/testsuite/gfortran/../../gfortran  version 4.7.0 20110626 (experimental) [trunk revision 175404] (GCC) 

		=== obj-c++ tests ===


Running target unix

		=== obj-c++ Summary ===

# of expected passes		1438
# of expected failures		10
# of unsupported tests		86
/test/gnu/gcc/objdir/gcc/testsuite/obj-c++/../../g++  version 4.7.0 20110626 (experimental) [trunk revision 175404] (GCC) 

		=== objc tests ===


Running target unix
XPASS: objc.dg/torture/forward-1.m  -O0  -fgnu-runtime execution test
XPASS: objc.dg/torture/forward-1.m  -O1  -fgnu-runtime execution test
XPASS: objc.dg/torture/forward-1.m  -O2  -fgnu-runtime execution test
XPASS: objc.dg/torture/forward-1.m  -O3 -fomit-frame-pointer  -fgnu-runtime execution test
XPASS: objc.dg/torture/forward-1.m  -O3 -fomit-frame-pointer -funroll-loops  -fgnu-runtime execution test
XPASS: objc.dg/torture/forward-1.m  -O3 -fomit-frame-pointer -funroll-all-loops -finline-functions  -fgnu-runtime execution test
XPASS: objc.dg/torture/forward-1.m  -O3 -g  -fgnu-runtime execution test
XPASS: objc.dg/torture/forward-1.m  -Os  -fgnu-runtime execution test
XPASS: objc.dg/torture/forward-1.m  -O2 -flto -flto-partition=none  -fgnu-runtime execution test
XPASS: objc.dg/torture/forward-1.m  -O2 -flto  -fgnu-runtime execution test

		=== objc Summary ===

# of expected passes		2968
# of unexpected successes	10
# of unsupported tests		75
/test/gnu/gcc/objdir/gcc/xgcc  version 4.7.0 20110626 (experimental) [trunk revision 175404] (GCC) 

		=== libgomp tests ===


Running target unix

		=== libgomp Summary ===

# of expected passes		2572
# of unsupported tests		10
		=== libstdc++ tests ===


Running target unix

		=== libstdc++ Summary ===

# of expected passes		7033
# of expected failures		45
# of unsupported tests		781

Compiler version: 4.7.0 20110626 (experimental) [trunk revision 175404] (GCC) 
Platform: hppa64-hp-hpux11.11
configure flags:Test Run By dave on Sun Jun 26 12:03:39 2011



More information about the Gcc-testresults mailing list