Results for 4.7.0 20110624 (experimental) [trunk revision 175388] (Debian 20110624-1) testsuite on ia64-unknown-linux-gnu

Matthias Klose doko@debian.org
Sun Jun 26 19:22:00 GMT 2011


LAST_UPDATED: Fri Jun 24 20:25:29 UTC 2011 (revision 175388)

Target: ia64-linux-gnu
gcc version 4.7.0 20110624 (experimental) [trunk revision 175388] (Debian 20110624-1) 

		=== acats tests ===
FAIL:	cb1010a
FAIL:	cb1010c
FAIL:	cb1010d

		=== acats Summary ===
# of expected passes		2318
# of unexpected failures	3
Native configuration is ia64-unknown-linux-gnu

		=== g++ tests ===


Running target unix
FAIL: g++.dg/inherit/covariant7.C scan-tree-dump class "48    .*c6::_ZTcv0_n32_v0_n24_NV2c62f2Ev"
FAIL: g++.dg/inherit/covariant7.C scan-tree-dump class "56    .*c6::f2"
FAIL: g++.dg/inherit/covariant7.C scan-tree-dump class "168   .*c6::_ZTv0_n32_NV2c62f2Ev"
UNRESOLVED: attribute_plugin.c compilation, -I. -I/build/buildd-gcc-snapshot_20110624-1-ia64-vEpmZg/gcc-snapshot-20110624/src/gcc/testsuite -I/build/buildd-gcc-snapshot_20110624-1-ia64-vEpmZg/gcc-snapshot-20110624/src/gcc/testsuite/../../gcc -I/build/buildd-gcc-snapshot_20110624-1-ia64-vEpmZg/gcc-snapshot-20110624/build/gcc/testsuite/g++/../../../gcc  -I/build/buildd-gcc-snapshot_20110624-1-ia64-vEpmZg/gcc-snapshot-20110624/src/gcc/testsuite/../../include -I/build/buildd-gcc-snapshot_20110624-1-ia64-vEpmZg/gcc-snapshot-20110624/src/gcc/testsuite/../../libcpp/include   -I/build/buildd-gcc-snapshot_20110624-1-ia64-vEpmZg/gcc-snapshot-20110624/build/gcc/testsuite/g++/../../../intl  -DIN_GCC -fPIC -shared
UNRESOLVED: pragma_plugin.c compilation, -I. -I/build/buildd-gcc-snapshot_20110624-1-ia64-vEpmZg/gcc-snapshot-20110624/src/gcc/testsuite -I/build/buildd-gcc-snapshot_20110624-1-ia64-vEpmZg/gcc-snapshot-20110624/src/gcc/testsuite/../../gcc -I/build/buildd-gcc-snapshot_20110624-1-ia64-vEpmZg/gcc-snapshot-20110624/build/gcc/testsuite/g++/../../../gcc  -I/build/buildd-gcc-snapshot_20110624-1-ia64-vEpmZg/gcc-snapshot-20110624/src/gcc/testsuite/../../include -I/build/buildd-gcc-snapshot_20110624-1-ia64-vEpmZg/gcc-snapshot-20110624/src/gcc/testsuite/../../libcpp/include   -I/build/buildd-gcc-snapshot_20110624-1-ia64-vEpmZg/gcc-snapshot-20110624/build/gcc/testsuite/g++/../../../intl  -DIN_GCC -fPIC -shared
UNRESOLVED: selfassign.c compilation, -I. -I/build/buildd-gcc-snapshot_20110624-1-ia64-vEpmZg/gcc-snapshot-20110624/src/gcc/testsuite -I/build/buildd-gcc-snapshot_20110624-1-ia64-vEpmZg/gcc-snapshot-20110624/src/gcc/testsuite/../../gcc -I/build/buildd-gcc-snapshot_20110624-1-ia64-vEpmZg/gcc-snapshot-20110624/build/gcc/testsuite/g++/../../../gcc  -I/build/buildd-gcc-snapshot_20110624-1-ia64-vEpmZg/gcc-snapshot-20110624/src/gcc/testsuite/../../include -I/build/buildd-gcc-snapshot_20110624-1-ia64-vEpmZg/gcc-snapshot-20110624/src/gcc/testsuite/../../libcpp/include   -I/build/buildd-gcc-snapshot_20110624-1-ia64-vEpmZg/gcc-snapshot-20110624/build/gcc/testsuite/g++/../../../intl -O -DIN_GCC -fPIC -shared
UNRESOLVED: dumb_plugin.c compilation, -I. -I/build/buildd-gcc-snapshot_20110624-1-ia64-vEpmZg/gcc-snapshot-20110624/src/gcc/testsuite -I/build/buildd-gcc-snapshot_20110624-1-ia64-vEpmZg/gcc-snapshot-20110624/src/gcc/testsuite/../../gcc -I/build/buildd-gcc-snapshot_20110624-1-ia64-vEpmZg/gcc-snapshot-20110624/build/gcc/testsuite/g++/../../../gcc  -I/build/buildd-gcc-snapshot_20110624-1-ia64-vEpmZg/gcc-snapshot-20110624/src/gcc/testsuite/../../include -I/build/buildd-gcc-snapshot_20110624-1-ia64-vEpmZg/gcc-snapshot-20110624/src/gcc/testsuite/../../libcpp/include   -I/build/buildd-gcc-snapshot_20110624-1-ia64-vEpmZg/gcc-snapshot-20110624/build/gcc/testsuite/g++/../../../intl  -DIN_GCC -fPIC -shared
UNRESOLVED: header_plugin.c compilation, -I. -I/build/buildd-gcc-snapshot_20110624-1-ia64-vEpmZg/gcc-snapshot-20110624/src/gcc/testsuite -I/build/buildd-gcc-snapshot_20110624-1-ia64-vEpmZg/gcc-snapshot-20110624/src/gcc/testsuite/../../gcc -I/build/buildd-gcc-snapshot_20110624-1-ia64-vEpmZg/gcc-snapshot-20110624/build/gcc/testsuite/g++/../../../gcc  -I/build/buildd-gcc-snapshot_20110624-1-ia64-vEpmZg/gcc-snapshot-20110624/src/gcc/testsuite/../../include -I/build/buildd-gcc-snapshot_20110624-1-ia64-vEpmZg/gcc-snapshot-20110624/src/gcc/testsuite/../../libcpp/include   -I/build/buildd-gcc-snapshot_20110624-1-ia64-vEpmZg/gcc-snapshot-20110624/build/gcc/testsuite/g++/../../../intl  -DIN_GCC -fPIC -shared

		=== g++ Summary ===

# of expected passes		26391
# of unexpected failures	3
# of expected failures		157
# of unresolved testcases	5
# of unsupported tests		396
/build/buildd-gcc-snapshot_20110624-1-ia64-vEpmZg/gcc-snapshot-20110624/build/gcc/testsuite/g++/../../g++  version 4.7.0 20110624 (experimental) [trunk revision 175388] (Debian 20110624-1) 

		=== gcc tests ===


Running target unix
FAIL: gcc.c-torture/execute/builtins/strstr-asm.c compilation,  -O2 -flto -flto-partition=none 
UNRESOLVED: gcc.c-torture/execute/builtins/strstr-asm.c execution,  -O2 -flto -flto-partition=none 
FAIL: gcc.c-torture/execute/builtins/strstr-asm.c compilation,  -O2 -flto 
UNRESOLVED: gcc.c-torture/execute/builtins/strstr-asm.c execution,  -O2 -flto 
XPASS: gcc.dg/inline_1.c (test for excess errors)
XPASS: gcc.dg/inline_2.c (test for excess errors)
FAIL: gcc.dg/memcpy-3.c scan-tree-dump-not optimized "memcpy"
FAIL: gcc.dg/memcpy-3.c scan-tree-dump-times optimized "MEM" 1
XPASS: gcc.dg/unroll_1.c (test for excess errors)
UNRESOLVED: gcc.dg/graphite/pr37485.c scan-tree-dump-times graphite "Loop blocked" 1
FAIL: gcc.dg/lto/20110201-1 c_lto_20110201-1_0.o-c_lto_20110201-1_0.o link,  -O0 -flto 
UNRESOLVED: gcc.dg/lto/20110201-1 c_lto_20110201-1_0.o-c_lto_20110201-1_0.o execute  -O0 -flto 
UNRESOLVED: selfassign.c compilation, -I. -I/build/buildd-gcc-snapshot_20110624-1-ia64-vEpmZg/gcc-snapshot-20110624/src/gcc/testsuite -I/build/buildd-gcc-snapshot_20110624-1-ia64-vEpmZg/gcc-snapshot-20110624/src/gcc/testsuite/../../gcc -I/build/buildd-gcc-snapshot_20110624-1-ia64-vEpmZg/gcc-snapshot-20110624/build/gcc/testsuite/gcc/../../../gcc  -I/build/buildd-gcc-snapshot_20110624-1-ia64-vEpmZg/gcc-snapshot-20110624/src/gcc/testsuite/../../include -I/build/buildd-gcc-snapshot_20110624-1-ia64-vEpmZg/gcc-snapshot-20110624/src/gcc/testsuite/../../libcpp/include   -I/build/buildd-gcc-snapshot_20110624-1-ia64-vEpmZg/gcc-snapshot-20110624/build/gcc/testsuite/gcc/../../../intl -O -DIN_GCC -fPIC -shared
UNRESOLVED: ggcplug.c compilation, -I. -I/build/buildd-gcc-snapshot_20110624-1-ia64-vEpmZg/gcc-snapshot-20110624/src/gcc/testsuite -I/build/buildd-gcc-snapshot_20110624-1-ia64-vEpmZg/gcc-snapshot-20110624/src/gcc/testsuite/../../gcc -I/build/buildd-gcc-snapshot_20110624-1-ia64-vEpmZg/gcc-snapshot-20110624/build/gcc/testsuite/gcc/../../../gcc  -I/build/buildd-gcc-snapshot_20110624-1-ia64-vEpmZg/gcc-snapshot-20110624/src/gcc/testsuite/../../include -I/build/buildd-gcc-snapshot_20110624-1-ia64-vEpmZg/gcc-snapshot-20110624/src/gcc/testsuite/../../libcpp/include   -I/build/buildd-gcc-snapshot_20110624-1-ia64-vEpmZg/gcc-snapshot-20110624/build/gcc/testsuite/gcc/../../../intl -O -DIN_GCC -fPIC -shared
UNRESOLVED: one_time_plugin.c compilation, -I. -I/build/buildd-gcc-snapshot_20110624-1-ia64-vEpmZg/gcc-snapshot-20110624/src/gcc/testsuite -I/build/buildd-gcc-snapshot_20110624-1-ia64-vEpmZg/gcc-snapshot-20110624/src/gcc/testsuite/../../gcc -I/build/buildd-gcc-snapshot_20110624-1-ia64-vEpmZg/gcc-snapshot-20110624/build/gcc/testsuite/gcc/../../../gcc  -I/build/buildd-gcc-snapshot_20110624-1-ia64-vEpmZg/gcc-snapshot-20110624/src/gcc/testsuite/../../include -I/build/buildd-gcc-snapshot_20110624-1-ia64-vEpmZg/gcc-snapshot-20110624/src/gcc/testsuite/../../libcpp/include   -I/build/buildd-gcc-snapshot_20110624-1-ia64-vEpmZg/gcc-snapshot-20110624/build/gcc/testsuite/gcc/../../../intl  -DIN_GCC -fPIC -shared
UNRESOLVED: start_unit_plugin.c compilation, -I. -I/build/buildd-gcc-snapshot_20110624-1-ia64-vEpmZg/gcc-snapshot-20110624/src/gcc/testsuite -I/build/buildd-gcc-snapshot_20110624-1-ia64-vEpmZg/gcc-snapshot-20110624/src/gcc/testsuite/../../gcc -I/build/buildd-gcc-snapshot_20110624-1-ia64-vEpmZg/gcc-snapshot-20110624/build/gcc/testsuite/gcc/../../../gcc  -I/build/buildd-gcc-snapshot_20110624-1-ia64-vEpmZg/gcc-snapshot-20110624/src/gcc/testsuite/../../include -I/build/buildd-gcc-snapshot_20110624-1-ia64-vEpmZg/gcc-snapshot-20110624/src/gcc/testsuite/../../libcpp/include   -I/build/buildd-gcc-snapshot_20110624-1-ia64-vEpmZg/gcc-snapshot-20110624/build/gcc/testsuite/gcc/../../../intl  -DIN_GCC -fPIC -shared
UNRESOLVED: finish_unit_plugin.c compilation, -I. -I/build/buildd-gcc-snapshot_20110624-1-ia64-vEpmZg/gcc-snapshot-20110624/src/gcc/testsuite -I/build/buildd-gcc-snapshot_20110624-1-ia64-vEpmZg/gcc-snapshot-20110624/src/gcc/testsuite/../../gcc -I/build/buildd-gcc-snapshot_20110624-1-ia64-vEpmZg/gcc-snapshot-20110624/build/gcc/testsuite/gcc/../../../gcc  -I/build/buildd-gcc-snapshot_20110624-1-ia64-vEpmZg/gcc-snapshot-20110624/src/gcc/testsuite/../../include -I/build/buildd-gcc-snapshot_20110624-1-ia64-vEpmZg/gcc-snapshot-20110624/src/gcc/testsuite/../../libcpp/include   -I/build/buildd-gcc-snapshot_20110624-1-ia64-vEpmZg/gcc-snapshot-20110624/build/gcc/testsuite/gcc/../../../intl  -DIN_GCC -fPIC -shared
FAIL: gcc.dg/torture/tls/run-gd.c  -O2 -flto -flto-partition=none  (test for excess errors)
UNRESOLVED: gcc.dg/torture/tls/run-gd.c  -O2 -flto -flto-partition=none  compilation failed to produce executable
FAIL: gcc.dg/torture/tls/run-gd.c  -O2 -flto  (test for excess errors)
UNRESOLVED: gcc.dg/torture/tls/run-gd.c  -O2 -flto  compilation failed to produce executable
FAIL: gcc.dg/torture/tls/run-ie.c  -O2 -flto -flto-partition=none  (test for excess errors)
UNRESOLVED: gcc.dg/torture/tls/run-ie.c  -O2 -flto -flto-partition=none  compilation failed to produce executable
FAIL: gcc.dg/torture/tls/run-ie.c  -O2 -flto  (test for excess errors)
UNRESOLVED: gcc.dg/torture/tls/run-ie.c  -O2 -flto  compilation failed to produce executable
FAIL: gcc.dg/torture/tls/run-ld.c  -O2 -flto -flto-partition=none  (test for excess errors)
UNRESOLVED: gcc.dg/torture/tls/run-ld.c  -O2 -flto -flto-partition=none  compilation failed to produce executable
FAIL: gcc.dg/torture/tls/run-ld.c  -O2 -flto  (test for excess errors)
UNRESOLVED: gcc.dg/torture/tls/run-ld.c  -O2 -flto  compilation failed to produce executable
FAIL: gcc.dg/torture/tls/run-le.c  -O2 -flto -flto-partition=none  (test for excess errors)
UNRESOLVED: gcc.dg/torture/tls/run-le.c  -O2 -flto -flto-partition=none  compilation failed to produce executable
FAIL: gcc.dg/torture/tls/run-le.c  -O2 -flto  (test for excess errors)
UNRESOLVED: gcc.dg/torture/tls/run-le.c  -O2 -flto  compilation failed to produce executable
FAIL: gcc.dg/torture/tls/tls-test.c  -O2 -flto -flto-partition=none  (test for excess errors)
UNRESOLVED: gcc.dg/torture/tls/tls-test.c  -O2 -flto -flto-partition=none  compilation failed to produce executable
FAIL: gcc.dg/torture/tls/tls-test.c  -O2 -flto  (test for excess errors)
UNRESOLVED: gcc.dg/torture/tls/tls-test.c  -O2 -flto  compilation failed to produce executable
XPASS: gcc.dg/tree-ssa/20030807-7.c scan-tree-dump-times vrp1 "if " 1
XPASS: gcc.dg/tree-ssa/20040204-1.c scan-tree-dump-times optimized "link_error" 0
XPASS: gcc.dg/tree-ssa/loop-1.c scan-assembler-times foo 5
FAIL: gcc.dg/tree-ssa/vrp47.c scan-tree-dump-times dom1 "x[^ ]* & y" 1
XPASS: gcc.dg/vect/pr33953.c scan-tree-dump-times vect "vectorized 1 loops" 1
XPASS: gcc.dg/vect/pr33953.c scan-tree-dump-times vect "vectorizing stmts using SLP" 1
FAIL: gcc.dg/vect/vect-120.c scan-tree-dump-times vect "vectorized 1 loops" 1
XPASS: gcc.dg/vect/vect-35.c scan-tree-dump-times vect "vectorized 2 loops" 1
XPASS: gcc.dg/vect/vect-outer-5.c scan-tree-dump-times vect "zero step in outer loop." 1
XPASS: gcc.dg/vect/pr33953.c -flto scan-tree-dump-times vect "vectorized 1 loops" 1
XPASS: gcc.dg/vect/pr33953.c -flto scan-tree-dump-times vect "vectorizing stmts using SLP" 1
FAIL: gcc.dg/vect/vect-120.c -flto scan-tree-dump-times vect "vectorized 1 loops" 1
XPASS: gcc.dg/vect/vect-35.c -flto scan-tree-dump-times vect "vectorized 2 loops" 1
XPASS: gcc.dg/vect/vect-outer-5.c -flto scan-tree-dump-times vect "zero step in outer loop." 1
XPASS: gcc.dg/vect/no-scevccp-outer-21.c scan-tree-dump-times vect "OUTER LOOP VECTORIZED." 1
XPASS: gcc.dg/vect/if-cvt-stores-vect-ifcvt-18.c scan-tree-dump-times vect "vectorized 1 loops" 1

		=== gcc Summary ===

# of expected passes		72181
# of unexpected failures	18
# of unexpected successes	16
# of expected failures		313
# of unresolved testcases	19
# of unsupported tests		956
/build/buildd-gcc-snapshot_20110624-1-ia64-vEpmZg/gcc-snapshot-20110624/build/gcc/xgcc  version 4.7.0 20110624 (experimental) [trunk revision 175388] (Debian 20110624-1) 

		=== gfortran tests ===


Running target unix
FAIL: gfortran.dg/coarray_lock_3.f90  -O   (test for errors, line 72)

		=== gfortran Summary ===

# of expected passes		39231
# of unexpected failures	1
# of expected failures		61
# of unsupported tests		72
/build/buildd-gcc-snapshot_20110624-1-ia64-vEpmZg/gcc-snapshot-20110624/build/gcc/testsuite/gfortran/../../gfortran  version 4.7.0 20110624 (experimental) [trunk revision 175388] (Debian 20110624-1) 

		=== gnat tests ===


Running target unix
FAIL: gnat.dg/lto8.adb (test for excess errors)
UNRESOLVED: gnat.dg/lto8.adb compilation failed to produce executable
FAIL: gnat.dg/stack_check1.adb execution test
FAIL: gnat.dg/stack_check2.adb execution test

		=== gnat Summary ===

# of expected passes		907
# of unexpected failures	3
# of expected failures		11
# of unresolved testcases	1
# of unsupported tests		3
/build/buildd-gcc-snapshot_20110624-1-ia64-vEpmZg/gcc-snapshot-20110624/build/gcc/gnatmake version 4.7.0 20110624 (experimental) [trunk revision 175388]

		=== obj-c++ tests ===


Running target unix
FAIL: obj-c++.dg/torture/tls/thr-init-2.mm  -O2 -flto -flto-partition=none  -fgnu-runtime (test for excess errors)
UNRESOLVED: obj-c++.dg/torture/tls/thr-init-2.mm  -O2 -flto -flto-partition=none  -fgnu-runtime compilation failed to produce executable
FAIL: obj-c++.dg/torture/tls/thr-init-2.mm  -O2 -flto  -fgnu-runtime (test for excess errors)
UNRESOLVED: obj-c++.dg/torture/tls/thr-init-2.mm  -O2 -flto  -fgnu-runtime compilation failed to produce executable

		=== obj-c++ Summary ===

# of expected passes		1434
# of unexpected failures	2
# of expected failures		10
# of unresolved testcases	2
# of unsupported tests		86
/build/buildd-gcc-snapshot_20110624-1-ia64-vEpmZg/gcc-snapshot-20110624/build/gcc/testsuite/obj-c++/../../g++  version 4.7.0 20110624 (experimental) [trunk revision 175388] (Debian 20110624-1) 

		=== objc tests ===


Running target unix
XPASS: objc.dg/torture/forward-1.m  -O0  -fgnu-runtime execution test
XPASS: objc.dg/torture/forward-1.m  -O1  -fgnu-runtime execution test
XPASS: objc.dg/torture/forward-1.m  -O2  -fgnu-runtime execution test
XPASS: objc.dg/torture/forward-1.m  -O3 -fomit-frame-pointer  -fgnu-runtime execution test
XPASS: objc.dg/torture/forward-1.m  -O3 -fomit-frame-pointer -funroll-loops  -fgnu-runtime execution test
XPASS: objc.dg/torture/forward-1.m  -O3 -fomit-frame-pointer -funroll-all-loops -finline-functions  -fgnu-runtime execution test
XPASS: objc.dg/torture/forward-1.m  -O3 -g  -fgnu-runtime execution test
XPASS: objc.dg/torture/forward-1.m  -Os  -fgnu-runtime execution test
XPASS: objc.dg/torture/forward-1.m  -O2 -flto -flto-partition=none  -fgnu-runtime execution test
XPASS: objc.dg/torture/forward-1.m  -O2 -flto  -fgnu-runtime execution test
FAIL: objc.dg/torture/tls/thr-init-2.m  -O2 -flto -flto-partition=none  -fgnu-runtime (test for excess errors)
UNRESOLVED: objc.dg/torture/tls/thr-init-2.m  -O2 -flto -flto-partition=none  -fgnu-runtime compilation failed to produce executable
FAIL: objc.dg/torture/tls/thr-init-2.m  -O2 -flto  -fgnu-runtime (test for excess errors)
UNRESOLVED: objc.dg/torture/tls/thr-init-2.m  -O2 -flto  -fgnu-runtime compilation failed to produce executable

		=== objc Summary ===

# of expected passes		2964
# of unexpected failures	2
# of unexpected successes	10
# of unresolved testcases	2
# of unsupported tests		75
/build/buildd-gcc-snapshot_20110624-1-ia64-vEpmZg/gcc-snapshot-20110624/build/gcc/xgcc  version 4.7.0 20110624 (experimental) [trunk revision 175388] (Debian 20110624-1) 

		=== boehm-gc tests ===


Running target unix
FAIL: boehm-gc.c/thread_leak_test.c -O2 (test for excess errors)

		=== boehm-gc Summary ===

# of expected passes		11
# of unexpected failures	1
# of unsupported tests		1
		=== libffi tests ===


Running target unix

		=== libffi Summary ===

# of expected passes		1634
# of expected failures		10
# of unsupported tests		15
		=== libgomp tests ===


Running target unix

		=== libgomp Summary ===

# of expected passes		2638
		=== libjava tests ===


Running target unix
FAIL: getlocalvartable output
FAIL: Throw_3 -O3 output - source compiled test
FAIL: Throw_3 -O3 -findirect-dispatch output - source compiled test

		=== libjava Summary ===

# of expected passes		2571
# of unexpected failures	3
		=== libmudflap tests ===


Running target unix
FAIL: libmudflap.c++/pass55-frag.cxx ( -O) execution test

		=== libmudflap Summary ===

# of expected passes		1893
# of unexpected failures	1
		=== libstdc++ tests ===


Running target unix
FAIL: 22_locale/time_get/get_date/wchar_t/4.cc execution test

		=== libstdc++ Summary ===

# of expected passes		8363
# of unexpected failures	1
# of expected failures		45
# of unsupported tests		139

Compiler version: 4.7.0 20110624 (experimental) [trunk revision 175388] (Debian 20110624-1) 
Platform: ia64-unknown-linux-gnu
configure flags: -v --with-pkgversion='Debian 20110624-1' --with-bugurl=file:///usr/share/doc/gcc-snapshot/README.Bugs --enable-languages=c,ada,c++,java,fortran,objc,obj-c++ --prefix=/usr/lib/gcc-snapshot --enable-shared --enable-multiarch --with-multiarch-defaults=ia64-linux-gnu --enable-linker-build-id --with-system-zlib --disable-nls --enable-clocale=gnu --enable-libstdcxx-debug --enable-libstdcxx-time=yes --disable-libssp --enable-plugin --disable-browser-plugin --enable-java-awt=gtk --enable-gtk-cairo --with-java-home=/usr/lib/jvm/java-1.5.0-gcj-4.7-snap/jre --enable-java-home --with-jvm-root-dir=/usr/lib/jvm/java-1.5.0-gcj-4.7-snap --with-jvm-jar-dir=/usr/lib/jvm-exports/java-1.5.0-gcj-4.7-snap --with-arch-directory=ia64 --with-ecj-jar=/usr/share/java/eclipse-ecj.jar --enable-objc-gc --with-system-libunwind --disable-werror --enable-checking=yes --build=ia64-linux-gnu --host=ia64-linux-gnu --target=ia64-linux-gnu
BOOT_CFLAGS=


Build Dependencies:
Desired=Unknown/Install/Remove/Purge/Hold
| Status=Not/Inst/Conf-files/Unpacked/halF-conf/Half-inst/trig-aWait/Trig-pend
|/ Err?=(none)/Reinst-required (Status,Err: uppercase=bad)
||/ Name                              Version                  Description
+++-=================================-========================-========================================================================
ii  binutils                          2.21.52.20110606-2       The GNU assembler, linker and binary utilities
ii  g++-4.4                           4.4.6-6                  GNU C++ compiler
ii  libc6.1                           2.13-7                   Embedded GNU C Library: Shared libraries
ii  libcloog-ppl-dev                  0.15.9-3                 the Chunky Loop Generator (development files)
ii  libmpc-dev                        0.9-3                    multiple precision complex floating-point library development package
ii  libmpfr-dev                       3.0.1-3                  multiple precision floating-point computation developers tools


libjava-disable-static:
  Disable building the static libjava.

libjava-fixed-symlinks:
  Remove unneed '..' elements from symlinks in JAVA_HOME

libstdc++-arm-wno-abi:
  Temporary work around:
  On arm-linux-gnueabi run the libstdc++v3 testsuite with -Wno-abi

ada-mips:
  Improve support for mips.

libffi-ro-eh_frame_sect:
  PR libffi/47248, force a read only eh frame section.

arm-unbreak-eabi-armv4t:
  Fix armv4t build on ARM

gcc-multiarch:
  Add multiarch support to GCC.
  
  Convert the multilib option to a target triplet,
  add multiarch include directories and libraries path:
  	/usr/local/include/<arch>-linux-gnu
  	/usr/include/<arch>-linux-gnu
  	/usr/lib/<arch>-linux-gnu
  to the system paths.

mips-triarch:
  Build a tri-arch compiler on mips-linux-gnu.
  http://gcc.gnu.org/ml/gcc-patches/2009-03/msg01047.html

libjava-nobiarch-check:
  For biarch builds, disable the testsuite for the non-default architecture
  for runtime libraries, which are not built by default (libjava).

config-ml:
  disable some biarch libraries for biarch builds

s390-biarch:
  Build a bi-arch compiler on s390-linux-gnu.
  http://gcc.gnu.org/ml/gcc-patches/2009-03/msg01044.html

gcc-powerpc-nof:
  Don't build nof multlib on powerpc.

gcc-powerpc-undef:
  Undefine LINK_EH_SPEC before redefining it
  http://gcc.gnu.org/ml/gcc-patches/2011-02/msg01082.html

gcc-multiarch+biarch:
  Use multiarch dirs for the default multilib dir.

gcc-no-add-needed:
  On linux targets pass --no-add-needed to the linker.

mips-fix-loongson2f-nop:
  On mips, pass -mfix-loongson2f-nop to as, if -mno-fix-loongson2f-nop
  is not passed.

gcc-system-root:
  Avoid include paths starting with a double slash

gcc-wnoerr-unused-but-set:
  Pass -Wno-error=unused-but-set-variable if -Werror is present
  Pass -Wno-error=unused-but-set-parameter if -Werror is present

libgomp-kfreebsd-testsuite:
  Disable lock-2.c test on kfreebsd-*

armhf-triplet-trunk:
  add support for arm-linux-*eabi* triplets; useful for armhf

Counting all warnings,
there are 0 warnings in stage3 of this bootstrap.

Number of warnings per file:

Number of warning types:



More information about the Gcc-testresults mailing list