Results for 4.7.0 20110624 (experimental) (GCC) testsuite on powerpc64-unknown-linux-gnu
Andreas Schwab
schwab@linux-m68k.org
Sat Jun 25 14:38:00 GMT 2011
=== acats tests ===
=== acats Summary ===
# of expected passes 2321
# of unexpected failures 0
Native configuration is powerpc64-unknown-linux-gnu
=== g++ tests ===
Running target unix/-m32
FAIL: g++.dg/ext/altivec-17.C (test for errors, line 15)
FAIL: g++.dg/ext/altivec-17.C (test for excess errors)
FAIL: g++.dg/torture/pr46287.C -O2 -flto -flto-partition=none execution test
FAIL: g++.dg/torture/pr46287.C -O2 -flto execution test
FAIL: g++.dg/torture/pr49115.C -O2 -flto -flto-partition=none execution test
FAIL: g++.dg/torture/pr49115.C -O2 -flto execution test
FAIL: g++.dg/torture/stackalign/eh-alloca-1.C -O2 -flto -flto-partition=none execution test
FAIL: g++.dg/torture/stackalign/eh-alloca-1.C -O2 -flto execution test
FAIL: g++.dg/torture/stackalign/eh-global-1.C -O2 -flto -flto-partition=none execution test
FAIL: g++.dg/torture/stackalign/eh-global-1.C -O2 -flto execution test
FAIL: g++.dg/torture/stackalign/eh-inline-1.C -O2 -flto -flto-partition=none execution test
FAIL: g++.dg/torture/stackalign/eh-inline-1.C -O2 -flto execution test
FAIL: g++.dg/torture/stackalign/eh-inline-2.C -O2 -flto -flto-partition=none execution test
FAIL: g++.dg/torture/stackalign/eh-inline-2.C -O2 -flto execution test
FAIL: g++.dg/torture/stackalign/eh-vararg-1.C -O2 -flto -flto-partition=none execution test
FAIL: g++.dg/torture/stackalign/eh-vararg-1.C -O2 -flto execution test
FAIL: g++.dg/torture/stackalign/eh-vararg-2.C -O2 -flto -flto-partition=none execution test
FAIL: g++.dg/torture/stackalign/eh-vararg-2.C -O2 -flto execution test
FAIL: g++.dg/torture/stackalign/eh-alloca-1.C -O2 -flto -flto-partition=none execution test
FAIL: g++.dg/torture/stackalign/eh-alloca-1.C -O2 -flto execution test
FAIL: g++.dg/torture/stackalign/eh-global-1.C -O2 -flto -flto-partition=none execution test
FAIL: g++.dg/torture/stackalign/eh-global-1.C -O2 -flto execution test
FAIL: g++.dg/torture/stackalign/eh-inline-1.C -O2 -flto -flto-partition=none execution test
FAIL: g++.dg/torture/stackalign/eh-inline-1.C -O2 -flto execution test
FAIL: g++.dg/torture/stackalign/eh-inline-2.C -O2 -flto -flto-partition=none execution test
FAIL: g++.dg/torture/stackalign/eh-inline-2.C -O2 -flto execution test
FAIL: g++.dg/torture/stackalign/eh-vararg-1.C -O2 -flto -flto-partition=none execution test
FAIL: g++.dg/torture/stackalign/eh-vararg-1.C -O2 -flto execution test
FAIL: g++.dg/torture/stackalign/eh-vararg-2.C -O2 -flto -flto-partition=none execution test
FAIL: g++.dg/torture/stackalign/eh-vararg-2.C -O2 -flto execution test
=== g++ Summary for unix/-m32 ===
# of expected passes 27290
# of unexpected failures 30
# of expected failures 157
# of unsupported tests 382
Running target unix/-m64
FAIL: g++.dg/ext/altivec-17.C (test for errors, line 15)
FAIL: g++.dg/ext/altivec-17.C (test for excess errors)
FAIL: g++.dg/torture/pr46287.C -O2 -flto -flto-partition=none execution test
FAIL: g++.dg/torture/pr46287.C -O2 -flto execution test
FAIL: g++.dg/torture/pr49115.C -O2 -flto -flto-partition=none execution test
FAIL: g++.dg/torture/pr49115.C -O2 -flto execution test
FAIL: g++.dg/torture/stackalign/eh-alloca-1.C -O2 -flto -flto-partition=none execution test
FAIL: g++.dg/torture/stackalign/eh-alloca-1.C -O2 -flto execution test
FAIL: g++.dg/torture/stackalign/eh-global-1.C -O2 -flto -flto-partition=none execution test
FAIL: g++.dg/torture/stackalign/eh-global-1.C -O2 -flto execution test
FAIL: g++.dg/torture/stackalign/eh-inline-1.C -O2 -flto -flto-partition=none execution test
FAIL: g++.dg/torture/stackalign/eh-inline-1.C -O2 -flto execution test
FAIL: g++.dg/torture/stackalign/eh-inline-2.C -O2 -flto -flto-partition=none execution test
FAIL: g++.dg/torture/stackalign/eh-inline-2.C -O2 -flto execution test
FAIL: g++.dg/torture/stackalign/eh-vararg-1.C -O2 -flto -flto-partition=none execution test
FAIL: g++.dg/torture/stackalign/eh-vararg-1.C -O2 -flto execution test
FAIL: g++.dg/torture/stackalign/eh-vararg-2.C -O2 -flto -flto-partition=none execution test
FAIL: g++.dg/torture/stackalign/eh-vararg-2.C -O2 -flto execution test
FAIL: g++.dg/torture/stackalign/eh-alloca-1.C -O2 -flto -flto-partition=none execution test
FAIL: g++.dg/torture/stackalign/eh-alloca-1.C -O2 -flto execution test
FAIL: g++.dg/torture/stackalign/eh-global-1.C -O2 -flto -flto-partition=none execution test
FAIL: g++.dg/torture/stackalign/eh-global-1.C -O2 -flto execution test
FAIL: g++.dg/torture/stackalign/eh-inline-1.C -O2 -flto -flto-partition=none execution test
FAIL: g++.dg/torture/stackalign/eh-inline-1.C -O2 -flto execution test
FAIL: g++.dg/torture/stackalign/eh-inline-2.C -O2 -flto -flto-partition=none execution test
FAIL: g++.dg/torture/stackalign/eh-inline-2.C -O2 -flto execution test
FAIL: g++.dg/torture/stackalign/eh-vararg-1.C -O2 -flto -flto-partition=none execution test
FAIL: g++.dg/torture/stackalign/eh-vararg-1.C -O2 -flto execution test
FAIL: g++.dg/torture/stackalign/eh-vararg-2.C -O2 -flto -flto-partition=none execution test
FAIL: g++.dg/torture/stackalign/eh-vararg-2.C -O2 -flto execution test
=== g++ Summary for unix/-m64 ===
# of expected passes 27901
# of unexpected failures 30
# of expected failures 157
# of unsupported tests 380
=== g++ Summary ===
# of expected passes 55191
# of unexpected failures 60
# of expected failures 314
# of unsupported tests 762
/daten/gcc/gcc-20110624/Build/gcc/testsuite/g++/../../g++ version 4.7.0 20110624 (experimental) (GCC)
=== gcc tests ===
Running target unix/-m32
FAIL: gcc.c-torture/compile/limits-exprparen.c -O0 (internal compiler error)
FAIL: gcc.c-torture/compile/limits-exprparen.c -O0 (test for excess errors)
FAIL: gcc.c-torture/compile/limits-exprparen.c -O1 (internal compiler error)
FAIL: gcc.c-torture/compile/limits-exprparen.c -O1 (test for excess errors)
FAIL: gcc.c-torture/compile/limits-exprparen.c -O2 (internal compiler error)
FAIL: gcc.c-torture/compile/limits-exprparen.c -O2 (test for excess errors)
FAIL: gcc.c-torture/compile/limits-exprparen.c -O3 -fomit-frame-pointer (internal compiler error)
FAIL: gcc.c-torture/compile/limits-exprparen.c -O3 -fomit-frame-pointer (test for excess errors)
FAIL: gcc.c-torture/compile/limits-exprparen.c -O3 -g (internal compiler error)
FAIL: gcc.c-torture/compile/limits-exprparen.c -O3 -g (test for excess errors)
FAIL: gcc.c-torture/compile/limits-exprparen.c -Os (internal compiler error)
FAIL: gcc.c-torture/compile/limits-exprparen.c -Os (test for excess errors)
FAIL: gcc.c-torture/compile/limits-exprparen.c -O2 -flto -flto-partition=none (internal compiler error)
FAIL: gcc.c-torture/compile/limits-exprparen.c -O2 -flto -flto-partition=none (test for excess errors)
FAIL: gcc.c-torture/compile/limits-exprparen.c -O2 -flto (internal compiler error)
FAIL: gcc.c-torture/compile/limits-exprparen.c -O2 -flto (test for excess errors)
FAIL: gcc.c-torture/execute/builtins/strstr-asm.c execution, -O2 -flto -flto-partition=none
FAIL: gcc.c-torture/execute/builtins/strstr-asm.c execution, -O2 -flto
FAIL: gcc.dg/and-1.c scan-assembler-not nand
FAIL: gcc.dg/binop-xor1.c scan-tree-dump-times optimized "<bb[^>]*>" 5
FAIL: gcc.dg/binop-xor1.c scan-tree-dump-times optimized "\\^" 1
FAIL: gcc.dg/binop-xor3.c scan-tree-dump-times optimized "<bb[^>]*>" 1
FAIL: gcc.dg/binop-xor3.c scan-tree-dump-times optimized "\\^" 1
FAIL: gcc.dg/cproj-fails-with-broken-glibc.c execution test
XPASS: gcc.dg/inline_1.c (test for excess errors)
XPASS: gcc.dg/inline_2.c (test for excess errors)
FAIL: gcc.dg/sms-2.c scan-rtl-dump-times sms "SMS succeeded" 1
FAIL: gcc.dg/sms-4.c scan-rtl-dump-times sms "SMS succeeded" 1
FAIL: gcc.dg/sms-5.c scan-rtl-dump-times sms "SMS succeeded" 1
FAIL: gcc.dg/sms-6.c scan-rtl-dump-times sms "SMS succeeded" 3
FAIL: gcc.dg/sms-7.c scan-rtl-dump-times sms "SMS succeeded" 3
FAIL: gcc.dg/sms-8.c scan-rtl-dump-times sms "SMS succeeded" 1
FAIL: gcc.dg/uninit-pred-8_b.c bogus warning (test for bogus messages, line 20)
XPASS: gcc.dg/unroll_1.c (test for excess errors)
FAIL: gcc.dg/graphite/id-pr46845.c (test for excess errors)
UNRESOLVED: gcc.dg/graphite/pr37485.c scan-tree-dump-times graphite "Loop blocked" 1
XPASS: gcc.dg/guality/example.c -O0 execution test
XPASS: gcc.dg/guality/example.c -O1 execution test
XPASS: gcc.dg/guality/example.c -O2 execution test
XPASS: gcc.dg/guality/example.c -Os execution test
XPASS: gcc.dg/guality/guality.c -O0 execution test
XPASS: gcc.dg/guality/guality.c -O1 execution test
XPASS: gcc.dg/guality/guality.c -O2 execution test
XPASS: gcc.dg/guality/guality.c -O3 -fomit-frame-pointer execution test
XPASS: gcc.dg/guality/guality.c -O3 -g execution test
XPASS: gcc.dg/guality/guality.c -Os execution test
XPASS: gcc.dg/guality/guality.c -O2 -flto -flto-partition=none execution test
XPASS: gcc.dg/guality/guality.c -O2 -flto execution test
XPASS: gcc.dg/guality/inline-params.c -O2 execution test
XPASS: gcc.dg/guality/inline-params.c -O3 -fomit-frame-pointer execution test
XPASS: gcc.dg/guality/inline-params.c -O3 -g execution test
XPASS: gcc.dg/guality/inline-params.c -Os execution test
XPASS: gcc.dg/guality/pr41353-1.c -O0 line 28 j == 28 + 37
XPASS: gcc.dg/guality/pr41353-1.c -O1 line 28 j == 28 + 37
XPASS: gcc.dg/guality/pr41353-1.c -O2 line 28 j == 28 + 37
XPASS: gcc.dg/guality/pr41353-1.c -O3 -fomit-frame-pointer line 28 j == 28 + 37
XPASS: gcc.dg/guality/pr41353-1.c -O3 -g line 28 j == 28 + 37
XPASS: gcc.dg/guality/pr41353-1.c -Os line 28 j == 28 + 37
XPASS: gcc.dg/guality/pr41353-1.c -O2 -flto -flto-partition=none line 28 j == 28 + 37
XPASS: gcc.dg/guality/pr41353-1.c -O2 -flto line 28 j == 28 + 37
XPASS: gcc.dg/guality/pr41447-1.c -O0 execution test
XPASS: gcc.dg/guality/pr41447-1.c -O1 execution test
XPASS: gcc.dg/guality/pr41447-1.c -O2 execution test
XPASS: gcc.dg/guality/pr41447-1.c -O3 -fomit-frame-pointer execution test
XPASS: gcc.dg/guality/pr41447-1.c -O3 -g execution test
XPASS: gcc.dg/guality/pr41447-1.c -Os execution test
XPASS: gcc.dg/guality/pr41616-1.c -O0 execution test
XPASS: gcc.dg/guality/pr41616-1.c -O1 execution test
XPASS: gcc.dg/guality/pr41616-1.c -O2 execution test
XPASS: gcc.dg/guality/pr41616-1.c -O3 -fomit-frame-pointer execution test
XPASS: gcc.dg/guality/pr41616-1.c -O3 -g execution test
XPASS: gcc.dg/guality/pr41616-1.c -Os execution test
FAIL: gcc.dg/guality/pr43077-1.c -O1 line 42 c == 3
FAIL: gcc.dg/guality/sra-1.c -O2 line 43 a.j == 14
FAIL: gcc.dg/guality/sra-1.c -O3 -fomit-frame-pointer line 43 a.j == 14
FAIL: gcc.dg/guality/sra-1.c -O3 -g line 43 a.j == 14
FAIL: gcc.dg/guality/sra-1.c -Os line 43 a.j == 14
FAIL: gcc.dg/guality/sra-1.c -O2 -flto -flto-partition=none line 43 a.j == 14
FAIL: gcc.dg/guality/sra-1.c -O2 -flto line 43 a.j == 14
FAIL: gcc.dg/guality/vla-1.c -O2 -flto -flto-partition=none line 17 sizeof (a) == 6
FAIL: gcc.dg/guality/vla-1.c -O2 -flto -flto-partition=none line 24 sizeof (a) == 17 * sizeof (short)
FAIL: gcc.dg/guality/vla-1.c -O2 -flto line 17 sizeof (a) == 6
FAIL: gcc.dg/guality/vla-1.c -O2 -flto line 24 sizeof (a) == 17 * sizeof (short)
FAIL: gcc.dg/guality/vla-2.c -O2 -flto -flto-partition=none line 16 sizeof (a) == 5 * sizeof (int)
FAIL: gcc.dg/guality/vla-2.c -O2 -flto -flto-partition=none line 25 sizeof (a) == 6 * sizeof (int)
FAIL: gcc.dg/guality/vla-2.c -O2 -flto line 16 sizeof (a) == 5 * sizeof (int)
FAIL: gcc.dg/guality/vla-2.c -O2 -flto line 25 sizeof (a) == 6 * sizeof (int)
FAIL: gcc.dg/lto/20110201-1 c_lto_20110201-1_0.o-c_lto_20110201-1_0.o link, -O0 -flto
UNRESOLVED: gcc.dg/lto/20110201-1 c_lto_20110201-1_0.o-c_lto_20110201-1_0.o execute -O0 -flto
FAIL: gcc.dg/torture/pr43560.c -O2 -flto -flto-partition=none execution test
FAIL: gcc.dg/torture/pr43560.c -O2 -flto execution test
FAIL: gcc.dg/torture/tls/run-gd.c -O2 -flto -flto-partition=none (test for excess errors)
WARNING: gcc.dg/torture/tls/run-gd.c -O2 -flto -flto-partition=none compilation failed to produce executable
FAIL: gcc.dg/torture/tls/run-gd.c -O2 -flto (test for excess errors)
WARNING: gcc.dg/torture/tls/run-gd.c -O2 -flto compilation failed to produce executable
FAIL: gcc.dg/torture/tls/run-ie.c -O2 -flto -flto-partition=none (test for excess errors)
WARNING: gcc.dg/torture/tls/run-ie.c -O2 -flto -flto-partition=none compilation failed to produce executable
FAIL: gcc.dg/torture/tls/run-ie.c -O2 -flto (test for excess errors)
WARNING: gcc.dg/torture/tls/run-ie.c -O2 -flto compilation failed to produce executable
FAIL: gcc.dg/torture/tls/run-ld.c -O2 -flto -flto-partition=none (test for excess errors)
WARNING: gcc.dg/torture/tls/run-ld.c -O2 -flto -flto-partition=none compilation failed to produce executable
FAIL: gcc.dg/torture/tls/run-ld.c -O2 -flto (test for excess errors)
WARNING: gcc.dg/torture/tls/run-ld.c -O2 -flto compilation failed to produce executable
FAIL: gcc.dg/torture/tls/run-le.c -O2 -flto -flto-partition=none (test for excess errors)
WARNING: gcc.dg/torture/tls/run-le.c -O2 -flto -flto-partition=none compilation failed to produce executable
FAIL: gcc.dg/torture/tls/run-le.c -O2 -flto (test for excess errors)
WARNING: gcc.dg/torture/tls/run-le.c -O2 -flto compilation failed to produce executable
FAIL: gcc.dg/torture/tls/tls-test.c -O2 -flto -flto-partition=none (test for excess errors)
WARNING: gcc.dg/torture/tls/tls-test.c -O2 -flto -flto-partition=none compilation failed to produce executable
FAIL: gcc.dg/torture/tls/tls-test.c -O2 -flto (test for excess errors)
WARNING: gcc.dg/torture/tls/tls-test.c -O2 -flto compilation failed to produce executable
XPASS: gcc.dg/tree-ssa/20030807-7.c scan-tree-dump-times vrp1 "if " 1
FAIL: gcc.dg/tree-ssa/ssa-dom-thread-4.c scan-tree-dump-times dom1 "Threaded" 3
FAIL: gcc.dg/tree-ssa/vrp47.c scan-tree-dump-times vrp1 "[xy][^ ]* !=" 0
FAIL: gcc.dg/tree-ssa/vrp47.c scan-tree-dump-times dom1 "x[^ ]* & y" 1
FAIL: gcc.dg/vect/vect-outer-5.c -flto execution test
FAIL: gcc.dg/vect/vect-reduc-2char.c -flto execution test
FAIL: gcc.dg/vect/vect-reduc-2short.c -flto execution test
FAIL: gcc.dg/vmx/gcc-bug-i.c -O0 (test for excess errors)
FAIL: gcc.dg/vmx/gcc-bug-i.c -O1 (test for excess errors)
FAIL: gcc.dg/vmx/gcc-bug-i.c -O2 (test for excess errors)
FAIL: gcc.dg/vmx/gcc-bug-i.c -O3 -fomit-frame-pointer (test for excess errors)
FAIL: gcc.dg/vmx/gcc-bug-i.c -O3 -fomit-frame-pointer -funroll-loops (test for excess errors)
FAIL: gcc.dg/vmx/gcc-bug-i.c -O3 -fomit-frame-pointer -funroll-all-loops -finline-functions (test for excess errors)
FAIL: gcc.dg/vmx/gcc-bug-i.c -O3 -g (test for excess errors)
FAIL: gcc.dg/vmx/gcc-bug-i.c -Os (test for excess errors)
FAIL: gcc.dg/vmx/gcc-bug-i.c -O2 -flto -flto-partition=none (test for excess errors)
FAIL: gcc.dg/vmx/gcc-bug-i.c -O2 -flto (test for excess errors)
FAIL: gcc.target/powerpc/405-dlmzb-strlen-1.c scan-assembler dlmzb\\\\.
FAIL: gcc.target/powerpc/440-dlmzb-strlen-1.c scan-assembler dlmzb\\\\.
FAIL: gcc.target/powerpc/ppc-vector-memcpy.c scan-assembler lvx
=== gcc Summary for unix/-m32 ===
# of expected passes 77252
# of unexpected failures 79
# of unexpected successes 40
# of expected failures 217
# of unresolved testcases 2
# of unsupported tests 1381
Running target unix/-m64
FAIL: gcc.c-torture/compile/limits-exprparen.c -O0 (internal compiler error)
FAIL: gcc.c-torture/compile/limits-exprparen.c -O0 (test for excess errors)
FAIL: gcc.c-torture/compile/limits-exprparen.c -O1 (internal compiler error)
FAIL: gcc.c-torture/compile/limits-exprparen.c -O1 (test for excess errors)
FAIL: gcc.c-torture/compile/limits-exprparen.c -O2 (internal compiler error)
FAIL: gcc.c-torture/compile/limits-exprparen.c -O2 (test for excess errors)
FAIL: gcc.c-torture/compile/limits-exprparen.c -O3 -fomit-frame-pointer (internal compiler error)
FAIL: gcc.c-torture/compile/limits-exprparen.c -O3 -fomit-frame-pointer (test for excess errors)
FAIL: gcc.c-torture/compile/limits-exprparen.c -O3 -g (internal compiler error)
FAIL: gcc.c-torture/compile/limits-exprparen.c -O3 -g (test for excess errors)
FAIL: gcc.c-torture/compile/limits-exprparen.c -Os (internal compiler error)
FAIL: gcc.c-torture/compile/limits-exprparen.c -Os (test for excess errors)
FAIL: gcc.c-torture/compile/limits-exprparen.c -O2 -flto -flto-partition=none (internal compiler error)
FAIL: gcc.c-torture/compile/limits-exprparen.c -O2 -flto -flto-partition=none (test for excess errors)
FAIL: gcc.c-torture/compile/limits-exprparen.c -O2 -flto (internal compiler error)
FAIL: gcc.c-torture/compile/limits-exprparen.c -O2 -flto (test for excess errors)
FAIL: gcc.c-torture/execute/builtins/strstr-asm.c execution, -O2 -flto -flto-partition=none
FAIL: gcc.c-torture/execute/builtins/strstr-asm.c execution, -O2 -flto
FAIL: gcc.dg/and-1.c scan-assembler-not nand
FAIL: gcc.dg/binop-xor1.c scan-tree-dump-times optimized "<bb[^>]*>" 5
FAIL: gcc.dg/binop-xor1.c scan-tree-dump-times optimized "\\^" 1
FAIL: gcc.dg/binop-xor3.c scan-tree-dump-times optimized "<bb[^>]*>" 1
FAIL: gcc.dg/binop-xor3.c scan-tree-dump-times optimized "\\^" 1
FAIL: gcc.dg/cproj-fails-with-broken-glibc.c execution test
XPASS: gcc.dg/inline_1.c (test for excess errors)
XPASS: gcc.dg/inline_2.c (test for excess errors)
FAIL: gcc.dg/pr44194-1.c scan-rtl-dump dse1 "global deletions = 2"
FAIL: gcc.dg/sms-2.c scan-rtl-dump-times sms "SMS succeeded" 1
FAIL: gcc.dg/sms-3.c scan-rtl-dump-times sms "SMS succeeded" 1
FAIL: gcc.dg/sms-5.c scan-rtl-dump-times sms "SMS succeeded" 1
FAIL: gcc.dg/sms-6.c scan-rtl-dump-times sms "SMS succeeded" 3
FAIL: gcc.dg/sms-7.c scan-rtl-dump-times sms "SMS succeeded" 3
FAIL: gcc.dg/sms-8.c scan-rtl-dump-times sms "SMS succeeded" 1
FAIL: gcc.dg/uninit-pred-8_b.c bogus warning (test for bogus messages, line 20)
XPASS: gcc.dg/unroll_1.c (test for excess errors)
FAIL: gcc.dg/graphite/id-pr46845.c (test for excess errors)
UNRESOLVED: gcc.dg/graphite/pr37485.c scan-tree-dump-times graphite "Loop blocked" 1
XPASS: gcc.dg/guality/example.c -O0 execution test
XPASS: gcc.dg/guality/guality.c -O0 execution test
XPASS: gcc.dg/guality/guality.c -O1 execution test
XPASS: gcc.dg/guality/guality.c -Os execution test
XPASS: gcc.dg/guality/guality.c -O2 -flto -flto-partition=none execution test
XPASS: gcc.dg/guality/guality.c -O2 -flto execution test
XPASS: gcc.dg/guality/inline-params.c -O2 execution test
XPASS: gcc.dg/guality/inline-params.c -O3 -fomit-frame-pointer execution test
XPASS: gcc.dg/guality/inline-params.c -O3 -g execution test
XPASS: gcc.dg/guality/inline-params.c -Os execution test
XPASS: gcc.dg/guality/pr41353-1.c -O0 line 28 j == 28 + 37
XPASS: gcc.dg/guality/pr41447-1.c -O0 execution test
XPASS: gcc.dg/guality/pr41447-1.c -O1 execution test
XPASS: gcc.dg/guality/pr41447-1.c -O2 execution test
XPASS: gcc.dg/guality/pr41447-1.c -O3 -fomit-frame-pointer execution test
XPASS: gcc.dg/guality/pr41447-1.c -O3 -g execution test
XPASS: gcc.dg/guality/pr41447-1.c -Os execution test
XPASS: gcc.dg/guality/pr41616-1.c -O0 execution test
XPASS: gcc.dg/guality/pr41616-1.c -O1 execution test
XPASS: gcc.dg/guality/pr41616-1.c -O2 execution test
XPASS: gcc.dg/guality/pr41616-1.c -O3 -fomit-frame-pointer execution test
XPASS: gcc.dg/guality/pr41616-1.c -O3 -g execution test
XPASS: gcc.dg/guality/pr41616-1.c -Os execution test
FAIL: gcc.dg/guality/pr43077-1.c -O1 line 42 c == 3
FAIL: gcc.dg/guality/vla-1.c -O2 -flto -flto-partition=none line 17 sizeof (a) == 6
FAIL: gcc.dg/guality/vla-1.c -O2 -flto -flto-partition=none line 24 sizeof (a) == 17 * sizeof (short)
FAIL: gcc.dg/guality/vla-1.c -O2 -flto line 17 sizeof (a) == 6
FAIL: gcc.dg/guality/vla-1.c -O2 -flto line 24 sizeof (a) == 17 * sizeof (short)
FAIL: gcc.dg/guality/vla-2.c -O2 line 25 sizeof (a) == 6 * sizeof (int)
FAIL: gcc.dg/guality/vla-2.c -O3 -fomit-frame-pointer line 25 sizeof (a) == 6 * sizeof (int)
FAIL: gcc.dg/guality/vla-2.c -O3 -g line 25 sizeof (a) == 6 * sizeof (int)
FAIL: gcc.dg/guality/vla-2.c -O2 -flto -flto-partition=none line 16 sizeof (a) == 5 * sizeof (int)
FAIL: gcc.dg/guality/vla-2.c -O2 -flto -flto-partition=none line 25 sizeof (a) == 6 * sizeof (int)
FAIL: gcc.dg/guality/vla-2.c -O2 -flto line 16 sizeof (a) == 5 * sizeof (int)
FAIL: gcc.dg/guality/vla-2.c -O2 -flto line 25 sizeof (a) == 6 * sizeof (int)
FAIL: gcc.dg/lto/20090116 c_lto_20090116_0.o-c_lto_20090116_0.o link, -O1 -flto -flto-partition=1to1 -fPIC (internal compiler error)
UNRESOLVED: gcc.dg/lto/20090116 c_lto_20090116_0.o-c_lto_20090116_0.o execute -O1 -flto -flto-partition=1to1 -fPIC
FAIL: gcc.dg/torture/tls/run-gd.c -O2 -flto -flto-partition=none (test for excess errors)
WARNING: gcc.dg/torture/tls/run-gd.c -O2 -flto -flto-partition=none compilation failed to produce executable
FAIL: gcc.dg/torture/tls/run-gd.c -O2 -flto (test for excess errors)
WARNING: gcc.dg/torture/tls/run-gd.c -O2 -flto compilation failed to produce executable
FAIL: gcc.dg/torture/tls/run-ie.c -O2 -flto -flto-partition=none (test for excess errors)
WARNING: gcc.dg/torture/tls/run-ie.c -O2 -flto -flto-partition=none compilation failed to produce executable
FAIL: gcc.dg/torture/tls/run-ie.c -O2 -flto (test for excess errors)
WARNING: gcc.dg/torture/tls/run-ie.c -O2 -flto compilation failed to produce executable
FAIL: gcc.dg/torture/tls/run-ld.c -O2 -flto -flto-partition=none (test for excess errors)
WARNING: gcc.dg/torture/tls/run-ld.c -O2 -flto -flto-partition=none compilation failed to produce executable
FAIL: gcc.dg/torture/tls/run-ld.c -O2 -flto (test for excess errors)
WARNING: gcc.dg/torture/tls/run-ld.c -O2 -flto compilation failed to produce executable
FAIL: gcc.dg/torture/tls/run-le.c -O2 -flto -flto-partition=none (test for excess errors)
WARNING: gcc.dg/torture/tls/run-le.c -O2 -flto -flto-partition=none compilation failed to produce executable
FAIL: gcc.dg/torture/tls/run-le.c -O2 -flto (test for excess errors)
WARNING: gcc.dg/torture/tls/run-le.c -O2 -flto compilation failed to produce executable
FAIL: gcc.dg/torture/tls/tls-test.c -O2 -flto -flto-partition=none (test for excess errors)
WARNING: gcc.dg/torture/tls/tls-test.c -O2 -flto -flto-partition=none compilation failed to produce executable
FAIL: gcc.dg/torture/tls/tls-test.c -O2 -flto (test for excess errors)
WARNING: gcc.dg/torture/tls/tls-test.c -O2 -flto compilation failed to produce executable
XPASS: gcc.dg/tree-ssa/20030807-7.c scan-tree-dump-times vrp1 "if " 1
FAIL: gcc.dg/tree-ssa/ssa-dom-thread-4.c scan-tree-dump-times dom1 "Threaded" 3
FAIL: gcc.dg/tree-ssa/vrp47.c scan-tree-dump-times vrp1 "[xy][^ ]* !=" 0
FAIL: gcc.dg/tree-ssa/vrp47.c scan-tree-dump-times dom1 "x[^ ]* & y" 1
FAIL: gcc.dg/vect/pr44507.c -flto execution test
FAIL: gcc.dg/vect/pr45752.c -flto execution test
FAIL: gcc.dg/vect/vect-reduc-2short.c -flto execution test
FAIL: gcc.dg/vect/vect-reduc-6.c -flto execution test
FAIL: gcc.dg/vect/slp-perm-1.c -flto execution test
FAIL: gcc.dg/vect/slp-perm-2.c -flto execution test
FAIL: gcc.dg/vect/slp-perm-3.c -flto execution test
FAIL: gcc.dg/vect/slp-perm-4.c -flto execution test
FAIL: gcc.dg/vect/slp-perm-5.c -flto execution test
FAIL: gcc.dg/vect/slp-perm-6.c -flto execution test
FAIL: gcc.dg/vect/slp-perm-7.c -flto execution test
FAIL: gcc.dg/vmx/gcc-bug-i.c -O0 (test for excess errors)
FAIL: gcc.dg/vmx/gcc-bug-i.c -O1 (test for excess errors)
FAIL: gcc.dg/vmx/gcc-bug-i.c -O2 (test for excess errors)
FAIL: gcc.dg/vmx/gcc-bug-i.c -O3 -fomit-frame-pointer (test for excess errors)
FAIL: gcc.dg/vmx/gcc-bug-i.c -O3 -fomit-frame-pointer -funroll-loops (test for excess errors)
FAIL: gcc.dg/vmx/gcc-bug-i.c -O3 -fomit-frame-pointer -funroll-all-loops -finline-functions (test for excess errors)
FAIL: gcc.dg/vmx/gcc-bug-i.c -O3 -g (test for excess errors)
FAIL: gcc.dg/vmx/gcc-bug-i.c -Os (test for excess errors)
FAIL: gcc.dg/vmx/gcc-bug-i.c -O2 -flto -flto-partition=none (test for excess errors)
FAIL: gcc.dg/vmx/gcc-bug-i.c -O2 -flto (test for excess errors)
FAIL: gcc.target/powerpc/ppc-vector-memcpy.c scan-assembler lvx
=== gcc Summary for unix/-m64 ===
# of expected passes 77751
# of unexpected failures 81
# of unexpected successes 27
# of expected failures 234
# of unresolved testcases 2
# of unsupported tests 1531
=== gcc Summary ===
# of expected passes 155003
# of unexpected failures 160
# of unexpected successes 67
# of expected failures 451
# of unresolved testcases 4
# of unsupported tests 2912
/daten/gcc/gcc-20110624/Build/gcc/xgcc version 4.7.0 20110624 (experimental) (GCC)
=== gfortran tests ===
Running target unix/-m32
FAIL: gfortran.dg/coarray_lock_3.f90 -O (test for errors, line 72)
XPASS: gfortran.dg/nint_2.f90 -O0 execution test
=== gfortran Summary for unix/-m32 ===
# of expected passes 38975
# of unexpected failures 1
# of unexpected successes 1
# of expected failures 77
# of unsupported tests 233
Running target unix/-m64
FAIL: gfortran.dg/coarray_lock_3.f90 -O (test for errors, line 72)
XPASS: gfortran.dg/nint_2.f90 -O0 execution test
=== gfortran Summary for unix/-m64 ===
# of expected passes 39302
# of unexpected failures 1
# of unexpected successes 1
# of expected failures 77
# of unsupported tests 72
=== gfortran Summary ===
# of expected passes 78277
# of unexpected failures 2
# of unexpected successes 2
# of expected failures 154
# of unsupported tests 305
/daten/gcc/gcc-20110624/Build/gcc/testsuite/gfortran/../../gfortran version 4.7.0 20110624 (experimental) (GCC)
=== gnat tests ===
Running target unix/-m32
=== gnat Summary for unix/-m32 ===
# of expected passes 910
# of expected failures 11
# of unsupported tests 3
Running target unix/-m64
=== gnat Summary for unix/-m64 ===
# of expected passes 910
# of expected failures 11
# of unsupported tests 3
=== gnat Summary ===
# of expected passes 1820
# of expected failures 22
# of unsupported tests 6
/daten/gcc/gcc-20110624/Build/gcc/gnatmake version 4.7.0 20110624 (experimental)
=== objc tests ===
Running target unix/-m32
XPASS: objc.dg/torture/forward-1.m -O0 -fgnu-runtime execution test
XPASS: objc.dg/torture/forward-1.m -O1 -fgnu-runtime execution test
XPASS: objc.dg/torture/forward-1.m -O2 -fgnu-runtime execution test
XPASS: objc.dg/torture/forward-1.m -O3 -fomit-frame-pointer -fgnu-runtime execution test
XPASS: objc.dg/torture/forward-1.m -O3 -fomit-frame-pointer -funroll-loops -fgnu-runtime execution test
XPASS: objc.dg/torture/forward-1.m -O3 -fomit-frame-pointer -funroll-all-loops -finline-functions -fgnu-runtime execution test
XPASS: objc.dg/torture/forward-1.m -O3 -g -fgnu-runtime execution test
XPASS: objc.dg/torture/forward-1.m -Os -fgnu-runtime execution test
XPASS: objc.dg/torture/forward-1.m -O2 -flto -flto-partition=none -fgnu-runtime execution test
XPASS: objc.dg/torture/forward-1.m -O2 -flto -fgnu-runtime execution test
FAIL: objc.dg/torture/tls/thr-init-2.m -O2 -flto -flto-partition=none -fgnu-runtime (test for excess errors)
WARNING: objc.dg/torture/tls/thr-init-2.m -O2 -flto -flto-partition=none -fgnu-runtime compilation failed to produce executable
FAIL: objc.dg/torture/tls/thr-init-2.m -O2 -flto -fgnu-runtime (test for excess errors)
WARNING: objc.dg/torture/tls/thr-init-2.m -O2 -flto -fgnu-runtime compilation failed to produce executable
=== objc Summary for unix/-m32 ===
# of expected passes 2966
# of unexpected failures 2
# of unexpected successes 10
# of unsupported tests 74
Running target unix/-m64
XPASS: objc.dg/torture/forward-1.m -O0 -fgnu-runtime execution test
XPASS: objc.dg/torture/forward-1.m -O1 -fgnu-runtime execution test
XPASS: objc.dg/torture/forward-1.m -O2 -fgnu-runtime execution test
XPASS: objc.dg/torture/forward-1.m -O3 -fomit-frame-pointer -fgnu-runtime execution test
XPASS: objc.dg/torture/forward-1.m -O3 -fomit-frame-pointer -funroll-loops -fgnu-runtime execution test
XPASS: objc.dg/torture/forward-1.m -O3 -fomit-frame-pointer -funroll-all-loops -finline-functions -fgnu-runtime execution test
XPASS: objc.dg/torture/forward-1.m -O3 -g -fgnu-runtime execution test
XPASS: objc.dg/torture/forward-1.m -Os -fgnu-runtime execution test
XPASS: objc.dg/torture/forward-1.m -O2 -flto -flto-partition=none -fgnu-runtime execution test
XPASS: objc.dg/torture/forward-1.m -O2 -flto -fgnu-runtime execution test
FAIL: objc.dg/torture/tls/thr-init-2.m -O2 -flto -flto-partition=none -fgnu-runtime (test for excess errors)
WARNING: objc.dg/torture/tls/thr-init-2.m -O2 -flto -flto-partition=none -fgnu-runtime compilation failed to produce executable
FAIL: objc.dg/torture/tls/thr-init-2.m -O2 -flto -fgnu-runtime (test for excess errors)
WARNING: objc.dg/torture/tls/thr-init-2.m -O2 -flto -fgnu-runtime compilation failed to produce executable
=== objc Summary for unix/-m64 ===
# of expected passes 2966
# of unexpected failures 2
# of unexpected successes 10
# of unsupported tests 74
=== objc Summary ===
# of expected passes 5932
# of unexpected failures 4
# of unexpected successes 20
# of unsupported tests 148
/daten/gcc/gcc-20110624/Build/gcc/xgcc version 4.7.0 20110624 (experimental) (GCC)
=== boehm-gc tests ===
Running target unix/-m32
FAIL: boehm-gc.c/thread_leak_test.c -O2 (test for excess errors)
=== boehm-gc Summary for unix/-m32 ===
# of expected passes 11
# of unexpected failures 1
# of unsupported tests 1
Running target unix/-m64
FAIL: boehm-gc.c/thread_leak_test.c -O2 (test for excess errors)
=== boehm-gc Summary for unix/-m64 ===
# of expected passes 11
# of unexpected failures 1
# of unsupported tests 1
=== boehm-gc Summary ===
# of expected passes 22
# of unexpected failures 2
# of unsupported tests 2
=== libffi tests ===
Running target unix/-m32
=== libffi Summary for unix/-m32 ===
# of expected passes 1634
# of expected failures 10
# of unsupported tests 15
Running target unix/-m64
=== libffi Summary for unix/-m64 ===
# of expected passes 1634
# of expected failures 10
# of unsupported tests 15
=== libffi Summary ===
# of expected passes 3268
# of expected failures 20
# of unsupported tests 30
=== libgomp tests ===
Running target unix/-m32
FAIL: libgomp.graphite/force-parallel-1.c execution test
=== libgomp Summary for unix/-m32 ===
# of expected passes 2635
# of unexpected failures 1
# of unsupported tests 1
Running target unix/-m64
FAIL: libgomp.graphite/force-parallel-1.c execution test
=== libgomp Summary for unix/-m64 ===
# of expected passes 2635
# of unexpected failures 1
# of unsupported tests 1
=== libgomp Summary ===
# of expected passes 5270
# of unexpected failures 2
# of unsupported tests 2
=== libjava tests ===
Running target unix/-m32
=== libjava Summary for unix/-m32 ===
# of expected passes 2574
Running target unix/-m64
FAIL: getlocalvartable output
FAIL: Thread_Monitor -O3 -findirect-dispatch execution - source compiled test
FAIL: indirect_write -O3 -findirect-dispatch execution - source compiled test
=== libjava Summary for unix/-m64 ===
# of expected passes 2569
# of unexpected failures 3
# of untested testcases 2
=== libjava Summary ===
# of expected passes 5143
# of unexpected failures 3
# of untested testcases 2
=== libmudflap tests ===
Running target unix/-m32
FAIL: libmudflap.c/fail40-frag.c output pattern test
FAIL: libmudflap.c/pass51-frag.c execution test
FAIL: libmudflap.c/pass51-frag.c execution test
FAIL: libmudflap.c/fail40-frag.c (-static) output pattern test
FAIL: libmudflap.c/pass51-frag.c (-static) execution test
FAIL: libmudflap.c/pass51-frag.c (-static) execution test
FAIL: libmudflap.c/fail40-frag.c (-O2) output pattern test
FAIL: libmudflap.c/pass51-frag.c (-O2) execution test
FAIL: libmudflap.c/pass51-frag.c (-O2) execution test
FAIL: libmudflap.c/fail40-frag.c (-O3) output pattern test
FAIL: libmudflap.c/pass51-frag.c (-O3) execution test
FAIL: libmudflap.c/pass51-frag.c (-O3) execution test
FAIL: libmudflap.cth/pass39-frag.c (-O2) (rerun 3) execution test
FAIL: libmudflap.cth/pass39-frag.c (-O2) (rerun 3) output pattern test
=== libmudflap Summary for unix/-m32 ===
# of expected passes 1880
# of unexpected failures 14
Running target unix/-m64
FAIL: libmudflap.c/fail40-frag.c output pattern test
FAIL: libmudflap.c/pass51-frag.c execution test
FAIL: libmudflap.c/pass51-frag.c execution test
FAIL: libmudflap.c/fail40-frag.c (-static) output pattern test
FAIL: libmudflap.c/pass51-frag.c (-static) execution test
FAIL: libmudflap.c/pass51-frag.c (-static) execution test
FAIL: libmudflap.c/fail40-frag.c (-O2) output pattern test
FAIL: libmudflap.c/pass51-frag.c (-O2) execution test
FAIL: libmudflap.c/pass51-frag.c (-O2) execution test
FAIL: libmudflap.c/fail40-frag.c (-O3) output pattern test
FAIL: libmudflap.c/pass51-frag.c (-O3) execution test
FAIL: libmudflap.c/pass51-frag.c (-O3) execution test
=== libmudflap Summary for unix/-m64 ===
# of expected passes 1882
# of unexpected failures 12
=== libmudflap Summary ===
# of expected passes 3762
# of unexpected failures 26
=== libstdc++ tests ===
Running target unix/-m32
FAIL: libstdc++-abi/abi_check
=== libstdc++ Summary for unix/-m32 ===
# of expected passes 8594
# of unexpected failures 1
# of expected failures 45
# of unsupported tests 120
Running target unix/-m64
=== libstdc++ Summary for unix/-m64 ===
# of expected passes 8595
# of expected failures 45
# of unsupported tests 120
=== libstdc++ Summary ===
# of expected passes 17189
# of unexpected failures 1
# of expected failures 90
# of unsupported tests 240
Compiler version: 4.7.0 20110624 (experimental) (GCC)
Platform: powerpc64-unknown-linux-gnu
configure flags: --prefix=/usr --build=powerpc64-linux --host=powerpc64-linux --enable-shared --enable-threads --enable-__cxa_atexit --with-system-zlib --with-cpu=default32 --with-cpu-64=power4 --enable-secureplt --with-long-double-128
More information about the Gcc-testresults
mailing list