Results for 4.5.4 20110623 (prerelease) (GCC) testsuite on armv5tel-brewer-linux-gnueabi

Mikael Pettersson mikpe@it.uu.se
Sat Jun 25 10:33:00 GMT 2011


LAST_UPDATED: Obtained from SVN: branches/gcc-4_5-branch revision 175356

Native configuration is armv5tel-brewer-linux-gnueabi

		=== libgomp tests ===


Running target unix

		=== libgomp Summary ===

# of expected passes		2558
		=== libstdc++ tests ===


Running target unix

		=== libstdc++ Summary ===

# of expected passes		7443
# of expected failures		93
# of unsupported tests		60
		=== acats tests ===

		=== acats Summary ===
# of expected passes		2321
# of unexpected failures	0

		=== g++ tests ===


Running target unix
FAIL: g++.dg/abi/local1.C execution test
FAIL: g++.dg/abi/packed1.C (test for excess errors)
FAIL: g++.dg/opt/pr30965.C scan-tree-dump-times optimized "variable_..D. = v_..D." 2
FAIL: g++.dg/tree-ssa/new1.C scan-tree-dump-not forwprop1 "= .* \\+ -"
FAIL: 23:is 1:should be 2
FAIL: g++.dg/gcov/gcov-2.C gcov: 1 failures in line counts, 0 in branch percentages, 0 in return percentages
FAIL: g++.dg/pch/array-1.C  -O2 -g -I. (test for excess errors)
FAIL: g++.dg/pch/array-1.C  -O2 -g assembly comparison

		=== g++ Summary ===

# of expected passes		21655
# of unexpected failures	8
# of expected failures		151
# of unsupported tests		186
/mnt/scratch/objdir45/gcc/testsuite/g++/../../g++  version 4.5.4 20110623 (prerelease) (GCC) 

		=== gcc tests ===


Running target unix
FAIL: gcc.c-torture/compile/limits-exprparen.c  -O0  (test for excess errors)
FAIL: gcc.c-torture/compile/limits-exprparen.c  -O1  (test for excess errors)
FAIL: gcc.c-torture/compile/limits-exprparen.c  -O2  (test for excess errors)
FAIL: gcc.c-torture/compile/limits-exprparen.c  -O3 -fomit-frame-pointer  (test for excess errors)
FAIL: gcc.c-torture/compile/limits-exprparen.c  -O3 -g  (test for excess errors)
FAIL: gcc.c-torture/compile/limits-exprparen.c  -Os  (test for excess errors)
FAIL: gcc.dg/c99-stdint-1.c (test for excess errors)
FAIL: gcc.dg/c99-stdint-7.c (test for excess errors)
FAIL: gcc.dg/pr43058.c (test for excess errors)
FAIL: gcc.dg/uninit-13.c unconditional (test for warnings, line 8)
FAIL: gcc.dg/uninit-13.c (test for excess errors)
FAIL: gcc.dg/pch/common-1.c  -O0 -g -I. (test for excess errors)
FAIL: gcc.dg/pch/common-1.c  -O0 -g assembly comparison
FAIL: gcc.dg/pch/counter-1.c   -O2  -I. (test for excess errors)
FAIL: gcc.dg/pch/counter-1.c   -O2  assembly comparison
FAIL: gcc.dg/pch/counter-1.c   -O3 -fomit-frame-pointer  -I. (test for excess errors)
FAIL: gcc.dg/pch/counter-1.c   -O3 -fomit-frame-pointer  assembly comparison
FAIL: gcc.dg/pch/counter-1.c   -O3 -g  -I. (test for excess errors)
FAIL: gcc.dg/pch/counter-1.c   -O3 -g  assembly comparison
FAIL: gcc.dg/pch/counter-1.c   -Os  -I. (test for excess errors)
FAIL: gcc.dg/pch/counter-1.c   -Os  assembly comparison
FAIL: gcc.dg/pch/cpp-1.c  -O0 -g -I. (test for excess errors)
FAIL: gcc.dg/pch/cpp-1.c  -O0 -g assembly comparison
FAIL: gcc.dg/pch/cpp-1.c   -O3 -fomit-frame-pointer  -I. (test for excess errors)
FAIL: gcc.dg/pch/cpp-1.c   -O3 -fomit-frame-pointer  assembly comparison
FAIL: gcc.dg/pch/cpp-2.c  -O0 -g -I. (test for excess errors)
FAIL: gcc.dg/pch/cpp-2.c  -O0 -g assembly comparison
FAIL: gcc.dg/pch/cpp-3.c   -O2  -I.  (test for warnings, line )
FAIL: gcc.dg/pch/cpp-3.c   -O2  -I. (test for excess errors)
FAIL: gcc.dg/pch/cpp-3.c   -O2  assembly comparison
FAIL: gcc.dg/pch/decl-1.c   -O0  -I. (test for excess errors)
FAIL: gcc.dg/pch/decl-1.c   -O0  assembly comparison
FAIL: gcc.dg/pch/decl-1.c   -O3 -g  -I. (test for excess errors)
FAIL: gcc.dg/pch/decl-1.c   -O3 -g  assembly comparison
FAIL: gcc.dg/pch/decl-2.c   -O3 -g  -I. (test for excess errors)
FAIL: gcc.dg/pch/decl-2.c   -O3 -g  assembly comparison
FAIL: gcc.dg/pch/decl-3.c   -O0  -I. (test for excess errors)
FAIL: gcc.dg/pch/decl-3.c   -O0  assembly comparison
FAIL: gcc.dg/pch/decl-4.c  -O0 -g -I. (test for excess errors)
FAIL: gcc.dg/pch/decl-4.c  -O0 -g assembly comparison
FAIL: gcc.dg/pch/decl-4.c   -O1  -I. (test for excess errors)
FAIL: gcc.dg/pch/decl-4.c   -O1  assembly comparison
FAIL: gcc.dg/pch/decl-4.c   -O3 -g  -I. (test for excess errors)
FAIL: gcc.dg/pch/decl-4.c   -O3 -g  assembly comparison
FAIL: gcc.dg/pch/empty.c   -O2  -I. (test for excess errors)
FAIL: gcc.dg/pch/empty.c   -O2  assembly comparison
FAIL: gcc.dg/pch/except-1.c  -O0 -g -I. (test for excess errors)
FAIL: gcc.dg/pch/except-1.c  -O0 -g assembly comparison
FAIL: gcc.dg/pch/except-1.c   -O1  -I. (test for excess errors)
FAIL: gcc.dg/pch/except-1.c   -O1  assembly comparison
FAIL: gcc.dg/pch/except-1.c   -O2  -I. (test for excess errors)
FAIL: gcc.dg/pch/except-1.c   -O2  assembly comparison
FAIL: gcc.dg/pch/global-1.c  -O0 -g -I. (test for excess errors)
FAIL: gcc.dg/pch/global-1.c  -O0 -g assembly comparison
FAIL: gcc.dg/pch/import-1.c   -O2  -I. (test for excess errors)
FAIL: gcc.dg/pch/import-1.c   -O2  assembly comparison
FAIL: gcc.dg/pch/import-2.c   -O1  -I. (test for excess errors)
FAIL: gcc.dg/pch/import-2.c   -O1  assembly comparison
FAIL: gcc.dg/pch/import-2.c   -Os  -I. (test for excess errors)
FAIL: gcc.dg/pch/import-2.c   -Os  assembly comparison
FAIL: gcc.dg/pch/inline-1.c   -O3 -fomit-frame-pointer  -I. (test for excess errors)
FAIL: gcc.dg/pch/inline-1.c   -O3 -fomit-frame-pointer  assembly comparison
FAIL: gcc.dg/pch/inline-1.c   -Os  -I. (test for excess errors)
FAIL: gcc.dg/pch/inline-1.c   -Os  assembly comparison
FAIL: gcc.dg/pch/inline-2.c   -O2  -I. (test for excess errors)
FAIL: gcc.dg/pch/inline-2.c   -O2  assembly comparison
FAIL: gcc.dg/pch/macro-1.c   -O0  -I. (test for excess errors)
FAIL: gcc.dg/pch/macro-1.c   -O0  assembly comparison
FAIL: gcc.dg/pch/macro-1.c   -O3 -g  -I. (test for excess errors)
FAIL: gcc.dg/pch/macro-1.c   -O3 -g  assembly comparison
FAIL: gcc.dg/pch/macro-2.c   -O1  -I. (test for excess errors)
FAIL: gcc.dg/pch/macro-2.c   -O1  assembly comparison
FAIL: gcc.dg/pch/macro-2.c   -O3 -fomit-frame-pointer  -I. (test for excess errors)
FAIL: gcc.dg/pch/macro-2.c   -O3 -fomit-frame-pointer  assembly comparison
FAIL: gcc.dg/pch/macro-2.c   -O3 -g  -I. (test for excess errors)
FAIL: gcc.dg/pch/macro-2.c   -O3 -g  assembly comparison
FAIL: gcc.dg/pch/macro-4.c   -O3 -g  -I. (test for excess errors)
FAIL: gcc.dg/pch/macro-4.c   -O3 -g  assembly comparison
FAIL: gcc.dg/pch/macro-4.c   -Os  -I. (test for excess errors)
FAIL: gcc.dg/pch/macro-4.c   -Os  assembly comparison
FAIL: gcc.dg/pch/save-temps-1.c   -O0  -I. (test for excess errors)
FAIL: gcc.dg/pch/save-temps-1.c  -O0  assembly comparison
FAIL: gcc.dg/pch/static-1.c  -O0 -g -I. (test for excess errors)
FAIL: gcc.dg/pch/static-1.c  -O0 -g assembly comparison
FAIL: gcc.dg/pch/static-1.c   -O1  -I. (test for excess errors)
FAIL: gcc.dg/pch/static-1.c   -O1  assembly comparison
FAIL: gcc.dg/pch/static-2.c   -O1  -I. (test for excess errors)
FAIL: gcc.dg/pch/static-2.c   -O1  assembly comparison
FAIL: gcc.dg/pch/static-2.c   -O3 -fomit-frame-pointer  -I. (test for excess errors)
FAIL: gcc.dg/pch/static-2.c   -O3 -fomit-frame-pointer  assembly comparison
FAIL: gcc.dg/pch/static-2.c   -O3 -g  -I. (test for excess errors)
FAIL: gcc.dg/pch/static-2.c   -O3 -g  assembly comparison
FAIL: gcc.dg/pch/static-3.c   -O1  -I. (test for excess errors)
FAIL: gcc.dg/pch/static-3.c   -O1  assembly comparison
FAIL: gcc.dg/pch/static-3.c   -Os  -I. (test for excess errors)
FAIL: gcc.dg/pch/static-3.c   -Os  assembly comparison
FAIL: gcc.dg/pch/struct-1.c  -O0 -g -I. (test for excess errors)
FAIL: gcc.dg/pch/struct-1.c  -O0 -g assembly comparison
FAIL: gcc.dg/pch/struct-1.c   -O0  -I. (test for excess errors)
FAIL: gcc.dg/pch/struct-1.c   -O0  assembly comparison
FAIL: gcc.dg/pch/valid-1b.c   -Os  -I. (test for excess errors)
FAIL: gcc.dg/pch/valid-1b.c   -Os  assembly comparison
FAIL: gcc.dg/pch/valid-6.c   -O3 -g  -I. (test for excess errors)
FAIL: gcc.dg/pch/valid-6.c   -O3 -g  assembly comparison
FAIL: largefile.c  -O0 -g -I. (test for excess errors)
FAIL: gcc.dg/pch/largefile.c  -O0 -g assembly comparison
FAIL: largefile.c   -O1  -I. (test for excess errors)
FAIL: gcc.dg/pch/largefile.c   -O1  assembly comparison
FAIL: gcc.dg/vect/vect-35.c scan-tree-dump-times vect "vectorized 2 loops" 1
ERROR: gcc.target/arm/neon-modes-1.c: Unrecognized option type: arm_neon for " dg-add-options 4 arm_neon "
UNRESOLVED: gcc.target/arm/neon-modes-1.c: Unrecognized option type: arm_neon for " dg-add-options 4 arm_neon "
ERROR: gcc.target/arm/neon-vld-1.c: Unrecognized option type: arm_neon for " dg-add-options 4 arm_neon "
UNRESOLVED: gcc.target/arm/neon-vld-1.c: Unrecognized option type: arm_neon for " dg-add-options 4 arm_neon "
ERROR: gcc.target/arm/neon-vset_lanes8.c: Unrecognized option type: arm_neon for " dg-add-options 6 arm_neon "
UNRESOLVED: gcc.target/arm/neon-vset_lanes8.c: Unrecognized option type: arm_neon for " dg-add-options 6 arm_neon "
ERROR: gcc.target/arm/pr48252.c: Unrecognized option type: arm_neon for " dg-add-options 4 arm_neon "
UNRESOLVED: gcc.target/arm/pr48252.c: Unrecognized option type: arm_neon for " dg-add-options 4 arm_neon "

		=== gcc Summary ===

# of expected passes		59291
# of unexpected failures	109
# of expected failures		213
# of unresolved testcases	4
# of unsupported tests		653
/mnt/scratch/objdir45/gcc/xgcc  version 4.5.4 20110623 (prerelease) (GCC) 

		=== gfortran tests ===


Running target unix
FAIL: gfortran.dg/vect/fast-math-pr38968.f90 scan-tree-dump vect "vectorized 1 loops"

		=== gfortran Summary ===

# of expected passes		33447
# of unexpected failures	1
# of expected failures		28
# of unsupported tests		301
/mnt/scratch/objdir45/gcc/testsuite/gfortran/../../gfortran  version 4.5.4 20110623 (prerelease) (GCC) 

		=== gnat tests ===


Running target unix

		=== gnat Summary ===

# of expected passes		766
# of expected failures		8
# of unsupported tests		1

Compiler version: 4.5.4 20110623 (prerelease) (GCC) 
Platform: armv5tel-brewer-linux-gnueabi
configure flags: --prefix=/mnt/scratch/install45 --enable-bootstrap --enable-shared --enable-threads=posix --enable-checking=release --with-system-zlib --enable-__cxa_atexit --disable-libunwind-exceptions --enable-languages=c,c++,fortran,ada --enable-java-awt=gtk --disable-dssi --with-java-home=/usr/lib/jvm/java-1.5.0-gcj-1.5.0.0/jre --enable-libgcj-multifile --disable-java-maintainer-mode --with-ecj-jar=/usr/share/java/eclipse-ecj.jar --disable-libjava-multilib --disable-sjlj-exceptions --with-arch=armv5te --with-tune=xscale --build=armv5tel-brewer-linux-gnueabi --target=armv5tel-brewer-linux-gnueabi --with-gmp=/home/mikpe/pkgs/linux-armv5l/gmp-4.3.2 --with-mpfr=/home/mikpe/pkgs/linux-armv5l/mpfr-2.4.2 --with-mpc=/home/mikpe/pkgs/linux-armv5l/mpc-0.8.2 --disable-plugin --disable-lto --disable-libmudflap
BOOT_CFLAGS=-g -O2



More information about the Gcc-testresults mailing list