Results for 4.6.1 20110621 (prerelease) [gcc-4_6-branch revision 175235] (GCC) testsuite on hppa64-hp-hpux11.11

John David Anglin dave@hiauly3.hia.nrc.ca
Wed Jun 22 13:47:00 GMT 2011


Native configuration is hppa64-hp-hpux11.11

		=== g++ tests ===


Running target unix
FAIL: g++.dg/cpp0x/lambda/lambda-eh2.C execution test
WARNING: program timed out.

		=== g++ Summary ===

# of expected passes		24962
# of unexpected failures	1
# of expected failures		166
# of unsupported tests		592
/mnt/gnu/gcc/objdir-test/gcc/testsuite/g++/../../g++  version 4.6.1 20110621 (prerelease) [gcc-4_6-branch revision 175235] (GCC) 

		=== gcc tests ===


Running target unix
WARNING: program timed out.
FAIL: gcc.dg/lto/20090116 c_lto_20090116_0.o-c_lto_20090116_0.o link, -O1 -flto -flto-partition=1to1 -fPIC (internal compiler error)
UNRESOLVED: gcc.dg/lto/20090116 c_lto_20090116_0.o-c_lto_20090116_0.o execute -O1 -flto -flto-partition=1to1 -fPIC

		=== gcc Summary ===

# of expected passes		66858
# of unexpected failures	1
# of expected failures		134
# of unresolved testcases	1
# of unsupported tests		1251
/mnt/gnu/gcc/objdir-test/gcc/xgcc  version 4.6.1 20110621 (prerelease) [gcc-4_6-branch revision 175235] (GCC) 

		=== gfortran tests ===


Running target unix

		=== gfortran Summary ===

# of expected passes		37431
# of expected failures		41
# of unsupported tests		362
/mnt/gnu/gcc/objdir-test/gcc/testsuite/gfortran/../../gfortran  version 4.6.1 20110621 (prerelease) [gcc-4_6-branch revision 175235] (GCC) 

		=== obj-c++ tests ===


Running target unix

		=== obj-c++ Summary ===

# of expected passes		1378
# of expected failures		10
# of unsupported tests		86
/mnt/gnu/gcc/objdir-test/gcc/testsuite/obj-c++/../../g++  version 4.6.1 20110621 (prerelease) [gcc-4_6-branch revision 175235] (GCC) 

		=== objc tests ===


Running target unix

		=== objc Summary ===

# of expected passes		2914
# of expected failures		10
# of unsupported tests		75
/mnt/gnu/gcc/objdir-test/gcc/xgcc  version 4.6.1 20110621 (prerelease) [gcc-4_6-branch revision 175235] (GCC) 

		=== libgomp tests ===


Running target unix

		=== libgomp Summary ===

# of expected passes		2572
# of unsupported tests		10
		=== libstdc++ tests ===


Running target unix

		=== libstdc++ Summary ===

# of expected passes		6867
# of expected failures		82
# of unsupported tests		737

Compiler version: 4.6.1 20110621 (prerelease) [gcc-4_6-branch revision 175235] (GCC) 
Platform: hppa64-hp-hpux11.11
configure flags:Test Run By dave on Tue Jun 21 10:08:55 2011



More information about the Gcc-testresults mailing list