Results for 4.7.0 20110621 (experimental) (GCC) testsuite on arm-none-linux-gnueabi

CodeSourcery Automatic Testing System gcc@codesourcery.com
Wed Jun 22 01:17:00 GMT 2011


LAST_UPDATED: Tue Jun 21 07:56:38 UTC 2011 (/trunk revision 175242)

Target is arm-none-linux-gnueabi
Host   is i686-pc-linux-gnu

		=== g++ tests ===


Running target qemu-default
FAIL: g++.dg/abi/local1.C execution test
FAIL: g++.dg/cpp0x/lambda/lambda-eh2.C execution test
FAIL: g++.dg/torture/pr43879-1_1.C  -O1  execution test
FAIL: g++.dg/torture/pr43879-1_1.C  -O2  execution test
FAIL: g++.dg/torture/pr43879-1_1.C  -O3 -fomit-frame-pointer  execution test
FAIL: g++.dg/torture/pr43879-1_1.C  -O3 -g  execution test
FAIL: g++.dg/torture/pr43879-1_1.C  -Os  execution test
FAIL: g++.dg/vect/pr36648.cc scan-tree-dump-times vect "vectorized 1 loops" 1
FAIL: g++.dg/vect/pr36648.cc scan-tree-dump-times vect "vectorizing stmts using SLP" 1

		=== g++ Summary ===

# of expected passes		26784
# of unexpected failures	9
# of expected failures		157
# of unsupported tests		395
/scratch/gcc/nightly-2011-06-21-mainline/arm-none-linux-gnueabi/obj/test-mainline-0-arm-none-linux-gnueabi/host-i686-pc-linux-gnu/fsf-mainline/bin/arm-none-linux-gnueabi-g++  version 4.7.0 20110621 (experimental) (GCC) 

Host   is i686-pc-linux-gnu

		=== gcc tests ===


Running target qemu-default
FAIL: gcc.c-torture/execute/builtins/strstr-asm.c compilation,  -O2 -flto -flto-partition=none 
UNRESOLVED: gcc.c-torture/execute/builtins/strstr-asm.c execution,  -O2 -flto -flto-partition=none 
FAIL: gcc.c-torture/execute/builtins/strstr-asm.c compilation,  -O2 -flto 
UNRESOLVED: gcc.c-torture/execute/builtins/strstr-asm.c execution,  -O2 -flto 
FAIL: gcc.c-torture/execute/920302-1.c compilation,  -O1  (internal compiler error)
UNRESOLVED: gcc.c-torture/execute/920302-1.c execution,  -O1 
FAIL: gcc.c-torture/execute/920302-1.c compilation,  -O2  (internal compiler error)
UNRESOLVED: gcc.c-torture/execute/920302-1.c execution,  -O2 
FAIL: gcc.c-torture/execute/920302-1.c compilation,  -O3 -fomit-frame-pointer  (internal compiler error)
UNRESOLVED: gcc.c-torture/execute/920302-1.c execution,  -O3 -fomit-frame-pointer 
FAIL: gcc.c-torture/execute/920302-1.c compilation,  -O3 -fomit-frame-pointer -funroll-loops  (internal compiler error)
UNRESOLVED: gcc.c-torture/execute/920302-1.c execution,  -O3 -fomit-frame-pointer -funroll-loops 
FAIL: gcc.c-torture/execute/920302-1.c compilation,  -O3 -fomit-frame-pointer -funroll-all-loops -finline-functions  (internal compiler error)
UNRESOLVED: gcc.c-torture/execute/920302-1.c execution,  -O3 -fomit-frame-pointer -funroll-all-loops -finline-functions 
FAIL: gcc.c-torture/execute/920302-1.c compilation,  -O3 -g  (internal compiler error)
UNRESOLVED: gcc.c-torture/execute/920302-1.c execution,  -O3 -g 
FAIL: gcc.c-torture/execute/920302-1.c compilation,  -Os  (internal compiler error)
UNRESOLVED: gcc.c-torture/execute/920302-1.c execution,  -Os 
FAIL: gcc.c-torture/execute/920302-1.c compilation,  -O2 -flto -flto-partition=none  (internal compiler error)
UNRESOLVED: gcc.c-torture/execute/920302-1.c execution,  -O2 -flto -flto-partition=none 
FAIL: gcc.c-torture/execute/920302-1.c compilation,  -O2 -flto  (internal compiler error)
UNRESOLVED: gcc.c-torture/execute/920302-1.c execution,  -O2 -flto 
FAIL: gcc.c-torture/execute/920501-7.c execution,  -Os 
FAIL: gcc.c-torture/execute/comp-goto-2.c execution,  -Os 
FAIL: gcc.c-torture/execute/strct-stdarg-1.c execution,  -O1 
FAIL: gcc.c-torture/execute/strct-stdarg-1.c execution,  -O2 
FAIL: gcc.c-torture/execute/strct-stdarg-1.c execution,  -O3 -fomit-frame-pointer 
FAIL: gcc.c-torture/execute/strct-stdarg-1.c execution,  -O3 -fomit-frame-pointer -funroll-loops 
FAIL: gcc.c-torture/execute/strct-stdarg-1.c execution,  -O3 -fomit-frame-pointer -funroll-all-loops -finline-functions 
FAIL: gcc.c-torture/execute/strct-stdarg-1.c execution,  -O3 -g 
FAIL: gcc.c-torture/execute/strct-stdarg-1.c execution,  -Os 
FAIL: gcc.c-torture/execute/strct-stdarg-1.c execution,  -O2 -flto -flto-partition=none 
FAIL: gcc.c-torture/execute/strct-stdarg-1.c execution,  -O2 -flto 
XPASS: gcc.dg/inline_1.c (test for excess errors)
XPASS: gcc.dg/inline_2.c (test for excess errors)
FAIL: gcc.dg/memcpy-3.c scan-tree-dump-not optimized "memcpy"
FAIL: gcc.dg/memcpy-3.c scan-tree-dump-times optimized "MEM" 1
FAIL: gcc.dg/uninit-13.c unconditional (test for warnings, line 8)
FAIL: gcc.dg/uninit-13.c (test for excess errors)
XPASS: gcc.dg/unroll_1.c (test for excess errors)
UNRESOLVED: gcc.dg/graphite/pr37485.c scan-tree-dump-times graphite "Loop blocked" 1
FAIL: gcc.dg/lto/20110201-1 c_lto_20110201-1_0.o-c_lto_20110201-1_0.o link,  -O0 -flto 
UNRESOLVED: gcc.dg/lto/20110201-1 c_lto_20110201-1_0.o-c_lto_20110201-1_0.o execute  -O0 -flto 
FAIL: gcc.dg/torture/stackalign/comp-goto-1.c  -Os  execution test
FAIL: gcc.dg/torture/stackalign/non-local-goto-4.c  -Os  execution test
FAIL: gcc.dg/torture/stackalign/comp-goto-1.c  -Os  execution test
FAIL: gcc.dg/torture/stackalign/non-local-goto-4.c  -Os  execution test
FAIL: gcc.dg/torture/tls/run-gd.c  -O2 -flto -flto-partition=none  (test for excess errors)
UNRESOLVED: gcc.dg/torture/tls/run-gd.c  -O2 -flto -flto-partition=none  compilation failed to produce executable
FAIL: gcc.dg/torture/tls/run-gd.c  -O2 -flto  (test for excess errors)
UNRESOLVED: gcc.dg/torture/tls/run-gd.c  -O2 -flto  compilation failed to produce executable
FAIL: gcc.dg/torture/tls/run-ie.c  -O2 -flto -flto-partition=none  (test for excess errors)
UNRESOLVED: gcc.dg/torture/tls/run-ie.c  -O2 -flto -flto-partition=none  compilation failed to produce executable
FAIL: gcc.dg/torture/tls/run-ie.c  -O2 -flto  (test for excess errors)
UNRESOLVED: gcc.dg/torture/tls/run-ie.c  -O2 -flto  compilation failed to produce executable
FAIL: gcc.dg/torture/tls/run-ld.c  -O2 -flto -flto-partition=none  (test for excess errors)
UNRESOLVED: gcc.dg/torture/tls/run-ld.c  -O2 -flto -flto-partition=none  compilation failed to produce executable
FAIL: gcc.dg/torture/tls/run-ld.c  -O2 -flto  (test for excess errors)
UNRESOLVED: gcc.dg/torture/tls/run-ld.c  -O2 -flto  compilation failed to produce executable
FAIL: gcc.dg/torture/tls/run-le.c  -O0  -pie -fpie  (test for excess errors)
FAIL: gcc.dg/torture/tls/run-le.c  -O0  -pie -fpie  execution test
FAIL: gcc.dg/torture/tls/run-le.c  -O1  -pie -fpie  (test for excess errors)
FAIL: gcc.dg/torture/tls/run-le.c  -O1  -pie -fpie  execution test
FAIL: gcc.dg/torture/tls/run-le.c  -O2  -pie -fpie  (test for excess errors)
FAIL: gcc.dg/torture/tls/run-le.c  -O2  -pie -fpie  execution test
FAIL: gcc.dg/torture/tls/run-le.c  -O3 -fomit-frame-pointer  -pie -fpie  (test for excess errors)
FAIL: gcc.dg/torture/tls/run-le.c  -O3 -fomit-frame-pointer  -pie -fpie  execution test
FAIL: gcc.dg/torture/tls/run-le.c  -O3 -g  -pie -fpie  (test for excess errors)
FAIL: gcc.dg/torture/tls/run-le.c  -O3 -g  -pie -fpie  execution test
FAIL: gcc.dg/torture/tls/run-le.c  -Os  -pie -fpie  (test for excess errors)
FAIL: gcc.dg/torture/tls/run-le.c  -Os  -pie -fpie  execution test
FAIL: gcc.dg/torture/tls/run-le.c  -O0  -pie -fPIE  (test for excess errors)
FAIL: gcc.dg/torture/tls/run-le.c  -O0  -pie -fPIE  execution test
FAIL: gcc.dg/torture/tls/run-le.c  -O1  -pie -fPIE  (test for excess errors)
FAIL: gcc.dg/torture/tls/run-le.c  -O1  -pie -fPIE  execution test
FAIL: gcc.dg/torture/tls/run-le.c  -O2  -pie -fPIE  (test for excess errors)
FAIL: gcc.dg/torture/tls/run-le.c  -O2  -pie -fPIE  execution test
FAIL: gcc.dg/torture/tls/run-le.c  -O3 -fomit-frame-pointer  -pie -fPIE  (test for excess errors)
FAIL: gcc.dg/torture/tls/run-le.c  -O3 -fomit-frame-pointer  -pie -fPIE  execution test
FAIL: gcc.dg/torture/tls/run-le.c  -O3 -g  -pie -fPIE  (test for excess errors)
FAIL: gcc.dg/torture/tls/run-le.c  -O3 -g  -pie -fPIE  execution test
FAIL: gcc.dg/torture/tls/run-le.c  -Os  -pie -fPIE  (test for excess errors)
FAIL: gcc.dg/torture/tls/run-le.c  -Os  -pie -fPIE  execution test
FAIL: gcc.dg/torture/tls/run-le.c  -O2 -flto -flto-partition=none  (test for excess errors)
UNRESOLVED: gcc.dg/torture/tls/run-le.c  -O2 -flto -flto-partition=none  compilation failed to produce executable
FAIL: gcc.dg/torture/tls/run-le.c  -O2 -flto  (test for excess errors)
UNRESOLVED: gcc.dg/torture/tls/run-le.c  -O2 -flto  compilation failed to produce executable
FAIL: gcc.dg/torture/tls/thr-init-1.c  -O0  -pie -fpie  (test for excess errors)
FAIL: gcc.dg/torture/tls/thr-init-1.c  -O0  -pie -fpie  execution test
FAIL: gcc.dg/torture/tls/thr-init-1.c  -O1  -pie -fpie  (test for excess errors)
FAIL: gcc.dg/torture/tls/thr-init-1.c  -O1  -pie -fpie  execution test
FAIL: gcc.dg/torture/tls/thr-init-1.c  -O2  -pie -fpie  (test for excess errors)
FAIL: gcc.dg/torture/tls/thr-init-1.c  -O2  -pie -fpie  execution test
FAIL: gcc.dg/torture/tls/thr-init-1.c  -O3 -fomit-frame-pointer  -pie -fpie  (test for excess errors)
FAIL: gcc.dg/torture/tls/thr-init-1.c  -O3 -fomit-frame-pointer  -pie -fpie  execution test
FAIL: gcc.dg/torture/tls/thr-init-1.c  -O3 -g  -pie -fpie  (test for excess errors)
FAIL: gcc.dg/torture/tls/thr-init-1.c  -O3 -g  -pie -fpie  execution test
FAIL: gcc.dg/torture/tls/thr-init-1.c  -Os  -pie -fpie  (test for excess errors)
FAIL: gcc.dg/torture/tls/thr-init-1.c  -Os  -pie -fpie  execution test
FAIL: gcc.dg/torture/tls/thr-init-1.c  -O0  -pie -fPIE  (test for excess errors)
FAIL: gcc.dg/torture/tls/thr-init-1.c  -O0  -pie -fPIE  execution test
FAIL: gcc.dg/torture/tls/thr-init-1.c  -O1  -pie -fPIE  (test for excess errors)
FAIL: gcc.dg/torture/tls/thr-init-1.c  -O1  -pie -fPIE  execution test
FAIL: gcc.dg/torture/tls/thr-init-1.c  -O2  -pie -fPIE  (test for excess errors)
FAIL: gcc.dg/torture/tls/thr-init-1.c  -O2  -pie -fPIE  execution test
FAIL: gcc.dg/torture/tls/thr-init-1.c  -O3 -fomit-frame-pointer  -pie -fPIE  (test for excess errors)
FAIL: gcc.dg/torture/tls/thr-init-1.c  -O3 -fomit-frame-pointer  -pie -fPIE  execution test
FAIL: gcc.dg/torture/tls/thr-init-1.c  -O3 -g  -pie -fPIE  (test for excess errors)
FAIL: gcc.dg/torture/tls/thr-init-1.c  -O3 -g  -pie -fPIE  execution test
FAIL: gcc.dg/torture/tls/thr-init-1.c  -Os  -pie -fPIE  (test for excess errors)
FAIL: gcc.dg/torture/tls/thr-init-1.c  -Os  -pie -fPIE  execution test
FAIL: gcc.dg/torture/tls/thr-init-2.c  -O0  -pie -fpie  (test for excess errors)
FAIL: gcc.dg/torture/tls/thr-init-2.c  -O0  -pie -fpie  execution test
FAIL: gcc.dg/torture/tls/thr-init-2.c  -O1  -pie -fpie  (test for excess errors)
FAIL: gcc.dg/torture/tls/thr-init-2.c  -O1  -pie -fpie  execution test
FAIL: gcc.dg/torture/tls/thr-init-2.c  -O2  -pie -fpie  (test for excess errors)
FAIL: gcc.dg/torture/tls/thr-init-2.c  -O2  -pie -fpie  execution test
FAIL: gcc.dg/torture/tls/thr-init-2.c  -O3 -fomit-frame-pointer  -pie -fpie  (test for excess errors)
FAIL: gcc.dg/torture/tls/thr-init-2.c  -O3 -fomit-frame-pointer  -pie -fpie  execution test
FAIL: gcc.dg/torture/tls/thr-init-2.c  -O3 -g  -pie -fpie  (test for excess errors)
FAIL: gcc.dg/torture/tls/thr-init-2.c  -O3 -g  -pie -fpie  execution test
FAIL: gcc.dg/torture/tls/thr-init-2.c  -Os  -pie -fpie  (test for excess errors)
FAIL: gcc.dg/torture/tls/thr-init-2.c  -Os  -pie -fpie  execution test
FAIL: gcc.dg/torture/tls/thr-init-2.c  -O0  -pie -fPIE  (test for excess errors)
FAIL: gcc.dg/torture/tls/thr-init-2.c  -O0  -pie -fPIE  execution test
FAIL: gcc.dg/torture/tls/thr-init-2.c  -O1  -pie -fPIE  (test for excess errors)
FAIL: gcc.dg/torture/tls/thr-init-2.c  -O1  -pie -fPIE  execution test
FAIL: gcc.dg/torture/tls/thr-init-2.c  -O2  -pie -fPIE  (test for excess errors)
FAIL: gcc.dg/torture/tls/thr-init-2.c  -O2  -pie -fPIE  execution test
FAIL: gcc.dg/torture/tls/thr-init-2.c  -O3 -fomit-frame-pointer  -pie -fPIE  (test for excess errors)
FAIL: gcc.dg/torture/tls/thr-init-2.c  -O3 -fomit-frame-pointer  -pie -fPIE  execution test
FAIL: gcc.dg/torture/tls/thr-init-2.c  -O3 -g  -pie -fPIE  (test for excess errors)
FAIL: gcc.dg/torture/tls/thr-init-2.c  -O3 -g  -pie -fPIE  execution test
FAIL: gcc.dg/torture/tls/thr-init-2.c  -Os  -pie -fPIE  (test for excess errors)
FAIL: gcc.dg/torture/tls/thr-init-2.c  -Os  -pie -fPIE  execution test
FAIL: gcc.dg/torture/tls/tls-test.c  -O0  -pie -fpie  (test for excess errors)
FAIL: gcc.dg/torture/tls/tls-test.c  -O0  -pie -fpie  execution test
FAIL: gcc.dg/torture/tls/tls-test.c  -O1  -pie -fpie  (test for excess errors)
FAIL: gcc.dg/torture/tls/tls-test.c  -O1  -pie -fpie  execution test
FAIL: gcc.dg/torture/tls/tls-test.c  -O2  -pie -fpie  (test for excess errors)
FAIL: gcc.dg/torture/tls/tls-test.c  -O2  -pie -fpie  execution test
FAIL: gcc.dg/torture/tls/tls-test.c  -O3 -fomit-frame-pointer  -pie -fpie  (test for excess errors)
FAIL: gcc.dg/torture/tls/tls-test.c  -O3 -fomit-frame-pointer  -pie -fpie  execution test
FAIL: gcc.dg/torture/tls/tls-test.c  -O3 -g  -pie -fpie  (test for excess errors)
FAIL: gcc.dg/torture/tls/tls-test.c  -O3 -g  -pie -fpie  execution test
FAIL: gcc.dg/torture/tls/tls-test.c  -Os  -pie -fpie  (test for excess errors)
FAIL: gcc.dg/torture/tls/tls-test.c  -Os  -pie -fpie  execution test
FAIL: gcc.dg/torture/tls/tls-test.c  -O0  -pie -fPIE  (test for excess errors)
FAIL: gcc.dg/torture/tls/tls-test.c  -O0  -pie -fPIE  execution test
FAIL: gcc.dg/torture/tls/tls-test.c  -O1  -pie -fPIE  (test for excess errors)
FAIL: gcc.dg/torture/tls/tls-test.c  -O1  -pie -fPIE  execution test
FAIL: gcc.dg/torture/tls/tls-test.c  -O2  -pie -fPIE  (test for excess errors)
FAIL: gcc.dg/torture/tls/tls-test.c  -O2  -pie -fPIE  execution test
FAIL: gcc.dg/torture/tls/tls-test.c  -O3 -fomit-frame-pointer  -pie -fPIE  (test for excess errors)
FAIL: gcc.dg/torture/tls/tls-test.c  -O3 -fomit-frame-pointer  -pie -fPIE  execution test
FAIL: gcc.dg/torture/tls/tls-test.c  -O3 -g  -pie -fPIE  (test for excess errors)
FAIL: gcc.dg/torture/tls/tls-test.c  -O3 -g  -pie -fPIE  execution test
FAIL: gcc.dg/torture/tls/tls-test.c  -Os  -pie -fPIE  (test for excess errors)
FAIL: gcc.dg/torture/tls/tls-test.c  -Os  -pie -fPIE  execution test
FAIL: gcc.dg/torture/tls/tls-test.c  -O2 -flto -flto-partition=none  (test for excess errors)
UNRESOLVED: gcc.dg/torture/tls/tls-test.c  -O2 -flto -flto-partition=none  compilation failed to produce executable
FAIL: gcc.dg/torture/tls/tls-test.c  -O2 -flto  (test for excess errors)
UNRESOLVED: gcc.dg/torture/tls/tls-test.c  -O2 -flto  compilation failed to produce executable
XPASS: gcc.dg/tree-ssa/20030807-7.c scan-tree-dump-times vrp1 "if " 1
XPASS: gcc.dg/tree-ssa/20040204-1.c scan-tree-dump-times optimized "link_error" 0
FAIL: gcc.dg/tree-ssa/vrp47.c scan-tree-dump-times dom1 "x[^ ]* & y" 1
FAIL: gcc.dg/vect/vect-multitypes-11.c scan-tree-dump-times vect "vectorized 1 loops" 1
FAIL: gcc.dg/vect/vect-multitypes-12.c scan-tree-dump-times vect "vectorized 1 loops" 1
FAIL: gcc.dg/vect/vect-reduc-dot-s16b.c scan-tree-dump-times vect "vectorized 1 loops" 0
FAIL: gcc.dg/vect/vect-reduc-pattern-1a.c scan-tree-dump-times vect "vectorized 1 loops" 0
FAIL: gcc.dg/vect/vect-reduc-pattern-1b.c scan-tree-dump-times vect "vectorized 1 loops" 0
FAIL: gcc.dg/vect/vect-reduc-pattern-1c.c scan-tree-dump-times vect "vectorized 1 loops" 0
FAIL: gcc.dg/vect/vect-reduc-pattern-2a.c scan-tree-dump-times vect "vectorized 1 loops" 0
FAIL: gcc.dg/vect/vect-reduc-pattern-2b.c scan-tree-dump-times vect "vectorized 1 loops" 0
XPASS: gcc.dg/vect/slp-reduc-3.c scan-tree-dump-times vect "vectorizing stmts using SLP" 1
FAIL: gcc.dg/vect/vect-multitypes-11.c -flto scan-tree-dump-times vect "vectorized 1 loops" 1
FAIL: gcc.dg/vect/vect-multitypes-12.c -flto scan-tree-dump-times vect "vectorized 1 loops" 1
FAIL: gcc.dg/vect/vect-reduc-dot-s16b.c -flto scan-tree-dump-times vect "vectorized 1 loops" 0
FAIL: gcc.dg/vect/vect-reduc-pattern-1a.c -flto scan-tree-dump-times vect "vectorized 1 loops" 0
FAIL: gcc.dg/vect/vect-reduc-pattern-1b.c -flto scan-tree-dump-times vect "vectorized 1 loops" 0
FAIL: gcc.dg/vect/vect-reduc-pattern-1c.c -flto scan-tree-dump-times vect "vectorized 1 loops" 0
FAIL: gcc.dg/vect/vect-reduc-pattern-2a.c -flto scan-tree-dump-times vect "vectorized 1 loops" 0
FAIL: gcc.dg/vect/vect-reduc-pattern-2b.c -flto scan-tree-dump-times vect "vectorized 1 loops" 0
XPASS: gcc.dg/vect/slp-reduc-3.c -flto scan-tree-dump-times vect "vectorizing stmts using SLP" 1
FAIL: gcc.dg/vect/wrapv-vect-reduc-pattern-2c.c scan-tree-dump-times vect "vectorized 1 loops" 0
XPASS: gcc.dg/vect/no-scevccp-outer-16.c scan-tree-dump-times vect "OUTER LOOP VECTORIZED." 1
XPASS: gcc.dg/vect/no-scevccp-outer-17.c scan-tree-dump-times vect "OUTER LOOP VECTORIZED." 1
XPASS: gcc.dg/vect/no-scevccp-outer-19.c scan-tree-dump-times vect "OUTER LOOP VECTORIZED." 1
XPASS: gcc.dg/vect/no-scevccp-outer-21.c scan-tree-dump-times vect "OUTER LOOP VECTORIZED." 1
FAIL: gcc.target/arm/pr42575.c scan-assembler-not mov

		=== gcc Summary ===

# of expected passes		75933
# of unexpected failures	156
# of unexpected successes	11
# of expected failures		228
# of unresolved testcases	23
# of unsupported tests		1070
/scratch/gcc/nightly-2011-06-21-mainline/arm-none-linux-gnueabi/obj/test-mainline-0-arm-none-linux-gnueabi/host-i686-pc-linux-gnu/fsf-mainline/bin/arm-none-linux-gnueabi-gcc  version 4.7.0 20110621 (experimental) (GCC) 

Host   is i686-pc-linux-gnu

		=== libstdc++ tests ===


Running target qemu-default
FAIL: 21_strings/basic_string/inserters_extractors/wchar_t/28277.cc execution test
FAIL: 22_locale/time_get/get_weekday/char/38081-1.cc execution test
FAIL: 22_locale/time_get/get_weekday/char/38081-2.cc execution test
FAIL: 27_io/basic_ostream/inserters_character/wchar_t/28277-3.cc execution test
FAIL: 27_io/basic_ostream/inserters_character/wchar_t/28277-4.cc execution test
FAIL: ext/vstring/inserters_extractors/wchar_t/28277.cc execution test

		=== libstdc++ Summary ===

# of expected passes		8340
# of unexpected failures	6
# of expected failures		45
# of unsupported tests		147
Host   is i686-pc-linux-gnu

		=== g++ tests ===


Running target qemu-default-thumb/-mthumb
FAIL: g++.dg/abi/local1.C execution test
FAIL: g++.dg/cpp0x/lambda/lambda-eh2.C execution test
FAIL: g++.dg/ipa/pr46984.C execution test
FAIL: g++.dg/torture/covariant-1.C  -O2 -flto -flto-partition=none  execution test
FAIL: g++.dg/torture/pr43879-1_1.C  -O1  execution test
FAIL: g++.dg/torture/pr43879-1_1.C  -O2  execution test
FAIL: g++.dg/torture/pr43879-1_1.C  -O3 -fomit-frame-pointer  execution test
FAIL: g++.dg/torture/pr43879-1_1.C  -O3 -g  execution test
FAIL: g++.dg/torture/pr43879-1_1.C  -Os  execution test
FAIL: g++.dg/torture/pr45699.C  -O2 -flto  execution test

		=== g++ Summary ===

# of expected passes		26719
# of unexpected failures	10
# of expected failures		157
# of unsupported tests		403
/scratch/gcc/nightly-2011-06-21-mainline/arm-none-linux-gnueabi/obj/test-mainline-0-arm-none-linux-gnueabi/host-i686-pc-linux-gnu/fsf-mainline/bin/arm-none-linux-gnueabi-g++  version 4.7.0 20110621 (experimental) (GCC) 

Host   is i686-pc-linux-gnu

		=== gcc tests ===


Running target qemu-default-thumb/-mthumb
FAIL: gcc.c-torture/execute/builtins/strstr-asm.c compilation,  -O2 -flto -flto-partition=none 
UNRESOLVED: gcc.c-torture/execute/builtins/strstr-asm.c execution,  -O2 -flto -flto-partition=none 
FAIL: gcc.c-torture/execute/builtins/strstr-asm.c compilation,  -O2 -flto 
UNRESOLVED: gcc.c-torture/execute/builtins/strstr-asm.c execution,  -O2 -flto 
FAIL: gcc.c-torture/execute/20030914-1.c execution,  -O3 -fomit-frame-pointer 
FAIL: gcc.c-torture/execute/20030914-1.c execution,  -O3 -fomit-frame-pointer -funroll-loops 
FAIL: gcc.c-torture/execute/20030914-1.c execution,  -O3 -fomit-frame-pointer -funroll-all-loops -finline-functions 
FAIL: gcc.c-torture/execute/20030914-1.c execution,  -O3 -g 
FAIL: gcc.c-torture/execute/20040709-2.c execution,  -O1 
XPASS: gcc.c-torture/execute/941014-1.c execution,  -O0 
FAIL: gcc.c-torture/execute/pr30185.c execution,  -O1 
FAIL: gcc.c-torture/execute/pr45070.c execution,  -Os 
FAIL: gcc.c-torture/execute/stdarg-3.c execution,  -O1 
FAIL: gcc.c-torture/execute/stdarg-3.c execution,  -O2 
FAIL: gcc.c-torture/execute/stdarg-3.c execution,  -O3 -fomit-frame-pointer 
FAIL: gcc.c-torture/execute/stdarg-3.c execution,  -O3 -fomit-frame-pointer -funroll-loops 
FAIL: gcc.c-torture/execute/stdarg-3.c execution,  -O3 -fomit-frame-pointer -funroll-all-loops -finline-functions 
FAIL: gcc.c-torture/execute/stdarg-3.c execution,  -O3 -g 
FAIL: gcc.c-torture/execute/stdarg-3.c execution,  -Os 
FAIL: gcc.c-torture/execute/stdarg-3.c execution,  -O2 -flto -flto-partition=none 
FAIL: gcc.c-torture/execute/stdarg-3.c execution,  -O2 -flto 
FAIL: gcc.c-torture/execute/strct-stdarg-1.c execution,  -O1 
FAIL: gcc.c-torture/execute/strct-stdarg-1.c execution,  -O2 
FAIL: gcc.c-torture/execute/strct-stdarg-1.c execution,  -O3 -fomit-frame-pointer 
FAIL: gcc.c-torture/execute/strct-stdarg-1.c execution,  -O3 -fomit-frame-pointer -funroll-loops 
FAIL: gcc.c-torture/execute/strct-stdarg-1.c execution,  -O3 -fomit-frame-pointer -funroll-all-loops -finline-functions 
FAIL: gcc.c-torture/execute/strct-stdarg-1.c execution,  -O3 -g 
FAIL: gcc.c-torture/execute/strct-stdarg-1.c execution,  -Os 
FAIL: gcc.c-torture/execute/strct-stdarg-1.c execution,  -O2 -flto -flto-partition=none 
FAIL: gcc.c-torture/execute/strct-stdarg-1.c execution,  -O2 -flto 
XPASS: gcc.dg/inline_1.c (test for excess errors)
XPASS: gcc.dg/inline_2.c (test for excess errors)
FAIL: gcc.dg/memcpy-3.c scan-tree-dump-not optimized "memcpy"
FAIL: gcc.dg/memcpy-3.c scan-tree-dump-times optimized "MEM" 1
FAIL: gcc.dg/uninit-13.c unconditional (test for warnings, line 8)
FAIL: gcc.dg/uninit-13.c (test for excess errors)
XPASS: gcc.dg/unroll_1.c (test for excess errors)
UNRESOLVED: gcc.dg/graphite/pr37485.c scan-tree-dump-times graphite "Loop blocked" 1
FAIL: gcc.dg/lto/20110201-1 c_lto_20110201-1_0.o-c_lto_20110201-1_0.o link,  -O0 -flto 
UNRESOLVED: gcc.dg/lto/20110201-1 c_lto_20110201-1_0.o-c_lto_20110201-1_0.o execute  -O0 -flto 
FAIL: gcc.dg/torture/tls/run-gd.c  -O2 -flto -flto-partition=none  (test for excess errors)
UNRESOLVED: gcc.dg/torture/tls/run-gd.c  -O2 -flto -flto-partition=none  compilation failed to produce executable
FAIL: gcc.dg/torture/tls/run-gd.c  -O2 -flto  (test for excess errors)
UNRESOLVED: gcc.dg/torture/tls/run-gd.c  -O2 -flto  compilation failed to produce executable
FAIL: gcc.dg/torture/tls/run-ie.c  -O2 -flto -flto-partition=none  (test for excess errors)
UNRESOLVED: gcc.dg/torture/tls/run-ie.c  -O2 -flto -flto-partition=none  compilation failed to produce executable
FAIL: gcc.dg/torture/tls/run-ie.c  -O2 -flto  (test for excess errors)
UNRESOLVED: gcc.dg/torture/tls/run-ie.c  -O2 -flto  compilation failed to produce executable
FAIL: gcc.dg/torture/tls/run-ld.c  -O2 -flto -flto-partition=none  (test for excess errors)
UNRESOLVED: gcc.dg/torture/tls/run-ld.c  -O2 -flto -flto-partition=none  compilation failed to produce executable
FAIL: gcc.dg/torture/tls/run-ld.c  -O2 -flto  (test for excess errors)
UNRESOLVED: gcc.dg/torture/tls/run-ld.c  -O2 -flto  compilation failed to produce executable
FAIL: gcc.dg/torture/tls/run-le.c  -O0  -pie -fpie  (test for excess errors)
FAIL: gcc.dg/torture/tls/run-le.c  -O0  -pie -fpie  execution test
FAIL: gcc.dg/torture/tls/run-le.c  -O1  -pie -fpie  (test for excess errors)
FAIL: gcc.dg/torture/tls/run-le.c  -O1  -pie -fpie  execution test
FAIL: gcc.dg/torture/tls/run-le.c  -O2  -pie -fpie  (test for excess errors)
FAIL: gcc.dg/torture/tls/run-le.c  -O2  -pie -fpie  execution test
FAIL: gcc.dg/torture/tls/run-le.c  -O3 -fomit-frame-pointer  -pie -fpie  (test for excess errors)
FAIL: gcc.dg/torture/tls/run-le.c  -O3 -fomit-frame-pointer  -pie -fpie  execution test
FAIL: gcc.dg/torture/tls/run-le.c  -O3 -g  -pie -fpie  (test for excess errors)
FAIL: gcc.dg/torture/tls/run-le.c  -O3 -g  -pie -fpie  execution test
FAIL: gcc.dg/torture/tls/run-le.c  -Os  -pie -fpie  (test for excess errors)
FAIL: gcc.dg/torture/tls/run-le.c  -Os  -pie -fpie  execution test
FAIL: gcc.dg/torture/tls/run-le.c  -O0  -pie -fPIE  (test for excess errors)
FAIL: gcc.dg/torture/tls/run-le.c  -O0  -pie -fPIE  execution test
FAIL: gcc.dg/torture/tls/run-le.c  -O1  -pie -fPIE  (test for excess errors)
FAIL: gcc.dg/torture/tls/run-le.c  -O1  -pie -fPIE  execution test
FAIL: gcc.dg/torture/tls/run-le.c  -O2  -pie -fPIE  (test for excess errors)
FAIL: gcc.dg/torture/tls/run-le.c  -O2  -pie -fPIE  execution test
FAIL: gcc.dg/torture/tls/run-le.c  -O3 -fomit-frame-pointer  -pie -fPIE  (test for excess errors)
FAIL: gcc.dg/torture/tls/run-le.c  -O3 -fomit-frame-pointer  -pie -fPIE  execution test
FAIL: gcc.dg/torture/tls/run-le.c  -O3 -g  -pie -fPIE  (test for excess errors)
FAIL: gcc.dg/torture/tls/run-le.c  -O3 -g  -pie -fPIE  execution test
FAIL: gcc.dg/torture/tls/run-le.c  -Os  -pie -fPIE  (test for excess errors)
FAIL: gcc.dg/torture/tls/run-le.c  -Os  -pie -fPIE  execution test
FAIL: gcc.dg/torture/tls/run-le.c  -O2 -flto -flto-partition=none  (test for excess errors)
UNRESOLVED: gcc.dg/torture/tls/run-le.c  -O2 -flto -flto-partition=none  compilation failed to produce executable
FAIL: gcc.dg/torture/tls/run-le.c  -O2 -flto  (test for excess errors)
UNRESOLVED: gcc.dg/torture/tls/run-le.c  -O2 -flto  compilation failed to produce executable
FAIL: gcc.dg/torture/tls/thr-init-1.c  -O0  -pie -fpie  (test for excess errors)
FAIL: gcc.dg/torture/tls/thr-init-1.c  -O0  -pie -fpie  execution test
FAIL: gcc.dg/torture/tls/thr-init-1.c  -O1  -pie -fpie  (test for excess errors)
FAIL: gcc.dg/torture/tls/thr-init-1.c  -O1  -pie -fpie  execution test
FAIL: gcc.dg/torture/tls/thr-init-1.c  -O2  -pie -fpie  (test for excess errors)
FAIL: gcc.dg/torture/tls/thr-init-1.c  -O2  -pie -fpie  execution test
FAIL: gcc.dg/torture/tls/thr-init-1.c  -O3 -fomit-frame-pointer  -pie -fpie  (test for excess errors)
FAIL: gcc.dg/torture/tls/thr-init-1.c  -O3 -fomit-frame-pointer  -pie -fpie  execution test
FAIL: gcc.dg/torture/tls/thr-init-1.c  -O3 -g  -pie -fpie  (test for excess errors)
FAIL: gcc.dg/torture/tls/thr-init-1.c  -O3 -g  -pie -fpie  execution test
FAIL: gcc.dg/torture/tls/thr-init-1.c  -Os  -pie -fpie  (test for excess errors)
FAIL: gcc.dg/torture/tls/thr-init-1.c  -Os  -pie -fpie  execution test
FAIL: gcc.dg/torture/tls/thr-init-1.c  -O0  -pie -fPIE  (test for excess errors)
FAIL: gcc.dg/torture/tls/thr-init-1.c  -O0  -pie -fPIE  execution test
FAIL: gcc.dg/torture/tls/thr-init-1.c  -O1  -pie -fPIE  (test for excess errors)
FAIL: gcc.dg/torture/tls/thr-init-1.c  -O1  -pie -fPIE  execution test
FAIL: gcc.dg/torture/tls/thr-init-1.c  -O2  -pie -fPIE  (test for excess errors)
FAIL: gcc.dg/torture/tls/thr-init-1.c  -O2  -pie -fPIE  execution test
FAIL: gcc.dg/torture/tls/thr-init-1.c  -O3 -fomit-frame-pointer  -pie -fPIE  (test for excess errors)
FAIL: gcc.dg/torture/tls/thr-init-1.c  -O3 -fomit-frame-pointer  -pie -fPIE  execution test
FAIL: gcc.dg/torture/tls/thr-init-1.c  -O3 -g  -pie -fPIE  (test for excess errors)
FAIL: gcc.dg/torture/tls/thr-init-1.c  -O3 -g  -pie -fPIE  execution test
FAIL: gcc.dg/torture/tls/thr-init-1.c  -Os  -pie -fPIE  (test for excess errors)
FAIL: gcc.dg/torture/tls/thr-init-1.c  -Os  -pie -fPIE  execution test
FAIL: gcc.dg/torture/tls/thr-init-2.c  -O0  -pie -fpie  (test for excess errors)
FAIL: gcc.dg/torture/tls/thr-init-2.c  -O0  -pie -fpie  execution test
FAIL: gcc.dg/torture/tls/thr-init-2.c  -O1  -pie -fpie  (test for excess errors)
FAIL: gcc.dg/torture/tls/thr-init-2.c  -O1  -pie -fpie  execution test
FAIL: gcc.dg/torture/tls/thr-init-2.c  -O2  -pie -fpie  (test for excess errors)
FAIL: gcc.dg/torture/tls/thr-init-2.c  -O2  -pie -fpie  execution test
FAIL: gcc.dg/torture/tls/thr-init-2.c  -O3 -fomit-frame-pointer  -pie -fpie  (test for excess errors)
FAIL: gcc.dg/torture/tls/thr-init-2.c  -O3 -fomit-frame-pointer  -pie -fpie  execution test
FAIL: gcc.dg/torture/tls/thr-init-2.c  -O3 -g  -pie -fpie  (test for excess errors)
FAIL: gcc.dg/torture/tls/thr-init-2.c  -O3 -g  -pie -fpie  execution test
FAIL: gcc.dg/torture/tls/thr-init-2.c  -Os  -pie -fpie  (test for excess errors)
FAIL: gcc.dg/torture/tls/thr-init-2.c  -Os  -pie -fpie  execution test
FAIL: gcc.dg/torture/tls/thr-init-2.c  -O0  -pie -fPIE  (test for excess errors)
FAIL: gcc.dg/torture/tls/thr-init-2.c  -O0  -pie -fPIE  execution test
FAIL: gcc.dg/torture/tls/thr-init-2.c  -O1  -pie -fPIE  (test for excess errors)
FAIL: gcc.dg/torture/tls/thr-init-2.c  -O1  -pie -fPIE  execution test
FAIL: gcc.dg/torture/tls/thr-init-2.c  -O2  -pie -fPIE  (test for excess errors)
FAIL: gcc.dg/torture/tls/thr-init-2.c  -O2  -pie -fPIE  execution test
FAIL: gcc.dg/torture/tls/thr-init-2.c  -O3 -fomit-frame-pointer  -pie -fPIE  (test for excess errors)
FAIL: gcc.dg/torture/tls/thr-init-2.c  -O3 -fomit-frame-pointer  -pie -fPIE  execution test
FAIL: gcc.dg/torture/tls/thr-init-2.c  -O3 -g  -pie -fPIE  (test for excess errors)
FAIL: gcc.dg/torture/tls/thr-init-2.c  -O3 -g  -pie -fPIE  execution test
FAIL: gcc.dg/torture/tls/thr-init-2.c  -Os  -pie -fPIE  (test for excess errors)
FAIL: gcc.dg/torture/tls/thr-init-2.c  -Os  -pie -fPIE  execution test
FAIL: gcc.dg/torture/tls/tls-test.c  -O0  -pie -fpie  (test for excess errors)
FAIL: gcc.dg/torture/tls/tls-test.c  -O0  -pie -fpie  execution test
FAIL: gcc.dg/torture/tls/tls-test.c  -O1  -pie -fpie  (test for excess errors)
FAIL: gcc.dg/torture/tls/tls-test.c  -O1  -pie -fpie  execution test
FAIL: gcc.dg/torture/tls/tls-test.c  -O2  -pie -fpie  (test for excess errors)
FAIL: gcc.dg/torture/tls/tls-test.c  -O2  -pie -fpie  execution test
FAIL: gcc.dg/torture/tls/tls-test.c  -O3 -fomit-frame-pointer  -pie -fpie  (test for excess errors)
FAIL: gcc.dg/torture/tls/tls-test.c  -O3 -fomit-frame-pointer  -pie -fpie  execution test
FAIL: gcc.dg/torture/tls/tls-test.c  -O3 -g  -pie -fpie  (test for excess errors)
FAIL: gcc.dg/torture/tls/tls-test.c  -O3 -g  -pie -fpie  execution test
FAIL: gcc.dg/torture/tls/tls-test.c  -Os  -pie -fpie  (test for excess errors)
FAIL: gcc.dg/torture/tls/tls-test.c  -Os  -pie -fpie  execution test
FAIL: gcc.dg/torture/tls/tls-test.c  -O0  -pie -fPIE  (test for excess errors)
FAIL: gcc.dg/torture/tls/tls-test.c  -O0  -pie -fPIE  execution test
FAIL: gcc.dg/torture/tls/tls-test.c  -O1  -pie -fPIE  (test for excess errors)
FAIL: gcc.dg/torture/tls/tls-test.c  -O1  -pie -fPIE  execution test
FAIL: gcc.dg/torture/tls/tls-test.c  -O2  -pie -fPIE  (test for excess errors)
FAIL: gcc.dg/torture/tls/tls-test.c  -O2  -pie -fPIE  execution test
FAIL: gcc.dg/torture/tls/tls-test.c  -O3 -fomit-frame-pointer  -pie -fPIE  (test for excess errors)
FAIL: gcc.dg/torture/tls/tls-test.c  -O3 -fomit-frame-pointer  -pie -fPIE  execution test
FAIL: gcc.dg/torture/tls/tls-test.c  -O3 -g  -pie -fPIE  (test for excess errors)
FAIL: gcc.dg/torture/tls/tls-test.c  -O3 -g  -pie -fPIE  execution test
FAIL: gcc.dg/torture/tls/tls-test.c  -Os  -pie -fPIE  (test for excess errors)
FAIL: gcc.dg/torture/tls/tls-test.c  -Os  -pie -fPIE  execution test
FAIL: gcc.dg/torture/tls/tls-test.c  -O2 -flto -flto-partition=none  (test for excess errors)
UNRESOLVED: gcc.dg/torture/tls/tls-test.c  -O2 -flto -flto-partition=none  compilation failed to produce executable
FAIL: gcc.dg/torture/tls/tls-test.c  -O2 -flto  (test for excess errors)
UNRESOLVED: gcc.dg/torture/tls/tls-test.c  -O2 -flto  compilation failed to produce executable
XPASS: gcc.dg/tree-ssa/20030807-7.c scan-tree-dump-times vrp1 "if " 1
XPASS: gcc.dg/tree-ssa/20040204-1.c scan-tree-dump-times optimized "link_error" 0
FAIL: gcc.dg/tree-ssa/vrp47.c scan-tree-dump-times dom1 "x[^ ]* & y" 1
FAIL: gcc.target/arm/pr42172-1.c scan-assembler-times ldr 1
FAIL: gcc.target/arm/unsigned-extend-1.c scan-assembler-not uxtb

		=== gcc Summary ===

# of expected passes		70001
# of unexpected failures	141
# of unexpected successes	6
# of expected failures		104
# of unresolved testcases	14
# of unsupported tests		2911
/scratch/gcc/nightly-2011-06-21-mainline/arm-none-linux-gnueabi/obj/test-mainline-0-arm-none-linux-gnueabi/host-i686-pc-linux-gnu/fsf-mainline/bin/arm-none-linux-gnueabi-gcc  version 4.7.0 20110621 (experimental) (GCC) 

Host   is i686-pc-linux-gnu

		=== libstdc++ tests ===


Running target qemu-default-thumb/-mthumb
FAIL: 21_strings/basic_string/inserters_extractors/wchar_t/28277.cc execution test
FAIL: 22_locale/time_get/get_date/char/3.cc execution test
FAIL: 22_locale/time_get/get_date/char/wrapped_locale.cc execution test
FAIL: 22_locale/time_get/get_date/wchar_t/3.cc execution test
FAIL: 22_locale/time_get/get_date/wchar_t/wrapped_locale.cc execution test
FAIL: 22_locale/time_get/get_time/char/3.cc execution test
FAIL: 22_locale/time_get/get_time/char/wrapped_locale.cc execution test
FAIL: 22_locale/time_get/get_time/wchar_t/3.cc execution test
FAIL: 22_locale/time_get/get_time/wchar_t/wrapped_locale.cc execution test
FAIL: 22_locale/time_get/get_weekday/char/3.cc execution test
FAIL: 22_locale/time_get/get_weekday/char/38081-1.cc execution test
FAIL: 22_locale/time_get/get_weekday/char/38081-2.cc execution test
FAIL: 22_locale/time_get/get_weekday/char/wrapped_locale.cc execution test
FAIL: 22_locale/time_get/get_weekday/wchar_t/3.cc execution test
FAIL: 22_locale/time_get/get_weekday/wchar_t/wrapped_locale.cc execution test
FAIL: 22_locale/time_get/get_year/char/3.cc execution test
FAIL: 22_locale/time_get/get_year/char/wrapped_locale.cc execution test
FAIL: 27_io/basic_istream/seekg/wchar_t/fstream.cc execution test
FAIL: 27_io/basic_ostream/inserters_arithmetic/char/7.cc execution test
FAIL: 27_io/basic_ostream/inserters_arithmetic/wchar_t/5.cc execution test
FAIL: 27_io/basic_ostream/inserters_arithmetic/wchar_t/6.cc execution test
FAIL: 27_io/basic_ostream/inserters_character/wchar_t/28277-3.cc execution test
FAIL: 27_io/basic_ostream/inserters_character/wchar_t/28277-4.cc execution test
FAIL: 27_io/basic_ostream/inserters_other/wchar_t/3.cc execution test
FAIL: 27_io/manipulators/standard/char/2.cc execution test
FAIL: ext/vstring/inserters_extractors/wchar_t/28277.cc execution test

		=== libstdc++ Summary ===

# of expected passes		8320
# of unexpected failures	26
# of expected failures		45
# of unsupported tests		147

Compiler version: 4.7.0 20110621 (experimental) (GCC) 
Platform: arm-none-linux-gnueabi
configure flags: --build=i686-pc-linux-gnu --host=i686-pc-linux-gnu --target=arm-none-linux-gnueabi --enable-threads --disable-libmudflap --disable-libssp --disable-libstdcxx-pch --with-gnu-as --with-gnu-ld --enable-languages=c,c++ --enable-shared --enable-lto --enable-symvers=gnu --enable-__cxa_atexit --disable-nls --prefix=/opt/codesourcery --with-sysroot=/opt/codesourcery/arm-none-linux-gnueabi/libc --with-build-sysroot=/scratch/gcc/nightly-2011-06-21-mainline/arm-none-linux-gnueabi/install/arm-none-linux-gnueabi/libc --with-gmp=/scratch/gcc/nightly-2011-06-21-mainline/arm-none-linux-gnueabi/obj/host-libs-mainline-0-arm-none-linux-gnueabi-i686-pc-linux-gnu/usr --with-mpfr=/scratch/gcc/nightly-2011-06-21-mainline/arm-none-linux-gnueabi/obj/host-libs-mainline-0-arm-none-linux-gnueabi-i686-pc-linux-gnu/usr --with-mpc=/scratch/gcc/nightly-2011-06-21-mainline/arm-none-linux-gnueabi/obj/host-libs-mainline-0-arm-none-linux-gnueabi-i686-pc-linux-gnu/usr --with-ppl=/scratch/gcc/nig
 htly-2011-06-21-mainline/arm-none-linux-gnueabi/obj/host-libs-mainline-0-arm-none-linux-gnueabi-i686-pc-linux-gnu/usr --with-host-libstdcxx='-static-libgcc -Wl,-Bstatic,-lstdc++,-Bdynamic -lm' --with-cloog=/scratch/gcc/nightly-2011-06-21-mainline/arm-none-linux-gnueabi/obj/host-libs-mainline-0-arm-none-linux-gnueabi-i686-pc-linux-gnu/usr --with-libelf=/scratch/gcc/nightly-2011-06-21-mainline/arm-none-linux-gnueabi/obj/host-libs-mainline-0-arm-none-linux-gnueabi-i686-pc-linux-gnu/usr --disable-libgomp --enable-poison-system-directories --with-build-time-tools=/scratch/gcc/nightly-2011-06-21-mainline/arm-none-linux-gnueabi/install/arm-none-linux-gnueabi/bin --with-build-time-tools=/scratch/gcc/nightly-2011-06-21-mainline/arm-none-linux-gnueabi/install/arm-none-linux-gnueabi/bin



More information about the Gcc-testresults mailing list