Results for 4.7.0 20110619 (experimental) [trunk revision 175188] (GCC) testsuite on hppa2.0w-hp-hpux11.11
John David Anglin
dave@hiauly3.hia.nrc.ca
Tue Jun 21 00:37:00 GMT 2011
=== acats tests ===
=== acats Summary ===
# of expected passes 2321
# of unexpected failures 0
Native configuration is hppa2.0w-hp-hpux11.11
=== g++ tests ===
Running target unix
FAIL: g++.dg/cpp0x/lambda/lambda-eh2.C execution test
WARNING: g++.dg/ext/label13.C compilation failed to produce executable
WARNING: program timed out.
=== g++ Summary ===
# of expected passes 23694
# of unexpected failures 1
# of expected failures 156
# of unsupported tests 598
/test/gnu/gcc/objdir/gcc/testsuite/g++/../../g++ version 4.7.0 20110619 (experimental) [trunk revision 175188] (GCC)
=== gcc tests ===
Running target unix
FAIL: gcc.dg/debug/pr49294.c -gstabs1 (test for excess errors)
FAIL: gcc.dg/debug/pr49294.c -gstabs1 -O (test for excess errors)
FAIL: gcc.dg/debug/pr49294.c -gstabs1 -O3 (test for excess errors)
FAIL: gcc.dg/debug/pr49294.c -gstabs (test for excess errors)
FAIL: gcc.dg/debug/pr49294.c -gstabs -O (test for excess errors)
FAIL: gcc.dg/debug/pr49294.c -gstabs -O3 (test for excess errors)
FAIL: gcc.dg/debug/pr49294.c -gstabs3 (test for excess errors)
FAIL: gcc.dg/debug/pr49294.c -gstabs3 -O (test for excess errors)
FAIL: gcc.dg/debug/pr49294.c -gstabs3 -O3 (test for excess errors)
FAIL: gcc.dg/debug/pr49294.c -gstabs+1 (test for excess errors)
FAIL: gcc.dg/debug/pr49294.c -gstabs+1 -O (test for excess errors)
FAIL: gcc.dg/debug/pr49294.c -gstabs+1 -O3 (test for excess errors)
FAIL: gcc.dg/debug/pr49294.c -gstabs+ (test for excess errors)
FAIL: gcc.dg/debug/pr49294.c -gstabs+ -O (test for excess errors)
FAIL: gcc.dg/debug/pr49294.c -gstabs+ -O3 (test for excess errors)
FAIL: gcc.dg/debug/pr49294.c -gstabs+3 (test for excess errors)
FAIL: gcc.dg/debug/pr49294.c -gstabs+3 -O (test for excess errors)
FAIL: gcc.dg/debug/pr49294.c -gstabs+3 -O3 (test for excess errors)
XPASS: gcc.dg/inline_1.c (test for excess errors)
XPASS: gcc.dg/inline_2.c (test for excess errors)
FAIL: gcc.dg/memcpy-3.c scan-tree-dump-not optimized "memcpy"
FAIL: gcc.dg/memcpy-3.c scan-tree-dump-times optimized "MEM" 1
XPASS: gcc.dg/unroll_1.c (test for excess errors)
WARNING: program timed out.
XPASS: gcc.dg/tree-ssa/20030807-7.c scan-tree-dump-times vrp1 "if " 1
FAIL: gcc.dg/tree-ssa/vrp47.c scan-tree-dump-times dom1 "x[^ ]* & y" 1
=== gcc Summary ===
# of expected passes 56382
# of unexpected failures 21
# of unexpected successes 4
# of expected failures 108
# of unsupported tests 1178
/test/gnu/gcc/objdir/gcc/xgcc version 4.7.0 20110619 (experimental) [trunk revision 175188] (GCC)
=== gfortran tests ===
Running target unix
FAIL: gfortran.dg/pr45636.f90 -O scan-tree-dump-times forwprop2 "memset" 0
FAIL: gfortran.dg/guality/pr41558.f90 -O0 line 7 s == 'foo'
FAIL: gfortran.dg/guality/pr41558.f90 -O1 line 7 s == 'foo'
FAIL: gfortran.dg/guality/pr41558.f90 -O2 line 7 s == 'foo'
FAIL: gfortran.dg/guality/pr41558.f90 -O3 -fomit-frame-pointer line 7 s == 'foo'
FAIL: gfortran.dg/guality/pr41558.f90 -O3 -fomit-frame-pointer -funroll-loops line 7 s == 'foo'
FAIL: gfortran.dg/guality/pr41558.f90 -O3 -fomit-frame-pointer -funroll-all-loops -finline-functions line 7 s == 'foo'
FAIL: gfortran.dg/guality/pr41558.f90 -O3 -g line 7 s == 'foo'
FAIL: gfortran.dg/guality/pr41558.f90 -Os line 7 s == 'foo'
=== gfortran Summary ===
# of expected passes 37730
# of unexpected failures 9
# of expected failures 41
# of unsupported tests 376
/test/gnu/gcc/objdir/gcc/testsuite/gfortran/../../gfortran version 4.7.0 20110619 (experimental) [trunk revision 175188] (GCC)
=== gnat tests ===
Running target unix
=== gnat Summary ===
# of expected passes 909
# of expected failures 11
# of unsupported tests 4
/test/gnu/gcc/objdir/gcc/gnatmake version 4.7.0 20110619 (experimental) [trunk revision 175188]
=== obj-c++ tests ===
Running target unix
=== obj-c++ Summary ===
# of expected passes 1404
# of expected failures 2
# of unsupported tests 69
/test/gnu/gcc/objdir/gcc/testsuite/obj-c++/../../g++ version 4.7.0 20110619 (experimental) [trunk revision 175188] (GCC)
=== objc tests ===
Running target unix
XPASS: objc.dg/torture/forward-1.m -O0 -fgnu-runtime execution test
XPASS: objc.dg/torture/forward-1.m -O1 -fgnu-runtime execution test
XPASS: objc.dg/torture/forward-1.m -O2 -fgnu-runtime execution test
XPASS: objc.dg/torture/forward-1.m -O3 -fomit-frame-pointer -fgnu-runtime execution test
XPASS: objc.dg/torture/forward-1.m -O3 -fomit-frame-pointer -funroll-loops -fgnu-runtime execution test
XPASS: objc.dg/torture/forward-1.m -O3 -fomit-frame-pointer -funroll-all-loops -finline-functions -fgnu-runtime execution test
XPASS: objc.dg/torture/forward-1.m -O3 -g -fgnu-runtime execution test
XPASS: objc.dg/torture/forward-1.m -Os -fgnu-runtime execution test
=== objc Summary ===
# of expected passes 2898
# of unexpected successes 8
# of unsupported tests 65
/test/gnu/gcc/objdir/gcc/xgcc version 4.7.0 20110619 (experimental) [trunk revision 175188] (GCC)
=== boehm-gc tests ===
Running target unix
FAIL: boehm-gc.c/gctest.c -O2 (test for excess errors)
FAIL: boehm-gc.c/leak_test.c -O2 (test for excess errors)
FAIL: boehm-gc.c/middle.c -O2 (test for excess errors)
FAIL: boehm-gc.c/thread_leak_test.c -O2 (test for excess errors)
FAIL: boehm-gc.lib/staticrootstest.c -O2 (test for excess errors)
=== boehm-gc Summary ===
# of expected passes 7
# of unexpected failures 5
# of unsupported tests 1
=== libffi tests ===
Running target unix
=== libffi Summary ===
# of expected passes 1634
# of expected failures 10
# of unsupported tests 15
=== libgomp tests ===
Running target unix
=== libgomp Summary ===
# of expected passes 2572
# of unsupported tests 10
=== libjava tests ===
Running target unix
FAIL: LargeFile execution - source compiled test
FAIL: LargeFile -findirect-dispatch execution - source compiled test
FAIL: LargeFile -O3 execution - source compiled test
FAIL: LargeFile -O3 -findirect-dispatch execution - source compiled test
=== libjava Summary ===
# of expected passes 2566
# of unexpected failures 4
# of untested testcases 4
=== libstdc++ tests ===
Running target unix
=== libstdc++ Summary ===
# of expected passes 7032
# of expected failures 45
# of unsupported tests 781
Compiler version: 4.7.0 20110619 (experimental) [trunk revision 175188] (GCC)
Platform: hppa2.0w-hp-hpux11.11
configure flags:Test Run By dave on Mon Jun 20 01:22:40 EDT 2011
More information about the Gcc-testresults
mailing list