Results for 4.7.0 20110617 (experimental) [trunk revision 175138] (GCC) testsuite on i386-pc-solaris2.9
Rainer Orth
ro@CeBiTec.Uni-Bielefeld.DE
Mon Jun 20 09:16:00 GMT 2011
LAST_UPDATED: Fri Jun 17 17:07:01 UTC 2011 (revision 175138)
=== acats tests ===
=== acats Summary ===
# of expected passes 2321
# of unexpected failures 0
Native configuration is i386-pc-solaris2.9
=== g++ tests ===
Running target unix
FAIL: g++.dg/torture/pr43879-1_1.C -O1 execution test
FAIL: g++.dg/torture/pr43879-1_1.C -O2 execution test
FAIL: g++.dg/torture/pr43879-1_1.C -O3 -fomit-frame-pointer execution test
FAIL: g++.dg/torture/pr43879-1_1.C -O3 -g execution test
FAIL: g++.dg/torture/pr43879-1_1.C -Os execution test
FAIL: g++.dg/torture/pr43879-1_1.C -O2 -flto -flto-partition=none execution test
FAIL: g++.dg/torture/pr43879-1_1.C -O2 -flto execution test
=== g++ Summary ===
# of expected passes 27258
# of unexpected failures 7
# of expected failures 156
# of unsupported tests 183
/var/gcc/regression/trunk/9-gcc-gas-gld/build/gcc/testsuite/g++/../../g++ version 4.7.0 20110617 (experimental) [trunk revision 175138] (GCC)
=== gcc tests ===
Running target unix
XPASS: gcc.dg/inline_1.c (test for excess errors)
XPASS: gcc.dg/inline_2.c (test for excess errors)
XPASS: gcc.dg/unroll_1.c (test for excess errors)
FAIL: gcc.dg/lto/20081201-2 c_lto_20081201-2_0.o-c_lto_20081201-2_1.o execute -O3 -flto -flto-partition=1to1
FAIL: gcc.dg/lto/20110201-1 c_lto_20110201-1_0.o-c_lto_20110201-1_0.o link, -O0 -flto
UNRESOLVED: gcc.dg/lto/20110201-1 c_lto_20110201-1_0.o-c_lto_20110201-1_0.o execute -O0 -flto
FAIL: gcc.dg/lto/ipareference2 c_lto_ipareference2_0.o-c_lto_ipareference2_1.o execute -O1 -flto -flto-partition=1to1 -fwhole-program
XPASS: gcc.dg/tree-ssa/20030807-7.c scan-tree-dump-times vrp1 "if " 1
FAIL: gcc.dg/tree-ssa/vrp47.c scan-tree-dump-times dom1 "x[^ ]* & y" 1
=== gcc Summary ===
# of expected passes 78284
# of unexpected failures 4
# of unexpected successes 4
# of expected failures 241
# of unresolved testcases 1
# of unsupported tests 838
/var/gcc/regression/trunk/9-gcc-gas-gld/build/gcc/xgcc version 4.7.0 20110617 (experimental) [trunk revision 175138] (GCC)
=== gfortran tests ===
Running target unix
=== gfortran Summary ===
# of expected passes 38676
# of expected failures 53
# of unsupported tests 365
/var/gcc/regression/trunk/9-gcc-gas-gld/build/gcc/testsuite/gfortran/../../gfortran version 4.7.0 20110617 (experimental) [trunk revision 175138] (GCC)
=== gnat tests ===
Running target unix
=== gnat Summary ===
# of expected passes 899
# of expected failures 11
# of unsupported tests 4
/var/gcc/regression/trunk/9-gcc-gas-gld/build/gcc/gnatmake version 4.7.0 20110617 (experimental) [trunk revision 175138]
=== go tests ===
Running target unix
FAIL: go.test/test/fixedbugs/bug273.go execution, -O2 -g
=== go Summary ===
# of expected passes 2986
# of unexpected failures 1
# of expected failures 23
/var/gcc/regression/trunk/9-gcc-gas-gld/build/gcc/testsuite/go/../../gccgo version 4.7.0 20110617 (experimental) [trunk revision 175138] (GCC)
=== obj-c++ tests ===
Running target unix
FAIL: obj-c++.dg/invalid-type-1.mm -fgnu-runtime (test for errors, line 21)
FAIL: obj-c++.dg/invalid-type-1.mm -fgnu-runtime (test for errors, line 24)
FAIL: obj-c++.dg/invalid-type-1.mm -fgnu-runtime (test for excess errors)
=== obj-c++ Summary ===
# of expected passes 1443
# of unexpected failures 3
# of expected failures 2
# of unsupported tests 86
/var/gcc/regression/trunk/9-gcc-gas-gld/build/gcc/testsuite/obj-c++/../../g++ version 4.7.0 20110617 (experimental) [trunk revision 175138] (GCC)
=== objc tests ===
Running target unix
=== objc Summary ===
# of expected passes 2974
# of expected failures 6
# of unsupported tests 74
/var/gcc/regression/trunk/9-gcc-gas-gld/build/gcc/xgcc version 4.7.0 20110617 (experimental) [trunk revision 175138] (GCC)
=== boehm-gc tests ===
Running target unix
=== boehm-gc Summary ===
# of expected passes 12
# of unsupported tests 1
=== libffi tests ===
Running target unix
=== libffi Summary ===
# of expected passes 1634
# of expected failures 10
# of unsupported tests 15
=== libgo tests ===
Running target unix
FAIL: exec
FAIL: http
FAIL: time
FAIL: crypto/rand
=== libgo Summary ===
# of expected passes 120
# of unexpected failures 4
# of untested testcases 2
=== libgomp tests ===
Running target unix
FAIL: libgomp.graphite/force-parallel-1.c execution test
=== libgomp Summary ===
# of expected passes 2631
# of unexpected failures 1
# of unsupported tests 3
=== libjava tests ===
Running target unix
FAIL: Divide_1 output - source compiled test
FAIL: Divide_1 -findirect-dispatch output - source compiled test
FAIL: Divide_1 -O3 output - source compiled test
FAIL: Divide_1 -O3 -findirect-dispatch output - source compiled test
=== libjava Summary ===
# of expected passes 2570
# of unexpected failures 4
=== libstdc++ tests ===
Running target unix
=== libstdc++ Summary ===
# of expected passes 7078
# of expected failures 49
# of unsupported tests 764
Compiler version: 4.7.0 20110617 (experimental) [trunk revision 175138] (GCC)
Platform: i386-pc-solaris2.9
configure flags: --prefix=/vol/gcc --target=i386-pc-solaris2.9 --enable-objc-gc --with-host-libstdcxx='-Wl,-Bstatic -lstdc++ -Wl,-Bdynamic -lm' --with-boot-ldflags='-static-libstdc++ -static-libgcc -L/vol/gcc-4.4/lib' --with-as=/vol/gcc/bin/gas-2.21 --with-gnu-as --with-ld=/vol/gcc/bin/gld-2.21 --with-gnu-ld --with-gmp=/vol/gcc --with-mpfr=/vol/gcc --with-mpc=/vol/gcc --enable-languages=all,ada,obj-c++,go --with-ppl=/vol/gcc --with-cloog=/vol/gcc --enable-cloog-backend=ppl
BOOT_CFLAGS=-g -O2
More information about the Gcc-testresults
mailing list