Results for 4.7.0 20110617 (experimental) [trunk revision 175138] (GCC) testsuite on i386-pc-solaris2.10

Rainer Orth ro@CeBiTec.Uni-Bielefeld.DE
Mon Jun 20 09:15:00 GMT 2011


LAST_UPDATED: Fri Jun 17 17:07:01 UTC 2011 (revision 175138)

		=== acats tests ===

		=== acats Summary ===
# of expected passes		2321
# of unexpected failures	0
Native configuration is i386-pc-solaris2.10

		=== g++ tests ===


Running target unix
FAIL: g++.dg/torture/pr43879-1_1.C  -O1  execution test
FAIL: g++.dg/torture/pr43879-1_1.C  -O2  execution test
FAIL: g++.dg/torture/pr43879-1_1.C  -O3 -fomit-frame-pointer  execution test
FAIL: g++.dg/torture/pr43879-1_1.C  -O3 -g  execution test
FAIL: g++.dg/torture/pr43879-1_1.C  -Os  execution test
FAIL: g++.dg/torture/pr43879-1_1.C  -O2 -flto -flto-partition=none  execution test
FAIL: g++.dg/torture/pr43879-1_1.C  -O2 -flto  execution test

		=== g++ Summary for unix ===

# of expected passes		27258
# of unexpected failures	7
# of expected failures		156
# of unsupported tests		183

Running target unix/-m64
FAIL: g++.dg/torture/pr43879-1_1.C  -O1  execution test
FAIL: g++.dg/torture/pr43879-1_1.C  -O2  execution test
FAIL: g++.dg/torture/pr43879-1_1.C  -O3 -fomit-frame-pointer  execution test
FAIL: g++.dg/torture/pr43879-1_1.C  -O3 -g  execution test
FAIL: g++.dg/torture/pr43879-1_1.C  -Os  execution test
FAIL: g++.dg/torture/pr43879-1_1.C  -O2 -flto -flto-partition=none  execution test
FAIL: g++.dg/torture/pr43879-1_1.C  -O2 -flto  execution test

		=== g++ Summary for unix/-m64 ===

# of expected passes		27490
# of unexpected failures	7
# of expected failures		156
# of unsupported tests		382

		=== g++ Summary ===

# of expected passes		54748
# of unexpected failures	14
# of expected failures		312
# of unsupported tests		565
/var/gcc/regression/trunk/10-gcc-gas-gld/build/gcc/testsuite/g++/../../g++  version 4.7.0 20110617 (experimental) [trunk revision 175138] (GCC) 

		=== gcc tests ===


Running target unix
XPASS: gcc.dg/inline_1.c (test for excess errors)
XPASS: gcc.dg/inline_2.c (test for excess errors)
XPASS: gcc.dg/unroll_1.c (test for excess errors)
FAIL: gcc.dg/lto/20081201-2 c_lto_20081201-2_0.o-c_lto_20081201-2_1.o execute -O3 -flto -flto-partition=1to1
FAIL: gcc.dg/lto/20110201-1 c_lto_20110201-1_0.o-c_lto_20110201-1_0.o link,  -O0 -flto 
UNRESOLVED: gcc.dg/lto/20110201-1 c_lto_20110201-1_0.o-c_lto_20110201-1_0.o execute  -O0 -flto 
FAIL: gcc.dg/lto/ipareference2 c_lto_ipareference2_0.o-c_lto_ipareference2_1.o execute  -O1 -flto -flto-partition=1to1 -fwhole-program
XPASS: gcc.dg/tree-ssa/20030807-7.c scan-tree-dump-times vrp1 "if " 1
FAIL: gcc.dg/tree-ssa/vrp47.c scan-tree-dump-times dom1 "x[^ ]* & y" 1

		=== gcc Summary for unix ===

# of expected passes		78337
# of unexpected failures	4
# of unexpected successes	4
# of expected failures		241
# of unresolved testcases	1
# of unsupported tests		813

Running target unix/-m64
XPASS: gcc.dg/inline_1.c (test for excess errors)
XPASS: gcc.dg/inline_2.c (test for excess errors)
XPASS: gcc.dg/unroll_1.c (test for excess errors)
FAIL: gcc.dg/lto/20081201-2 c_lto_20081201-2_0.o-c_lto_20081201-2_1.o execute -O3 -flto -flto-partition=1to1
FAIL: gcc.dg/lto/20110201-1 c_lto_20110201-1_0.o-c_lto_20110201-1_0.o link,  -O0 -flto 
UNRESOLVED: gcc.dg/lto/20110201-1 c_lto_20110201-1_0.o-c_lto_20110201-1_0.o execute  -O0 -flto 
FAIL: gcc.dg/lto/ipareference2 c_lto_ipareference2_0.o-c_lto_ipareference2_1.o execute  -O1 -flto -flto-partition=1to1 -fwhole-program
XPASS: gcc.dg/tree-ssa/20030807-7.c scan-tree-dump-times vrp1 "if " 1
FAIL: gcc.dg/tree-ssa/vrp47.c scan-tree-dump-times dom1 "x[^ ]* & y" 1
FAIL: gcc.misc-tests/linkage.c link

		=== gcc Summary for unix/-m64 ===

# of expected passes		78494
# of unexpected failures	5
# of unexpected successes	4
# of expected failures		241
# of unresolved testcases	1
# of unsupported tests		1213

		=== gcc Summary ===

# of expected passes		156831
# of unexpected failures	9
# of unexpected successes	8
# of expected failures		482
# of unresolved testcases	2
# of unsupported tests		2026
/var/gcc/regression/trunk/10-gcc-gas-gld/build/gcc/xgcc  version 4.7.0 20110617 (experimental) [trunk revision 175138] (GCC) 

		=== gfortran tests ===


Running target unix

		=== gfortran Summary for unix ===

# of expected passes		38957
# of expected failures		53
# of unsupported tests		228

Running target unix/-m64

		=== gfortran Summary for unix/-m64 ===

# of expected passes		39252
# of expected failures		53
# of unsupported tests		90

		=== gfortran Summary ===

# of expected passes		78209
# of expected failures		106
# of unsupported tests		318
/var/gcc/regression/trunk/10-gcc-gas-gld/build/gcc/testsuite/gfortran/../../gfortran  version 4.7.0 20110617 (experimental) [trunk revision 175138] (GCC) 

		=== gnat tests ===


Running target unix

		=== gnat Summary for unix ===

# of expected passes		899
# of expected failures		11
# of unsupported tests		4

Running target unix/-m64

		=== gnat Summary for unix/-m64 ===

# of expected passes		899
# of expected failures		11
# of unsupported tests		4

		=== gnat Summary ===

# of expected passes		1798
# of expected failures		22
# of unsupported tests		8
/var/gcc/regression/trunk/10-gcc-gas-gld/build/gcc/gnatmake version 4.7.0 20110617 (experimental) [trunk revision 175138]

		=== go tests ===


Running target unix
FAIL: go.test/test/fixedbugs/bug273.go execution,  -O2 -g 

		=== go Summary for unix ===

# of expected passes		2986
# of unexpected failures	1
# of expected failures		23

Running target unix/-m64
FAIL: go.test/test/chan/select2.go execution,  -O2 -g 

		=== go Summary for unix/-m64 ===

# of expected passes		2986
# of unexpected failures	1
# of expected failures		23

		=== go Summary ===

# of expected passes		5972
# of unexpected failures	2
# of expected failures		46
/var/gcc/regression/trunk/10-gcc-gas-gld/build/gcc/testsuite/go/../../gccgo  version 4.7.0 20110617 (experimental) [trunk revision 175138] (GCC) 

		=== obj-c++ tests ===


Running target unix
FAIL: obj-c++.dg/invalid-type-1.mm -fgnu-runtime  (test for errors, line 21)
FAIL: obj-c++.dg/invalid-type-1.mm -fgnu-runtime  (test for errors, line 24)
FAIL: obj-c++.dg/invalid-type-1.mm -fgnu-runtime (test for excess errors)

		=== obj-c++ Summary for unix ===

# of expected passes		1443
# of unexpected failures	3
# of expected failures		2
# of unsupported tests		86

Running target unix/-m64
FAIL: obj-c++.dg/invalid-type-1.mm -fgnu-runtime  (test for errors, line 21)
FAIL: obj-c++.dg/invalid-type-1.mm -fgnu-runtime  (test for errors, line 24)
FAIL: obj-c++.dg/invalid-type-1.mm -fgnu-runtime (test for excess errors)

		=== obj-c++ Summary for unix/-m64 ===

# of expected passes		1435
# of unexpected failures	3
# of expected failures		10
# of unsupported tests		86

		=== obj-c++ Summary ===

# of expected passes		2878
# of unexpected failures	6
# of expected failures		12
# of unsupported tests		172
/var/gcc/regression/trunk/10-gcc-gas-gld/build/gcc/testsuite/obj-c++/../../g++  version 4.7.0 20110617 (experimental) [trunk revision 175138] (GCC) 

		=== objc tests ===


Running target unix

		=== objc Summary for unix ===

# of expected passes		2974
# of expected failures		6
# of unsupported tests		74

Running target unix/-m64
XPASS: objc.dg/torture/forward-1.m  -O0  -fgnu-runtime execution test
XPASS: objc.dg/torture/forward-1.m  -O1  -fgnu-runtime execution test
XPASS: objc.dg/torture/forward-1.m  -O2  -fgnu-runtime execution test
XPASS: objc.dg/torture/forward-1.m  -O3 -fomit-frame-pointer  -fgnu-runtime execution test
XPASS: objc.dg/torture/forward-1.m  -O3 -fomit-frame-pointer -funroll-loops  -fgnu-runtime execution test
XPASS: objc.dg/torture/forward-1.m  -O3 -fomit-frame-pointer -funroll-all-loops -finline-functions  -fgnu-runtime execution test
XPASS: objc.dg/torture/forward-1.m  -O3 -g  -fgnu-runtime execution test
XPASS: objc.dg/torture/forward-1.m  -Os  -fgnu-runtime execution test
XPASS: objc.dg/torture/forward-1.m  -O2 -flto -flto-partition=none  -fgnu-runtime execution test
XPASS: objc.dg/torture/forward-1.m  -O2 -flto  -fgnu-runtime execution test

		=== objc Summary for unix/-m64 ===

# of expected passes		2964
# of unexpected successes	10
# of expected failures		6
# of unsupported tests		74

		=== objc Summary ===

# of expected passes		5938
# of unexpected successes	10
# of expected failures		12
# of unsupported tests		148
/var/gcc/regression/trunk/10-gcc-gas-gld/build/gcc/xgcc  version 4.7.0 20110617 (experimental) [trunk revision 175138] (GCC) 

		=== boehm-gc tests ===


Running target unix

		=== boehm-gc Summary for unix ===

# of expected passes		12
# of unsupported tests		1

Running target unix/-m64

		=== boehm-gc Summary for unix/-m64 ===

# of expected passes		12
# of unsupported tests		1

		=== boehm-gc Summary ===

# of expected passes		24
# of unsupported tests		2
		=== libffi tests ===


Running target unix

		=== libffi Summary for unix ===

# of expected passes		1634
# of expected failures		10
# of unsupported tests		15

Running target unix/-m64

		=== libffi Summary for unix/-m64 ===

# of expected passes		1634
# of expected failures		10
# of unsupported tests		15

		=== libffi Summary ===

# of expected passes		3268
# of expected failures		20
# of unsupported tests		30
		=== libgo tests ===


Running target unix
FAIL: crypto/rand

		=== libgo Summary for unix ===

# of expected passes		123
# of unexpected failures	1
# of untested testcases		2

Running target unix/-m64
FAIL: exec
FAIL: html
FAIL: http
FAIL: log
FAIL: mime
FAIL: netchan
FAIL: os
FAIL: rpc
FAIL: strconv
FAIL: template
FAIL: time
FAIL: websocket
FAIL: archive/tar
FAIL: archive/zip
FAIL: compress/flate
FAIL: compress/lzw
FAIL: compress/zlib
FAIL: crypto/cipher
FAIL: crypto/dsa
FAIL: crypto/ecdsa
FAIL: crypto/elliptic
FAIL: crypto/openpgp
FAIL: crypto/rand
FAIL: crypto/rsa
FAIL: crypto/x509
FAIL: debug/dwarf
FAIL: debug/elf
FAIL: debug/macho
FAIL: debug/pe
FAIL: go/parser
FAIL: go/printer
FAIL: go/typechecker
FAIL: image/jpeg
FAIL: image/png
FAIL: io/ioutil
FAIL: mime/multipart
FAIL: path/filepath
FAIL: rpc/jsonrpc

		=== libgo Summary for unix/-m64 ===

# of expected passes		86
# of unexpected failures	38
# of untested testcases		2

		=== libgo Summary ===

# of expected passes		209
# of unexpected failures	39
# of untested testcases		4
/var/gcc/regression/trunk/10-gcc-gas-gld/build/./gcc/gccgo version 4.7.0 20110617 (experimental) [trunk revision 175138] (GCC)

		=== libgomp tests ===


Running target unix
FAIL: libgomp.graphite/force-parallel-1.c execution test

		=== libgomp Summary for unix ===

# of expected passes		2631
# of unexpected failures	1
# of unsupported tests		3

Running target unix/-m64
FAIL: libgomp.graphite/force-parallel-1.c execution test

		=== libgomp Summary for unix/-m64 ===

# of expected passes		2631
# of unexpected failures	1
# of unsupported tests		3

		=== libgomp Summary ===

# of expected passes		5262
# of unexpected failures	2
# of unsupported tests		6
		=== libjava tests ===


Running target unix

		=== libjava Summary for unix ===

# of expected passes		2574

Running target unix/-m64

		=== libjava Summary for unix/-m64 ===

# of expected passes		2574

		=== libjava Summary ===

# of expected passes		5148
		=== libstdc++ tests ===


Running target unix
XPASS: 22_locale/num_put/put/char/14220.cc execution test
XPASS: 22_locale/num_put/put/wchar_t/14220.cc execution test

		=== libstdc++ Summary for unix ===

# of expected passes		7682
# of unexpected successes	2
# of expected failures		46
# of unsupported tests		474

Running target unix/-m64

		=== libstdc++ Summary for unix/-m64 ===

# of expected passes		7684
# of expected failures		46
# of unsupported tests		474

		=== libstdc++ Summary ===

# of expected passes		15366
# of unexpected successes	2
# of expected failures		92
# of unsupported tests		948

Compiler version: 4.7.0 20110617 (experimental) [trunk revision 175138] (GCC) 
Platform: i386-pc-solaris2.10
configure flags: --prefix=/vol/gcc --target=i386-pc-solaris2.10 --enable-objc-gc --with-host-libstdcxx='-Wl,-Bstatic -lstdc++ -Wl,-Bdynamic -lm' --with-boot-ldflags='-static-libstdc++ -static-libgcc -L/vol/gcc-4.4/lib' --with-as=/vol/gcc/bin/gas-2.21 --with-gnu-as --with-ld=/vol/gcc/bin/gld-2.21 --with-gnu-ld --with-gmp=/vol/gcc --with-mpfr=/vol/gcc --with-mpc=/vol/gcc --enable-languages=all,ada,obj-c++,go --with-ppl=/vol/gcc --with-cloog=/vol/gcc --enable-cloog-backend=ppl
BOOT_CFLAGS=-g -O2



More information about the Gcc-testresults mailing list