Results for 4.7.0 20110618 (experimental) testsuite on sparc64-unknown-linux-gnu

Mikael Pettersson mikpe@it.uu.se
Sun Jun 19 19:21:00 GMT 2011


LAST_UPDATED: Obtained from SVN: trunk revision 175183

		=== acats tests ===
FAIL:	c391002
FAIL:	c41325a
FAIL:	c432002
FAIL:	c52101a
FAIL:	ca11005
FAIL:	ca11c01
FAIL:	ca11c02
FAIL:	ca11c03

		=== acats Summary ===
# of expected passes		2313
# of unexpected failures	8
Native configuration is sparc64-unknown-linux-gnu

		=== g++ tests ===


Running target unix
FAIL: g++.dg/guality/redeclaration1.C  -O0  line 17 i == 24
FAIL: g++.dg/guality/redeclaration1.C  -O1  line 17 i == 24
FAIL: g++.dg/guality/redeclaration1.C  -O2  line 14 i == 42
FAIL: g++.dg/guality/redeclaration1.C  -O2  line 17 i == 24
FAIL: g++.dg/guality/redeclaration1.C  -O3 -fomit-frame-pointer  line 14 i == 42
FAIL: g++.dg/guality/redeclaration1.C  -O3 -fomit-frame-pointer  line 17 i == 24
FAIL: g++.dg/guality/redeclaration1.C  -O3 -g  line 14 i == 42
FAIL: g++.dg/guality/redeclaration1.C  -O3 -g  line 17 i == 24
FAIL: g++.dg/guality/redeclaration1.C  -Os  line 14 i == 42
FAIL: g++.dg/guality/redeclaration1.C  -Os  line 17 i == 24
FAIL: g++.dg/torture/pr43879-1_1.C  -O1  execution test
FAIL: g++.dg/torture/pr43879-1_1.C  -O2  execution test
FAIL: g++.dg/torture/pr43879-1_1.C  -O3 -fomit-frame-pointer  execution test
FAIL: g++.dg/torture/pr43879-1_1.C  -O3 -g  execution test
FAIL: g++.dg/torture/pr43879-1_1.C  -Os  execution test

		=== g++ Summary ===

# of expected passes		25419
# of unexpected failures	15
# of expected failures		153
# of unsupported tests		401
/mnt/scratch/objdir47/gcc/testsuite/g++/../../g++  version 4.7.0 20110618 (experimental) (GCC) 

		=== gcc tests ===


Running target unix
FAIL: gcc.c-torture/compile/limits-exprparen.c  -O0  (internal compiler error)
FAIL: gcc.c-torture/compile/limits-exprparen.c  -O0  (test for excess errors)
FAIL: gcc.c-torture/compile/limits-exprparen.c  -O1  (internal compiler error)
FAIL: gcc.c-torture/compile/limits-exprparen.c  -O1  (test for excess errors)
FAIL: gcc.c-torture/compile/limits-exprparen.c  -O2  (internal compiler error)
FAIL: gcc.c-torture/compile/limits-exprparen.c  -O2  (test for excess errors)
FAIL: gcc.c-torture/compile/limits-exprparen.c  -O3 -fomit-frame-pointer  (internal compiler error)
FAIL: gcc.c-torture/compile/limits-exprparen.c  -O3 -fomit-frame-pointer  (test for excess errors)
FAIL: gcc.c-torture/compile/limits-exprparen.c  -O3 -g  (internal compiler error)
FAIL: gcc.c-torture/compile/limits-exprparen.c  -O3 -g  (test for excess errors)
FAIL: gcc.c-torture/compile/limits-exprparen.c  -Os  (internal compiler error)
FAIL: gcc.c-torture/compile/limits-exprparen.c  -Os  (test for excess errors)
FAIL: gcc.c-torture/execute/20000412-3.c execution,  -O1 
FAIL: gcc.c-torture/execute/20000706-1.c execution,  -Os 
FAIL: gcc.c-torture/execute/20000706-2.c execution,  -Os 
FAIL: gcc.c-torture/execute/20030914-1.c execution,  -O3 -fomit-frame-pointer 
FAIL: gcc.c-torture/execute/20030914-1.c execution,  -O3 -fomit-frame-pointer -funroll-loops 
FAIL: gcc.c-torture/execute/20030914-1.c execution,  -O3 -fomit-frame-pointer -funroll-all-loops -finline-functions 
FAIL: gcc.c-torture/execute/20030914-1.c execution,  -O3 -g 
FAIL: gcc.c-torture/execute/20041218-1.c execution,  -Os 
FAIL: gcc.c-torture/execute/931004-11.c execution,  -Os 
FAIL: gcc.c-torture/execute/931004-12.c execution,  -Os 
FAIL: gcc.c-torture/execute/stdarg-3.c execution,  -Os 
FAIL: gcc.c-torture/execute/strct-stdarg-1.c execution,  -Os 
FAIL: gcc.c-torture/execute/va-arg-22.c execution,  -O1 
FAIL: gcc.c-torture/execute/va-arg-22.c execution,  -O2 
FAIL: gcc.c-torture/execute/va-arg-22.c execution,  -Os 
FAIL: gcc.dg/cproj-fails-with-broken-glibc.c execution test
XPASS: gcc.dg/inline_1.c (test for excess errors)
XPASS: gcc.dg/inline_2.c (test for excess errors)
FAIL: gcc.dg/memcpy-3.c scan-tree-dump-not optimized "memcpy"
FAIL: gcc.dg/memcpy-3.c scan-tree-dump-times optimized "MEM" 1
XPASS: gcc.dg/unroll_1.c (test for excess errors)
XPASS: gcc.dg/guality/example.c  -O0  execution test
XPASS: gcc.dg/guality/example.c  -O1  execution test
XPASS: gcc.dg/guality/example.c  -Os  execution test
XPASS: gcc.dg/guality/guality.c  -O0  execution test
XPASS: gcc.dg/guality/guality.c  -O1  execution test
XPASS: gcc.dg/guality/guality.c  -O2  execution test
XPASS: gcc.dg/guality/guality.c  -O3 -fomit-frame-pointer  execution test
XPASS: gcc.dg/guality/guality.c  -O3 -g  execution test
XPASS: gcc.dg/guality/guality.c  -Os  execution test
XPASS: gcc.dg/guality/inline-params.c  -O2  execution test
XPASS: gcc.dg/guality/inline-params.c  -O3 -fomit-frame-pointer  execution test
XPASS: gcc.dg/guality/inline-params.c  -O3 -g  execution test
XPASS: gcc.dg/guality/inline-params.c  -Os  execution test
XPASS: gcc.dg/guality/pr41353-1.c  -O0  line 28 j == 28 + 37
FAIL: gcc.dg/guality/pr41404-1.c  -O1  line 10 *foo == 'f'
FAIL: gcc.dg/guality/pr41404-1.c  -O2  line 10 *foo == 'f'
FAIL: gcc.dg/guality/pr41404-1.c  -O3 -fomit-frame-pointer  line 10 *foo == 'f'
FAIL: gcc.dg/guality/pr41404-1.c  -O3 -g  line 10 *foo == 'f'
FAIL: gcc.dg/guality/pr41404-1.c  -Os  line 10 *foo == 'f'
XPASS: gcc.dg/guality/pr41447-1.c  -O0  execution test
XPASS: gcc.dg/guality/pr41447-1.c  -O1  execution test
XPASS: gcc.dg/guality/pr41447-1.c  -O2  execution test
XPASS: gcc.dg/guality/pr41447-1.c  -O3 -fomit-frame-pointer  execution test
XPASS: gcc.dg/guality/pr41447-1.c  -O3 -g  execution test
XPASS: gcc.dg/guality/pr41447-1.c  -Os  execution test
XPASS: gcc.dg/guality/pr41616-1.c  -O0  execution test
XPASS: gcc.dg/guality/pr41616-1.c  -O1  execution test
XPASS: gcc.dg/guality/pr41616-1.c  -O2  execution test
XPASS: gcc.dg/guality/pr41616-1.c  -O3 -fomit-frame-pointer  execution test
XPASS: gcc.dg/guality/pr41616-1.c  -O3 -g  execution test
XPASS: gcc.dg/guality/pr41616-1.c  -Os  execution test
FAIL: gcc.dg/guality/pr43479.c  -O1  line 13 h == 9
FAIL: gcc.dg/guality/sra-1.c  -O1  line 21 a.j == 14
FAIL: gcc.dg/guality/sra-1.c  -Os  line 21 a.j == 14
FAIL: gcc.dg/guality/vla-1.c  -O1  line 24 sizeof (a) == 17 * sizeof (short)
FAIL: gcc.dg/guality/vla-2.c  -O1  line 25 sizeof (a) == 6 * sizeof (int)
FAIL: gcc.dg/guality/vla-2.c  -O2  line 16 sizeof (a) == 5 * sizeof (int)
FAIL: gcc.dg/guality/vla-2.c  -O2  line 25 sizeof (a) == 6 * sizeof (int)
FAIL: gcc.dg/guality/vla-2.c  -O3 -fomit-frame-pointer  line 16 sizeof (a) == 5 * sizeof (int)
FAIL: gcc.dg/guality/vla-2.c  -O3 -fomit-frame-pointer  line 25 sizeof (a) == 6 * sizeof (int)
FAIL: gcc.dg/guality/vla-2.c  -O3 -g  line 16 sizeof (a) == 5 * sizeof (int)
FAIL: gcc.dg/guality/vla-2.c  -O3 -g  line 25 sizeof (a) == 6 * sizeof (int)
FAIL: gcc.dg/guality/vla-2.c  -Os  line 25 sizeof (a) == 6 * sizeof (int)
XPASS: gcc.dg/tree-ssa/20030807-7.c scan-tree-dump-times vrp1 "if " 1
FAIL: gcc.dg/tree-ssa/vrp47.c scan-tree-dump-times dom1 "x[^ ]* & y" 1
FAIL: gcc.dg/vect/pr48377.c execution test
FAIL: gcc.dg/vect/vect-peel-3.c scan-tree-dump-times vect "vectorized 1 loops" 1
FAIL: gcc.dg/vect/vect-peel-3.c scan-tree-dump-times vect "Alignment of access forced using peeling" 1
FAIL: gcc.dg/vect/vect-peel-4.c scan-tree-dump-times vect "vectorized 1 loops" 1

		=== gcc Summary ===

# of expected passes		60314
# of unexpected failures	52
# of unexpected successes	30
# of expected failures		209
# of unsupported tests		1176
/mnt/scratch/objdir47/gcc/xgcc  version 4.7.0 20110618 (experimental) (GCC) 

		=== gfortran tests ===


Running target unix
FAIL: gfortran.dg/actual_array_substr_1.f90  -Os  execution test
FAIL: gfortran.dg/aliasing_dummy_1.f90  -Os  execution test
FAIL: gfortran.dg/allocate_deferred_char_scalar_1.f03  -O1  execution test
FAIL: gfortran.dg/allocate_deferred_char_scalar_1.f03  -O2  execution test
FAIL: gfortran.dg/allocate_deferred_char_scalar_1.f03  -O3 -fomit-frame-pointer  execution test
FAIL: gfortran.dg/allocate_deferred_char_scalar_1.f03  -O3 -fomit-frame-pointer -funroll-loops  execution test
FAIL: gfortran.dg/allocate_deferred_char_scalar_1.f03  -O3 -fomit-frame-pointer -funroll-all-loops -finline-functions  execution test
FAIL: gfortran.dg/allocate_deferred_char_scalar_1.f03  -O3 -g  execution test
FAIL: gfortran.dg/dependency_25.f90  -O1  execution test
FAIL: gfortran.dg/dependency_25.f90  -O2  execution test
FAIL: gfortran.dg/dependency_25.f90  -Os  execution test
FAIL: gfortran.dg/der_array_1.f90  -O1  execution test
FAIL: gfortran.dg/der_array_1.f90  -O2  execution test
FAIL: gfortran.dg/der_array_1.f90  -O3 -fomit-frame-pointer  execution test
FAIL: gfortran.dg/der_array_1.f90  -O3 -fomit-frame-pointer -funroll-loops  execution test
FAIL: gfortran.dg/der_array_1.f90  -O3 -fomit-frame-pointer -funroll-all-loops -finline-functions  execution test
FAIL: gfortran.dg/der_array_1.f90  -O3 -g  execution test
FAIL: gfortran.dg/derived_init_2.f90  -Os  execution test
FAIL: gfortran.dg/extends_3.f03  -O1  execution test
FAIL: gfortran.dg/intent_out_2.f90  -O1  execution test
FAIL: gfortran.dg/intent_out_2.f90  -O2  execution test
FAIL: gfortran.dg/intent_out_2.f90  -O3 -fomit-frame-pointer  execution test
FAIL: gfortran.dg/intent_out_2.f90  -O3 -fomit-frame-pointer -funroll-loops  execution test
FAIL: gfortran.dg/intent_out_2.f90  -O3 -fomit-frame-pointer -funroll-all-loops -finline-functions  execution test
FAIL: gfortran.dg/intent_out_2.f90  -O3 -g  execution test
FAIL: gfortran.dg/intent_out_2.f90  -Os  execution test
FAIL: gfortran.fortran-torture/execute/forall_7.f90 execution,  -O2 -fomit-frame-pointer -finline-functions -funroll-loops 

		=== gfortran Summary ===

# of expected passes		38583
# of unexpected failures	27
# of expected failures		43
# of unsupported tests		259
/mnt/scratch/objdir47/gcc/testsuite/gfortran/../../gfortran  version 4.7.0 20110618 (experimental) (GCC) 

		=== gnat tests ===


Running target unix

		=== gnat Summary ===

# of expected passes		911
# of expected failures		11
# of unsupported tests		3
/mnt/scratch/objdir47/gcc/gnatmake version 4.7.0 20110618 (experimental)

		=== libgomp tests ===


Running target unix

		=== libgomp Summary ===

# of expected passes		2590
# of unsupported tests		1
		=== libstdc++ tests ===


Running target unix
FAIL: libstdc++-abi/abi_check
FAIL: 22_locale/messages/members/char/1.cc execution test
FAIL: 22_locale/messages/members/char/2.cc execution test
FAIL: 22_locale/messages/members/char/wrapped_env.cc execution test
FAIL: 22_locale/messages/members/char/wrapped_locale.cc execution test
FAIL: 22_locale/messages_byname/named_equivalence.cc execution test

		=== libstdc++ Summary ===

# of expected passes		8196
# of unexpected failures	6
# of expected failures		45
# of unsupported tests		222

Compiler version: 4.7.0 20110618 (experimental) 
Platform: sparc64-unknown-linux-gnu
configure flags: --prefix=/mnt/scratch/install47 --with-gmp=/home/mikpe/pkgs/linux-sparc64/gmp-4.3.2 --with-mpfr=/home/mikpe/pkgs/linux-sparc64/mpfr-2.4.2 --with-mpc=/home/mikpe/pkgs/linux-sparc64/mpc-0.8.2 --with-cpu=v8 --enable-multilib --disable-plugin --disable-lto --disable-nls --enable-threads=posix --enable-checking=release --disable-libmudflap --enable-languages=c,c++,fortran,ada
BOOT_CFLAGS=-g -O2



More information about the Gcc-testresults mailing list