Results for 4.7.0 20110618 (experimental) [trunk revision 175166] (GCC) testsuite on ia64-suse-linux-gnu

Andreas Schwab schwab@linux-m68k.org
Sat Jun 18 17:01:00 GMT 2011


LAST_UPDATED: Sat Jun 18 08:01:21 UTC 2011 (revision 175166)

		=== acats tests ===
FAIL:	c432002
FAIL:	c52101a
FAIL:	ca11005
FAIL:	cb1010a
FAIL:	cb1010c
FAIL:	cb1010d

		=== acats Summary ===
# of expected passes		2315
# of unexpected failures	6
Native configuration is ia64-suse-linux-gnu

		=== g++ tests ===


Running target unix
FAIL: g++.dg/inherit/covariant7.C scan-tree-dump class "48    .*c6::_ZTcv0_n32_v0_n24_NV2c62f2Ev"
FAIL: g++.dg/inherit/covariant7.C scan-tree-dump class "56    .*c6::f2"
FAIL: g++.dg/inherit/covariant7.C scan-tree-dump class "168   .*c6::_ZTv0_n32_NV2c62f2Ev"
FAIL: g++.dg/torture/pr30252.C  -Os  execution test
FAIL: g++.dg/torture/pr43784.C  -Os  execution test
FAIL: g++.dg/torture/pr43879-1_1.C  -O1  execution test
FAIL: g++.dg/torture/pr43879-1_1.C  -O2  execution test
FAIL: g++.dg/torture/pr43879-1_1.C  -O3 -fomit-frame-pointer  execution test
FAIL: g++.dg/torture/pr43879-1_1.C  -O3 -g  execution test
FAIL: g++.dg/torture/pr43879-1_1.C  -Os  execution test

		=== g++ Summary ===

# of expected passes		26387
# of unexpected failures	10
# of expected failures		155
# of unsupported tests		397
/usr/local/gcc/gcc-20110618/Build/gcc/testsuite/g++/../../g++  version 4.7.0 20110618 (experimental) [trunk revision 175166] (GCC) 

		=== gcc tests ===


Running target unix
FAIL: gcc.c-torture/execute/20020215-1.c execution,  -Os 
FAIL: gcc.c-torture/execute/va-arg-22.c execution,  -Os 
FAIL: gcc.dg/cproj-fails-with-broken-glibc.c execution test
XPASS: gcc.dg/inline_1.c (test for excess errors)
XPASS: gcc.dg/inline_2.c (test for excess errors)
FAIL: gcc.dg/memcpy-3.c scan-tree-dump-not optimized "memcpy"
FAIL: gcc.dg/memcpy-3.c scan-tree-dump-times optimized "MEM" 1
FAIL: gcc.dg/struct-by-value-1.c execution test
XPASS: gcc.dg/unroll_1.c (test for excess errors)
XPASS: gcc.dg/guality/example.c  -O0  execution test
WARNING: program timed out.
XPASS: gcc.dg/guality/guality.c  -O0  execution test
WARNING: program timed out.
FAIL: gcc.dg/guality/inline-params.c  -O0  execution test
FAIL: gcc.dg/guality/inline-params.c  -O1  execution test
FAIL: gcc.dg/guality/nrv-1.c  -O3 -fomit-frame-pointer  line 20 a2.i[0] == 42
FAIL: gcc.dg/guality/nrv-1.c  -O3 -g  line 20 a2.i[0] == 42
FAIL: gcc.dg/guality/pr36728-1.c  -O0  line 12 y == 2
FAIL: gcc.dg/guality/pr36728-1.c  -O1  line 14 *x == (char) 25
XPASS: gcc.dg/guality/pr41353-1.c  -O0  line 28 j == 28 + 37
FAIL: gcc.dg/guality/pr41353-1.c  -O3 -fomit-frame-pointer  line 39 i == 12
FAIL: gcc.dg/guality/pr41353-1.c  -O3 -g  line 39 i == 12
XPASS: gcc.dg/guality/pr41447-1.c  -O0  execution test
WARNING: program timed out.
XPASS: gcc.dg/guality/pr41616-1.c  -O0  execution test
FAIL: gcc.dg/guality/pr43051-1.c  -O1  line 39 c == &a[0]
FAIL: gcc.dg/guality/pr43077-1.c  -O0  line 19 vara == 1
FAIL: gcc.dg/guality/pr43077-1.c  -O1  line 42 b == 2
FAIL: gcc.dg/guality/pr43077-1.c  -O1  line 42 varc == 3
FAIL: gcc.dg/guality/pr43077-1.c  -O2  line 42 varc == 3
FAIL: gcc.dg/guality/pr43077-1.c  -O3 -fomit-frame-pointer  line 42 varb == 2
FAIL: gcc.dg/guality/pr43077-1.c  -O3 -g  line 42 varb == 2
FAIL: gcc.dg/guality/pr43077-1.c  -Os  line 42 varc == 3
FAIL: gcc.dg/guality/pr43077-1.c  -O2 -flto -flto-partition=none  line 42 varc == 3
FAIL: gcc.dg/guality/pr43077-1.c  -O2 -flto  line 42 varc == 3
FAIL: gcc.dg/guality/pr43177.c  -O3 -fomit-frame-pointer  line 15 x == 7
FAIL: gcc.dg/guality/pr43177.c  -O3 -fomit-frame-pointer  line 24 x == 7
FAIL: gcc.dg/guality/pr43177.c  -O3 -g  line 15 x == 7
FAIL: gcc.dg/guality/pr43177.c  -O3 -g  line 24 x == 7
FAIL: gcc.dg/guality/vla-1.c  -O0  line 17 sizeof (a) == 6
FAIL: gcc.dg/guality/vla-1.c  -O0  line 24 sizeof (a) == 17 * sizeof (short)
FAIL: gcc.dg/guality/vla-1.c  -O1  line 24 sizeof (a) == 17 * sizeof (short)
FAIL: gcc.dg/guality/vla-1.c  -O3 -fomit-frame-pointer  line 17 i == 5
FAIL: gcc.dg/guality/vla-1.c  -O3 -fomit-frame-pointer  line 24 i == 5
FAIL: gcc.dg/guality/vla-1.c  -O3 -g  line 17 i == 5
FAIL: gcc.dg/guality/vla-1.c  -O3 -g  line 24 i == 5
FAIL: gcc.dg/guality/vla-2.c  -O2 -flto -flto-partition=none  line 16 sizeof (a) == 5 * sizeof (int)
FAIL: gcc.dg/guality/vla-2.c  -O2 -flto  line 16 sizeof (a) == 5 * sizeof (int)
XPASS: gcc.dg/tree-ssa/20030807-7.c scan-tree-dump-times vrp1 "if " 1
XPASS: gcc.dg/tree-ssa/20040204-1.c scan-tree-dump-times optimized "link_error" 0
XPASS: gcc.dg/tree-ssa/loop-1.c scan-assembler-times foo 5
FAIL: gcc.dg/tree-ssa/vrp47.c scan-tree-dump-times dom1 "x[^ ]* & y" 1
XPASS: gcc.dg/vect/pr33953.c scan-tree-dump-times vect "vectorized 1 loops" 1
XPASS: gcc.dg/vect/pr33953.c scan-tree-dump-times vect "vectorizing stmts using SLP" 1
XPASS: gcc.dg/vect/vect-35.c scan-tree-dump-times vect "vectorized 2 loops" 1
XPASS: gcc.dg/vect/vect-outer-5.c scan-tree-dump-times vect "zero step in outer loop." 1
FAIL: gcc.dg/vect/vect-peel-3.c scan-tree-dump-times vect "vectorized 1 loops" 1
FAIL: gcc.dg/vect/vect-peel-3.c scan-tree-dump-times vect "Alignment of access forced using peeling" 1
FAIL: gcc.dg/vect/vect-peel-4.c scan-tree-dump-times vect "vectorized 1 loops" 1
XPASS: gcc.dg/vect/pr33953.c -flto scan-tree-dump-times vect "vectorized 1 loops" 1
XPASS: gcc.dg/vect/pr33953.c -flto scan-tree-dump-times vect "vectorizing stmts using SLP" 1
XPASS: gcc.dg/vect/vect-35.c -flto scan-tree-dump-times vect "vectorized 2 loops" 1
XPASS: gcc.dg/vect/vect-outer-5.c -flto scan-tree-dump-times vect "zero step in outer loop." 1
FAIL: gcc.dg/vect/vect-peel-3.c -flto scan-tree-dump-times vect "vectorized 1 loops" 1
FAIL: gcc.dg/vect/vect-peel-3.c -flto scan-tree-dump-times vect "Alignment of access forced using peeling" 1
FAIL: gcc.dg/vect/vect-peel-4.c -flto scan-tree-dump-times vect "vectorized 1 loops" 1
XPASS: gcc.dg/vect/no-scevccp-outer-21.c scan-tree-dump-times vect "OUTER LOOP VECTORIZED." 1
XPASS: gcc.dg/vect/if-cvt-stores-vect-ifcvt-18.c scan-tree-dump-times vect "vectorized 1 loops" 1

		=== gcc Summary ===

# of expected passes		72659
# of unexpected failures	44
# of unexpected successes	21
# of expected failures		343
# of unsupported tests		1403
/usr/local/gcc/gcc-20110618/Build/gcc/xgcc  version 4.7.0 20110618 (experimental) [trunk revision 175166] (GCC) 

		=== gfortran tests ===


Running target unix
FAIL: gfortran.dg/actual_array_substr_1.f90  -Os  execution test
FAIL: gfortran.dg/aliasing_dummy_1.f90  -Os  execution test
FAIL: gfortran.dg/dependency_25.f90  -Os  execution test
FAIL: gfortran.dg/derived_init_2.f90  -Os  execution test
FAIL: gfortran.dg/intent_out_2.f90  -Os  execution test
FAIL: gfortran.dg/structure_constructor_5.f03  -Os  execution test

		=== gfortran Summary ===

# of expected passes		39099
# of unexpected failures	6
# of expected failures		49
# of unsupported tests		68
/usr/local/gcc/gcc-20110618/Build/gcc/testsuite/gfortran/../../gfortran  version 4.7.0 20110618 (experimental) [trunk revision 175166] (GCC) 

		=== gnat tests ===


Running target unix
FAIL: gnat.dg/stack_check1.adb execution test
FAIL: gnat.dg/stack_check2.adb execution test

		=== gnat Summary ===

# of expected passes		900
# of unexpected failures	2
# of expected failures		11
# of unsupported tests		3
/usr/local/gcc/gcc-20110618/Build/gcc/gnatmake version 4.7.0 20110618 (experimental) [trunk revision 175166]

		=== obj-c++ tests ===


Running target unix
FAIL: obj-c++.dg/invalid-type-1.mm -fgnu-runtime  (test for errors, line 21)
FAIL: obj-c++.dg/invalid-type-1.mm -fgnu-runtime  (test for errors, line 24)
FAIL: obj-c++.dg/invalid-type-1.mm -fgnu-runtime (test for excess errors)

		=== obj-c++ Summary ===

# of expected passes		1435
# of unexpected failures	3
# of expected failures		10
# of unsupported tests		86
/usr/local/gcc/gcc-20110618/Build/gcc/testsuite/obj-c++/../../g++  version 4.7.0 20110618 (experimental) [trunk revision 175166] (GCC) 

		=== objc tests ===


Running target unix
XPASS: objc.dg/torture/forward-1.m  -O0  -fgnu-runtime execution test
XPASS: objc.dg/torture/forward-1.m  -O1  -fgnu-runtime execution test
XPASS: objc.dg/torture/forward-1.m  -O2  -fgnu-runtime execution test
XPASS: objc.dg/torture/forward-1.m  -O3 -fomit-frame-pointer  -fgnu-runtime execution test
XPASS: objc.dg/torture/forward-1.m  -O3 -fomit-frame-pointer -funroll-loops  -fgnu-runtime execution test
XPASS: objc.dg/torture/forward-1.m  -O3 -fomit-frame-pointer -funroll-all-loops -finline-functions  -fgnu-runtime execution test
XPASS: objc.dg/torture/forward-1.m  -O3 -g  -fgnu-runtime execution test
XPASS: objc.dg/torture/forward-1.m  -Os  -fgnu-runtime execution test
XPASS: objc.dg/torture/forward-1.m  -O2 -flto -flto-partition=none  -fgnu-runtime execution test
XPASS: objc.dg/torture/forward-1.m  -O2 -flto  -fgnu-runtime execution test

		=== objc Summary ===

# of expected passes		2968
# of unexpected successes	10
# of unsupported tests		75
/usr/local/gcc/gcc-20110618/Build/gcc/xgcc  version 4.7.0 20110618 (experimental) [trunk revision 175166] (GCC) 

		=== boehm-gc tests ===


Running target unix
FAIL: boehm-gc.c/thread_leak_test.c -O2 (test for excess errors)

		=== boehm-gc Summary ===

# of expected passes		11
# of unexpected failures	1
# of unsupported tests		1
		=== libffi tests ===


Running target unix

		=== libffi Summary ===

# of expected passes		1634
# of expected failures		10
# of unsupported tests		15
		=== libgomp tests ===


Running target unix
FAIL: libgomp.c/omp-loop03.c execution test
FAIL: libgomp.c++/loop-3.C  -O  execution test

		=== libgomp Summary ===

# of expected passes		2590
# of unexpected failures	2
		=== libjava tests ===


Running target unix
FAIL: getlocalvartable output
FAIL: Throw_3 -O3 output - source compiled test
FAIL: Throw_3 -O3 -findirect-dispatch output - source compiled test

		=== libjava Summary ===

# of expected passes		2571
# of unexpected failures	3
		=== libmudflap tests ===


Running target unix
FAIL: libmudflap.c++/pass55-frag.cxx ( -O) execution test

		=== libmudflap Summary ===

# of expected passes		1893
# of unexpected failures	1
		=== libstdc++ tests ===


Running target unix

		=== libstdc++ Summary ===

# of expected passes		8353
# of expected failures		45
# of unsupported tests		140

Compiler version: 4.7.0 20110618 (experimental) [trunk revision 175166] (GCC) 
Platform: ia64-suse-linux-gnu
configure flags: --prefix=/usr --build=ia64-suse-linux --host=ia64-suse-linux --enable-shared --enable-threads --enable-__cxa_atexit --with-system-zlib --with-system-libunwind



More information about the Gcc-testresults mailing list