Results for 4.6.1 20110616 (prerelease) [gcc-4_6-branch revision 175112] (GCC) testsuite on hppa2.0w-hp-hpux11.11
John David Anglin
dave@hiauly3.hia.nrc.ca
Sat Jun 18 04:03:00 GMT 2011
=== acats tests ===
FAIL: c9a011b
=== acats Summary ===
# of expected passes 2320
# of unexpected failures 1
Native configuration is hppa2.0w-hp-hpux11.11
=== g++ tests ===
Running target unix
FAIL: g++.dg/cpp0x/lambda/lambda-eh2.C execution test
WARNING: g++.dg/ext/label13.C compilation failed to produce executable
WARNING: program timed out.
=== g++ Summary ===
# of expected passes 23371
# of unexpected failures 1
# of expected failures 165
# of unsupported tests 588
/mnt/gnu/gcc/objdir-test/gcc/testsuite/g++/../../g++ version 4.6.1 20110616 (prerelease) [gcc-4_6-branch revision 175112] (GCC)
=== gcc tests ===
Running target unix
WARNING: program timed out.
=== gcc Summary ===
# of expected passes 55945
# of expected failures 132
# of unsupported tests 1167
/mnt/gnu/gcc/objdir-test/gcc/xgcc version 4.6.1 20110616 (prerelease) [gcc-4_6-branch revision 175112] (GCC)
=== gfortran tests ===
Running target unix
FAIL: gfortran.dg/pr45636.f90 -O scan-tree-dump-times forwprop2 "memset" 0
FAIL: gfortran.dg/guality/pr41558.f90 -O0 line 7 s == 'foo'
FAIL: gfortran.dg/guality/pr41558.f90 -O1 line 7 s == 'foo'
FAIL: gfortran.dg/guality/pr41558.f90 -O2 line 7 s == 'foo'
FAIL: gfortran.dg/guality/pr41558.f90 -O3 -fomit-frame-pointer line 7 s == 'foo'
FAIL: gfortran.dg/guality/pr41558.f90 -O3 -fomit-frame-pointer -funroll-loops line 7 s == 'foo'
FAIL: gfortran.dg/guality/pr41558.f90 -O3 -fomit-frame-pointer -funroll-all-loops -finline-functions line 7 s == 'foo'
FAIL: gfortran.dg/guality/pr41558.f90 -O3 -g line 7 s == 'foo'
FAIL: gfortran.dg/guality/pr41558.f90 -Os line 7 s == 'foo'
=== gfortran Summary ===
# of expected passes 37194
# of unexpected failures 9
# of expected failures 41
# of unsupported tests 375
/mnt/gnu/gcc/objdir-test/gcc/testsuite/gfortran/../../gfortran version 4.6.1 20110616 (prerelease) [gcc-4_6-branch revision 175112] (GCC)
=== gnat tests ===
Running target unix
=== gnat Summary ===
# of expected passes 870
# of expected failures 10
# of unsupported tests 3
/mnt/gnu/gcc/objdir-test/gcc/gnatmake version 4.6.1 20110616 (prerelease) [gcc-4_6-branch revision 175112]
=== obj-c++ tests ===
Running target unix
FAIL: obj-c++.dg/invalid-type-1.mm -fgnu-runtime (test for errors, line 21)
FAIL: obj-c++.dg/invalid-type-1.mm -fgnu-runtime (test for errors, line 24)
FAIL: obj-c++.dg/invalid-type-1.mm -fgnu-runtime (test for excess errors)
=== obj-c++ Summary ===
# of expected passes 1341
# of unexpected failures 3
# of expected failures 2
# of unsupported tests 69
/mnt/gnu/gcc/objdir-test/gcc/testsuite/obj-c++/../../g++ version 4.6.1 20110616 (prerelease) [gcc-4_6-branch revision 175112] (GCC)
=== objc tests ===
Running target unix
=== objc Summary ===
# of expected passes 2844
# of expected failures 8
# of unsupported tests 65
/mnt/gnu/gcc/objdir-test/gcc/xgcc version 4.6.1 20110616 (prerelease) [gcc-4_6-branch revision 175112] (GCC)
=== libffi tests ===
Running target unix
=== libffi Summary ===
# of expected passes 1634
# of expected failures 10
# of unsupported tests 15
=== libgomp tests ===
Running target unix
=== libgomp Summary ===
# of expected passes 2572
# of unsupported tests 10
=== libjava tests ===
Running target unix
FAIL: LargeFile execution - source compiled test
FAIL: LargeFile -findirect-dispatch execution - source compiled test
FAIL: LargeFile -O3 execution - source compiled test
FAIL: LargeFile -O3 -findirect-dispatch execution - source compiled test
=== libjava Summary ===
# of expected passes 2566
# of unexpected failures 4
# of untested testcases 4
=== libstdc++ tests ===
Running target unix
=== libstdc++ Summary ===
# of expected passes 6867
# of expected failures 82
# of unsupported tests 737
Compiler version: 4.6.1 20110616 (prerelease) [gcc-4_6-branch revision 175112] (GCC)
Platform: hppa2.0w-hp-hpux11.11
configure flags:Test Run By dave on Fri Jun 17 02:13:40 EDT 2011
More information about the Gcc-testresults
mailing list