Results for 4.7.0 20110605 (experimental) [trunk revision 174673] (GCC) testsuite on hppa2.0w-hp-hpux11.00

John David Anglin dave@hiauly2.hia.nrc.ca
Tue Jun 14 22:26:00 GMT 2011


		=== acats tests ===

		=== acats Summary ===
# of expected passes		2321
# of unexpected failures	0
Native configuration is hppa2.0w-hp-hpux11.00

		=== g++ tests ===


Running target unix
FAIL: g++.dg/cpp0x/lambda/lambda-eh2.C execution test
WARNING: g++.dg/ext/label13.C compilation failed to produce executable
FAIL: g++.dg/opt/devirt2.C scan-assembler-times xyzzy 2
WARNING: program timed out.
FAIL: g++.dg/torture/pr48954.C  -O0  (test for excess errors)
FAIL: g++.dg/torture/pr48954.C  -O1  (test for excess errors)
FAIL: g++.dg/torture/pr48954.C  -O2  (test for excess errors)
FAIL: g++.dg/torture/pr48954.C  -O3 -fomit-frame-pointer  (test for excess errors)
FAIL: g++.dg/torture/pr48954.C  -O3 -fomit-frame-pointer -funroll-loops  (test for excess errors)
FAIL: g++.dg/torture/pr48954.C  -O3 -fomit-frame-pointer -funroll-all-loops -finline-functions  (test for excess errors)
FAIL: g++.dg/torture/pr48954.C  -O3 -g  (test for excess errors)
FAIL: g++.dg/torture/pr48954.C  -Os  (test for excess errors)

		=== g++ Summary ===

# of expected passes		23659
# of unexpected failures	10
# of expected failures		157
# of unsupported tests		590
/home/gnu/gcc/objdir/gcc/testsuite/g++/../../g++  version 4.7.0 20110605 (experimental) [trunk revision 174673] (GCC) 

		=== gcc tests ===


Running target unix
FAIL: gcc.dg/memcpy-3.c scan-tree-dump-not optimized "memcpy"
FAIL: gcc.dg/memcpy-3.c scan-tree-dump-times optimized "MEM" 1
WARNING: program timed out.
XPASS: gcc.dg/tree-ssa/20030807-7.c scan-tree-dump-times vrp1 "if " 1
FAIL: gcc.dg/tree-ssa/vrp47.c scan-tree-dump-times dom1 "x[^ ]* & y" 1

		=== gcc Summary ===

# of expected passes		56145
# of unexpected failures	3
# of unexpected successes	1
# of expected failures		108
# of unsupported tests		1170
/home/gnu/gcc/objdir/gcc/xgcc  version 4.7.0 20110605 (experimental) [trunk revision 174673] (GCC) 

		=== gfortran tests ===


Running target unix
FAIL: gfortran.dg/pr45636.f90  -O  scan-tree-dump-times forwprop2 "memset" 0

		=== gfortran Summary ===

# of expected passes		37623
# of unexpected failures	1
# of expected failures		41
# of unsupported tests		384
/home/gnu/gcc/objdir/gcc/testsuite/gfortran/../../gfortran  version 4.7.0 20110605 (experimental) [trunk revision 174673] (GCC) 

		=== gnat tests ===


Running target unix

		=== gnat Summary ===

# of expected passes		895
# of expected failures		11
# of unsupported tests		4
/home/gnu/gcc/objdir/gcc/gnatmake version 4.7.0 20110605 (experimental) [trunk revision 174673]

		=== obj-c++ tests ===


Running target unix
FAIL: obj-c++.dg/exceptions-3.mm -fgnu-runtime (test for excess errors)
FAIL: obj-c++.dg/exceptions-4.mm -fgnu-runtime (test for excess errors)
FAIL: obj-c++.dg/exceptions-5.mm -fgnu-runtime (test for excess errors)
FAIL: obj-c++.dg/fobjc-exceptions-1.mm -fgnu-runtime (test for excess errors)
FAIL: obj-c++.dg/fobjc-exceptions-2.mm -fgnu-runtime (test for excess errors)
FAIL: obj-c++.dg/fobjc-exceptions-3.mm -fgnu-runtime (test for excess errors)
FAIL: obj-c++.dg/try-catch-13.mm -fgnu-runtime (test for excess errors)
FAIL: obj-c++.dg/try-catch-4.mm -fgnu-runtime (internal compiler error)
FAIL: obj-c++.dg/try-catch-4.mm -fgnu-runtime (test for excess errors)

		=== obj-c++ Summary ===

# of expected passes		1394
# of unexpected failures	9
# of expected failures		2
# of unsupported tests		69
/home/gnu/gcc/objdir/gcc/testsuite/obj-c++/../../g++  version 4.7.0 20110605 (experimental) [trunk revision 174673] (GCC) 

		=== objc tests ===


Running target unix

		=== objc Summary ===

# of expected passes		2898
# of expected failures		8
# of unsupported tests		65
/home/gnu/gcc/objdir/gcc/xgcc  version 4.7.0 20110605 (experimental) [trunk revision 174673] (GCC) 

		=== boehm-gc tests ===


Running target unix
FAIL: boehm-gc.c/gctest.c -O2 (test for excess errors)
FAIL: boehm-gc.c/leak_test.c -O2 (test for excess errors)
FAIL: boehm-gc.c/middle.c -O2 (test for excess errors)
FAIL: boehm-gc.c/thread_leak_test.c -O2 (test for excess errors)
FAIL: boehm-gc.lib/staticrootstest.c -O2 (test for excess errors)

		=== boehm-gc Summary ===

# of expected passes		7
# of unexpected failures	5
# of unsupported tests		1
		=== libffi tests ===


Running target unix

		=== libffi Summary ===

# of expected passes		1634
# of expected failures		10
# of unsupported tests		15
		=== libgomp tests ===


Running target unix

		=== libgomp Summary ===

# of expected passes		2572
# of unsupported tests		10
		=== libjava tests ===


Running target unix
FAIL: LargeFile execution - source compiled test
FAIL: LargeFile -findirect-dispatch execution - source compiled test
FAIL: LargeFile -O3 execution - source compiled test
FAIL: LargeFile -O3 -findirect-dispatch execution - source compiled test

		=== libjava Summary ===

# of expected passes		2566
# of unexpected failures	4
# of untested testcases		4
		=== libstdc++ tests ===


Running target unix
WARNING: program timed out.
FAIL: 23_containers/vector/bool/modifiers/insert/31370.cc execution test

		=== libstdc++ Summary ===

# of expected passes		6018
# of unexpected failures	1
# of expected failures		81
# of unsupported tests		621

Compiler version: 4.7.0 20110605 (experimental) [trunk revision 174673] (GCC) 
Platform: hppa2.0w-hp-hpux11.00
configure flags:Test Run By dave on Sun Jun 12 04:40:42 EDT 2011



More information about the Gcc-testresults mailing list