Results for 4.5.4 20110610 (prerelease) [gcc-4_5-branch revision 174874] (GCC) testsuite on i386-pc-solaris2.10

Rainer Orth ro@CeBiTec.Uni-Bielefeld.DE
Tue Jun 14 10:30:00 GMT 2011


LAST_UPDATED: Fri Jun 10 15:13:09 UTC 2011 (revision 174874)

		=== acats tests ===

		=== acats Summary ===
# of expected passes		2321
# of unexpected failures	0
Native configuration is i386-pc-solaris2.10

		=== g++ tests ===


Running target unix

		=== g++ Summary for unix ===

# of expected passes		23184
# of expected failures		154
# of unsupported tests		166

Running target unix/-m64

		=== g++ Summary for unix/-m64 ===

# of expected passes		22804
# of expected failures		154
# of unsupported tests		349

		=== g++ Summary ===

# of expected passes		45988
# of expected failures		308
# of unsupported tests		515
/var/gcc/regression/gcc-4.5-branch/10-gcc-gas/build/gcc/testsuite/g++/../../g++  version 4.5.4 20110610 (prerelease) [gcc-4_5-branch revision 174874] (GCC) 

		=== gcc tests ===


Running target unix
FAIL: gcc.dg/lto/20081201-2 c_lto_20081201-2_0.o-c_lto_20081201-2_1.o execute -O3 -fwhopr

		=== gcc Summary for unix ===

# of expected passes		71620
# of unexpected failures	1
# of expected failures		167
# of unsupported tests		710

Running target unix/-m64
FAIL: gcc.dg/lto/20081201-2 c_lto_20081201-2_0.o-c_lto_20081201-2_1.o execute -O3 -fwhopr

		=== gcc Summary for unix/-m64 ===

# of expected passes		71156
# of unexpected failures	1
# of expected failures		165
# of unsupported tests		1064

		=== gcc Summary ===

# of expected passes		142776
# of unexpected failures	2
# of expected failures		332
# of unsupported tests		1774
/var/gcc/regression/gcc-4.5-branch/10-gcc-gas/build/gcc/xgcc  version 4.5.4 20110610 (prerelease) [gcc-4_5-branch revision 174874] (GCC) 

		=== gfortran tests ===


Running target unix

		=== gfortran Summary for unix ===

# of expected passes		34401
# of expected failures		20
# of unsupported tests		146

Running target unix/-m64

		=== gfortran Summary for unix/-m64 ===

# of expected passes		34554
# of expected failures		20
# of unsupported tests		78

		=== gfortran Summary ===

# of expected passes		68955
# of expected failures		40
# of unsupported tests		224
/var/gcc/regression/gcc-4.5-branch/10-gcc-gas/build/gcc/testsuite/gfortran/../../gfortran  version 4.5.4 20110610 (prerelease) [gcc-4_5-branch revision 174874] (GCC) 

		=== gnat tests ===


Running target unix

		=== gnat Summary for unix ===

# of expected passes		766
# of expected failures		7
# of unsupported tests		1

Running target unix/-m64

		=== gnat Summary for unix/-m64 ===

# of expected passes		766
# of expected failures		7
# of unsupported tests		1

		=== gnat Summary ===

# of expected passes		1532
# of expected failures		14
# of unsupported tests		2
		=== objc tests ===


Running target unix

		=== objc Summary for unix ===

# of expected passes		1882
# of expected failures		7
# of unsupported tests		20

Running target unix/-m64

		=== objc Summary for unix/-m64 ===

# of expected passes		1874
# of expected failures		15
# of unsupported tests		20

		=== objc Summary ===

# of expected passes		3756
# of expected failures		22
# of unsupported tests		40
/var/gcc/regression/gcc-4.5-branch/10-gcc-gas/build/gcc/xgcc  version 4.5.4 20110610 (prerelease) [gcc-4_5-branch revision 174874] (GCC) 

		=== libffi tests ===


Running target unix

		=== libffi Summary for unix ===

# of expected passes		1634
# of expected failures		10
# of unsupported tests		15

Running target unix/-m64

		=== libffi Summary for unix/-m64 ===

# of expected passes		1634
# of expected failures		10
# of unsupported tests		15

		=== libffi Summary ===

# of expected passes		3268
# of expected failures		20
# of unsupported tests		30
		=== libgomp tests ===


Running target unix

		=== libgomp Summary for unix ===

# of expected passes		2554
# of unsupported tests		2

Running target unix/-m64

		=== libgomp Summary for unix/-m64 ===

# of expected passes		2554
# of unsupported tests		2

		=== libgomp Summary ===

# of expected passes		5108
# of unsupported tests		4
		=== libjava tests ===


Running target unix

		=== libjava Summary for unix ===

# of expected passes		2574

Running target unix/-m64

		=== libjava Summary for unix/-m64 ===

# of expected passes		2574

		=== libjava Summary ===

# of expected passes		5148
		=== libstdc++ tests ===


Running target unix
XPASS: 22_locale/num_put/put/char/14220.cc execution test
XPASS: 22_locale/num_put/put/wchar_t/14220.cc execution test

		=== libstdc++ Summary for unix ===

# of expected passes		6696
# of unexpected successes	2
# of expected failures		93
# of unsupported tests		436

Running target unix/-m64

		=== libstdc++ Summary for unix/-m64 ===

# of expected passes		6698
# of expected failures		93
# of unsupported tests		436

		=== libstdc++ Summary ===

# of expected passes		13394
# of unexpected successes	2
# of expected failures		186
# of unsupported tests		872

		=== libstdc++ Summary ===


Compiler version: 4.5.4 20110610 (prerelease) [gcc-4_5-branch revision 174874] (GCC) 
Platform: i386-pc-solaris2.10
configure flags: --prefix=/vol/gcc --target=i386-pc-solaris2.10 --with-as=/vol/gcc/bin/gas-2.21 --with-gnu-as --with-gmp=/vol/gcc --with-mpfr=/vol/gcc --with-mpc=/vol/gcc --enable-languages=all,ada --without-ppl --without-cloog
BOOT_CFLAGS=-g -O2



More information about the Gcc-testresults mailing list