Results for 4.7.0 20110612 (experimental) (GCC) testsuite on s390-ibm-linux-gnu default

Andreas Krebbel Andreas.Krebbel@de.ibm.com
Mon Jun 13 02:09:00 GMT 2011


LAST_UPDATED: Mon Jun 13 00:21:41 UTC 2011 (revision 174974)

Native configuration is s390-ibm-linux-gnu default

		=== g++ tests ===


Running target unix
FAIL: g++.dg/torture/pr43879-1_1.C  -O1  execution test
FAIL: g++.dg/torture/pr43879-1_1.C  -O2  execution test
FAIL: g++.dg/torture/pr43879-1_1.C  -O3 -fomit-frame-pointer  execution test
FAIL: g++.dg/torture/pr43879-1_1.C  -O3 -g  execution test
FAIL: g++.dg/torture/pr43879-1_1.C  -Os  execution test

		=== g++ Summary ===

# of expected passes		27097
# of unexpected failures	5
# of expected failures		155
# of unsupported tests		411
-default/gcc/testsuite/g++/../../g++  version 4.7.0 20110612 (experimental) (GCC) 

		=== gcc tests ===


Running target unix
FAIL: gcc.dg/binop-xor1.c scan-tree-dump-times optimized "<bb[^>]*>" 5
FAIL: gcc.dg/binop-xor1.c scan-tree-dump-times optimized "\\^" 1
FAIL: gcc.dg/binop-xor3.c scan-tree-dump-times optimized "<bb[^>]*>" 1
FAIL: gcc.dg/binop-xor3.c scan-tree-dump-times optimized "\\^" 1
FAIL: gcc.dg/c99-stdint-1.c (test for excess errors)
XPASS: gcc.dg/inline_1.c (test for excess errors)
XPASS: gcc.dg/inline_2.c (test for excess errors)
FAIL: gcc.dg/lower-subreg-1.c scan-rtl-dump subreg1 "Splitting reg"
FAIL: gcc.dg/uninit-13.c unconditional (test for warnings, line 8)
FAIL: gcc.dg/uninit-13.c (test for excess errors)
XPASS: gcc.dg/unroll_1.c (test for excess errors)
XPASS: gcc.dg/guality/example.c  -O0  execution test
XPASS: gcc.dg/guality/example.c  -O1  execution test
XPASS: gcc.dg/guality/example.c  -O2  execution test
XPASS: gcc.dg/guality/example.c  -Os  execution test
XPASS: gcc.dg/guality/example.c  -O2 -flto -flto-partition=none  execution test
XPASS: gcc.dg/guality/example.c  -O2 -flto  execution test
XPASS: gcc.dg/guality/guality.c  -O0  execution test
XPASS: gcc.dg/guality/guality.c  -O1  execution test
XPASS: gcc.dg/guality/guality.c  -O2  execution test
XPASS: gcc.dg/guality/guality.c  -O3 -fomit-frame-pointer  execution test
XPASS: gcc.dg/guality/guality.c  -O3 -g  execution test
XPASS: gcc.dg/guality/guality.c  -Os  execution test
XPASS: gcc.dg/guality/guality.c  -O2 -flto -flto-partition=none  execution test
XPASS: gcc.dg/guality/guality.c  -O2 -flto  execution test
XPASS: gcc.dg/guality/inline-params.c  -O2  execution test
XPASS: gcc.dg/guality/inline-params.c  -O3 -fomit-frame-pointer  execution test
XPASS: gcc.dg/guality/inline-params.c  -O3 -g  execution test
XPASS: gcc.dg/guality/inline-params.c  -Os  execution test
XPASS: gcc.dg/guality/pr41353-1.c  -O0  line 28 j == 28 + 37
XPASS: gcc.dg/guality/pr41353-1.c  -O1  line 28 j == 28 + 37
XPASS: gcc.dg/guality/pr41353-1.c  -O2  line 28 j == 28 + 37
XPASS: gcc.dg/guality/pr41353-1.c  -O3 -fomit-frame-pointer  line 28 j == 28 + 37
XPASS: gcc.dg/guality/pr41353-1.c  -O3 -g  line 28 j == 28 + 37
XPASS: gcc.dg/guality/pr41353-1.c  -Os  line 28 j == 28 + 37
XPASS: gcc.dg/guality/pr41353-1.c  -O2 -flto -flto-partition=none  line 28 j == 28 + 37
XPASS: gcc.dg/guality/pr41353-1.c  -O2 -flto  line 28 j == 28 + 37
XPASS: gcc.dg/guality/pr41447-1.c  -O0  execution test
XPASS: gcc.dg/guality/pr41447-1.c  -O1  execution test
XPASS: gcc.dg/guality/pr41447-1.c  -O2  execution test
XPASS: gcc.dg/guality/pr41447-1.c  -O3 -fomit-frame-pointer  execution test
XPASS: gcc.dg/guality/pr41447-1.c  -O3 -g  execution test
XPASS: gcc.dg/guality/pr41447-1.c  -Os  execution test
XPASS: gcc.dg/guality/pr41616-1.c  -O0  execution test
XPASS: gcc.dg/guality/pr41616-1.c  -O1  execution test
XPASS: gcc.dg/guality/pr41616-1.c  -O2  execution test
XPASS: gcc.dg/guality/pr41616-1.c  -O3 -fomit-frame-pointer  execution test
XPASS: gcc.dg/guality/pr41616-1.c  -O3 -g  execution test
XPASS: gcc.dg/guality/pr41616-1.c  -Os  execution test
FAIL: gcc.dg/guality/vla-1.c  -O2 -flto -flto-partition=none  line 24 sizeof (a) == 17 * sizeof (short)
FAIL: gcc.dg/guality/vla-1.c  -O2 -flto  line 24 sizeof (a) == 17 * sizeof (short)
FAIL: gcc.dg/guality/vla-2.c  -O2 -flto -flto-partition=none  line 16 sizeof (a) == 5 * sizeof (int)
FAIL: gcc.dg/guality/vla-2.c  -O2 -flto -flto-partition=none  line 25 sizeof (a) == 6 * sizeof (int)
FAIL: gcc.dg/guality/vla-2.c  -O2 -flto  line 16 sizeof (a) == 5 * sizeof (int)
FAIL: gcc.dg/guality/vla-2.c  -O2 -flto  line 25 sizeof (a) == 6 * sizeof (int)
FAIL: gcc.dg/torture/tls/run-gd.c  -O0  (internal compiler error)
FAIL: gcc.dg/torture/tls/run-gd.c  -O0  (test for excess errors)
WARNING: gcc.dg/torture/tls/run-gd.c  -O0  compilation failed to produce executable
FAIL: gcc.dg/torture/tls/run-gd.c  -O1  (internal compiler error)
FAIL: gcc.dg/torture/tls/run-gd.c  -O1  (test for excess errors)
WARNING: gcc.dg/torture/tls/run-gd.c  -O1  compilation failed to produce executable
FAIL: gcc.dg/torture/tls/run-gd.c  -O2  (internal compiler error)
FAIL: gcc.dg/torture/tls/run-gd.c  -O2  (test for excess errors)
WARNING: gcc.dg/torture/tls/run-gd.c  -O2  compilation failed to produce executable
FAIL: gcc.dg/torture/tls/run-gd.c  -O3 -fomit-frame-pointer  (internal compiler error)
FAIL: gcc.dg/torture/tls/run-gd.c  -O3 -fomit-frame-pointer  (test for excess errors)
WARNING: gcc.dg/torture/tls/run-gd.c  -O3 -fomit-frame-pointer  compilation failed to produce executable
FAIL: gcc.dg/torture/tls/run-gd.c  -O3 -g  (internal compiler error)
FAIL: gcc.dg/torture/tls/run-gd.c  -O3 -g  (test for excess errors)
WARNING: gcc.dg/torture/tls/run-gd.c  -O3 -g  compilation failed to produce executable
FAIL: gcc.dg/torture/tls/run-gd.c  -Os  (internal compiler error)
FAIL: gcc.dg/torture/tls/run-gd.c  -Os  (test for excess errors)
WARNING: gcc.dg/torture/tls/run-gd.c  -Os  compilation failed to produce executable
FAIL: gcc.dg/torture/tls/run-gd.c  -O2 -flto -flto-partition=none  (internal compiler error)
FAIL: gcc.dg/torture/tls/run-gd.c  -O2 -flto -flto-partition=none  (test for excess errors)
WARNING: gcc.dg/torture/tls/run-gd.c  -O2 -flto -flto-partition=none  compilation failed to produce executable
FAIL: gcc.dg/torture/tls/run-gd.c  -O2 -flto  (internal compiler error)
FAIL: gcc.dg/torture/tls/run-gd.c  -O2 -flto  (test for excess errors)
WARNING: gcc.dg/torture/tls/run-gd.c  -O2 -flto  compilation failed to produce executable
FAIL: gcc.dg/torture/tls/run-ld.c  -O0  (internal compiler error)
FAIL: gcc.dg/torture/tls/run-ld.c  -O0  (test for excess errors)
WARNING: gcc.dg/torture/tls/run-ld.c  -O0  compilation failed to produce executable
FAIL: gcc.dg/torture/tls/run-ld.c  -O1  (internal compiler error)
FAIL: gcc.dg/torture/tls/run-ld.c  -O1  (test for excess errors)
WARNING: gcc.dg/torture/tls/run-ld.c  -O1  compilation failed to produce executable
FAIL: gcc.dg/torture/tls/run-ld.c  -O2  (internal compiler error)
FAIL: gcc.dg/torture/tls/run-ld.c  -O2  (test for excess errors)
WARNING: gcc.dg/torture/tls/run-ld.c  -O2  compilation failed to produce executable
FAIL: gcc.dg/torture/tls/run-ld.c  -O3 -fomit-frame-pointer  (internal compiler error)
FAIL: gcc.dg/torture/tls/run-ld.c  -O3 -fomit-frame-pointer  (test for excess errors)
WARNING: gcc.dg/torture/tls/run-ld.c  -O3 -fomit-frame-pointer  compilation failed to produce executable
FAIL: gcc.dg/torture/tls/run-ld.c  -O3 -g  (internal compiler error)
FAIL: gcc.dg/torture/tls/run-ld.c  -O3 -g  (test for excess errors)
WARNING: gcc.dg/torture/tls/run-ld.c  -O3 -g  compilation failed to produce executable
FAIL: gcc.dg/torture/tls/run-ld.c  -Os  (internal compiler error)
FAIL: gcc.dg/torture/tls/run-ld.c  -Os  (test for excess errors)
WARNING: gcc.dg/torture/tls/run-ld.c  -Os  compilation failed to produce executable
FAIL: gcc.dg/torture/tls/run-ld.c  -O2 -flto -flto-partition=none  (internal compiler error)
FAIL: gcc.dg/torture/tls/run-ld.c  -O2 -flto -flto-partition=none  (test for excess errors)
WARNING: gcc.dg/torture/tls/run-ld.c  -O2 -flto -flto-partition=none  compilation failed to produce executable
FAIL: gcc.dg/torture/tls/run-ld.c  -O2 -flto  (internal compiler error)
FAIL: gcc.dg/torture/tls/run-ld.c  -O2 -flto  (test for excess errors)
WARNING: gcc.dg/torture/tls/run-ld.c  -O2 -flto  compilation failed to produce executable
FAIL: gcc.dg/tree-prof/bb-reorg.c compilation,  -fprofile-use -D_PROFILE_USE
UNRESOLVED: gcc.dg/tree-prof/bb-reorg.c execution,    -fprofile-use -D_PROFILE_USE
XPASS: gcc.dg/tree-ssa/20030807-7.c scan-tree-dump-times vrp1 "if " 1
XPASS: gcc.dg/tree-ssa/20040204-1.c scan-tree-dump-times optimized "link_error" 0
FAIL: gcc.dg/tree-ssa/ssa-dom-thread-4.c scan-tree-dump-times dom1 "Threaded" 3

		=== gcc Summary ===

# of expected passes		71232
# of unexpected failures	48
# of unexpected successes	43
# of expected failures		110
# of unresolved testcases	1
# of unsupported tests		1308
-default/gcc/xgcc  version 4.7.0 20110612 (experimental) (GCC) 

		=== gfortran tests ===


Running target unix

		=== gfortran Summary ===

# of expected passes		38241
# of expected failures		41
# of unsupported tests		234
-default/gcc/testsuite/gfortran/../../gfortran  version 4.7.0 20110612 (experimental) (GCC) 

		=== objc tests ===


Running target unix
XPASS: objc.dg/torture/forward-1.m  -O0  -fgnu-runtime execution test
XPASS: objc.dg/torture/forward-1.m  -O1  -fgnu-runtime execution test
XPASS: objc.dg/torture/forward-1.m  -O2  -fgnu-runtime execution test
XPASS: objc.dg/torture/forward-1.m  -O3 -fomit-frame-pointer  -fgnu-runtime execution test
XPASS: objc.dg/torture/forward-1.m  -O3 -fomit-frame-pointer -funroll-loops  -fgnu-runtime execution test
XPASS: objc.dg/torture/forward-1.m  -O3 -fomit-frame-pointer -funroll-all-loops -finline-functions  -fgnu-runtime execution test
XPASS: objc.dg/torture/forward-1.m  -O3 -g  -fgnu-runtime execution test
XPASS: objc.dg/torture/forward-1.m  -Os  -fgnu-runtime execution test
XPASS: objc.dg/torture/forward-1.m  -O2 -flto -flto-partition=none  -fgnu-runtime execution test
XPASS: objc.dg/torture/forward-1.m  -O2 -flto  -fgnu-runtime execution test

		=== objc Summary ===

# of expected passes		2970
# of unexpected successes	10
# of unsupported tests		74
-default/gcc/xgcc  version 4.7.0 20110612 (experimental) (GCC) 

		=== libgomp tests ===


Running target unix

		=== libgomp Summary ===

# of expected passes		2590
# of unsupported tests		1
		=== libmudflap tests ===


Running target unix
FAIL: libmudflap.c/fail40-frag.c output pattern test
FAIL: libmudflap.c/pass51-frag.c execution test
FAIL: libmudflap.c/pass51-frag.c execution test
FAIL: libmudflap.c/fail40-frag.c (-static) output pattern test
FAIL: libmudflap.c/pass51-frag.c (-static) execution test
FAIL: libmudflap.c/pass51-frag.c (-static) execution test
FAIL: libmudflap.c/fail40-frag.c (-O2) output pattern test
FAIL: libmudflap.c/pass51-frag.c (-O2) execution test
FAIL: libmudflap.c/pass51-frag.c (-O2) execution test
FAIL: libmudflap.c/fail40-frag.c (-O3) output pattern test
FAIL: libmudflap.c/pass51-frag.c (-O3) execution test
FAIL: libmudflap.c/pass51-frag.c (-O3) execution test
FAIL: libmudflap.c++/pass41-frag.cxx (-static) (test for excess errors)
WARNING: libmudflap.c++/pass41-frag.cxx (-static) compilation failed to produce executable

		=== libmudflap Summary ===

# of expected passes		1880
# of unexpected failures	13
		=== libstdc++ tests ===


Running target unix

		=== libstdc++ Summary ===

# of expected passes		8590
# of expected failures		45
# of unsupported tests		120

Version: 4.7.0 20110612 (experimental) (GCC) 
Platform: s390-ibm-linux-gnu default
configure flags: --prefix=/build/build-system/build/20110612/gcc-head/install-s390-default --enable-shared --with-system-zlib --enable-threads=posix --enable-__cxa_atexit --enable-checking --enable-languages=c,c++,objc,fortran --with-mode=zarch



More information about the Gcc-testresults mailing list