Results for 4.7.0 20110612 (experimental) (GCC) testsuite on x86_64-unknown-linux-gnu

Toon Moene toon@super.moene.org
Sun Jun 12 20:19:00 GMT 2011


LAST_UPDATED: Sun Jun 12 18:11:15 UTC 2011 (revision 174970)

Native configuration is x86_64-unknown-linux-gnu

		=== gcc tests ===


Running target unix
FAIL: gcc.c-torture/execute/builtins/strlen-3.c execution,  -O2 -flto -flto-partition=none 
FAIL: gcc.c-torture/execute/builtins/strlen-3.c execution,  -O2 -flto 
XPASS: gcc.dg/inline_1.c (test for excess errors)
XPASS: gcc.dg/inline_2.c (test for excess errors)
XPASS: gcc.dg/inline_3.c (test for excess errors)
XPASS: gcc.dg/inline_4.c (test for excess errors)
XPASS: gcc.dg/unroll_1.c (test for excess errors)
XPASS: gcc.dg/unroll_2.c (test for excess errors)
XPASS: gcc.dg/unroll_3.c (test for excess errors)
XPASS: gcc.dg/unroll_4.c (test for excess errors)
XPASS: gcc.dg/guality/example.c  -O0  execution test
XPASS: gcc.dg/guality/example.c  -O1  execution test
XPASS: gcc.dg/guality/example.c  -O2  execution test
XPASS: gcc.dg/guality/guality.c  -O0  execution test
XPASS: gcc.dg/guality/guality.c  -O1  execution test
XPASS: gcc.dg/guality/guality.c  -O2  execution test
XPASS: gcc.dg/guality/guality.c  -O3 -fomit-frame-pointer  execution test
XPASS: gcc.dg/guality/guality.c  -O3 -g  execution test
XPASS: gcc.dg/guality/guality.c  -Os  execution test
XPASS: gcc.dg/guality/inline-params.c  -O2  execution test
XPASS: gcc.dg/guality/inline-params.c  -O3 -fomit-frame-pointer  execution test
XPASS: gcc.dg/guality/inline-params.c  -O3 -g  execution test
XPASS: gcc.dg/guality/inline-params.c  -Os  execution test
XPASS: gcc.dg/guality/pr41353-1.c  -O0  line 28 j == 28 + 37
XPASS: gcc.dg/guality/pr41353-1.c  -O1  line 28 j == 28 + 37
XPASS: gcc.dg/guality/pr41353-1.c  -O2  line 28 j == 28 + 37
XPASS: gcc.dg/guality/pr41353-1.c  -O3 -fomit-frame-pointer  line 28 j == 28 + 37
XPASS: gcc.dg/guality/pr41353-1.c  -O3 -g  line 28 j == 28 + 37
XPASS: gcc.dg/guality/pr41353-1.c  -Os  line 28 j == 28 + 37
XPASS: gcc.dg/guality/pr41353-1.c  -O2 -flto -flto-partition=none  line 28 j == 28 + 37
XPASS: gcc.dg/guality/pr41353-1.c  -O2 -flto  line 28 j == 28 + 37
XPASS: gcc.dg/guality/pr41447-1.c  -O0  execution test
XPASS: gcc.dg/guality/pr41447-1.c  -O1  execution test
XPASS: gcc.dg/guality/pr41447-1.c  -O2  execution test
XPASS: gcc.dg/guality/pr41447-1.c  -O3 -fomit-frame-pointer  execution test
XPASS: gcc.dg/guality/pr41447-1.c  -O3 -g  execution test
XPASS: gcc.dg/guality/pr41447-1.c  -Os  execution test
XPASS: gcc.dg/guality/pr41616-1.c  -O0  execution test
XPASS: gcc.dg/guality/pr41616-1.c  -O1  execution test
XPASS: gcc.dg/guality/pr41616-1.c  -O2  execution test
XPASS: gcc.dg/guality/pr41616-1.c  -O3 -fomit-frame-pointer  execution test
XPASS: gcc.dg/guality/pr41616-1.c  -O3 -g  execution test
XPASS: gcc.dg/guality/pr41616-1.c  -Os  execution test
FAIL: gcc.dg/guality/vla-1.c  -O0  line 17 sizeof (a) == 6
FAIL: gcc.dg/guality/vla-1.c  -O0  line 24 sizeof (a) == 17 * sizeof (short)
FAIL: gcc.dg/guality/vla-1.c  -O1  line 24 sizeof (a) == 17 * sizeof (short)
FAIL: gcc.dg/guality/vla-1.c  -O2  line 17 sizeof (a) == 6
FAIL: gcc.dg/guality/vla-1.c  -O2  line 24 sizeof (a) == 17 * sizeof (short)
FAIL: gcc.dg/guality/vla-1.c  -O3 -fomit-frame-pointer  line 17 sizeof (a) == 6
FAIL: gcc.dg/guality/vla-1.c  -O3 -fomit-frame-pointer  line 24 sizeof (a) == 17 * sizeof (short)
FAIL: gcc.dg/guality/vla-1.c  -O3 -g  line 17 sizeof (a) == 6
FAIL: gcc.dg/guality/vla-1.c  -O3 -g  line 24 sizeof (a) == 17 * sizeof (short)
FAIL: gcc.dg/guality/vla-1.c  -Os  line 17 sizeof (a) == 6
FAIL: gcc.dg/guality/vla-1.c  -Os  line 24 sizeof (a) == 17 * sizeof (short)
FAIL: gcc.dg/guality/vla-1.c  -O2 -flto -flto-partition=none  line 17 sizeof (a) == 6
FAIL: gcc.dg/guality/vla-1.c  -O2 -flto -flto-partition=none  line 24 sizeof (a) == 17 * sizeof (short)
FAIL: gcc.dg/guality/vla-1.c  -O2 -flto  line 17 sizeof (a) == 6
FAIL: gcc.dg/guality/vla-1.c  -O2 -flto  line 24 sizeof (a) == 17 * sizeof (short)
FAIL: gcc.dg/guality/vla-2.c  -O0  line 16 sizeof (a) == 5 * sizeof (int)
FAIL: gcc.dg/guality/vla-2.c  -O0  line 25 sizeof (a) == 6 * sizeof (int)
FAIL: gcc.dg/guality/vla-2.c  -O1  line 16 sizeof (a) == 5 * sizeof (int)
FAIL: gcc.dg/guality/vla-2.c  -O1  line 25 sizeof (a) == 6 * sizeof (int)
FAIL: gcc.dg/guality/vla-2.c  -O2  line 16 sizeof (a) == 5 * sizeof (int)
FAIL: gcc.dg/guality/vla-2.c  -O2  line 25 sizeof (a) == 6 * sizeof (int)
FAIL: gcc.dg/guality/vla-2.c  -O3 -fomit-frame-pointer  line 16 sizeof (a) == 5 * sizeof (int)
FAIL: gcc.dg/guality/vla-2.c  -O3 -fomit-frame-pointer  line 25 sizeof (a) == 6 * sizeof (int)
FAIL: gcc.dg/guality/vla-2.c  -O3 -g  line 16 sizeof (a) == 5 * sizeof (int)
FAIL: gcc.dg/guality/vla-2.c  -O3 -g  line 25 sizeof (a) == 6 * sizeof (int)
FAIL: gcc.dg/guality/vla-2.c  -Os  line 16 sizeof (a) == 5 * sizeof (int)
FAIL: gcc.dg/guality/vla-2.c  -Os  line 25 sizeof (a) == 6 * sizeof (int)
FAIL: gcc.dg/guality/vla-2.c  -O2 -flto -flto-partition=none  line 16 sizeof (a) == 5 * sizeof (int)
FAIL: gcc.dg/guality/vla-2.c  -O2 -flto -flto-partition=none  line 25 sizeof (a) == 6 * sizeof (int)
FAIL: gcc.dg/guality/vla-2.c  -O2 -flto  line 16 sizeof (a) == 5 * sizeof (int)
FAIL: gcc.dg/guality/vla-2.c  -O2 -flto  line 25 sizeof (a) == 6 * sizeof (int)
XPASS: gcc.dg/tree-ssa/20030807-7.c scan-tree-dump-times vrp1 "if " 1
FAIL: gcc.dg/tree-ssa/vrp47.c scan-tree-dump-times dom1 "x[^ ]* & y" 1
FAIL: gcc.target/i386/sse4_2-popcntl.c (test for excess errors)
UNRESOLVED: gcc.target/i386/sse4_2-popcntl.c compilation failed to produce executable
FAIL: gcc.target/i386/sse4_2-popcntq.c (test for excess errors)
UNRESOLVED: gcc.target/i386/sse4_2-popcntq.c compilation failed to produce executable

		=== gcc Summary ===

# of expected passes		81104
# of unexpected failures	36
# of unexpected successes	42
# of expected failures		257
# of unresolved testcases	2
# of unsupported tests		1173
/home/toon/compilers/obj-t/gcc/xgcc  version 4.7.0 20110612 (experimental) (GCC) 

		=== gfortran tests ===


Running target unix
FAIL: gfortran.dg/coarray/dummy_1.f90 -fcoarray=single  -O2  (test for excess errors)
UNRESOLVED: gfortran.dg/coarray/dummy_1.f90 -fcoarray=single  -O2  compilation failed to produce executable
FAIL: gfortran.dg/coarray/dummy_1.f90 -fcoarray=lib  -O2  -lcaf_single (test for excess errors)
UNRESOLVED: gfortran.dg/coarray/dummy_1.f90 -fcoarray=lib  -O2  -lcaf_single compilation failed to produce executable
FAIL: gfortran.dg/coarray/image_index_1.f90 -fcoarray=single  -O2  (test for excess errors)
UNRESOLVED: gfortran.dg/coarray/image_index_1.f90 -fcoarray=single  -O2  compilation failed to produce executable
FAIL: gfortran.dg/coarray/image_index_1.f90 -fcoarray=lib  -O2  -lcaf_single (test for excess errors)
UNRESOLVED: gfortran.dg/coarray/image_index_1.f90 -fcoarray=lib  -O2  -lcaf_single compilation failed to produce executable
FAIL: gfortran.dg/coarray/image_index_2.f90 -fcoarray=single  -O2  (test for excess errors)
UNRESOLVED: gfortran.dg/coarray/image_index_2.f90 -fcoarray=single  -O2  compilation failed to produce executable
FAIL: gfortran.dg/coarray/image_index_2.f90 -fcoarray=lib  -O2  -lcaf_single (test for excess errors)
UNRESOLVED: gfortran.dg/coarray/image_index_2.f90 -fcoarray=lib  -O2  -lcaf_single compilation failed to produce executable
FAIL: gfortran.dg/coarray/this_image_1.f90 -fcoarray=single  -O2  (test for excess errors)
UNRESOLVED: gfortran.dg/coarray/this_image_1.f90 -fcoarray=single  -O2  compilation failed to produce executable
FAIL: gfortran.dg/coarray/this_image_1.f90 -fcoarray=lib  -O2  -lcaf_single (test for excess errors)
UNRESOLVED: gfortran.dg/coarray/this_image_1.f90 -fcoarray=lib  -O2  -lcaf_single compilation failed to produce executable
FAIL: gfortran.dg/coarray/this_image_2.f90 -fcoarray=single  -O2  (test for excess errors)
UNRESOLVED: gfortran.dg/coarray/this_image_2.f90 -fcoarray=single  -O2  compilation failed to produce executable
FAIL: gfortran.dg/coarray/this_image_2.f90 -fcoarray=lib  -O2  -lcaf_single (test for excess errors)
UNRESOLVED: gfortran.dg/coarray/this_image_2.f90 -fcoarray=lib  -O2  -lcaf_single compilation failed to produce executable
FAIL: gfortran.dg/coarray_10.f90  -O   (test for errors, line 12)
FAIL: gfortran.dg/coarray_10.f90  -O   (test for errors, line 13)
FAIL: gfortran.dg/coarray_10.f90  -O   (test for errors, line 14)
FAIL: gfortran.dg/coarray_10.f90  -O   (test for errors, line 15)
FAIL: gfortran.dg/coarray_10.f90  -O  (test for excess errors)
FAIL: gfortran.dg/coarray_11.f90  -O  (test for excess errors)
FAIL: gfortran.dg/coarray_11.f90  -O  scan-tree-dump-times original "not_existing" 0: dump file does not exist
FAIL: gfortran.dg/coarray_13.f90  -O0  (test for excess errors)
UNRESOLVED: gfortran.dg/coarray_13.f90  -O0  compilation failed to produce executable
FAIL: gfortran.dg/coarray_13.f90  -O1  (test for excess errors)
UNRESOLVED: gfortran.dg/coarray_13.f90  -O1  compilation failed to produce executable
FAIL: gfortran.dg/coarray_13.f90  -O2  (test for excess errors)
UNRESOLVED: gfortran.dg/coarray_13.f90  -O2  compilation failed to produce executable
FAIL: gfortran.dg/coarray_13.f90  -O3 -fomit-frame-pointer  (test for excess errors)
UNRESOLVED: gfortran.dg/coarray_13.f90  -O3 -fomit-frame-pointer  compilation failed to produce executable
FAIL: gfortran.dg/coarray_13.f90  -O3 -fomit-frame-pointer -funroll-loops  (test for excess errors)
UNRESOLVED: gfortran.dg/coarray_13.f90  -O3 -fomit-frame-pointer -funroll-loops  compilation failed to produce executable
FAIL: gfortran.dg/coarray_13.f90  -O3 -fomit-frame-pointer -funroll-all-loops -finline-functions  (test for excess errors)
UNRESOLVED: gfortran.dg/coarray_13.f90  -O3 -fomit-frame-pointer -funroll-all-loops -finline-functions  compilation failed to produce executable
FAIL: gfortran.dg/coarray_13.f90  -O3 -g  (test for excess errors)
UNRESOLVED: gfortran.dg/coarray_13.f90  -O3 -g  compilation failed to produce executable
FAIL: gfortran.dg/coarray_13.f90  -Os  (test for excess errors)
UNRESOLVED: gfortran.dg/coarray_13.f90  -Os  compilation failed to produce executable
FAIL: gfortran.dg/coarray_16.f90  -O0  (test for excess errors)
UNRESOLVED: gfortran.dg/coarray_16.f90  -O0  compilation failed to produce executable
FAIL: gfortran.dg/coarray_16.f90  -O1  (test for excess errors)
UNRESOLVED: gfortran.dg/coarray_16.f90  -O1  compilation failed to produce executable
FAIL: gfortran.dg/coarray_16.f90  -O2  (test for excess errors)
UNRESOLVED: gfortran.dg/coarray_16.f90  -O2  compilation failed to produce executable
FAIL: gfortran.dg/coarray_16.f90  -O3 -fomit-frame-pointer  (test for excess errors)
UNRESOLVED: gfortran.dg/coarray_16.f90  -O3 -fomit-frame-pointer  compilation failed to produce executable
FAIL: gfortran.dg/coarray_16.f90  -O3 -fomit-frame-pointer -funroll-loops  (test for excess errors)
UNRESOLVED: gfortran.dg/coarray_16.f90  -O3 -fomit-frame-pointer -funroll-loops  compilation failed to produce executable
FAIL: gfortran.dg/coarray_16.f90  -O3 -fomit-frame-pointer -funroll-all-loops -finline-functions  (test for excess errors)
UNRESOLVED: gfortran.dg/coarray_16.f90  -O3 -fomit-frame-pointer -funroll-all-loops -finline-functions  compilation failed to produce executable
FAIL: gfortran.dg/coarray_16.f90  -O3 -g  (test for excess errors)
UNRESOLVED: gfortran.dg/coarray_16.f90  -O3 -g  compilation failed to produce executable
FAIL: gfortran.dg/coarray_16.f90  -Os  (test for excess errors)
UNRESOLVED: gfortran.dg/coarray_16.f90  -Os  compilation failed to produce executable
FAIL: gfortran.dg/coarray_17.f90  -O   (test for errors, line 19)
FAIL: gfortran.dg/coarray_17.f90  -O  (test for excess errors)

		=== gfortran Summary ===

# of expected passes		39198
# of unexpected failures	35
# of expected failures		53
# of unresolved testcases	26
# of unsupported tests		69
/home/toon/compilers/obj-t/gcc/testsuite/gfortran/../../gfortran  version 4.7.0 20110612 (experimental) (GCC) 

		=== g++ tests ===


Running target unix
FAIL: g++.dg/torture/pr43879-1_1.C  -O1  execution test
FAIL: g++.dg/torture/pr43879-1_1.C  -O2  execution test
FAIL: g++.dg/torture/pr43879-1_1.C  -O3 -fomit-frame-pointer  execution test
FAIL: g++.dg/torture/pr43879-1_1.C  -O3 -g  execution test
FAIL: g++.dg/torture/pr43879-1_1.C  -Os  execution test

		=== g++ Summary ===

# of expected passes		27840
# of unexpected failures	5
# of expected failures		155
# of unsupported tests		358
/home/toon/compilers/obj-t/gcc/testsuite/g++/../../g++  version 4.7.0 20110612 (experimental) (GCC) 

		=== objc tests ===


Running target unix
XPASS: objc.dg/torture/forward-1.m  -O0  -fgnu-runtime execution test
XPASS: objc.dg/torture/forward-1.m  -O1  -fgnu-runtime execution test
XPASS: objc.dg/torture/forward-1.m  -O2  -fgnu-runtime execution test
XPASS: objc.dg/torture/forward-1.m  -O3 -fomit-frame-pointer  -fgnu-runtime execution test
XPASS: objc.dg/torture/forward-1.m  -O3 -fomit-frame-pointer -funroll-loops  -fgnu-runtime execution test
XPASS: objc.dg/torture/forward-1.m  -O3 -fomit-frame-pointer -funroll-all-loops -finline-functions  -fgnu-runtime execution test
XPASS: objc.dg/torture/forward-1.m  -O3 -g  -fgnu-runtime execution test
XPASS: objc.dg/torture/forward-1.m  -Os  -fgnu-runtime execution test
XPASS: objc.dg/torture/forward-1.m  -O2 -flto -flto-partition=none  -fgnu-runtime execution test
XPASS: objc.dg/torture/forward-1.m  -O2 -flto  -fgnu-runtime execution test

		=== objc Summary ===

# of expected passes		2964
# of unexpected successes	10
# of expected failures		6
# of unsupported tests		74
/home/toon/compilers/obj-t/gcc/xgcc  version 4.7.0 20110612 (experimental) (GCC) 

		=== boehm-gc tests ===


Running target unix
FAIL: boehm-gc.c/thread_leak_test.c -O2 (test for excess errors)

		=== boehm-gc Summary ===

# of expected passes		11
# of unexpected failures	1
# of unsupported tests		1
		=== libffi tests ===


Running target unix

		=== libffi Summary ===

# of expected passes		1634
# of expected failures		10
# of unsupported tests		15
		=== libgomp tests ===


Running target unix

		=== libgomp Summary ===

# of expected passes		2638
		=== libjava tests ===


Running target unix

		=== libjava Summary ===

# of expected passes		2574
		=== libmudflap tests ===


Running target unix
FAIL: libmudflap.c++/pass55-frag.cxx ( -O) execution test

		=== libmudflap Summary ===

# of expected passes		1426
# of unexpected failures	1
		=== libstdc++ tests ===


Running target unix

		=== libstdc++ Summary ===

# of expected passes		7980
# of expected failures		45
# of unsupported tests		425

Compiler version: 4.7.0 20110612 (experimental) (GCC) 
Platform: x86_64-unknown-linux-gnu
configure flags: --prefix=/tmp/c++ --enable-build-with-cxx --with-gnu-ld --disable-multilib --disable-nls --with-arch=native --with-tune=native



More information about the Gcc-testresults mailing list