Results for 4.5.3 (Debian 4.5.3-2) testsuite on ia64-unknown-linux-gnu

Matthias Klose doko@debian.org
Sun Jun 12 18:06:00 GMT 2011


LAST_UPDATED: Wed Jun  8 09:49:21 UTC 2011 (revision 174800)

Target: ia64-linux-gnu
gcc version 4.5.3 (Debian 4.5.3-2) 
Native configuration is ia64-unknown-linux-gnu

		=== g++ tests ===


Running target unix
UNRESOLVED: attribute_plugin.c compilation, -I. -I/build/buildd-gcc-4.5_4.5.3-2-ia64-WCxLQq/gcc-4.5-4.5.3/src/gcc/testsuite -I/build/buildd-gcc-4.5_4.5.3-2-ia64-WCxLQq/gcc-4.5-4.5.3/src/gcc/testsuite/../../gcc -I/build/buildd-gcc-4.5_4.5.3-2-ia64-WCxLQq/gcc-4.5-4.5.3/build/gcc/testsuite/g++/../../../gcc  -I/build/buildd-gcc-4.5_4.5.3-2-ia64-WCxLQq/gcc-4.5-4.5.3/src/gcc/testsuite/../../include -I/build/buildd-gcc-4.5_4.5.3-2-ia64-WCxLQq/gcc-4.5-4.5.3/src/gcc/testsuite/../../libcpp/include   -I/build/buildd-gcc-4.5_4.5.3-2-ia64-WCxLQq/gcc-4.5-4.5.3/build/gcc/testsuite/g++/../../../intl  -DIN_GCC -fPIC -shared
UNRESOLVED: pragma_plugin.c compilation, -I. -I/build/buildd-gcc-4.5_4.5.3-2-ia64-WCxLQq/gcc-4.5-4.5.3/src/gcc/testsuite -I/build/buildd-gcc-4.5_4.5.3-2-ia64-WCxLQq/gcc-4.5-4.5.3/src/gcc/testsuite/../../gcc -I/build/buildd-gcc-4.5_4.5.3-2-ia64-WCxLQq/gcc-4.5-4.5.3/build/gcc/testsuite/g++/../../../gcc  -I/build/buildd-gcc-4.5_4.5.3-2-ia64-WCxLQq/gcc-4.5-4.5.3/src/gcc/testsuite/../../include -I/build/buildd-gcc-4.5_4.5.3-2-ia64-WCxLQq/gcc-4.5-4.5.3/src/gcc/testsuite/../../libcpp/include   -I/build/buildd-gcc-4.5_4.5.3-2-ia64-WCxLQq/gcc-4.5-4.5.3/build/gcc/testsuite/g++/../../../intl  -DIN_GCC -fPIC -shared
UNRESOLVED: selfassign.c compilation, -I. -I/build/buildd-gcc-4.5_4.5.3-2-ia64-WCxLQq/gcc-4.5-4.5.3/src/gcc/testsuite -I/build/buildd-gcc-4.5_4.5.3-2-ia64-WCxLQq/gcc-4.5-4.5.3/src/gcc/testsuite/../../gcc -I/build/buildd-gcc-4.5_4.5.3-2-ia64-WCxLQq/gcc-4.5-4.5.3/build/gcc/testsuite/g++/../../../gcc  -I/build/buildd-gcc-4.5_4.5.3-2-ia64-WCxLQq/gcc-4.5-4.5.3/src/gcc/testsuite/../../include -I/build/buildd-gcc-4.5_4.5.3-2-ia64-WCxLQq/gcc-4.5-4.5.3/src/gcc/testsuite/../../libcpp/include   -I/build/buildd-gcc-4.5_4.5.3-2-ia64-WCxLQq/gcc-4.5-4.5.3/build/gcc/testsuite/g++/../../../intl -O -DIN_GCC -fPIC -shared
UNRESOLVED: dumb_plugin.c compilation, -I. -I/build/buildd-gcc-4.5_4.5.3-2-ia64-WCxLQq/gcc-4.5-4.5.3/src/gcc/testsuite -I/build/buildd-gcc-4.5_4.5.3-2-ia64-WCxLQq/gcc-4.5-4.5.3/src/gcc/testsuite/../../gcc -I/build/buildd-gcc-4.5_4.5.3-2-ia64-WCxLQq/gcc-4.5-4.5.3/build/gcc/testsuite/g++/../../../gcc  -I/build/buildd-gcc-4.5_4.5.3-2-ia64-WCxLQq/gcc-4.5-4.5.3/src/gcc/testsuite/../../include -I/build/buildd-gcc-4.5_4.5.3-2-ia64-WCxLQq/gcc-4.5-4.5.3/src/gcc/testsuite/../../libcpp/include   -I/build/buildd-gcc-4.5_4.5.3-2-ia64-WCxLQq/gcc-4.5-4.5.3/build/gcc/testsuite/g++/../../../intl  -DIN_GCC -fPIC -shared
UNRESOLVED: header_plugin.c compilation, -I. -I/build/buildd-gcc-4.5_4.5.3-2-ia64-WCxLQq/gcc-4.5-4.5.3/src/gcc/testsuite -I/build/buildd-gcc-4.5_4.5.3-2-ia64-WCxLQq/gcc-4.5-4.5.3/src/gcc/testsuite/../../gcc -I/build/buildd-gcc-4.5_4.5.3-2-ia64-WCxLQq/gcc-4.5-4.5.3/build/gcc/testsuite/g++/../../../gcc  -I/build/buildd-gcc-4.5_4.5.3-2-ia64-WCxLQq/gcc-4.5-4.5.3/src/gcc/testsuite/../../include -I/build/buildd-gcc-4.5_4.5.3-2-ia64-WCxLQq/gcc-4.5-4.5.3/src/gcc/testsuite/../../libcpp/include   -I/build/buildd-gcc-4.5_4.5.3-2-ia64-WCxLQq/gcc-4.5-4.5.3/build/gcc/testsuite/g++/../../../intl  -DIN_GCC -fPIC -shared

		=== g++ Summary ===

# of expected passes		21543
# of expected failures		153
# of unresolved testcases	5
# of unsupported tests		201
/build/buildd-gcc-4.5_4.5.3-2-ia64-WCxLQq/gcc-4.5-4.5.3/build/gcc/testsuite/g++/../../g++  version 4.5.3 (Debian 4.5.3-2) 

		=== gcc tests ===


Running target unix
FAIL: gcc.c-torture/execute/vector-2.c execution,  -O2 -flto 
FAIL: gcc.c-torture/execute/vector-2.c execution,  -O2 -fwhopr 
FAIL: gcc.dg/builtin-apply4.c execution test
FAIL: gcc.dg/pr43058.c (test for excess errors)
UNRESOLVED: selfassign.c compilation, -I. -I/build/buildd-gcc-4.5_4.5.3-2-ia64-WCxLQq/gcc-4.5-4.5.3/src/gcc/testsuite -I/build/buildd-gcc-4.5_4.5.3-2-ia64-WCxLQq/gcc-4.5-4.5.3/src/gcc/testsuite/../../gcc -I/build/buildd-gcc-4.5_4.5.3-2-ia64-WCxLQq/gcc-4.5-4.5.3/build/gcc/testsuite/gcc/../../../gcc  -I/build/buildd-gcc-4.5_4.5.3-2-ia64-WCxLQq/gcc-4.5-4.5.3/src/gcc/testsuite/../../include -I/build/buildd-gcc-4.5_4.5.3-2-ia64-WCxLQq/gcc-4.5-4.5.3/src/gcc/testsuite/../../libcpp/include   -I/build/buildd-gcc-4.5_4.5.3-2-ia64-WCxLQq/gcc-4.5-4.5.3/build/gcc/testsuite/gcc/../../../intl -O -DIN_GCC -fPIC -shared
UNRESOLVED: ggcplug.c compilation, -I. -I/build/buildd-gcc-4.5_4.5.3-2-ia64-WCxLQq/gcc-4.5-4.5.3/src/gcc/testsuite -I/build/buildd-gcc-4.5_4.5.3-2-ia64-WCxLQq/gcc-4.5-4.5.3/src/gcc/testsuite/../../gcc -I/build/buildd-gcc-4.5_4.5.3-2-ia64-WCxLQq/gcc-4.5-4.5.3/build/gcc/testsuite/gcc/../../../gcc  -I/build/buildd-gcc-4.5_4.5.3-2-ia64-WCxLQq/gcc-4.5-4.5.3/src/gcc/testsuite/../../include -I/build/buildd-gcc-4.5_4.5.3-2-ia64-WCxLQq/gcc-4.5-4.5.3/src/gcc/testsuite/../../libcpp/include   -I/build/buildd-gcc-4.5_4.5.3-2-ia64-WCxLQq/gcc-4.5-4.5.3/build/gcc/testsuite/gcc/../../../intl -O -DIN_GCC -fPIC -shared
UNRESOLVED: one_time_plugin.c compilation, -I. -I/build/buildd-gcc-4.5_4.5.3-2-ia64-WCxLQq/gcc-4.5-4.5.3/src/gcc/testsuite -I/build/buildd-gcc-4.5_4.5.3-2-ia64-WCxLQq/gcc-4.5-4.5.3/src/gcc/testsuite/../../gcc -I/build/buildd-gcc-4.5_4.5.3-2-ia64-WCxLQq/gcc-4.5-4.5.3/build/gcc/testsuite/gcc/../../../gcc  -I/build/buildd-gcc-4.5_4.5.3-2-ia64-WCxLQq/gcc-4.5-4.5.3/src/gcc/testsuite/../../include -I/build/buildd-gcc-4.5_4.5.3-2-ia64-WCxLQq/gcc-4.5-4.5.3/src/gcc/testsuite/../../libcpp/include   -I/build/buildd-gcc-4.5_4.5.3-2-ia64-WCxLQq/gcc-4.5-4.5.3/build/gcc/testsuite/gcc/../../../intl  -DIN_GCC -fPIC -shared
UNRESOLVED: start_unit_plugin.c compilation, -I. -I/build/buildd-gcc-4.5_4.5.3-2-ia64-WCxLQq/gcc-4.5-4.5.3/src/gcc/testsuite -I/build/buildd-gcc-4.5_4.5.3-2-ia64-WCxLQq/gcc-4.5-4.5.3/src/gcc/testsuite/../../gcc -I/build/buildd-gcc-4.5_4.5.3-2-ia64-WCxLQq/gcc-4.5-4.5.3/build/gcc/testsuite/gcc/../../../gcc  -I/build/buildd-gcc-4.5_4.5.3-2-ia64-WCxLQq/gcc-4.5-4.5.3/src/gcc/testsuite/../../include -I/build/buildd-gcc-4.5_4.5.3-2-ia64-WCxLQq/gcc-4.5-4.5.3/src/gcc/testsuite/../../libcpp/include   -I/build/buildd-gcc-4.5_4.5.3-2-ia64-WCxLQq/gcc-4.5-4.5.3/build/gcc/testsuite/gcc/../../../intl  -DIN_GCC -fPIC -shared
UNRESOLVED: finish_unit_plugin.c compilation, -I. -I/build/buildd-gcc-4.5_4.5.3-2-ia64-WCxLQq/gcc-4.5-4.5.3/src/gcc/testsuite -I/build/buildd-gcc-4.5_4.5.3-2-ia64-WCxLQq/gcc-4.5-4.5.3/src/gcc/testsuite/../../gcc -I/build/buildd-gcc-4.5_4.5.3-2-ia64-WCxLQq/gcc-4.5-4.5.3/build/gcc/testsuite/gcc/../../../gcc  -I/build/buildd-gcc-4.5_4.5.3-2-ia64-WCxLQq/gcc-4.5-4.5.3/src/gcc/testsuite/../../include -I/build/buildd-gcc-4.5_4.5.3-2-ia64-WCxLQq/gcc-4.5-4.5.3/src/gcc/testsuite/../../libcpp/include   -I/build/buildd-gcc-4.5_4.5.3-2-ia64-WCxLQq/gcc-4.5-4.5.3/build/gcc/testsuite/gcc/../../../intl  -DIN_GCC -fPIC -shared
XPASS: gcc.dg/tree-ssa/loop-1.c scan-assembler-times foo 5

		=== gcc Summary ===

# of expected passes		64602
# of unexpected failures	4
# of unexpected successes	1
# of expected failures		232
# of unresolved testcases	5
# of unsupported tests		691
/build/buildd-gcc-4.5_4.5.3-2-ia64-WCxLQq/gcc-4.5-4.5.3/build/gcc/xgcc  version 4.5.3 (Debian 4.5.3-2) 

		=== gfortran tests ===


Running target unix

		=== gfortran Summary ===

# of expected passes		34548
# of expected failures		40
# of unsupported tests		57
/build/buildd-gcc-4.5_4.5.3-2-ia64-WCxLQq/gcc-4.5-4.5.3/build/gcc/testsuite/gfortran/../../gfortran  version 4.5.3 (Debian 4.5.3-2) 

		=== obj-c++ tests ===


Running target unix
UNRESOLVED: obj-c++.dg/lookup-2.mm -fgnu-runtime compilation failed to produce executable
UNRESOLVED: obj-c++.dg/try-catch-2.mm -fgnu-runtime compilation failed to produce executable
UNRESOLVED: obj-c++.dg/try-catch-9.mm -fgnu-runtime compilation failed to produce executable

		=== obj-c++ Summary ===

# of expected passes		432
# of expected failures		11
# of unresolved testcases	3
# of unsupported tests		14
/build/buildd-gcc-4.5_4.5.3-2-ia64-WCxLQq/gcc-4.5-4.5.3/build/gcc/testsuite/obj-c++/../../g++  version 4.5.3 (Debian 4.5.3-2) 

		=== objc tests ===


Running target unix

		=== objc Summary ===

# of expected passes		1872
# of expected failures		15
# of unsupported tests		21
/build/buildd-gcc-4.5_4.5.3-2-ia64-WCxLQq/gcc-4.5-4.5.3/build/gcc/xgcc  version 4.5.3 (Debian 4.5.3-2) 

		=== libgomp tests ===


Running target unix

		=== libgomp Summary ===

# of expected passes		2604
		=== libmudflap tests ===


Running target unix
FAIL: libmudflap.c/pass46-frag.c (-O2) (test for excess errors)
FAIL: libmudflap.c/pass46-frag.c (-O2) (test for excess errors)
FAIL: libmudflap.c/fail31-frag.c (-O3) crash test
FAIL: libmudflap.c/fail31-frag.c (-O3) output pattern test
FAIL: libmudflap.c/pass45-frag.c (-O3) execution test
FAIL: libmudflap.c/pass45-frag.c (-O3) output pattern test
FAIL: libmudflap.c/pass45-frag.c (-O3) execution test
FAIL: libmudflap.c/pass45-frag.c (-O3) output pattern test
FAIL: libmudflap.c/pass46-frag.c (-O3) (test for excess errors)
FAIL: libmudflap.c/pass46-frag.c (-O3) (test for excess errors)
FAIL: libmudflap.c++/pass41-frag.cxx execution test
FAIL: libmudflap.c++/pass41-frag.cxx (-static) execution test
FAIL: libmudflap.c++/pass41-frag.cxx ( -O) execution test
FAIL: libmudflap.c++/pass41-frag.cxx (-O2) execution test
FAIL: libmudflap.c++/pass41-frag.cxx (-O3) execution test

		=== libmudflap Summary ===

# of expected passes		1879
# of unexpected failures	15
		=== libstdc++ tests ===


Running target unix

		=== libstdc++ Summary ===

# of expected passes		6858
# of expected failures		93
# of unsupported tests		352

Compiler version: 4.5.3 (Debian 4.5.3-2) 
Platform: ia64-unknown-linux-gnu
configure flags: -v --with-pkgversion='Debian 4.5.3-2' --with-bugurl=file:///usr/share/doc/gcc-4.5/README.Bugs --enable-languages=c,c++,fortran,objc,obj-c++ --prefix=/usr --program-suffix=-4.5 --enable-shared --enable-multiarch --with-multiarch-defaults=ia64-linux-gnu --enable-linker-build-id --with-system-zlib --libexecdir=/usr/lib/ia64-linux-gnu --without-included-gettext --enable-threads=posix --with-gxx-include-dir=/usr/include/c++/4.5 --libdir=/usr/lib/ia64-linux-gnu --enable-nls --enable-clocale=gnu --enable-libstdcxx-debug --enable-libstdcxx-time=yes --disable-libssp --enable-plugin --enable-objc-gc --with-system-libunwind --enable-checking=release --build=ia64-linux-gnu --host=ia64-linux-gnu --target=ia64-linux-gnu
BOOT_CFLAGS=


Build Dependencies:
Desired=Unknown/Install/Remove/Purge/Hold
| Status=Not/Inst/Conf-files/Unpacked/halF-conf/Half-inst/trig-aWait/Trig-pend
|/ Err?=(none)/Reinst-required (Status,Err: uppercase=bad)
||/ Name                                                 Version                  Description
+++-====================================================-========================-======================================================================
ii  binutils                                             2.21.52.20110606-1       The GNU assembler, linker and binary utilities
ii  g++-4.4                                              4.4.6-3                  The GNU C++ compiler
ii  libc6.1                                              2.13-6                   Embedded GNU C Library: Shared libraries
ii  libcloog-ppl-dev                                     0.15.9-3                 the Chunky Loop Generator (development files)
ii  libmpc-dev                                           0.9-3                    multiple precision complex floating-point library development package
ii  libmpfr-dev                                          3.0.1-3                  multiple precision floating-point computation developers tools


svn-updates:
  updates from the 4.5 branch upto 20110608 (r174800).

gcc-textdomain:
  Set gettext's domain and textdomain to the versioned package name.

gcc-driver-extra-langs:
  Add options and specs for languages that are not built from a source
  (but built from separate sources).

gcc-hash-style-both:
  Link using --hash-style=both (alpha, amd64, armel, armhf, ia64, i386, powerpc, ppc64, s390, sparc)

libstdc++-pic:
  Build and install libstdc++_pic.a library.

libstdc++-doclink:
  adjust hrefs to point to the local documentation

libstdc++-man-3cxx:
  Install libstdc++ man pages with suffix .3cxx instead of .3

libstdc++-test-installed:
  Add support to run the libstdc++-v3 testsuite using the
  installed shared libraries.

libjava-stacktrace:
  libgcj: Lookup source file name and line number in separated
  debug files found in /usr/lib/debug

libjava-subdir:
  - Set the libjava sublibdir to /usr/lib/gcj-4.5
  - Set the default libgcj database dir to /var/lib/gcj-4.5

libjava-jnipath:
  - Add /usr/lib/jni and /usr/lib/<multiarch>/jni to java.library.path.
  - When running the i386 binaries on amd64, look in
  - /usr/lib32/gcj-x.y and /usr/lib32/jni instead.

libjava-sjlj:
  Don't try to use _Unwind_Backtrace on SJLJ targets.
  See bug #387875, #388505, GCC PR 29206.

libjava-disable-plugin:
  Don't build the gcjwebplugin, even when configured with --enable-plugin

alpha-no-ev4-directive:
  never emit .ev4 directive.

boehm-gc-getnprocs:
  boehm-gc/pthread_support.c (GC_get_nprocs): Use sysconf as fallback.

note-gnu-stack:
  Add .note.GNU-stack sections for gcc's crt files, libffi and boehm-gc
  Taken from FC.

m68k-allow-gnu99:
  patch to allow gnu99 mode on m68k

libgomp-omp_h-multilib:
  Fix up omp.h for multilibs.

sparc-force-cpu:
  On sparc default to ultrasparc (v9a) in 32bit mode

pr41848:
  Fix PR objc/41848 - workaround ObjC and -fsection-anchors.

gcc-plugindir:
  Search for plugins in a default plugin dir, backport from the trunk.

gcc-java-align-data:
  java: Align data in .rodata.jutf8.* sections, taken from the trunk.

linux-atomic-builtin-expect:
  [ARM] Provide __builtin_expect() hints in linux-atomic.c (backport)

pr24619:
  Proposed patch for PR mudflap/24619 (instrumentation of dlopen)

pr45979:

no_fpr_in_libgcc:
  It does not really harm by including them since nobody should use them
  but gas does not wont to assmebly hard float since they are not
  available on this cpu. Upstream did not respond.

pr44364:
  This patch made it into trunk. I don't get it into the 4.4 branch
  because I can't prove that it is a regression since 4.3.

pr48226:
  Fix PR target/48226, Allow Iterator::vector vector on powerpc with VSX.

gcc-dw2-loc-tracking:
  Reducing the overhead of dwarf2 location tracking

libobjc-gc:
  Avoid warning building GC enabled libobjc on amd64

gcc-lfs:
  Check for large file support (backport from 4.6).

pr40521-sequel:
  Sequel to PR40521 -- -g causes GCC to generate .eh_frame

gcc-ice-hack:
  Retry the build on an ice, save the calling options and preprocessed
  source when the ice is reproducible.

gcc-ice-apport:
  Report an ICE to apport (if apport is available
  and the environment variable GCC_NOAPPORT is not set)

gcc-arm-earlyclobbers:
  Fix earlyclobbers on some arm.md DImode shifts.

libjava-disable-static:
  Disable building the static libjava.

libjava-fixed-symlinks:
  Remove unneed '..' elements from symlinks in JAVA_HOME

libstdc++-arm-wno-abi:
  Temporary work around:
  On arm-linux-gnueabi run the libstdc++v3 testsuite with -Wno-abi

ada-mips:
  Improve support for mips.

arm-unbreak-eabi-armv4t:
  Fix armv4t build on ARM

gcc-multiarch:
  Add multiarch support to GCC.
  
  Convert the multilib option to a target triplet,
  add multiarch include directories and libraries path:
  	/usr/local/include/<arch>-linux-gnu
  	/usr/include/<arch>-linux-gnu
  	/usr/lib/<arch>-linux-gnu
  to the system paths.

mips-triarch:
  Build a tri-arch compiler on mips-linux-gnu.
  http://gcc.gnu.org/ml/gcc-patches/2009-03/msg01047.html

libjava-nobiarch-check:
  For biarch builds, disable the testsuite for the non-default architecture
  for runtime libraries, which are not built by default (libjava).

config-ml:
  disable some biarch libraries for biarch builds

s390-biarch:
  Build a bi-arch compiler on s390-linux-gnu.
  http://gcc.gnu.org/ml/gcc-patches/2009-03/msg01044.html

gcc-powerpc-nof:
  Don't build nof multlib on powerpc.

gcc-powerpc-undef:
  Undefine LINK_EH_SPEC before redefining it
  http://gcc.gnu.org/ml/gcc-patches/2011-02/msg01082.html

gcc-multiarch+biarch:
  Use multiarch dirs for the default multilib dir.

gcc-no-add-needed:
  On linux targets pass --no-add-needed to the linker.

mips-fix-loongson2f-nop:
  On mips, pass -mfix-loongson2f-nop to as, if -mno-fix-loongson2f-nop
  is not passed.

gcc-system-root:
  Avoid include paths starting with a double slash

armhf-triplet-backport:
  add support for arm-linux-*eabi* triplets; useful for armhf

Counting all warnings,
there are 0 warnings in stage3 of this bootstrap.

Number of warnings per file:

Number of warning types:



More information about the Gcc-testresults mailing list