Results for 4.7.0 20110611 (experimental) [trunk revision 174959] (GCC) testsuite on x86_64-unknown-linux-gnu

H.J. Lu Intel64 intel64@gnu-13.sc.intel.com
Sun Jun 12 01:08:00 GMT 2011


LAST_UPDATED: Sat Jun 11 23:10:36 UTC 2011 (revision 174959)

Native configuration is x86_64-unknown-linux-gnu

		=== g++ tests ===


Running target unix
FAIL: g++.dg/torture/pr43879-1_1.C  -O1  execution test
FAIL: g++.dg/torture/pr43879-1_1.C  -O2  execution test
FAIL: g++.dg/torture/pr43879-1_1.C  -O3 -fomit-frame-pointer  execution test
FAIL: g++.dg/torture/pr43879-1_1.C  -O3 -g  execution test
FAIL: g++.dg/torture/pr43879-1_1.C  -Os  execution test

		=== g++ Summary for unix ===

# of expected passes		20911
# of expected failures		146
# of unsupported tests		158

Running target unix/-m32
FAIL: g++.dg/torture/pr43879-1_1.C  -O1  execution test
FAIL: g++.dg/torture/pr43879-1_1.C  -O2  execution test
FAIL: g++.dg/torture/pr43879-1_1.C  -O3 -fomit-frame-pointer  execution test
FAIL: g++.dg/torture/pr43879-1_1.C  -O3 -g  execution test
FAIL: g++.dg/torture/pr43879-1_1.C  -Os  execution test

		=== g++ Summary for unix/-m32 ===

# of expected passes		20376
# of expected failures		146
# of unsupported tests		122

		=== g++ Summary ===

# of expected passes		41287
# of expected failures		292
# of unsupported tests		280
/export/gnu/import/svn/gcc-test-intel64/bld/gcc/testsuite/g++/../../g++  version 4.7.0 20110611 (experimental) [trunk revision 174959] (GCC) 

		=== gcc tests ===


Running target unix
FAIL: gcc.c-torture/compile/limits-exprparen.c  -O0  (internal compiler error)
FAIL: gcc.c-torture/compile/limits-exprparen.c  -O0  (test for excess errors)
FAIL: gcc.c-torture/compile/limits-exprparen.c  -O1  (internal compiler error)
FAIL: gcc.c-torture/compile/limits-exprparen.c  -O1  (test for excess errors)
FAIL: gcc.c-torture/compile/limits-exprparen.c  -O2  (internal compiler error)
FAIL: gcc.c-torture/compile/limits-exprparen.c  -O2  (test for excess errors)
FAIL: gcc.c-torture/compile/limits-exprparen.c  -O3 -fomit-frame-pointer  (internal compiler error)
FAIL: gcc.c-torture/compile/limits-exprparen.c  -O3 -fomit-frame-pointer  (test for excess errors)
FAIL: gcc.c-torture/compile/limits-exprparen.c  -O3 -g  (internal compiler error)
FAIL: gcc.c-torture/compile/limits-exprparen.c  -O3 -g  (test for excess errors)
FAIL: gcc.c-torture/compile/limits-exprparen.c  -Os  (internal compiler error)
FAIL: gcc.c-torture/compile/limits-exprparen.c  -Os  (test for excess errors)
FAIL: gcc.c-torture/compile/limits-exprparen.c  -O2 -flto -flto-partition=none  (internal compiler error)
FAIL: gcc.c-torture/compile/limits-exprparen.c  -O2 -flto -flto-partition=none  (test for excess errors)
FAIL: gcc.c-torture/compile/limits-exprparen.c  -O2 -flto  (internal compiler error)
FAIL: gcc.c-torture/compile/limits-exprparen.c  -O2 -flto  (test for excess errors)
FAIL: gcc.c-torture/execute/builtins/strlen-3.c execution,  -O2 -flto -flto-partition=none 
FAIL: gcc.c-torture/execute/builtins/strlen-3.c execution,  -O2 -flto 
XPASS: gcc.dg/inline_1.c (test for excess errors)
XPASS: gcc.dg/inline_2.c (test for excess errors)
XPASS: gcc.dg/inline_3.c (test for excess errors)
XPASS: gcc.dg/inline_4.c (test for excess errors)
XPASS: gcc.dg/unroll_1.c (test for excess errors)
XPASS: gcc.dg/unroll_2.c (test for excess errors)
XPASS: gcc.dg/unroll_3.c (test for excess errors)
XPASS: gcc.dg/unroll_4.c (test for excess errors)
XPASS: gcc.dg/guality/example.c  -O0  execution test
XPASS: gcc.dg/guality/example.c  -O1  execution test
XPASS: gcc.dg/guality/example.c  -O2  execution test
XPASS: gcc.dg/guality/example.c  -Os  execution test
XPASS: gcc.dg/guality/guality.c  -O0  execution test
XPASS: gcc.dg/guality/guality.c  -O1  execution test
XPASS: gcc.dg/guality/guality.c  -O2  execution test
XPASS: gcc.dg/guality/guality.c  -O3 -fomit-frame-pointer  execution test
XPASS: gcc.dg/guality/guality.c  -O3 -g  execution test
XPASS: gcc.dg/guality/guality.c  -Os  execution test
XPASS: gcc.dg/guality/inline-params.c  -O2  execution test
XPASS: gcc.dg/guality/inline-params.c  -O3 -fomit-frame-pointer  execution test
XPASS: gcc.dg/guality/inline-params.c  -O3 -g  execution test
XPASS: gcc.dg/guality/inline-params.c  -Os  execution test
XPASS: gcc.dg/guality/pr41353-1.c  -O0  line 28 j == 28 + 37
XPASS: gcc.dg/guality/pr41353-1.c  -O1  line 28 j == 28 + 37
XPASS: gcc.dg/guality/pr41353-1.c  -O2  line 28 j == 28 + 37
XPASS: gcc.dg/guality/pr41353-1.c  -O3 -fomit-frame-pointer  line 28 j == 28 + 37
XPASS: gcc.dg/guality/pr41353-1.c  -O3 -g  line 28 j == 28 + 37
XPASS: gcc.dg/guality/pr41353-1.c  -Os  line 28 j == 28 + 37
XPASS: gcc.dg/guality/pr41353-1.c  -O2 -flto -flto-partition=none  line 28 j == 28 + 37
XPASS: gcc.dg/guality/pr41353-1.c  -O2 -flto  line 28 j == 28 + 37
XPASS: gcc.dg/guality/pr41447-1.c  -O0  execution test
XPASS: gcc.dg/guality/pr41447-1.c  -O1  execution test
XPASS: gcc.dg/guality/pr41447-1.c  -O2  execution test
XPASS: gcc.dg/guality/pr41447-1.c  -O3 -fomit-frame-pointer  execution test
XPASS: gcc.dg/guality/pr41447-1.c  -O3 -g  execution test
XPASS: gcc.dg/guality/pr41447-1.c  -Os  execution test
XPASS: gcc.dg/guality/pr41616-1.c  -O0  execution test
XPASS: gcc.dg/guality/pr41616-1.c  -O1  execution test
XPASS: gcc.dg/guality/pr41616-1.c  -O2  execution test
XPASS: gcc.dg/guality/pr41616-1.c  -O3 -fomit-frame-pointer  execution test
XPASS: gcc.dg/guality/pr41616-1.c  -O3 -g  execution test
XPASS: gcc.dg/guality/pr41616-1.c  -Os  execution test
FAIL: gcc.dg/guality/vla-1.c  -O2 -flto -flto-partition=none  line 17 sizeof (a) == 6
FAIL: gcc.dg/guality/vla-1.c  -O2 -flto -flto-partition=none  line 24 sizeof (a) == 17 * sizeof (short)
FAIL: gcc.dg/guality/vla-1.c  -O2 -flto  line 17 sizeof (a) == 6
FAIL: gcc.dg/guality/vla-1.c  -O2 -flto  line 24 sizeof (a) == 17 * sizeof (short)
FAIL: gcc.dg/guality/vla-2.c  -O2 -flto -flto-partition=none  line 16 sizeof (a) == 5 * sizeof (int)
FAIL: gcc.dg/guality/vla-2.c  -O2 -flto -flto-partition=none  line 25 sizeof (a) == 6 * sizeof (int)
FAIL: gcc.dg/guality/vla-2.c  -O2 -flto  line 16 sizeof (a) == 5 * sizeof (int)
FAIL: gcc.dg/guality/vla-2.c  -O2 -flto  line 25 sizeof (a) == 6 * sizeof (int)
XPASS: gcc.dg/tree-ssa/20030807-7.c scan-tree-dump-times vrp1 "if " 1
FAIL: gcc.dg/tree-ssa/vrp47.c scan-tree-dump-times dom1 "x[^ ]* & y" 1

		=== gcc Summary for unix ===

# of expected passes		93381
# of unexpected failures	34
# of unexpected successes	74
# of expected failures		455
# of unsupported tests		954

Running target unix/-m32
FAIL: gcc.c-torture/compile/limits-exprparen.c  -O0  (internal compiler error)
FAIL: gcc.c-torture/compile/limits-exprparen.c  -O0  (test for excess errors)
FAIL: gcc.c-torture/compile/limits-exprparen.c  -O1  (internal compiler error)
FAIL: gcc.c-torture/compile/limits-exprparen.c  -O1  (test for excess errors)
FAIL: gcc.c-torture/compile/limits-exprparen.c  -O2  (internal compiler error)
FAIL: gcc.c-torture/compile/limits-exprparen.c  -O2  (test for excess errors)
FAIL: gcc.c-torture/compile/limits-exprparen.c  -O3 -fomit-frame-pointer  (internal compiler error)
FAIL: gcc.c-torture/compile/limits-exprparen.c  -O3 -fomit-frame-pointer  (test for excess errors)
FAIL: gcc.c-torture/compile/limits-exprparen.c  -O3 -g  (internal compiler error)
FAIL: gcc.c-torture/compile/limits-exprparen.c  -O3 -g  (test for excess errors)
FAIL: gcc.c-torture/compile/limits-exprparen.c  -Os  (internal compiler error)
FAIL: gcc.c-torture/compile/limits-exprparen.c  -Os  (test for excess errors)
FAIL: gcc.c-torture/compile/limits-exprparen.c  -O2 -flto -flto-partition=none  (internal compiler error)
FAIL: gcc.c-torture/compile/limits-exprparen.c  -O2 -flto -flto-partition=none  (test for excess errors)
FAIL: gcc.c-torture/compile/limits-exprparen.c  -O2 -flto  (internal compiler error)
FAIL: gcc.c-torture/compile/limits-exprparen.c  -O2 -flto  (test for excess errors)
FAIL: gcc.c-torture/execute/builtins/strlen-3.c execution,  -O2 -flto -flto-partition=none 
FAIL: gcc.c-torture/execute/builtins/strlen-3.c execution,  -O2 -flto 
XPASS: gcc.dg/inline_1.c (test for excess errors)
XPASS: gcc.dg/inline_2.c (test for excess errors)
XPASS: gcc.dg/inline_3.c (test for excess errors)
XPASS: gcc.dg/inline_4.c (test for excess errors)
XPASS: gcc.dg/unroll_1.c (test for excess errors)
XPASS: gcc.dg/unroll_2.c (test for excess errors)
XPASS: gcc.dg/unroll_3.c (test for excess errors)
XPASS: gcc.dg/unroll_4.c (test for excess errors)
XPASS: gcc.dg/guality/example.c  -O0  execution test
XPASS: gcc.dg/guality/example.c  -O1  execution test
XPASS: gcc.dg/guality/example.c  -O2  execution test
XPASS: gcc.dg/guality/guality.c  -O0  execution test
XPASS: gcc.dg/guality/guality.c  -O1  execution test
XPASS: gcc.dg/guality/guality.c  -O2  execution test
XPASS: gcc.dg/guality/guality.c  -O3 -fomit-frame-pointer  execution test
XPASS: gcc.dg/guality/guality.c  -O3 -g  execution test
XPASS: gcc.dg/guality/guality.c  -Os  execution test
XPASS: gcc.dg/guality/inline-params.c  -O2  execution test
XPASS: gcc.dg/guality/inline-params.c  -O3 -fomit-frame-pointer  execution test
XPASS: gcc.dg/guality/inline-params.c  -O3 -g  execution test
XPASS: gcc.dg/guality/inline-params.c  -Os  execution test
XPASS: gcc.dg/guality/pr41353-1.c  -O0  line 28 j == 28 + 37
XPASS: gcc.dg/guality/pr41353-1.c  -O1  line 28 j == 28 + 37
XPASS: gcc.dg/guality/pr41353-1.c  -O2  line 28 j == 28 + 37
XPASS: gcc.dg/guality/pr41353-1.c  -O3 -fomit-frame-pointer  line 28 j == 28 + 37
XPASS: gcc.dg/guality/pr41353-1.c  -O3 -g  line 28 j == 28 + 37
XPASS: gcc.dg/guality/pr41353-1.c  -Os  line 28 j == 28 + 37
XPASS: gcc.dg/guality/pr41353-1.c  -O2 -flto -flto-partition=none  line 28 j == 28 + 37
XPASS: gcc.dg/guality/pr41353-1.c  -O2 -flto  line 28 j == 28 + 37
XPASS: gcc.dg/guality/pr41447-1.c  -O0  execution test
XPASS: gcc.dg/guality/pr41447-1.c  -O1  execution test
XPASS: gcc.dg/guality/pr41447-1.c  -Os  execution test
XPASS: gcc.dg/guality/pr41616-1.c  -O0  execution test
XPASS: gcc.dg/guality/pr41616-1.c  -O1  execution test
XPASS: gcc.dg/guality/pr41616-1.c  -O2  execution test
XPASS: gcc.dg/guality/pr41616-1.c  -O3 -fomit-frame-pointer  execution test
XPASS: gcc.dg/guality/pr41616-1.c  -O3 -g  execution test
XPASS: gcc.dg/guality/pr41616-1.c  -Os  execution test
FAIL: gcc.dg/guality/vla-1.c  -O2 -flto -flto-partition=none  line 17 sizeof (a) == 6
FAIL: gcc.dg/guality/vla-1.c  -O2 -flto -flto-partition=none  line 24 sizeof (a) == 17 * sizeof (short)
FAIL: gcc.dg/guality/vla-1.c  -O2 -flto  line 17 sizeof (a) == 6
FAIL: gcc.dg/guality/vla-1.c  -O2 -flto  line 24 sizeof (a) == 17 * sizeof (short)
FAIL: gcc.dg/guality/vla-2.c  -O2 -flto -flto-partition=none  line 16 sizeof (a) == 5 * sizeof (int)
FAIL: gcc.dg/guality/vla-2.c  -O2 -flto -flto-partition=none  line 25 sizeof (a) == 6 * sizeof (int)
FAIL: gcc.dg/guality/vla-2.c  -O2 -flto  line 16 sizeof (a) == 5 * sizeof (int)
FAIL: gcc.dg/guality/vla-2.c  -O2 -flto  line 25 sizeof (a) == 6 * sizeof (int)
XPASS: gcc.dg/tree-ssa/20030807-7.c scan-tree-dump-times vrp1 "if " 1
FAIL: gcc.dg/tree-ssa/vrp47.c scan-tree-dump-times dom1 "x[^ ]* & y" 1

		=== gcc Summary for unix/-m32 ===

# of expected passes		47548
# of unexpected failures	16
# of unexpected successes	8
# of expected failures		54
# of unsupported tests		373

		=== gcc Summary ===

# of expected passes		140929
# of unexpected failures	50
# of unexpected successes	82
# of expected failures		509
# of unsupported tests		1327
/export/gnu/import/svn/gcc-test-intel64/bld/gcc/xgcc  version 4.7.0 20110611 (experimental) [trunk revision 174959] (GCC) 

		=== gfortran tests ===


Running target unix

		=== gfortran Summary for unix ===

# of expected passes		37764
# of expected failures		38
# of unsupported tests		36

Running target unix/-m32

		=== gfortran Summary for unix/-m32 ===

# of expected passes		37474
# of expected failures		38
# of unsupported tests		177

		=== gfortran Summary ===

# of expected passes		75238
# of expected failures		76
# of unsupported tests		213
/export/gnu/import/svn/gcc-test-intel64/bld/gcc/testsuite/gfortran/../../gfortran  version 4.7.0 20110611 (experimental) [trunk revision 174959] (GCC) 

		=== objc tests ===


Running target unix
XPASS: objc.dg/torture/forward-1.m  -O0  -fgnu-runtime execution test
XPASS: objc.dg/torture/forward-1.m  -O1  -fgnu-runtime execution test
XPASS: objc.dg/torture/forward-1.m  -O2  -fgnu-runtime execution test
XPASS: objc.dg/torture/forward-1.m  -O3 -fomit-frame-pointer  -fgnu-runtime execution test
XPASS: objc.dg/torture/forward-1.m  -O3 -fomit-frame-pointer -funroll-loops  -fgnu-runtime execution test
XPASS: objc.dg/torture/forward-1.m  -O3 -fomit-frame-pointer -funroll-all-loops -finline-functions  -fgnu-runtime execution test
XPASS: objc.dg/torture/forward-1.m  -O3 -g  -fgnu-runtime execution test
XPASS: objc.dg/torture/forward-1.m  -Os  -fgnu-runtime execution test
XPASS: objc.dg/torture/forward-1.m  -O2 -flto -flto-partition=none  -fgnu-runtime execution test
XPASS: objc.dg/torture/forward-1.m  -O2 -flto  -fgnu-runtime execution test

		=== objc Summary for unix ===

# of expected passes		1292
# of expected failures		6

Running target unix/-m32

		=== objc Summary for unix/-m32 ===

# of expected passes		1292
# of expected failures		6

		=== objc Summary ===

# of expected passes		2584
# of expected failures		12
/export/gnu/import/svn/gcc-test-intel64/bld/gcc/xgcc  version 4.7.0 20110611 (experimental) [trunk revision 174959] (GCC) 

		=== boehm-gc tests ===


Running target unix/-m32
FAIL: boehm-gc.c/thread_leak_test.c -O2 (test for excess errors)

		=== boehm-gc Summary for unix/-m32 ===

# of expected passes		4

Running target unix
FAIL: boehm-gc.c/thread_leak_test.c -O2 (test for excess errors)

		=== boehm-gc Summary for unix ===

# of expected passes		4

		=== boehm-gc Summary ===

# of expected passes		22
# of unexpected failures	2
# of unsupported tests		2
		=== libffi tests ===


Running target unix/-m32

		=== libffi Summary for unix/-m32 ===

# of expected passes		24

Running target unix

		=== libffi Summary for unix ===

# of expected passes		24

		=== libffi Summary ===

# of expected passes		3268
# of expected failures		20
# of unsupported tests		30
		=== libgomp tests ===


Running target unix/-m32
FAIL: libgomp.graphite/force-parallel-1.c execution test

		=== libgomp Summary for unix/-m32 ===

# of expected passes		45
# of unexpected failures	1

Running target unix
FAIL: libgomp.graphite/force-parallel-1.c execution test

		=== libgomp Summary for unix ===

# of expected passes		45
# of unexpected failures	1

		=== libgomp Summary ===

# of expected passes		5274
# of unexpected failures	2
		=== libjava tests ===


Running target unix/-m32

		=== libjava Summary for unix/-m32 ===


Running target unix

		=== libjava Summary for unix ===


		=== libjava Summary ===

# of expected passes		5148
		=== libmudflap tests ===


Running target unix/-m32

		=== libmudflap Summary for unix/-m32 ===

# of expected passes		264

Running target unix
FAIL: libmudflap.c++/pass55-frag.cxx ( -O) execution test

		=== libmudflap Summary for unix ===

# of expected passes		264

		=== libmudflap Summary ===

# of expected passes		2853
# of unexpected failures	1
		=== libstdc++ tests ===


Running target unix

		=== libstdc++ Summary for unix ===

# of expected passes		8587
# of expected failures		44
# of unsupported tests		117

Running target unix/-m32

		=== libstdc++ Summary for unix/-m32 ===

# of expected passes		8587
# of expected failures		44
# of unsupported tests		117

		=== libstdc++ Summary ===

# of expected passes		17174
# of expected failures		88
# of unsupported tests		234

Compiler version: 4.7.0 20110611 (experimental) [trunk revision 174959] (GCC) 
Platform: x86_64-unknown-linux-gnu
configure flags: --enable-clocale=gnu --with-system-zlib --enable-shared --with-demangler-in-ld --enable-cloog-backend=isl --with-ppl-include=/opt/gnu/include --with-ppl-lib=/opt/gnu/lib64 --with-cloog-include=/opt/gnu/include --with-cloog-lib=/opt/gnu/lib64 --with-fpmath=sse --enable-languages=c,c++,fortran,java,lto,objc



More information about the Gcc-testresults mailing list