Results for 4.7.0 20110611 (experimental) [trunk revision 174938] (GCC) testsuite on i386-pc-solaris2.10

Sean McGovern sean@seanmcgovern.ca
Sat Jun 11 15:52:00 GMT 2011


\$ uname -a
SunOS tsukimi 5.10 Generic_142910-17 i86pc i386 i86pc

\$ cat /etc/release
                    Oracle Solaris 10 9/10 s10x_u9wos_14a X86
     Copyright (c) 2010, Oracle and/or its affiliates. All rights reserved.
                            Assembled 11 August 2010

\$ /usr/local/bin/as --version
GNU assembler (GNU Binutils) 2.21

\$ /usr/ccs/bin/ld -V
ld: Software Generation Utilities - Solaris Link Editors: 5.10-1.500

\$ /usr/sbin/psrinfo -pv
The physical processor has 1 virtual processor (0)
  x86 (GenuineIntel family 6 model 23 step 6 clock 2393 MHz)
        Intel(r) Core(tm)2 Duo CPU     T8300  @ 2.40GHz
The physical processor has 1 virtual processor (1)
  x86 (GenuineIntel family 6 model 23 step 6 clock 2393 MHz)
        Intel(r) Core(tm)2 Duo CPU     T8300  @ 2.40GHz

Bootstrapped with :

\$ /usr/sfw/bin/gcc -v
Reading specs from /usr/sfw/lib/gcc/i386-pc-solaris2.10/3.4.3/specs
Configured with: /builds/sfw10-gate/usr/src/cmd/gcc/gcc-3.4.3/configure --prefix=/usr/sfw --with-as=/usr/sfw/bin/gas --with-gnu-as --with-ld=/usr/ccs/bin/ld --without-gnu-ld --enable-languages=c,c++ --enable-shared
Thread model: posix
gcc version 3.4.3 (csl-sol210-3_4-branch+sol_rpath)

********
LAST_UPDATED: Sat Jun 11 01:07:51 UTC 2011 (revision 174938)

Native configuration is i386-pc-solaris2.10

		=== gcc tests ===


Running target unix/-m32
XPASS: gcc.dg/inline_1.c (test for excess errors)
XPASS: gcc.dg/inline_2.c (test for excess errors)
XPASS: gcc.dg/unroll_1.c (test for excess errors)
FAIL: gcc.dg/torture/tls/run-ld.c  -O1  execution test
FAIL: gcc.dg/torture/tls/run-ld.c  -O2  execution test
FAIL: gcc.dg/torture/tls/run-ld.c  -O3 -fomit-frame-pointer  execution test
FAIL: gcc.dg/torture/tls/run-ld.c  -O3 -g  execution test
FAIL: gcc.dg/torture/tls/run-ld.c  -Os  execution test
FAIL: gcc.dg/torture/tls/run-ld.c  -O1  -fpic  execution test
FAIL: gcc.dg/torture/tls/run-ld.c  -O2  -fpic  execution test
FAIL: gcc.dg/torture/tls/run-ld.c  -O3 -fomit-frame-pointer  -fpic  execution test
FAIL: gcc.dg/torture/tls/run-ld.c  -O3 -g  -fpic  execution test
FAIL: gcc.dg/torture/tls/run-ld.c  -Os  -fpic  execution test
FAIL: gcc.dg/torture/tls/run-ld.c  -O1  -fPIC  execution test
FAIL: gcc.dg/torture/tls/run-ld.c  -O2  -fPIC  execution test
FAIL: gcc.dg/torture/tls/run-ld.c  -O3 -fomit-frame-pointer  -fPIC  execution test
FAIL: gcc.dg/torture/tls/run-ld.c  -O3 -g  -fPIC  execution test
FAIL: gcc.dg/torture/tls/run-ld.c  -Os  -fPIC  execution test
FAIL: gcc.dg/torture/tls/run-ld.c  -O2 -flto -flto-partition=none  execution test
FAIL: gcc.dg/torture/tls/run-ld.c  -O2 -flto  execution test
FAIL: gcc.dg/torture/tls/thr-init-2.c  -O2  -fpic  execution test
FAIL: gcc.dg/torture/tls/thr-init-2.c  -O3 -fomit-frame-pointer  -fpic  execution test
FAIL: gcc.dg/torture/tls/thr-init-2.c  -O3 -g  -fpic  execution test
FAIL: gcc.dg/torture/tls/thr-init-2.c  -O2  -fPIC  execution test
FAIL: gcc.dg/torture/tls/thr-init-2.c  -O3 -fomit-frame-pointer  -fPIC  execution test
FAIL: gcc.dg/torture/tls/thr-init-2.c  -O3 -g  -fPIC  execution test
XPASS: gcc.dg/tree-ssa/20030807-7.c scan-tree-dump-times vrp1 "if " 1
FAIL: gcc.dg/tree-ssa/vrp47.c scan-tree-dump-times dom1 "x[^ ]* & y" 1

		=== gcc Summary for unix/-m32 ===

# of expected passes		77908
# of unexpected failures	24
# of unexpected successes	4
# of expected failures		239
# of unsupported tests		818

Running target unix/-m64
XPASS: gcc.dg/inline_1.c (test for excess errors)
XPASS: gcc.dg/inline_2.c (test for excess errors)
XPASS: gcc.dg/unroll_1.c (test for excess errors)
XPASS: gcc.dg/tree-ssa/20030807-7.c scan-tree-dump-times vrp1 "if " 1
FAIL: gcc.dg/tree-ssa/vrp47.c scan-tree-dump-times dom1 "x[^ ]* & y" 1

		=== gcc Summary for unix/-m64 ===

# of expected passes		78087
# of unexpected failures	1
# of unexpected successes	4
# of expected failures		239
# of unsupported tests		1219

		=== gcc Summary ===

# of expected passes		155995
# of unexpected failures	25
# of unexpected successes	8
# of expected failures		478
# of unsupported tests		2037
/BUILD/gcc/obj-174938/gcc/xgcc  version 4.7.0 20110611 (experimental) [trunk revision 174938] (GCC) 

		=== libgomp tests ===


Running target unix/-m64

		=== libgomp Summary for unix/-m64 ===

# of expected passes		262
# of unsupported tests		3

Running target unix/-m32

		=== libgomp Summary for unix/-m32 ===

# of expected passes		262
# of unsupported tests		3

		=== libgomp Summary ===

# of expected passes		524
# of unsupported tests		6

Compiler version: 4.7.0 20110611 (experimental) [trunk revision 174938] (GCC) 
Platform: i386-pc-solaris2.10
configure flags: --prefix=/BUILD/gcc/174938 --target=i386-pc-solaris2.10 --with-gnu-as --with-as=/usr/local/bin/as --with-gmp=/local/gcc --with-mpfr=/local/gcc --with-mpc=/local/gcc --disable-libmudflap --disable-libssp --enable-stage1-languages=c --enable-languages=c --program-suffix=-trunk
BOOT_CFLAGS=-g -O2



More information about the Gcc-testresults mailing list