Results for 4.7.0 20110609 (experimental) [trunk revision 174860] (GCC) testsuite on x86_64-unknown-linux-gnu

H.J. Lu Intel64 LTO/FDO intel64profiled@gnu-16.sc.intel.com
Fri Jun 10 01:37:00 GMT 2011


LAST_UPDATED: Thu Jun  9 22:27:41 UTC 2011 (revision 174860)

Native configuration is x86_64-unknown-linux-gnu

		=== g++ tests ===


Running target unix
FAIL: g++.dg/abi/covariant2.C (internal compiler error)
FAIL: g++.dg/abi/covariant2.C (test for excess errors)
FAIL: g++.dg/abi/covariant3.C (internal compiler error)
FAIL: g++.dg/abi/covariant3.C (test for excess errors)
WARNING: g++.dg/abi/covariant3.C compilation failed to produce executable
FAIL: g++.dg/abi/covariant4.C (internal compiler error)
FAIL: g++.dg/abi/covariant4.C (test for excess errors)
WARNING: g++.dg/abi/covariant4.C compilation failed to produce executable
FAIL: g++.dg/abi/covariant5.C (internal compiler error)
FAIL: g++.dg/abi/covariant5.C (test for excess errors)
WARNING: g++.dg/abi/covariant5.C compilation failed to produce executable
FAIL: g++.dg/abi/covariant6.C (internal compiler error)
FAIL: g++.dg/abi/covariant6.C (test for excess errors)
ERROR: g++.dg/abi/covariant6.C: error executing dg-final: couldn't open "covariant6.s": no such file or directory
UNRESOLVED: g++.dg/abi/covariant6.C: error executing dg-final: couldn't open "covariant6.s": no such file or directory
FAIL: g++.dg/inherit/covariant1.C (internal compiler error)
FAIL: g++.dg/inherit/covariant1.C (test for excess errors)
WARNING: g++.dg/inherit/covariant1.C compilation failed to produce executable
FAIL: g++.dg/inherit/covariant10.C (internal compiler error)
FAIL: g++.dg/inherit/covariant10.C (test for excess errors)
FAIL: g++.dg/inherit/covariant11.C (internal compiler error)
FAIL: g++.dg/inherit/covariant11.C (test for excess errors)
FAIL: g++.dg/inherit/covariant17.C (internal compiler error)
FAIL: g++.dg/inherit/covariant17.C (test for excess errors)
WARNING: g++.dg/inherit/covariant17.C compilation failed to produce executable
FAIL: g++.dg/inherit/covariant18.C (internal compiler error)
FAIL: g++.dg/inherit/covariant18.C (test for excess errors)
WARNING: g++.dg/inherit/covariant18.C compilation failed to produce executable
FAIL: g++.dg/inherit/covariant2.C (internal compiler error)
FAIL: g++.dg/inherit/covariant2.C (test for excess errors)
WARNING: g++.dg/inherit/covariant2.C compilation failed to produce executable
FAIL: g++.dg/inherit/covariant3.C (internal compiler error)
FAIL: g++.dg/inherit/covariant3.C (test for excess errors)
WARNING: g++.dg/inherit/covariant3.C compilation failed to produce executable
FAIL: g++.dg/inherit/covariant4.C (internal compiler error)
FAIL: g++.dg/inherit/covariant4.C (test for excess errors)
WARNING: g++.dg/inherit/covariant4.C compilation failed to produce executable
FAIL: g++.dg/inherit/covariant5.C (internal compiler error)
FAIL: g++.dg/inherit/covariant5.C (test for excess errors)
FAIL: g++.dg/inherit/covariant6.C (internal compiler error)
FAIL: g++.dg/inherit/covariant6.C (test for excess errors)
FAIL: g++.dg/inherit/covariant8.C (internal compiler error)
FAIL: g++.dg/inherit/covariant8.C (test for excess errors)
FAIL: g++.dg/inherit/covariant9.C (internal compiler error)
FAIL: g++.dg/inherit/covariant9.C (test for excess errors)
FAIL: g++.dg/inherit/thunk9.C (internal compiler error)
FAIL: g++.dg/inherit/thunk9.C (test for excess errors)
FAIL: g++.dg/opt/covariant1.C (internal compiler error)
FAIL: g++.dg/opt/covariant1.C (test for excess errors)
WARNING: g++.dg/opt/covariant1.C compilation failed to produce executable
FAIL: g++.dg/tree-ssa/pr46987.C (internal compiler error)
FAIL: g++.dg/tree-ssa/pr46987.C (test for excess errors)
FAIL: g++.dg/torture/covariant-1.C  -O0  (internal compiler error)
FAIL: g++.dg/torture/covariant-1.C  -O0  (test for excess errors)
WARNING: g++.dg/torture/covariant-1.C  -O0  compilation failed to produce executable
FAIL: g++.dg/torture/covariant-1.C  -O1  (internal compiler error)
FAIL: g++.dg/torture/covariant-1.C  -O1  (test for excess errors)
WARNING: g++.dg/torture/covariant-1.C  -O1  compilation failed to produce executable
FAIL: g++.dg/torture/covariant-1.C  -O2  (internal compiler error)
FAIL: g++.dg/torture/covariant-1.C  -O2  (test for excess errors)
WARNING: g++.dg/torture/covariant-1.C  -O2  compilation failed to produce executable
FAIL: g++.dg/torture/covariant-1.C  -O3 -fomit-frame-pointer  (internal compiler error)
FAIL: g++.dg/torture/covariant-1.C  -O3 -fomit-frame-pointer  (test for excess errors)
WARNING: g++.dg/torture/covariant-1.C  -O3 -fomit-frame-pointer  compilation failed to produce executable
FAIL: g++.dg/torture/covariant-1.C  -O3 -g  (internal compiler error)
FAIL: g++.dg/torture/covariant-1.C  -O3 -g  (test for excess errors)
WARNING: g++.dg/torture/covariant-1.C  -O3 -g  compilation failed to produce executable
FAIL: g++.dg/torture/covariant-1.C  -Os  (internal compiler error)
FAIL: g++.dg/torture/covariant-1.C  -Os  (test for excess errors)
WARNING: g++.dg/torture/covariant-1.C  -Os  compilation failed to produce executable
FAIL: g++.dg/torture/covariant-1.C  -O2 -flto -flto-partition=none  (internal compiler error)
FAIL: g++.dg/torture/covariant-1.C  -O2 -flto -flto-partition=none  (test for excess errors)
WARNING: g++.dg/torture/covariant-1.C  -O2 -flto -flto-partition=none  compilation failed to produce executable
FAIL: g++.dg/torture/covariant-1.C  -O2 -flto  (internal compiler error)
FAIL: g++.dg/torture/covariant-1.C  -O2 -flto  (test for excess errors)
WARNING: g++.dg/torture/covariant-1.C  -O2 -flto  compilation failed to produce executable
FAIL: g++.dg/torture/pr43068.C  -O0  (internal compiler error)
FAIL: g++.dg/torture/pr43068.C  -O0  (test for excess errors)
FAIL: g++.dg/torture/pr43068.C  -O1  (internal compiler error)
FAIL: g++.dg/torture/pr43068.C  -O1  (test for excess errors)
FAIL: g++.dg/torture/pr43068.C  -O2  (internal compiler error)
FAIL: g++.dg/torture/pr43068.C  -O2  (test for excess errors)
FAIL: g++.dg/torture/pr43068.C  -O3 -fomit-frame-pointer  (internal compiler error)
FAIL: g++.dg/torture/pr43068.C  -O3 -fomit-frame-pointer  (test for excess errors)
FAIL: g++.dg/torture/pr43068.C  -O3 -g  (internal compiler error)
FAIL: g++.dg/torture/pr43068.C  -O3 -g  (test for excess errors)
FAIL: g++.dg/torture/pr43068.C  -Os  (internal compiler error)
FAIL: g++.dg/torture/pr43068.C  -Os  (test for excess errors)
FAIL: g++.dg/torture/pr43068.C  -O2 -flto -flto-partition=none  (internal compiler error)
FAIL: g++.dg/torture/pr43068.C  -O2 -flto -flto-partition=none  (test for excess errors)
FAIL: g++.dg/torture/pr43068.C  -O2 -flto  (internal compiler error)
FAIL: g++.dg/torture/pr43068.C  -O2 -flto  (test for excess errors)
FAIL: g++.dg/torture/pr47714.C  -O0  (internal compiler error)
FAIL: g++.dg/torture/pr47714.C  -O0  (test for excess errors)
FAIL: g++.dg/torture/pr47714.C  -O1  (internal compiler error)
FAIL: g++.dg/torture/pr47714.C  -O1  (test for excess errors)
FAIL: g++.dg/torture/pr47714.C  -O2  (internal compiler error)
FAIL: g++.dg/torture/pr47714.C  -O2  (test for excess errors)
FAIL: g++.dg/torture/pr47714.C  -O3 -fomit-frame-pointer  (internal compiler error)
FAIL: g++.dg/torture/pr47714.C  -O3 -fomit-frame-pointer  (test for excess errors)
FAIL: g++.dg/torture/pr47714.C  -O3 -g  (internal compiler error)
FAIL: g++.dg/torture/pr47714.C  -O3 -g  (test for excess errors)
FAIL: g++.dg/torture/pr47714.C  -Os  (internal compiler error)
FAIL: g++.dg/torture/pr47714.C  -Os  (test for excess errors)
FAIL: g++.dg/torture/pr47714.C  -O2 -flto -flto-partition=none  (internal compiler error)
FAIL: g++.dg/torture/pr47714.C  -O2 -flto -flto-partition=none  (test for excess errors)
FAIL: g++.dg/torture/pr47714.C  -O2 -flto  (internal compiler error)
FAIL: g++.dg/torture/pr47714.C  -O2 -flto  (test for excess errors)
FAIL: g++.old-deja/g++.robertl/eb17.C (internal compiler error)
FAIL: g++.old-deja/g++.robertl/eb17.C (test for excess errors)
WARNING: g++.old-deja/g++.robertl/eb17.C compilation failed to produce executable

		=== g++ Summary for unix ===

# of expected passes		20875
# of unexpected failures	42
# of expected failures		147
# of unresolved testcases	1
# of unsupported tests		158

Running target unix/-m32
FAIL: g++.dg/abi/covariant2.C (internal compiler error)
FAIL: g++.dg/abi/covariant2.C (test for excess errors)
FAIL: g++.dg/abi/covariant3.C (internal compiler error)
FAIL: g++.dg/abi/covariant3.C (test for excess errors)
WARNING: g++.dg/abi/covariant3.C compilation failed to produce executable
FAIL: g++.dg/abi/covariant4.C (internal compiler error)
FAIL: g++.dg/abi/covariant4.C (test for excess errors)
WARNING: g++.dg/abi/covariant4.C compilation failed to produce executable
FAIL: g++.dg/abi/covariant5.C (internal compiler error)
FAIL: g++.dg/abi/covariant5.C (test for excess errors)
WARNING: g++.dg/abi/covariant5.C compilation failed to produce executable
FAIL: g++.dg/abi/covariant6.C (internal compiler error)
FAIL: g++.dg/abi/covariant6.C (test for excess errors)
ERROR: g++.dg/abi/covariant6.C: error executing dg-final: couldn't open "covariant6.s": no such file or directory
UNRESOLVED: g++.dg/abi/covariant6.C: error executing dg-final: couldn't open "covariant6.s": no such file or directory
FAIL: g++.dg/inherit/covariant1.C (internal compiler error)
FAIL: g++.dg/inherit/covariant1.C (test for excess errors)
WARNING: g++.dg/inherit/covariant1.C compilation failed to produce executable
FAIL: g++.dg/inherit/covariant10.C (internal compiler error)
FAIL: g++.dg/inherit/covariant10.C (test for excess errors)
FAIL: g++.dg/inherit/covariant11.C (internal compiler error)
FAIL: g++.dg/inherit/covariant11.C (test for excess errors)
FAIL: g++.dg/inherit/covariant17.C (internal compiler error)
FAIL: g++.dg/inherit/covariant17.C (test for excess errors)
WARNING: g++.dg/inherit/covariant17.C compilation failed to produce executable
FAIL: g++.dg/inherit/covariant18.C (internal compiler error)
FAIL: g++.dg/inherit/covariant18.C (test for excess errors)
WARNING: g++.dg/inherit/covariant18.C compilation failed to produce executable
FAIL: g++.dg/inherit/covariant2.C (internal compiler error)
FAIL: g++.dg/inherit/covariant2.C (test for excess errors)
WARNING: g++.dg/inherit/covariant2.C compilation failed to produce executable
FAIL: g++.dg/inherit/covariant3.C (internal compiler error)
FAIL: g++.dg/inherit/covariant3.C (test for excess errors)
WARNING: g++.dg/inherit/covariant3.C compilation failed to produce executable
FAIL: g++.dg/inherit/covariant4.C (internal compiler error)
FAIL: g++.dg/inherit/covariant4.C (test for excess errors)
WARNING: g++.dg/inherit/covariant4.C compilation failed to produce executable
FAIL: g++.dg/inherit/covariant5.C (internal compiler error)
FAIL: g++.dg/inherit/covariant5.C (test for excess errors)
FAIL: g++.dg/inherit/covariant6.C (internal compiler error)
FAIL: g++.dg/inherit/covariant6.C (test for excess errors)
FAIL: g++.dg/inherit/covariant8.C (internal compiler error)
FAIL: g++.dg/inherit/covariant8.C (test for excess errors)
FAIL: g++.dg/inherit/covariant9.C (internal compiler error)
FAIL: g++.dg/inherit/covariant9.C (test for excess errors)
FAIL: g++.dg/inherit/thunk9.C (internal compiler error)
FAIL: g++.dg/inherit/thunk9.C (test for excess errors)
FAIL: g++.dg/opt/covariant1.C (internal compiler error)
FAIL: g++.dg/opt/covariant1.C (test for excess errors)
WARNING: g++.dg/opt/covariant1.C compilation failed to produce executable
FAIL: g++.dg/tree-ssa/pr46987.C (internal compiler error)
FAIL: g++.dg/tree-ssa/pr46987.C (test for excess errors)
FAIL: g++.dg/torture/covariant-1.C  -O0  (internal compiler error)
FAIL: g++.dg/torture/covariant-1.C  -O0  (test for excess errors)
WARNING: g++.dg/torture/covariant-1.C  -O0  compilation failed to produce executable
FAIL: g++.dg/torture/covariant-1.C  -O1  (internal compiler error)
FAIL: g++.dg/torture/covariant-1.C  -O1  (test for excess errors)
WARNING: g++.dg/torture/covariant-1.C  -O1  compilation failed to produce executable
FAIL: g++.dg/torture/covariant-1.C  -O2  (internal compiler error)
FAIL: g++.dg/torture/covariant-1.C  -O2  (test for excess errors)
WARNING: g++.dg/torture/covariant-1.C  -O2  compilation failed to produce executable
FAIL: g++.dg/torture/covariant-1.C  -O3 -fomit-frame-pointer  (internal compiler error)
FAIL: g++.dg/torture/covariant-1.C  -O3 -fomit-frame-pointer  (test for excess errors)
WARNING: g++.dg/torture/covariant-1.C  -O3 -fomit-frame-pointer  compilation failed to produce executable
FAIL: g++.dg/torture/covariant-1.C  -O3 -g  (internal compiler error)
FAIL: g++.dg/torture/covariant-1.C  -O3 -g  (test for excess errors)
WARNING: g++.dg/torture/covariant-1.C  -O3 -g  compilation failed to produce executable
FAIL: g++.dg/torture/covariant-1.C  -Os  (internal compiler error)
FAIL: g++.dg/torture/covariant-1.C  -Os  (test for excess errors)
WARNING: g++.dg/torture/covariant-1.C  -Os  compilation failed to produce executable
FAIL: g++.dg/torture/covariant-1.C  -O2 -flto -flto-partition=none  (internal compiler error)
FAIL: g++.dg/torture/covariant-1.C  -O2 -flto -flto-partition=none  (test for excess errors)
WARNING: g++.dg/torture/covariant-1.C  -O2 -flto -flto-partition=none  compilation failed to produce executable
FAIL: g++.dg/torture/covariant-1.C  -O2 -flto  (internal compiler error)
FAIL: g++.dg/torture/covariant-1.C  -O2 -flto  (test for excess errors)
WARNING: g++.dg/torture/covariant-1.C  -O2 -flto  compilation failed to produce executable
FAIL: g++.dg/torture/pr43068.C  -O0  (internal compiler error)
FAIL: g++.dg/torture/pr43068.C  -O0  (test for excess errors)
FAIL: g++.dg/torture/pr43068.C  -O1  (internal compiler error)
FAIL: g++.dg/torture/pr43068.C  -O1  (test for excess errors)
FAIL: g++.dg/torture/pr43068.C  -O2  (internal compiler error)
FAIL: g++.dg/torture/pr43068.C  -O2  (test for excess errors)
FAIL: g++.dg/torture/pr43068.C  -O3 -fomit-frame-pointer  (internal compiler error)
FAIL: g++.dg/torture/pr43068.C  -O3 -fomit-frame-pointer  (test for excess errors)
FAIL: g++.dg/torture/pr43068.C  -O3 -g  (internal compiler error)
FAIL: g++.dg/torture/pr43068.C  -O3 -g  (test for excess errors)
FAIL: g++.dg/torture/pr43068.C  -Os  (internal compiler error)
FAIL: g++.dg/torture/pr43068.C  -Os  (test for excess errors)
FAIL: g++.dg/torture/pr43068.C  -O2 -flto -flto-partition=none  (internal compiler error)
FAIL: g++.dg/torture/pr43068.C  -O2 -flto -flto-partition=none  (test for excess errors)
FAIL: g++.dg/torture/pr43068.C  -O2 -flto  (internal compiler error)
FAIL: g++.dg/torture/pr43068.C  -O2 -flto  (test for excess errors)
FAIL: g++.dg/torture/pr47714.C  -O0  (internal compiler error)
FAIL: g++.dg/torture/pr47714.C  -O0  (test for excess errors)
FAIL: g++.dg/torture/pr47714.C  -O1  (internal compiler error)
FAIL: g++.dg/torture/pr47714.C  -O1  (test for excess errors)
FAIL: g++.dg/torture/pr47714.C  -O2  (internal compiler error)
FAIL: g++.dg/torture/pr47714.C  -O2  (test for excess errors)
FAIL: g++.dg/torture/pr47714.C  -O3 -fomit-frame-pointer  (internal compiler error)
FAIL: g++.dg/torture/pr47714.C  -O3 -fomit-frame-pointer  (test for excess errors)
FAIL: g++.dg/torture/pr47714.C  -O3 -g  (internal compiler error)
FAIL: g++.dg/torture/pr47714.C  -O3 -g  (test for excess errors)
FAIL: g++.dg/torture/pr47714.C  -Os  (internal compiler error)
FAIL: g++.dg/torture/pr47714.C  -Os  (test for excess errors)
FAIL: g++.dg/torture/pr47714.C  -O2 -flto -flto-partition=none  (internal compiler error)
FAIL: g++.dg/torture/pr47714.C  -O2 -flto -flto-partition=none  (test for excess errors)
FAIL: g++.dg/torture/pr47714.C  -O2 -flto  (internal compiler error)
FAIL: g++.dg/torture/pr47714.C  -O2 -flto  (test for excess errors)
FAIL: g++.old-deja/g++.robertl/eb17.C (internal compiler error)
FAIL: g++.old-deja/g++.robertl/eb17.C (test for excess errors)
WARNING: g++.old-deja/g++.robertl/eb17.C compilation failed to produce executable

		=== g++ Summary for unix/-m32 ===

# of expected passes		20340
# of unexpected failures	42
# of expected failures		147
# of unresolved testcases	1
# of unsupported tests		122

		=== g++ Summary ===

# of expected passes		41215
# of unexpected failures	84
# of expected failures		294
# of unresolved testcases	2
# of unsupported tests		280
/export/gnu/import/svn/gcc-test-profile/bld/gcc/testsuite/g++/../../g++  version 4.7.0 20110609 (experimental) [trunk revision 174860] (GCC) 

		=== gcc tests ===


Running target unix
FAIL: gcc.c-torture/compile/limits-exprparen.c  -O0  (internal compiler error)
FAIL: gcc.c-torture/compile/limits-exprparen.c  -O0  (test for excess errors)
FAIL: gcc.c-torture/compile/limits-exprparen.c  -O1  (internal compiler error)
FAIL: gcc.c-torture/compile/limits-exprparen.c  -O1  (test for excess errors)
FAIL: gcc.c-torture/compile/limits-exprparen.c  -O2  (internal compiler error)
FAIL: gcc.c-torture/compile/limits-exprparen.c  -O2  (test for excess errors)
FAIL: gcc.c-torture/compile/limits-exprparen.c  -O3 -fomit-frame-pointer  (internal compiler error)
FAIL: gcc.c-torture/compile/limits-exprparen.c  -O3 -fomit-frame-pointer  (test for excess errors)
FAIL: gcc.c-torture/compile/limits-exprparen.c  -O3 -g  (internal compiler error)
FAIL: gcc.c-torture/compile/limits-exprparen.c  -O3 -g  (test for excess errors)
FAIL: gcc.c-torture/compile/limits-exprparen.c  -Os  (internal compiler error)
FAIL: gcc.c-torture/compile/limits-exprparen.c  -Os  (test for excess errors)
FAIL: gcc.c-torture/compile/limits-exprparen.c  -O2 -flto -flto-partition=none  (internal compiler error)
FAIL: gcc.c-torture/compile/limits-exprparen.c  -O2 -flto -flto-partition=none  (test for excess errors)
FAIL: gcc.c-torture/compile/limits-exprparen.c  -O2 -flto  (internal compiler error)
FAIL: gcc.c-torture/compile/limits-exprparen.c  -O2 -flto  (test for excess errors)
FAIL: gcc.dg/20051207-3.c (test for excess errors)
XPASS: gcc.dg/guality/example.c  -O0  execution test
XPASS: gcc.dg/guality/example.c  -O1  execution test
XPASS: gcc.dg/guality/example.c  -O2  execution test
XPASS: gcc.dg/guality/example.c  -Os  execution test
XPASS: gcc.dg/guality/guality.c  -O0  execution test
XPASS: gcc.dg/guality/guality.c  -O1  execution test
XPASS: gcc.dg/guality/guality.c  -O2  execution test
XPASS: gcc.dg/guality/guality.c  -O3 -fomit-frame-pointer  execution test
XPASS: gcc.dg/guality/guality.c  -O3 -g  execution test
XPASS: gcc.dg/guality/guality.c  -Os  execution test
XPASS: gcc.dg/guality/inline-params.c  -O2  execution test
XPASS: gcc.dg/guality/inline-params.c  -O3 -fomit-frame-pointer  execution test
XPASS: gcc.dg/guality/inline-params.c  -O3 -g  execution test
XPASS: gcc.dg/guality/inline-params.c  -Os  execution test
XPASS: gcc.dg/guality/pr41353-1.c  -O0  line 28 j == 28 + 37
XPASS: gcc.dg/guality/pr41353-1.c  -O1  line 28 j == 28 + 37
XPASS: gcc.dg/guality/pr41353-1.c  -O2  line 28 j == 28 + 37
XPASS: gcc.dg/guality/pr41353-1.c  -O3 -fomit-frame-pointer  line 28 j == 28 + 37
XPASS: gcc.dg/guality/pr41353-1.c  -O3 -g  line 28 j == 28 + 37
XPASS: gcc.dg/guality/pr41353-1.c  -Os  line 28 j == 28 + 37
XPASS: gcc.dg/guality/pr41353-1.c  -O2 -flto -flto-partition=none  line 28 j == 28 + 37
XPASS: gcc.dg/guality/pr41353-1.c  -O2 -flto  line 28 j == 28 + 37
XPASS: gcc.dg/guality/pr41447-1.c  -O0  execution test
XPASS: gcc.dg/guality/pr41447-1.c  -O1  execution test
XPASS: gcc.dg/guality/pr41447-1.c  -O2  execution test
XPASS: gcc.dg/guality/pr41447-1.c  -O3 -fomit-frame-pointer  execution test
XPASS: gcc.dg/guality/pr41447-1.c  -O3 -g  execution test
XPASS: gcc.dg/guality/pr41447-1.c  -Os  execution test
XPASS: gcc.dg/guality/pr41616-1.c  -O0  execution test
XPASS: gcc.dg/guality/pr41616-1.c  -O1  execution test
XPASS: gcc.dg/guality/pr41616-1.c  -O2  execution test
XPASS: gcc.dg/guality/pr41616-1.c  -O3 -fomit-frame-pointer  execution test
XPASS: gcc.dg/guality/pr41616-1.c  -O3 -g  execution test
XPASS: gcc.dg/guality/pr41616-1.c  -Os  execution test
FAIL: gcc.dg/guality/vla-1.c  -O2 -flto -flto-partition=none  line 17 sizeof (a) == 6
FAIL: gcc.dg/guality/vla-1.c  -O2 -flto -flto-partition=none  line 24 sizeof (a) == 17 * sizeof (short)
FAIL: gcc.dg/guality/vla-1.c  -O2 -flto  line 17 sizeof (a) == 6
FAIL: gcc.dg/guality/vla-1.c  -O2 -flto  line 24 sizeof (a) == 17 * sizeof (short)
FAIL: gcc.dg/guality/vla-2.c  -O2 -flto -flto-partition=none  line 16 sizeof (a) == 5 * sizeof (int)
FAIL: gcc.dg/guality/vla-2.c  -O2 -flto -flto-partition=none  line 25 sizeof (a) == 6 * sizeof (int)
FAIL: gcc.dg/guality/vla-2.c  -O2 -flto  line 16 sizeof (a) == 5 * sizeof (int)
FAIL: gcc.dg/guality/vla-2.c  -O2 -flto  line 25 sizeof (a) == 6 * sizeof (int)
FAIL: gcc.dg/lto/20110201-1 c_lto_20110201-1_0.o-c_lto_20110201-1_0.o link,  -O0 -flto 
UNRESOLVED: gcc.dg/lto/20110201-1 c_lto_20110201-1_0.o-c_lto_20110201-1_0.o execute  -O0 -flto 
FAIL: gcc.dg/tls/section-1.c (test for excess errors)
XPASS: gcc.dg/tree-ssa/20030807-7.c scan-tree-dump-times vrp1 "if " 1
FAIL: gcc.dg/tree-ssa/vrp47.c scan-tree-dump-times dom1 "x[^ ]* & y" 1

		=== gcc Summary for unix ===

# of expected passes		92641
# of unexpected failures	37
# of unexpected successes	66
# of expected failures		463
# of unresolved testcases	2
# of unsupported tests		1012

Running target unix/-m32
FAIL: gcc.c-torture/compile/limits-exprparen.c  -O0  (internal compiler error)
FAIL: gcc.c-torture/compile/limits-exprparen.c  -O0  (test for excess errors)
FAIL: gcc.c-torture/compile/limits-exprparen.c  -O1  (internal compiler error)
FAIL: gcc.c-torture/compile/limits-exprparen.c  -O1  (test for excess errors)
FAIL: gcc.c-torture/compile/limits-exprparen.c  -O2  (internal compiler error)
FAIL: gcc.c-torture/compile/limits-exprparen.c  -O2  (test for excess errors)
FAIL: gcc.c-torture/compile/limits-exprparen.c  -O3 -fomit-frame-pointer  (internal compiler error)
FAIL: gcc.c-torture/compile/limits-exprparen.c  -O3 -fomit-frame-pointer  (test for excess errors)
FAIL: gcc.c-torture/compile/limits-exprparen.c  -O3 -g  (internal compiler error)
FAIL: gcc.c-torture/compile/limits-exprparen.c  -O3 -g  (test for excess errors)
FAIL: gcc.c-torture/compile/limits-exprparen.c  -Os  (internal compiler error)
FAIL: gcc.c-torture/compile/limits-exprparen.c  -Os  (test for excess errors)
FAIL: gcc.c-torture/compile/limits-exprparen.c  -O2 -flto -flto-partition=none  (internal compiler error)
FAIL: gcc.c-torture/compile/limits-exprparen.c  -O2 -flto -flto-partition=none  (test for excess errors)
FAIL: gcc.c-torture/compile/limits-exprparen.c  -O2 -flto  (internal compiler error)
FAIL: gcc.c-torture/compile/limits-exprparen.c  -O2 -flto  (test for excess errors)
FAIL: gcc.dg/20051207-3.c (test for excess errors)
XPASS: gcc.dg/guality/example.c  -O0  execution test
XPASS: gcc.dg/guality/example.c  -O1  execution test
XPASS: gcc.dg/guality/example.c  -O2  execution test
XPASS: gcc.dg/guality/guality.c  -O0  execution test
XPASS: gcc.dg/guality/guality.c  -O1  execution test
XPASS: gcc.dg/guality/guality.c  -O2  execution test
XPASS: gcc.dg/guality/guality.c  -O3 -fomit-frame-pointer  execution test
XPASS: gcc.dg/guality/guality.c  -O3 -g  execution test
XPASS: gcc.dg/guality/guality.c  -Os  execution test
XPASS: gcc.dg/guality/inline-params.c  -O2  execution test
XPASS: gcc.dg/guality/inline-params.c  -O3 -fomit-frame-pointer  execution test
XPASS: gcc.dg/guality/inline-params.c  -O3 -g  execution test
XPASS: gcc.dg/guality/inline-params.c  -Os  execution test
XPASS: gcc.dg/guality/pr41353-1.c  -O0  line 28 j == 28 + 37
XPASS: gcc.dg/guality/pr41353-1.c  -O1  line 28 j == 28 + 37
XPASS: gcc.dg/guality/pr41353-1.c  -O2  line 28 j == 28 + 37
XPASS: gcc.dg/guality/pr41353-1.c  -O3 -fomit-frame-pointer  line 28 j == 28 + 37
XPASS: gcc.dg/guality/pr41353-1.c  -O3 -g  line 28 j == 28 + 37
XPASS: gcc.dg/guality/pr41353-1.c  -Os  line 28 j == 28 + 37
XPASS: gcc.dg/guality/pr41353-1.c  -O2 -flto -flto-partition=none  line 28 j == 28 + 37
XPASS: gcc.dg/guality/pr41353-1.c  -O2 -flto  line 28 j == 28 + 37
XPASS: gcc.dg/guality/pr41447-1.c  -O0  execution test
XPASS: gcc.dg/guality/pr41447-1.c  -O1  execution test
XPASS: gcc.dg/guality/pr41447-1.c  -Os  execution test
XPASS: gcc.dg/guality/pr41616-1.c  -O0  execution test
XPASS: gcc.dg/guality/pr41616-1.c  -O1  execution test
XPASS: gcc.dg/guality/pr41616-1.c  -O2  execution test
XPASS: gcc.dg/guality/pr41616-1.c  -O3 -fomit-frame-pointer  execution test
XPASS: gcc.dg/guality/pr41616-1.c  -O3 -g  execution test
XPASS: gcc.dg/guality/pr41616-1.c  -Os  execution test
FAIL: gcc.dg/guality/vla-1.c  -O2 -flto -flto-partition=none  line 24 sizeof (a) == 17 * sizeof (short)
FAIL: gcc.dg/guality/vla-1.c  -O2 -flto  line 24 sizeof (a) == 17 * sizeof (short)
FAIL: gcc.dg/guality/vla-2.c  -O2 -flto -flto-partition=none  line 16 sizeof (a) == 5 * sizeof (int)
FAIL: gcc.dg/guality/vla-2.c  -O2 -flto -flto-partition=none  line 25 sizeof (a) == 6 * sizeof (int)
FAIL: gcc.dg/guality/vla-2.c  -O2 -flto  line 16 sizeof (a) == 5 * sizeof (int)
FAIL: gcc.dg/guality/vla-2.c  -O2 -flto  line 25 sizeof (a) == 6 * sizeof (int)
FAIL: gcc.dg/lto/20110201-1 c_lto_20110201-1_0.o-c_lto_20110201-1_0.o link,  -O0 -flto 
UNRESOLVED: gcc.dg/lto/20110201-1 c_lto_20110201-1_0.o-c_lto_20110201-1_0.o execute  -O0 -flto 
FAIL: gcc.dg/tls/section-1.c (test for excess errors)
XPASS: gcc.dg/tree-ssa/20030807-7.c scan-tree-dump-times vrp1 "if " 1
FAIL: gcc.dg/tree-ssa/vrp47.c scan-tree-dump-times dom1 "x[^ ]* & y" 1

		=== gcc Summary for unix/-m32 ===

# of expected passes		47546
# of unexpected failures	17
# of expected failures		62
# of unsupported tests		373

		=== gcc Summary ===

# of expected passes		140187
# of unexpected failures	54
# of unexpected successes	66
# of expected failures		525
# of unresolved testcases	2
# of unsupported tests		1385
/export/gnu/import/svn/gcc-test-profile/bld/gcc/xgcc  version 4.7.0 20110609 (experimental) [trunk revision 174860] (GCC) 

		=== gfortran tests ===


Running target unix

		=== gfortran Summary for unix ===

# of expected passes		37724
# of expected failures		38
# of unsupported tests		36

Running target unix/-m32

		=== gfortran Summary for unix/-m32 ===

# of expected passes		37434
# of expected failures		38
# of unsupported tests		177

		=== gfortran Summary ===

# of expected passes		75158
# of expected failures		76
# of unsupported tests		213
/export/gnu/import/svn/gcc-test-profile/bld/gcc/testsuite/gfortran/../../gfortran  version 4.7.0 20110609 (experimental) [trunk revision 174860] (GCC) 

		=== objc tests ===


Running target unix
XPASS: objc.dg/torture/forward-1.m  -O0  -fgnu-runtime execution test
XPASS: objc.dg/torture/forward-1.m  -O1  -fgnu-runtime execution test
XPASS: objc.dg/torture/forward-1.m  -O2  -fgnu-runtime execution test
XPASS: objc.dg/torture/forward-1.m  -O3 -fomit-frame-pointer  -fgnu-runtime execution test
XPASS: objc.dg/torture/forward-1.m  -O3 -fomit-frame-pointer -funroll-loops  -fgnu-runtime execution test
XPASS: objc.dg/torture/forward-1.m  -O3 -fomit-frame-pointer -funroll-all-loops -finline-functions  -fgnu-runtime execution test
XPASS: objc.dg/torture/forward-1.m  -O3 -g  -fgnu-runtime execution test
XPASS: objc.dg/torture/forward-1.m  -Os  -fgnu-runtime execution test
XPASS: objc.dg/torture/forward-1.m  -O2 -flto -flto-partition=none  -fgnu-runtime execution test
XPASS: objc.dg/torture/forward-1.m  -O2 -flto  -fgnu-runtime execution test

		=== objc Summary for unix ===

# of expected passes		1292
# of expected failures		6

Running target unix/-m32

		=== objc Summary for unix/-m32 ===

# of expected passes		1292
# of expected failures		6

		=== objc Summary ===

# of expected passes		2584
# of expected failures		12
/export/gnu/import/svn/gcc-test-profile/bld/gcc/xgcc  version 4.7.0 20110609 (experimental) [trunk revision 174860] (GCC) 

		=== boehm-gc tests ===


Running target unix/-m32
FAIL: boehm-gc.c/thread_leak_test.c -O2 (test for excess errors)

		=== boehm-gc Summary for unix/-m32 ===

# of expected passes		4

Running target unix
FAIL: boehm-gc.c/gctest.c -O2 execution test
FAIL: boehm-gc.c/thread_leak_test.c -O2 (test for excess errors)

		=== boehm-gc Summary for unix ===

# of expected passes		4

		=== boehm-gc Summary ===

# of expected passes		21
# of unexpected failures	3
# of unsupported tests		2
		=== libffi tests ===


Running target unix/-m32

		=== libffi Summary for unix/-m32 ===

# of expected passes		24

Running target unix

		=== libffi Summary for unix ===

# of expected passes		24

		=== libffi Summary ===

# of expected passes		3268
# of expected failures		20
# of unsupported tests		30
		=== libgomp tests ===


Running target unix/-m32
FAIL: libgomp.graphite/force-parallel-1.c execution test

		=== libgomp Summary for unix/-m32 ===

# of expected passes		45
# of unexpected failures	1

Running target unix
FAIL: libgomp.graphite/force-parallel-1.c execution test

		=== libgomp Summary for unix ===

# of expected passes		45
# of unexpected failures	1

		=== libgomp Summary ===

# of expected passes		5274
# of unexpected failures	2
		=== libjava tests ===


Running target unix/-m32

		=== libjava Summary for unix/-m32 ===


Running target unix

		=== libjava Summary for unix ===


		=== libjava Summary ===

# of expected passes		5148
		=== libmudflap tests ===


Running target unix/-m32
FAIL: libmudflap.cth/pass39-frag.c (rerun 14) execution test
FAIL: libmudflap.cth/pass39-frag.c (rerun 14) output pattern test

		=== libmudflap Summary for unix/-m32 ===

# of expected passes		262
# of unexpected failures	2

Running target unix
FAIL: libmudflap.c++/pass55-frag.cxx ( -O) execution test
WARNING: program timed out.
FAIL: libmudflap.cth/pass40-frag.c execution test
FAIL: libmudflap.cth/pass40-frag.c output pattern test

		=== libmudflap Summary for unix ===

# of expected passes		262
# of unexpected failures	2

		=== libmudflap Summary ===

# of expected passes		2849
# of unexpected failures	5
		=== libstdc++ tests ===


Running target unix

		=== libstdc++ Summary for unix ===

# of expected passes		8535
# of expected failures		85
# of unsupported tests		117

Running target unix/-m32

		=== libstdc++ Summary for unix/-m32 ===

# of expected passes		8535
# of expected failures		85
# of unsupported tests		117

		=== libstdc++ Summary ===

# of expected passes		17070
# of expected failures		170
# of unsupported tests		234

Compiler version: 4.7.0 20110609 (experimental) [trunk revision 174860] (GCC) 
Platform: x86_64-unknown-linux-gnu
configure flags: --enable-clocale=gnu --with-system-zlib --enable-shared --with-demangler-in-ld --enable-cloog-backend=isl --with-ppl-include=/opt/gnu/include --with-ppl-lib=/opt/gnu/lib64 --with-cloog-include=/opt/gnu/include --with-cloog-lib=/opt/gnu/lib64 --with-build-config=bootstrap-lto --with-fpmath=sse --enable-languages=c,c++,fortran,java,lto,objc



More information about the Gcc-testresults mailing list