Results for 4.7.0 20110609 (experimental) [trunk revision 174851] (GCC) testsuite on i686-pc-linux-gnu

H.J. Lu ia32 Core 2/i7 ia32corei7@gnu-34.sc.intel.com
Thu Jun 9 18:06:00 GMT 2011


LAST_UPDATED: Thu Jun  9 17:25:59 UTC 2011 (revision 174851)

Native configuration is i686-pc-linux-gnu

		=== g++ tests ===


Running target unix
FAIL: g++.dg/abi/covariant2.C (internal compiler error)
FAIL: g++.dg/abi/covariant2.C (test for excess errors)
FAIL: g++.dg/abi/covariant3.C (internal compiler error)
FAIL: g++.dg/abi/covariant3.C (test for excess errors)
WARNING: g++.dg/abi/covariant3.C compilation failed to produce executable
FAIL: g++.dg/abi/covariant4.C (internal compiler error)
FAIL: g++.dg/abi/covariant4.C (test for excess errors)
WARNING: g++.dg/abi/covariant4.C compilation failed to produce executable
FAIL: g++.dg/abi/covariant5.C (internal compiler error)
FAIL: g++.dg/abi/covariant5.C (test for excess errors)
WARNING: g++.dg/abi/covariant5.C compilation failed to produce executable
FAIL: g++.dg/abi/covariant6.C (internal compiler error)
FAIL: g++.dg/abi/covariant6.C (test for excess errors)
ERROR: g++.dg/abi/covariant6.C: error executing dg-final: couldn't open "covariant6.s": no such file or directory
UNRESOLVED: g++.dg/abi/covariant6.C: error executing dg-final: couldn't open "covariant6.s": no such file or directory
FAIL: g++.dg/inherit/covariant1.C (internal compiler error)
FAIL: g++.dg/inherit/covariant1.C (test for excess errors)
WARNING: g++.dg/inherit/covariant1.C compilation failed to produce executable
FAIL: g++.dg/inherit/covariant10.C (internal compiler error)
FAIL: g++.dg/inherit/covariant10.C (test for excess errors)
FAIL: g++.dg/inherit/covariant11.C (internal compiler error)
FAIL: g++.dg/inherit/covariant11.C (test for excess errors)
FAIL: g++.dg/inherit/covariant17.C (internal compiler error)
FAIL: g++.dg/inherit/covariant17.C (test for excess errors)
WARNING: g++.dg/inherit/covariant17.C compilation failed to produce executable
FAIL: g++.dg/inherit/covariant18.C (internal compiler error)
FAIL: g++.dg/inherit/covariant18.C (test for excess errors)
WARNING: g++.dg/inherit/covariant18.C compilation failed to produce executable
FAIL: g++.dg/inherit/covariant2.C (internal compiler error)
FAIL: g++.dg/inherit/covariant2.C (test for excess errors)
WARNING: g++.dg/inherit/covariant2.C compilation failed to produce executable
FAIL: g++.dg/inherit/covariant3.C (internal compiler error)
FAIL: g++.dg/inherit/covariant3.C (test for excess errors)
WARNING: g++.dg/inherit/covariant3.C compilation failed to produce executable
FAIL: g++.dg/inherit/covariant4.C (internal compiler error)
FAIL: g++.dg/inherit/covariant4.C (test for excess errors)
WARNING: g++.dg/inherit/covariant4.C compilation failed to produce executable
FAIL: g++.dg/inherit/covariant5.C (internal compiler error)
FAIL: g++.dg/inherit/covariant5.C (test for excess errors)
FAIL: g++.dg/inherit/covariant6.C (internal compiler error)
FAIL: g++.dg/inherit/covariant6.C (test for excess errors)
FAIL: g++.dg/inherit/covariant8.C (internal compiler error)
FAIL: g++.dg/inherit/covariant8.C (test for excess errors)
FAIL: g++.dg/inherit/covariant9.C (internal compiler error)
FAIL: g++.dg/inherit/covariant9.C (test for excess errors)
FAIL: g++.dg/inherit/thunk9.C (internal compiler error)
FAIL: g++.dg/inherit/thunk9.C (test for excess errors)
FAIL: g++.dg/opt/covariant1.C (internal compiler error)
FAIL: g++.dg/opt/covariant1.C (test for excess errors)
WARNING: g++.dg/opt/covariant1.C compilation failed to produce executable
FAIL: g++.dg/tree-ssa/pr46987.C (internal compiler error)
FAIL: g++.dg/tree-ssa/pr46987.C (test for excess errors)
FAIL: g++.dg/torture/covariant-1.C  -O0  (internal compiler error)
FAIL: g++.dg/torture/covariant-1.C  -O0  (test for excess errors)
WARNING: g++.dg/torture/covariant-1.C  -O0  compilation failed to produce executable
FAIL: g++.dg/torture/covariant-1.C  -O1  (internal compiler error)
FAIL: g++.dg/torture/covariant-1.C  -O1  (test for excess errors)
WARNING: g++.dg/torture/covariant-1.C  -O1  compilation failed to produce executable
FAIL: g++.dg/torture/covariant-1.C  -O2  (internal compiler error)
FAIL: g++.dg/torture/covariant-1.C  -O2  (test for excess errors)
WARNING: g++.dg/torture/covariant-1.C  -O2  compilation failed to produce executable
FAIL: g++.dg/torture/covariant-1.C  -O3 -fomit-frame-pointer  (internal compiler error)
FAIL: g++.dg/torture/covariant-1.C  -O3 -fomit-frame-pointer  (test for excess errors)
WARNING: g++.dg/torture/covariant-1.C  -O3 -fomit-frame-pointer  compilation failed to produce executable
FAIL: g++.dg/torture/covariant-1.C  -O3 -g  (internal compiler error)
FAIL: g++.dg/torture/covariant-1.C  -O3 -g  (test for excess errors)
WARNING: g++.dg/torture/covariant-1.C  -O3 -g  compilation failed to produce executable
FAIL: g++.dg/torture/covariant-1.C  -Os  (internal compiler error)
FAIL: g++.dg/torture/covariant-1.C  -Os  (test for excess errors)
WARNING: g++.dg/torture/covariant-1.C  -Os  compilation failed to produce executable
FAIL: g++.dg/torture/covariant-1.C  -O2 -flto -flto-partition=none  (internal compiler error)
FAIL: g++.dg/torture/covariant-1.C  -O2 -flto -flto-partition=none  (test for excess errors)
WARNING: g++.dg/torture/covariant-1.C  -O2 -flto -flto-partition=none  compilation failed to produce executable
FAIL: g++.dg/torture/covariant-1.C  -O2 -flto  (internal compiler error)
FAIL: g++.dg/torture/covariant-1.C  -O2 -flto  (test for excess errors)
WARNING: g++.dg/torture/covariant-1.C  -O2 -flto  compilation failed to produce executable
FAIL: g++.dg/torture/pr43068.C  -O0  (internal compiler error)
FAIL: g++.dg/torture/pr43068.C  -O0  (test for excess errors)
FAIL: g++.dg/torture/pr43068.C  -O1  (internal compiler error)
FAIL: g++.dg/torture/pr43068.C  -O1  (test for excess errors)
FAIL: g++.dg/torture/pr43068.C  -O2  (internal compiler error)
FAIL: g++.dg/torture/pr43068.C  -O2  (test for excess errors)
FAIL: g++.dg/torture/pr43068.C  -O3 -fomit-frame-pointer  (internal compiler error)
FAIL: g++.dg/torture/pr43068.C  -O3 -fomit-frame-pointer  (test for excess errors)
FAIL: g++.dg/torture/pr43068.C  -O3 -g  (internal compiler error)
FAIL: g++.dg/torture/pr43068.C  -O3 -g  (test for excess errors)
FAIL: g++.dg/torture/pr43068.C  -Os  (internal compiler error)
FAIL: g++.dg/torture/pr43068.C  -Os  (test for excess errors)
FAIL: g++.dg/torture/pr43068.C  -O2 -flto -flto-partition=none  (internal compiler error)
FAIL: g++.dg/torture/pr43068.C  -O2 -flto -flto-partition=none  (test for excess errors)
FAIL: g++.dg/torture/pr43068.C  -O2 -flto  (internal compiler error)
FAIL: g++.dg/torture/pr43068.C  -O2 -flto  (test for excess errors)
FAIL: g++.dg/torture/pr47714.C  -O0  (internal compiler error)
FAIL: g++.dg/torture/pr47714.C  -O0  (test for excess errors)
FAIL: g++.dg/torture/pr47714.C  -O1  (internal compiler error)
FAIL: g++.dg/torture/pr47714.C  -O1  (test for excess errors)
FAIL: g++.dg/torture/pr47714.C  -O2  (internal compiler error)
FAIL: g++.dg/torture/pr47714.C  -O2  (test for excess errors)
FAIL: g++.dg/torture/pr47714.C  -O3 -fomit-frame-pointer  (internal compiler error)
FAIL: g++.dg/torture/pr47714.C  -O3 -fomit-frame-pointer  (test for excess errors)
FAIL: g++.dg/torture/pr47714.C  -O3 -g  (internal compiler error)
FAIL: g++.dg/torture/pr47714.C  -O3 -g  (test for excess errors)
FAIL: g++.dg/torture/pr47714.C  -Os  (internal compiler error)
FAIL: g++.dg/torture/pr47714.C  -Os  (test for excess errors)
FAIL: g++.dg/torture/pr47714.C  -O2 -flto -flto-partition=none  (internal compiler error)
FAIL: g++.dg/torture/pr47714.C  -O2 -flto -flto-partition=none  (test for excess errors)
FAIL: g++.dg/torture/pr47714.C  -O2 -flto  (internal compiler error)
FAIL: g++.dg/torture/pr47714.C  -O2 -flto  (test for excess errors)
FAIL: g++.old-deja/g++.robertl/eb17.C (internal compiler error)
FAIL: g++.old-deja/g++.robertl/eb17.C (test for excess errors)
WARNING: g++.old-deja/g++.robertl/eb17.C compilation failed to produce executable

		=== g++ Summary ===

# of expected passes		27556
# of unexpected failures	90
# of expected failures		156
# of unresolved testcases	1
# of unsupported tests		158
/export/gnu/import/svn/gcc-test-ia32corei7/bld/gcc/testsuite/g++/../../g++  version 4.7.0 20110609 (experimental) [trunk revision 174851] (GCC) 

		=== gcc tests ===


Running target unix
FAIL: gcc.c-torture/compile/limits-exprparen.c  -O0  (internal compiler error)
FAIL: gcc.c-torture/compile/limits-exprparen.c  -O0  (test for excess errors)
FAIL: gcc.c-torture/compile/limits-exprparen.c  -O1  (internal compiler error)
FAIL: gcc.c-torture/compile/limits-exprparen.c  -O1  (test for excess errors)
FAIL: gcc.c-torture/compile/limits-exprparen.c  -O2  (internal compiler error)
FAIL: gcc.c-torture/compile/limits-exprparen.c  -O2  (test for excess errors)
FAIL: gcc.c-torture/compile/limits-exprparen.c  -O3 -fomit-frame-pointer  (internal compiler error)
FAIL: gcc.c-torture/compile/limits-exprparen.c  -O3 -fomit-frame-pointer  (test for excess errors)
FAIL: gcc.c-torture/compile/limits-exprparen.c  -O3 -g  (internal compiler error)
FAIL: gcc.c-torture/compile/limits-exprparen.c  -O3 -g  (test for excess errors)
FAIL: gcc.c-torture/compile/limits-exprparen.c  -Os  (internal compiler error)
FAIL: gcc.c-torture/compile/limits-exprparen.c  -Os  (test for excess errors)
FAIL: gcc.c-torture/compile/limits-exprparen.c  -O2 -flto -flto-partition=none  (internal compiler error)
FAIL: gcc.c-torture/compile/limits-exprparen.c  -O2 -flto -flto-partition=none  (test for excess errors)
FAIL: gcc.c-torture/compile/limits-exprparen.c  -O2 -flto  (internal compiler error)
FAIL: gcc.c-torture/compile/limits-exprparen.c  -O2 -flto  (test for excess errors)
FAIL: gcc.dg/20051207-3.c (test for excess errors)
XPASS: gcc.dg/guality/example.c  -O0  execution test
XPASS: gcc.dg/guality/example.c  -O1  execution test
XPASS: gcc.dg/guality/example.c  -O2  execution test
XPASS: gcc.dg/guality/guality.c  -O0  execution test
XPASS: gcc.dg/guality/guality.c  -O1  execution test
XPASS: gcc.dg/guality/guality.c  -O2  execution test
XPASS: gcc.dg/guality/guality.c  -O3 -fomit-frame-pointer  execution test
XPASS: gcc.dg/guality/guality.c  -O3 -g  execution test
XPASS: gcc.dg/guality/guality.c  -Os  execution test
XPASS: gcc.dg/guality/inline-params.c  -O2  execution test
XPASS: gcc.dg/guality/inline-params.c  -O3 -fomit-frame-pointer  execution test
XPASS: gcc.dg/guality/inline-params.c  -O3 -g  execution test
XPASS: gcc.dg/guality/inline-params.c  -Os  execution test
XPASS: gcc.dg/guality/pr41353-1.c  -O0  line 28 j == 28 + 37
XPASS: gcc.dg/guality/pr41353-1.c  -O1  line 28 j == 28 + 37
XPASS: gcc.dg/guality/pr41353-1.c  -O2  line 28 j == 28 + 37
XPASS: gcc.dg/guality/pr41353-1.c  -O3 -fomit-frame-pointer  line 28 j == 28 + 37
XPASS: gcc.dg/guality/pr41353-1.c  -O3 -g  line 28 j == 28 + 37
XPASS: gcc.dg/guality/pr41353-1.c  -Os  line 28 j == 28 + 37
XPASS: gcc.dg/guality/pr41353-1.c  -O2 -flto -flto-partition=none  line 28 j == 28 + 37
XPASS: gcc.dg/guality/pr41353-1.c  -O2 -flto  line 28 j == 28 + 37
XPASS: gcc.dg/guality/pr41447-1.c  -O0  execution test
XPASS: gcc.dg/guality/pr41447-1.c  -O1  execution test
XPASS: gcc.dg/guality/pr41447-1.c  -Os  execution test
XPASS: gcc.dg/guality/pr41616-1.c  -O0  execution test
XPASS: gcc.dg/guality/pr41616-1.c  -O1  execution test
XPASS: gcc.dg/guality/pr41616-1.c  -O2  execution test
XPASS: gcc.dg/guality/pr41616-1.c  -O3 -fomit-frame-pointer  execution test
XPASS: gcc.dg/guality/pr41616-1.c  -O3 -g  execution test
XPASS: gcc.dg/guality/pr41616-1.c  -Os  execution test
FAIL: gcc.dg/guality/vla-1.c  -O2 -flto -flto-partition=none  line 24 sizeof (a) == 17 * sizeof (short)
FAIL: gcc.dg/guality/vla-1.c  -O2 -flto  line 24 sizeof (a) == 17 * sizeof (short)
FAIL: gcc.dg/guality/vla-2.c  -O2 -flto -flto-partition=none  line 16 sizeof (a) == 5 * sizeof (int)
FAIL: gcc.dg/guality/vla-2.c  -O2 -flto -flto-partition=none  line 25 sizeof (a) == 6 * sizeof (int)
FAIL: gcc.dg/guality/vla-2.c  -O2 -flto  line 16 sizeof (a) == 5 * sizeof (int)
FAIL: gcc.dg/guality/vla-2.c  -O2 -flto  line 25 sizeof (a) == 6 * sizeof (int)
FAIL: gcc.dg/lto/20110201-1 c_lto_20110201-1_0.o-c_lto_20110201-1_0.o link,  -O0 -flto 
UNRESOLVED: gcc.dg/lto/20110201-1 c_lto_20110201-1_0.o-c_lto_20110201-1_0.o execute  -O0 -flto 
FAIL: gcc.dg/tls/section-1.c (test for excess errors)
XPASS: gcc.dg/tree-ssa/20030807-7.c scan-tree-dump-times vrp1 "if " 1
FAIL: gcc.dg/tree-ssa/vrp47.c scan-tree-dump-times dom1 "x[^ ]* & y" 1

		=== gcc Summary ===

# of expected passes		80453
# of unexpected failures	26
# of unexpected successes	31
# of expected failures		268
# of unresolved testcases	1
# of unsupported tests		820
/export/gnu/import/svn/gcc-test-ia32corei7/bld/gcc/xgcc  version 4.7.0 20110609 (experimental) [trunk revision 174851] (GCC) 

		=== gfortran tests ===


Running target unix

		=== gfortran Summary ===

# of expected passes		38931
# of expected failures		53
# of unsupported tests		204
/export/gnu/import/svn/gcc-test-ia32corei7/bld/gcc/testsuite/gfortran/../../gfortran  version 4.7.0 20110609 (experimental) [trunk revision 174851] (GCC) 

		=== objc tests ===


Running target unix

		=== objc Summary ===

# of expected passes		2974
# of expected failures		6
# of unsupported tests		74
/export/gnu/import/svn/gcc-test-ia32corei7/bld/gcc/xgcc  version 4.7.0 20110609 (experimental) [trunk revision 174851] (GCC) 

		=== boehm-gc tests ===


Running target unix
FAIL: boehm-gc.c/thread_leak_test.c -O2 (test for excess errors)

		=== boehm-gc Summary ===

# of expected passes		11
# of unexpected failures	1
# of unsupported tests		1
		=== libffi tests ===


Running target unix

		=== libffi Summary ===

# of expected passes		1634
# of expected failures		10
# of unsupported tests		15
		=== libgomp tests ===


Running target unix
FAIL: libgomp.graphite/force-parallel-1.c execution test

		=== libgomp Summary ===

# of expected passes		2637
# of unexpected failures	1
		=== libjava tests ===


Running target unix

		=== libjava Summary ===

# of expected passes		2574
		=== libmudflap tests ===


Running target unix
FAIL: libmudflap.c/fail40-frag.c output pattern test
FAIL: libmudflap.c/pass51-frag.c execution test
FAIL: libmudflap.c/pass51-frag.c execution test
FAIL: libmudflap.c/fail40-frag.c (-O2) output pattern test
FAIL: libmudflap.c/pass51-frag.c (-O2) execution test
FAIL: libmudflap.c/pass51-frag.c (-O2) execution test
FAIL: libmudflap.c/fail40-frag.c (-O3) output pattern test
FAIL: libmudflap.c/pass51-frag.c (-O3) execution test
FAIL: libmudflap.c/pass51-frag.c (-O3) execution test

		=== libmudflap Summary ===

# of expected passes		1418
# of unexpected failures	9
		=== libstdc++ tests ===


Running target unix

		=== libstdc++ Summary ===

# of expected passes		8535
# of expected failures		85
# of unsupported tests		117

Compiler version: 4.7.0 20110609 (experimental) [trunk revision 174851] (GCC) 
Platform: i686-pc-linux-gnu
configure flags: --with-arch=corei7 --with-cpu=corei7 --enable-clocale=gnu --with-system-zlib --enable-shared --with-demangler-in-ld --enable-cloog-backend=isl --with-ppl=/opt/gnu --with-cloog=/opt/gnu i686-linux --with-fpmath=sse --enable-languages=c,c++,fortran,java,lto,objc



More information about the Gcc-testresults mailing list