Results for 4.7.0 20110608 (experimental) (GCC) testsuite on score-unknown-elf

Wei Qin wei.gcc@gmail.com
Thu Jun 9 09:39:00 GMT 2011


Test Run By qinwei on Wed Jun  8 17:17:55 2011
Target is score-unknown-elf
Host   is i686-pc-linux-gnu

		=== gcc tests ===

Schedule of variations:
    sim-eb-score7

Running target sim-eb-score7
FAIL: gcc.c-torture/compile/20080806-1.c  -O1  (internal compiler error)
FAIL: gcc.c-torture/compile/20080806-1.c  -O1  (test for excess errors)
FAIL: gcc.c-torture/compile/20080806-1.c  -O2  (internal compiler error)
FAIL: gcc.c-torture/compile/20080806-1.c  -O2  (test for excess errors)
FAIL: gcc.c-torture/compile/20080806-1.c  -O3 -fomit-frame-pointer
(internal compiler error)
FAIL: gcc.c-torture/compile/20080806-1.c  -O3 -fomit-frame-pointer
(test for excess errors)
FAIL: gcc.c-torture/compile/20080806-1.c  -O3 -fomit-frame-pointer
-funroll-loops  (internal compiler error)
FAIL: gcc.c-torture/compile/20080806-1.c  -O3 -fomit-frame-pointer
-funroll-loops  (test for excess errors)
FAIL: gcc.c-torture/compile/20080806-1.c  -O3 -fomit-frame-pointer
-funroll-all-loops -finline-functions  (internal compiler error)
FAIL: gcc.c-torture/compile/20080806-1.c  -O3 -fomit-frame-pointer
-funroll-all-loops -finline-functions  (test for excess errors)
FAIL: gcc.c-torture/compile/20080806-1.c  -O3 -g  (internal compiler error)
FAIL: gcc.c-torture/compile/20080806-1.c  -O3 -g  (test for excess errors)
FAIL: gcc.c-torture/compile/20080806-1.c  -Os  (internal compiler error)
FAIL: gcc.c-torture/compile/20080806-1.c  -Os  (test for excess errors)
FAIL: gcc.c-torture/compile/20080806-1.c  -O2 -flto
-flto-partition=none  (internal compiler error)
FAIL: gcc.c-torture/compile/20080806-1.c  -O2 -flto
-flto-partition=none  (test for excess errors)
FAIL: gcc.c-torture/compile/20080806-1.c  -O2 -flto  (internal compiler error)
FAIL: gcc.c-torture/compile/20080806-1.c  -O2 -flto  (test for excess errors)
FAIL: gcc.c-torture/compile/limits-exprparen.c  -O0  (internal compiler error)
FAIL: gcc.c-torture/compile/limits-exprparen.c  -O0  (test for excess errors)
FAIL: gcc.c-torture/execute/20101011-1.c execution,  -O0
FAIL: gcc.c-torture/execute/20101011-1.c execution,  -O1
FAIL: gcc.c-torture/execute/20101011-1.c execution,  -O2
FAIL: gcc.c-torture/execute/20101011-1.c execution,  -O3 -fomit-frame-pointer
FAIL: gcc.c-torture/execute/20101011-1.c execution,  -O3 -g
FAIL: gcc.c-torture/execute/20101011-1.c execution,  -Os
FAIL: gcc.c-torture/execute/20101011-1.c execution,  -O2 -flto
-flto-partition=none
FAIL: gcc.c-torture/execute/20101011-1.c execution,  -O2 -flto
FAIL: gcc.c-torture/execute/fprintf-1.c execution,  -O0
FAIL: gcc.c-torture/execute/fprintf-1.c execution,  -O1
FAIL: gcc.c-torture/execute/fprintf-1.c execution,  -O2
FAIL: gcc.c-torture/execute/fprintf-1.c execution,  -O3 -fomit-frame-pointer
FAIL: gcc.c-torture/execute/fprintf-1.c execution,  -O3 -g
FAIL: gcc.c-torture/execute/fprintf-1.c execution,  -Os
FAIL: gcc.c-torture/execute/fprintf-1.c execution,  -O2 -flto
-flto-partition=none
FAIL: gcc.c-torture/execute/fprintf-1.c execution,  -O2 -flto
FAIL: gcc.c-torture/execute/fprintf-chk-1.c execution,  -O0
FAIL: gcc.c-torture/execute/fprintf-chk-1.c execution,  -O1
FAIL: gcc.c-torture/execute/fprintf-chk-1.c execution,  -O2
FAIL: gcc.c-torture/execute/fprintf-chk-1.c execution,  -O3
-fomit-frame-pointer
FAIL: gcc.c-torture/execute/fprintf-chk-1.c execution,  -O3 -g
FAIL: gcc.c-torture/execute/fprintf-chk-1.c execution,  -Os
FAIL: gcc.c-torture/execute/fprintf-chk-1.c execution,  -O2 -flto
-flto-partition=none
FAIL: gcc.c-torture/execute/fprintf-chk-1.c execution,  -O2 -flto
FAIL: gcc.c-torture/execute/printf-1.c execution,  -O0
FAIL: gcc.c-torture/execute/printf-1.c execution,  -O1
FAIL: gcc.c-torture/execute/printf-1.c execution,  -O2
FAIL: gcc.c-torture/execute/printf-1.c execution,  -O3 -fomit-frame-pointer
FAIL: gcc.c-torture/execute/printf-1.c execution,  -O3 -g
FAIL: gcc.c-torture/execute/printf-1.c execution,  -Os
FAIL: gcc.c-torture/execute/printf-1.c execution,  -O2 -flto
-flto-partition=none
FAIL: gcc.c-torture/execute/printf-1.c execution,  -O2 -flto
FAIL: gcc.c-torture/execute/printf-chk-1.c execution,  -O0
FAIL: gcc.c-torture/execute/printf-chk-1.c execution,  -O1
FAIL: gcc.c-torture/execute/printf-chk-1.c execution,  -O2
FAIL: gcc.c-torture/execute/printf-chk-1.c execution,  -O3 -fomit-frame-pointer
FAIL: gcc.c-torture/execute/printf-chk-1.c execution,  -O3 -g
FAIL: gcc.c-torture/execute/printf-chk-1.c execution,  -Os
FAIL: gcc.c-torture/execute/printf-chk-1.c execution,  -O2 -flto
-flto-partition=none
FAIL: gcc.c-torture/execute/printf-chk-1.c execution,  -O2 -flto
FAIL: gcc.c-torture/execute/vector-shift2.c compilation,  -O3 -g
(internal compiler error)
UNRESOLVED: gcc.c-torture/execute/vector-shift2.c execution,  -O3 -g
FAIL: gcc.c-torture/execute/vfprintf-1.c execution,  -O0
FAIL: gcc.c-torture/execute/vfprintf-1.c execution,  -O1
FAIL: gcc.c-torture/execute/vfprintf-1.c execution,  -O2
FAIL: gcc.c-torture/execute/vfprintf-1.c execution,  -O3 -fomit-frame-pointer
FAIL: gcc.c-torture/execute/vfprintf-1.c execution,  -O3 -g
FAIL: gcc.c-torture/execute/vfprintf-1.c execution,  -Os
FAIL: gcc.c-torture/execute/vfprintf-1.c execution,  -O2 -flto
-flto-partition=none
FAIL: gcc.c-torture/execute/vfprintf-1.c execution,  -O2 -flto
FAIL: gcc.c-torture/execute/vfprintf-chk-1.c execution,  -O0
FAIL: gcc.c-torture/execute/vfprintf-chk-1.c execution,  -O1
FAIL: gcc.c-torture/execute/vfprintf-chk-1.c execution,  -O2
FAIL: gcc.c-torture/execute/vfprintf-chk-1.c execution,  -O3
-fomit-frame-pointer
FAIL: gcc.c-torture/execute/vfprintf-chk-1.c execution,  -O3 -g
FAIL: gcc.c-torture/execute/vfprintf-chk-1.c execution,  -Os
FAIL: gcc.c-torture/execute/vfprintf-chk-1.c execution,  -O2 -flto
-flto-partition=none
FAIL: gcc.c-torture/execute/vfprintf-chk-1.c execution,  -O2 -flto
FAIL: gcc.c-torture/execute/vprintf-1.c execution,  -O0
FAIL: gcc.c-torture/execute/vprintf-1.c execution,  -O1
FAIL: gcc.c-torture/execute/vprintf-1.c execution,  -O2
FAIL: gcc.c-torture/execute/vprintf-1.c execution,  -O3 -fomit-frame-pointer
FAIL: gcc.c-torture/execute/vprintf-1.c execution,  -O3 -g
FAIL: gcc.c-torture/execute/vprintf-1.c execution,  -Os
FAIL: gcc.c-torture/execute/vprintf-1.c execution,  -O2 -flto
-flto-partition=none
FAIL: gcc.c-torture/execute/vprintf-1.c execution,  -O2 -flto
FAIL: gcc.c-torture/execute/vprintf-chk-1.c execution,  -O0
FAIL: gcc.c-torture/execute/vprintf-chk-1.c execution,  -O1
FAIL: gcc.c-torture/execute/vprintf-chk-1.c execution,  -O2
FAIL: gcc.c-torture/execute/vprintf-chk-1.c execution,  -O3
-fomit-frame-pointer
FAIL: gcc.c-torture/execute/vprintf-chk-1.c execution,  -O3 -g
FAIL: gcc.c-torture/execute/vprintf-chk-1.c execution,  -Os
FAIL: gcc.c-torture/execute/vprintf-chk-1.c execution,  -O2 -flto
-flto-partition=none
FAIL: gcc.c-torture/execute/vprintf-chk-1.c execution,  -O2 -flto
FAIL: gcc.dg/cpp/pragma-3.c (test for excess errors)
UNRESOLVED: gcc.dg/cpp/pragma-3.c: error executing dg-final: couldn't
open "pragma-3.i": no such file or directory
FAIL: gcc.dg/20020312-2.c (test for excess errors)
FAIL: gcc.dg/20021014-1.c (test for excess errors)
FAIL: gcc.dg/20051207-3.c  (test for errors, line 7)
FAIL: gcc.dg/builtins-20.c (test for excess errors)
FAIL: gcc.dg/builtins-57.c (test for excess errors)
FAIL: gcc.dg/builtins-58.c scan-assembler-not pow
FAIL: gcc.dg/builtins-59.c scan-tree-dump gimple "__builtin_cexpi"
FAIL: gcc.dg/builtins-59.c scan-tree-dump-not gimple "sincos"
FAIL: gcc.dg/builtins-61.c scan-tree-dump optimized "cexpi"
FAIL: gcc.dg/builtins-61.c scan-tree-dump optimized "sin"
FAIL: gcc.dg/builtins-61.c scan-tree-dump optimized "cos"
FAIL: gcc.dg/builtins-61.c scan-tree-dump optimized "return 0.0"
FAIL: gcc.dg/builtins-62.c scan-tree-dump-times optimized "cexpi" 3
FAIL: gcc.dg/builtins-65.c (test for excess errors)
FAIL: gcc.dg/c99-tgmath-1.c (test for excess errors)
FAIL: gcc.dg/c99-tgmath-2.c (test for excess errors)
UNRESOLVED: gcc.dg/c99-tgmath-2.c: error executing dg-final: couldn't
open "c99-tgmath-2.s": no such file or directory
FAIL: gcc.dg/c99-tgmath-3.c (test for excess errors)
UNRESOLVED: gcc.dg/c99-tgmath-3.c: error executing dg-final: couldn't
open "c99-tgmath-3.s": no such file or directory
FAIL: gcc.dg/c99-tgmath-4.c (test for excess errors)
UNRESOLVED: gcc.dg/c99-tgmath-4.c: error executing dg-final: couldn't
open "c99-tgmath-4.s": no such file or directory
FAIL: gcc.dg/cleanup-12.c execution test
FAIL: gcc.dg/cleanup-13.c execution test
FAIL: gcc.dg/cleanup-5.c execution test
FAIL: gcc.dg/cproj-fails-with-broken-glibc.c (test for excess errors)
FAIL: gcc.dg/intmax_t-1.c (test for excess errors)
FAIL: gcc.dg/memcpy-3.c scan-tree-dump-not optimized "memcpy"
FAIL: gcc.dg/memcpy-3.c scan-tree-dump-times optimized "MEM" 1
FAIL: gcc.dg/nest.c (test for excess errors)
FAIL: gcc.dg/nested-func-4.c (test for excess errors)
FAIL: gcc.dg/pr32450.c (test for excess errors)
FAIL: gcc.dg/pr42427.c (test for excess errors)
FAIL: gcc.dg/pr43643.c (test for excess errors)
FAIL: gcc.dg/pr47793.c (test for excess errors)
UNRESOLVED: gcc.dg/pr47793.c: error executing dg-final: couldn't open
"pr47793.gcda": no such file or directory
FAIL: gcc.dg/profile-generate-3.c (test for excess errors)
FAIL: gcc.dg/stack-usage-1.c (test for excess errors)
FAIL: gcc.dg/stack-usage-1.c scan-file foo\t(256|264)\tstatic
FAIL: gcc.dg/stack-usage-2.c  (test for bogus messages, line 9)
FAIL: gcc.dg/stack-usage-2.c  (test for warnings, line 16)
FAIL: gcc.dg/stack-usage-2.c  (test for warnings, line 26)
FAIL: gcc.dg/stack-usage-2.c  (test for warnings, line 33)
FAIL: gcc.dg/unwind-1.c (test for excess errors)
FAIL: gcc.dg/visibility-14.c scan-hidden hidden[ \t_]*foo
FAIL: gcc.dg/visibility-15.c scan-hidden hidden[ \t_]*foo
FAIL: gcc.dg/visibility-16.c scan-hidden hidden[ \t_]*foo
FAIL: gcc.dg/visibility-17.c scan-hidden hidden[ \t_]*foo
FAIL: gcc.dg/visibility-18.c scan-hidden hidden[ \t_]*foo
FAIL: gcc.dg/visibility-19.c scan-hidden hidden[ \t_]*foo
FAIL: gcc.dg/matrix/transpose-1.c compilation,  -fprofile-generate -O3
-fno-tree-fre
UNRESOLVED: gcc.dg/matrix/transpose-1.c execution,
-fprofile-generate -O3 -fno-tree-fre
UNRESOLVED: gcc.dg/matrix/transpose-1.c compilation,  -fprofile-use
-fipa-matrix-reorg -fdump-ipa-matrix-reorg -O3 -fwhole-program
-fno-tree-fre
UNRESOLVED: gcc.dg/matrix/transpose-1.c execution,    -fprofile-use
-fipa-matrix-reorg -fdump-ipa-matrix-reorg -O3 -fwhole-program
-fno-tree-fre
FAIL: gcc.dg/matrix/transpose-2.c compilation,  -fprofile-generate -O3
-fno-tree-fre
UNRESOLVED: gcc.dg/matrix/transpose-2.c execution,
-fprofile-generate -O3 -fno-tree-fre
UNRESOLVED: gcc.dg/matrix/transpose-2.c compilation,  -fprofile-use
-fipa-matrix-reorg -fdump-ipa-matrix-reorg -O3 -fwhole-program
-fno-tree-fre
UNRESOLVED: gcc.dg/matrix/transpose-2.c execution,    -fprofile-use
-fipa-matrix-reorg -fdump-ipa-matrix-reorg -O3 -fwhole-program
-fno-tree-fre
FAIL: gcc.dg/matrix/transpose-3.c compilation,  -fprofile-generate -O3
-fno-tree-fre
UNRESOLVED: gcc.dg/matrix/transpose-3.c execution,
-fprofile-generate -O3 -fno-tree-fre
UNRESOLVED: gcc.dg/matrix/transpose-3.c compilation,  -fprofile-use
-fipa-matrix-reorg -fdump-ipa-matrix-reorg -O3 -fwhole-program
-fno-tree-fre
UNRESOLVED: gcc.dg/matrix/transpose-3.c execution,    -fprofile-use
-fipa-matrix-reorg -fdump-ipa-matrix-reorg -O3 -fwhole-program
-fno-tree-fre
FAIL: gcc.dg/matrix/transpose-4.c compilation,  -fprofile-generate -O3
-fno-tree-fre
UNRESOLVED: gcc.dg/matrix/transpose-4.c execution,
-fprofile-generate -O3 -fno-tree-fre
UNRESOLVED: gcc.dg/matrix/transpose-4.c compilation,  -fprofile-use
-fipa-matrix-reorg -fdump-ipa-matrix-reorg -O3 -fwhole-program
-fno-tree-fre
UNRESOLVED: gcc.dg/matrix/transpose-4.c execution,    -fprofile-use
-fipa-matrix-reorg -fdump-ipa-matrix-reorg -O3 -fwhole-program
-fno-tree-fre
FAIL: gcc.dg/matrix/transpose-5.c compilation,  -fprofile-generate -O3
-fno-tree-fre
UNRESOLVED: gcc.dg/matrix/transpose-5.c execution,
-fprofile-generate -O3 -fno-tree-fre
UNRESOLVED: gcc.dg/matrix/transpose-5.c compilation,  -fprofile-use
-fipa-matrix-reorg -fdump-ipa-matrix-reorg -O3 -fwhole-program
-fno-tree-fre
UNRESOLVED: gcc.dg/matrix/transpose-5.c execution,    -fprofile-use
-fipa-matrix-reorg -fdump-ipa-matrix-reorg -O3 -fwhole-program
-fno-tree-fre
FAIL: gcc.dg/matrix/transpose-6.c compilation,  -fprofile-generate -O3
-fno-tree-fre
UNRESOLVED: gcc.dg/matrix/transpose-6.c execution,
-fprofile-generate -O3 -fno-tree-fre
UNRESOLVED: gcc.dg/matrix/transpose-6.c compilation,  -fprofile-use
-fipa-matrix-reorg -fdump-ipa-matrix-reorg -O3 -fwhole-program
-fno-tree-fre
UNRESOLVED: gcc.dg/matrix/transpose-6.c execution,    -fprofile-use
-fipa-matrix-reorg -fdump-ipa-matrix-reorg -O3 -fwhole-program
-fno-tree-fre
FAIL: gcc.dg/torture/builtin-convert-1.c  -O1  (test for excess errors)
FAIL: gcc.dg/torture/builtin-convert-1.c  -O2  (test for excess errors)
FAIL: gcc.dg/torture/builtin-convert-1.c  -O3 -fomit-frame-pointer
(test for excess errors)
FAIL: gcc.dg/torture/builtin-convert-1.c  -O3 -g  (test for excess errors)
FAIL: gcc.dg/torture/builtin-convert-1.c  -Os  (test for excess errors)
FAIL: gcc.dg/torture/builtin-convert-1.c  -O2 -flto
-flto-partition=none  (test for excess errors)
FAIL: gcc.dg/torture/builtin-convert-1.c  -O2 -flto  (test for excess errors)
FAIL: gcc.dg/torture/builtin-convert-2.c  -O1  (test for excess errors)
FAIL: gcc.dg/torture/builtin-convert-2.c  -O2  (test for excess errors)
FAIL: gcc.dg/torture/builtin-convert-2.c  -O3 -fomit-frame-pointer
(test for excess errors)
FAIL: gcc.dg/torture/builtin-convert-2.c  -O3 -g  (test for excess errors)
FAIL: gcc.dg/torture/builtin-convert-2.c  -Os  (test for excess errors)
FAIL: gcc.dg/torture/builtin-convert-2.c  -O2 -flto
-flto-partition=none  (test for excess errors)
FAIL: gcc.dg/torture/builtin-convert-2.c  -O2 -flto  (test for excess errors)
FAIL: gcc.dg/torture/builtin-convert-3.c  -O1  (test for excess errors)
FAIL: gcc.dg/torture/builtin-convert-3.c  -O2  (test for excess errors)
FAIL: gcc.dg/torture/builtin-convert-3.c  -O3 -fomit-frame-pointer
(test for excess errors)
FAIL: gcc.dg/torture/builtin-convert-3.c  -O3 -g  (test for excess errors)
FAIL: gcc.dg/torture/builtin-convert-3.c  -Os  (test for excess errors)
FAIL: gcc.dg/torture/builtin-convert-3.c  -O2 -flto
-flto-partition=none  (test for excess errors)
FAIL: gcc.dg/torture/builtin-convert-3.c  -O2 -flto  (test for excess errors)
FAIL: gcc.dg/torture/builtin-power-1.c  -O0  (test for excess errors)
FAIL: gcc.dg/torture/builtin-power-1.c  -O1  (test for excess errors)
FAIL: gcc.dg/torture/builtin-power-1.c  -O2  (test for excess errors)
FAIL: gcc.dg/torture/builtin-power-1.c  -O3 -fomit-frame-pointer
(test for excess errors)
FAIL: gcc.dg/torture/builtin-power-1.c  -O3 -g  (test for excess errors)
FAIL: gcc.dg/torture/builtin-power-1.c  -Os  (test for excess errors)
FAIL: gcc.dg/torture/builtin-power-1.c  -O2 -flto -flto-partition=none
 (test for excess errors)
FAIL: gcc.dg/torture/builtin-power-1.c  -O2 -flto  (test for excess errors)
FAIL: gcc.dg/torture/pr47917.c  -O0  (test for excess errors)
FAIL: gcc.dg/torture/pr47917.c  -O1  (test for excess errors)
FAIL: gcc.dg/torture/pr47917.c  -O2  (test for excess errors)
FAIL: gcc.dg/torture/pr47917.c  -O3 -fomit-frame-pointer  (test for
excess errors)
FAIL: gcc.dg/torture/pr47917.c  -O3 -g  (test for excess errors)
FAIL: gcc.dg/torture/pr47917.c  -Os  (test for excess errors)
FAIL: gcc.dg/torture/pr47917.c  -O2 -flto -flto-partition=none  (test
for excess errors)
FAIL: gcc.dg/torture/pr47917.c  -O2 -flto  (test for excess errors)
FAIL: gcc.dg/torture/stackalign/vararg-1.c  -O0  execution test
FAIL: gcc.dg/torture/stackalign/vararg-2.c  -O0  execution test
FAIL: gcc.dg/torture/stackalign/vararg-1.c  -O0  execution test
FAIL: gcc.dg/torture/stackalign/vararg-2.c  -O0  execution test
FAIL: gcc.dg/tree-prof/bb-reorg.c compilation,  -fprofile-generate
-D_PROFILE_GENERATE
UNRESOLVED: gcc.dg/tree-prof/bb-reorg.c execution,
-fprofile-generate -D_PROFILE_GENERATE
UNRESOLVED: gcc.dg/tree-prof/bb-reorg.c compilation,  -fprofile-use
-D_PROFILE_USE
UNRESOLVED: gcc.dg/tree-prof/bb-reorg.c execution,    -fprofile-use
-D_PROFILE_USE
FAIL: gcc.dg/tree-prof/ic-misattribution-1.c compilation,
-fprofile-generate -D_PROFILE_GENERATE
UNRESOLVED: gcc.dg/tree-prof/ic-misattribution-1.c execution,
-fprofile-generate -D_PROFILE_GENERATE
UNRESOLVED: gcc.dg/tree-prof/ic-misattribution-1.c compilation,
-fprofile-use -D_PROFILE_USE
UNRESOLVED: gcc.dg/tree-prof/ic-misattribution-1.c execution,
-fprofile-use -D_PROFILE_USE
FAIL: gcc.dg/tree-prof/ic-misattribution-1a.c compilation,
-fprofile-generate -D_PROFILE_GENERATE
UNRESOLVED: gcc.dg/tree-prof/ic-misattribution-1a.c execution,
-fprofile-generate -D_PROFILE_GENERATE
UNRESOLVED: gcc.dg/tree-prof/ic-misattribution-1a.c compilation,
-fprofile-use -D_PROFILE_USE
UNRESOLVED: gcc.dg/tree-prof/ic-misattribution-1a.c execution,
-fprofile-use -D_PROFILE_USE
FAIL: gcc.dg/tree-prof/indir-call-prof.c compilation,
-fprofile-generate -D_PROFILE_GENERATE
UNRESOLVED: gcc.dg/tree-prof/indir-call-prof.c execution,
-fprofile-generate -D_PROFILE_GENERATE
UNRESOLVED: gcc.dg/tree-prof/indir-call-prof.c compilation,
-fprofile-use -D_PROFILE_USE
UNRESOLVED: gcc.dg/tree-prof/indir-call-prof.c execution,
-fprofile-use -D_PROFILE_USE
FAIL: gcc.dg/tree-prof/inliner-1.c compilation,  -fprofile-generate
-D_PROFILE_GENERATE
UNRESOLVED: gcc.dg/tree-prof/inliner-1.c execution,
-fprofile-generate -D_PROFILE_GENERATE
UNRESOLVED: gcc.dg/tree-prof/inliner-1.c compilation,  -fprofile-use
-D_PROFILE_USE
UNRESOLVED: gcc.dg/tree-prof/inliner-1.c execution,    -fprofile-use
-D_PROFILE_USE
FAIL: gcc.dg/tree-prof/pr34999.c compilation,  -fprofile-generate
-D_PROFILE_GENERATE
UNRESOLVED: gcc.dg/tree-prof/pr34999.c execution,
-fprofile-generate -D_PROFILE_GENERATE
UNRESOLVED: gcc.dg/tree-prof/pr34999.c compilation,  -fprofile-use
-D_PROFILE_USE
UNRESOLVED: gcc.dg/tree-prof/pr34999.c execution,    -fprofile-use
-D_PROFILE_USE
FAIL: gcc.dg/tree-prof/pr45354.c compilation,  -fprofile-generate
-D_PROFILE_GENERATE
UNRESOLVED: gcc.dg/tree-prof/pr45354.c execution,
-fprofile-generate -D_PROFILE_GENERATE
UNRESOLVED: gcc.dg/tree-prof/pr45354.c compilation,  -fprofile-use
-D_PROFILE_USE
UNRESOLVED: gcc.dg/tree-prof/pr45354.c execution,    -fprofile-use
-D_PROFILE_USE
FAIL: gcc.dg/tree-prof/pr47187.c compilation,  -fprofile-generate
-D_PROFILE_GENERATE
UNRESOLVED: gcc.dg/tree-prof/pr47187.c execution,
-fprofile-generate -D_PROFILE_GENERATE
UNRESOLVED: gcc.dg/tree-prof/pr47187.c compilation,  -fprofile-use
-D_PROFILE_USE
UNRESOLVED: gcc.dg/tree-prof/pr47187.c execution,    -fprofile-use
-D_PROFILE_USE
FAIL: gcc.dg/tree-prof/pr49299-1.c compilation,  -fprofile-generate
-D_PROFILE_GENERATE
UNRESOLVED: gcc.dg/tree-prof/pr49299-1.c execution,
-fprofile-generate -D_PROFILE_GENERATE
UNRESOLVED: gcc.dg/tree-prof/pr49299-1.c compilation,  -fprofile-use
-D_PROFILE_USE
UNRESOLVED: gcc.dg/tree-prof/pr49299-1.c execution,    -fprofile-use
-D_PROFILE_USE
FAIL: gcc.dg/tree-prof/pr49299-2.c compilation,  -fprofile-generate
-D_PROFILE_GENERATE
UNRESOLVED: gcc.dg/tree-prof/pr49299-2.c execution,
-fprofile-generate -D_PROFILE_GENERATE
UNRESOLVED: gcc.dg/tree-prof/pr49299-2.c compilation,  -fprofile-use
-D_PROFILE_USE
UNRESOLVED: gcc.dg/tree-prof/pr49299-2.c execution,    -fprofile-use
-D_PROFILE_USE
FAIL: gcc.dg/tree-prof/prof-robust-1.c compilation,
-fprofile-generate -D_PROFILE_GENERATE
UNRESOLVED: gcc.dg/tree-prof/prof-robust-1.c execution,
-fprofile-generate -D_PROFILE_GENERATE
UNRESOLVED: gcc.dg/tree-prof/prof-robust-1.c compilation,
-fprofile-use -D_PROFILE_USE
UNRESOLVED: gcc.dg/tree-prof/prof-robust-1.c execution,
-fprofile-use -D_PROFILE_USE
FAIL: gcc.dg/tree-prof/stringop-1.c compilation,  -fprofile-generate
-D_PROFILE_GENERATE
UNRESOLVED: gcc.dg/tree-prof/stringop-1.c execution,
-fprofile-generate -D_PROFILE_GENERATE
UNRESOLVED: gcc.dg/tree-prof/stringop-1.c compilation,  -fprofile-use
-D_PROFILE_USE
UNRESOLVED: gcc.dg/tree-prof/stringop-1.c execution,    -fprofile-use
-D_PROFILE_USE
FAIL: gcc.dg/tree-prof/stringop-2.c compilation,  -fprofile-generate
-D_PROFILE_GENERATE
UNRESOLVED: gcc.dg/tree-prof/stringop-2.c execution,
-fprofile-generate -D_PROFILE_GENERATE
UNRESOLVED: gcc.dg/tree-prof/stringop-2.c compilation,  -fprofile-use
-D_PROFILE_USE
UNRESOLVED: gcc.dg/tree-prof/stringop-2.c execution,    -fprofile-use
-D_PROFILE_USE
FAIL: gcc.dg/tree-prof/tracer-1.c compilation,  -fprofile-generate
-D_PROFILE_GENERATE
UNRESOLVED: gcc.dg/tree-prof/tracer-1.c execution,
-fprofile-generate -D_PROFILE_GENERATE
UNRESOLVED: gcc.dg/tree-prof/tracer-1.c compilation,  -fprofile-use
-D_PROFILE_USE
UNRESOLVED: gcc.dg/tree-prof/tracer-1.c execution,    -fprofile-use
-D_PROFILE_USE
FAIL: gcc.dg/tree-prof/update-cunroll-2.c compilation,
-fprofile-generate -D_PROFILE_GENERATE
UNRESOLVED: gcc.dg/tree-prof/update-cunroll-2.c execution,
-fprofile-generate -D_PROFILE_GENERATE
UNRESOLVED: gcc.dg/tree-prof/update-cunroll-2.c compilation,
-fprofile-use -D_PROFILE_USE
UNRESOLVED: gcc.dg/tree-prof/update-cunroll-2.c execution,
-fprofile-use -D_PROFILE_USE
FAIL: gcc.dg/tree-prof/update-loopch.c compilation,
-fprofile-generate -D_PROFILE_GENERATE
UNRESOLVED: gcc.dg/tree-prof/update-loopch.c execution,
-fprofile-generate -D_PROFILE_GENERATE
UNRESOLVED: gcc.dg/tree-prof/update-loopch.c compilation,
-fprofile-use -D_PROFILE_USE
UNRESOLVED: gcc.dg/tree-prof/update-loopch.c execution,
-fprofile-use -D_PROFILE_USE
FAIL: gcc.dg/tree-prof/update-tailcall.c compilation,
-fprofile-generate -D_PROFILE_GENERATE
UNRESOLVED: gcc.dg/tree-prof/update-tailcall.c execution,
-fprofile-generate -D_PROFILE_GENERATE
UNRESOLVED: gcc.dg/tree-prof/update-tailcall.c compilation,
-fprofile-use -D_PROFILE_USE
UNRESOLVED: gcc.dg/tree-prof/update-tailcall.c execution,
-fprofile-use -D_PROFILE_USE
FAIL: gcc.dg/tree-prof/val-prof-1.c compilation,  -fprofile-generate
-D_PROFILE_GENERATE
UNRESOLVED: gcc.dg/tree-prof/val-prof-1.c execution,
-fprofile-generate -D_PROFILE_GENERATE
UNRESOLVED: gcc.dg/tree-prof/val-prof-1.c compilation,  -fprofile-use
-D_PROFILE_USE
UNRESOLVED: gcc.dg/tree-prof/val-prof-1.c execution,    -fprofile-use
-D_PROFILE_USE
FAIL: gcc.dg/tree-prof/val-prof-2.c compilation,  -fprofile-generate
-D_PROFILE_GENERATE
UNRESOLVED: gcc.dg/tree-prof/val-prof-2.c execution,
-fprofile-generate -D_PROFILE_GENERATE
UNRESOLVED: gcc.dg/tree-prof/val-prof-2.c compilation,  -fprofile-use
-D_PROFILE_USE
UNRESOLVED: gcc.dg/tree-prof/val-prof-2.c execution,    -fprofile-use
-D_PROFILE_USE
FAIL: gcc.dg/tree-prof/val-prof-3.c compilation,  -fprofile-generate
-D_PROFILE_GENERATE
UNRESOLVED: gcc.dg/tree-prof/val-prof-3.c execution,
-fprofile-generate -D_PROFILE_GENERATE
UNRESOLVED: gcc.dg/tree-prof/val-prof-3.c compilation,  -fprofile-use
-D_PROFILE_USE
UNRESOLVED: gcc.dg/tree-prof/val-prof-3.c execution,    -fprofile-use
-D_PROFILE_USE
FAIL: gcc.dg/tree-prof/val-prof-4.c compilation,  -fprofile-generate
-D_PROFILE_GENERATE
UNRESOLVED: gcc.dg/tree-prof/val-prof-4.c execution,
-fprofile-generate -D_PROFILE_GENERATE
UNRESOLVED: gcc.dg/tree-prof/val-prof-4.c compilation,  -fprofile-use
-D_PROFILE_USE
UNRESOLVED: gcc.dg/tree-prof/val-prof-4.c execution,    -fprofile-use
-D_PROFILE_USE
FAIL: gcc.dg/tree-prof/val-prof-5.c compilation,  -fprofile-generate
-D_PROFILE_GENERATE
UNRESOLVED: gcc.dg/tree-prof/val-prof-5.c execution,
-fprofile-generate -D_PROFILE_GENERATE
UNRESOLVED: gcc.dg/tree-prof/val-prof-5.c compilation,  -fprofile-use
-D_PROFILE_USE
UNRESOLVED: gcc.dg/tree-prof/val-prof-5.c execution,    -fprofile-use
-D_PROFILE_USE
FAIL: gcc.dg/tree-prof/val-prof-6.c compilation,  -fprofile-generate
-D_PROFILE_GENERATE
UNRESOLVED: gcc.dg/tree-prof/val-prof-6.c execution,
-fprofile-generate -D_PROFILE_GENERATE
UNRESOLVED: gcc.dg/tree-prof/val-prof-6.c compilation,  -fprofile-use
-D_PROFILE_USE
UNRESOLVED: gcc.dg/tree-prof/val-prof-6.c execution,    -fprofile-use
-D_PROFILE_USE
FAIL: gcc.dg/tree-prof/wcoverage-mismatch.c compilation,
-fprofile-generate -D_PROFILE_GENERATE
UNRESOLVED: gcc.dg/tree-prof/wcoverage-mismatch.c execution,
-fprofile-generate -D_PROFILE_GENERATE
UNRESOLVED: gcc.dg/tree-prof/wcoverage-mismatch.c compilation,
-fprofile-use -D_PROFILE_USE
UNRESOLVED: gcc.dg/tree-prof/wcoverage-mismatch.c execution,
-fprofile-use -D_PROFILE_USE
XPASS: gcc.dg/tree-ssa/20030807-7.c scan-tree-dump-times vrp1 "if " 1
XPASS: gcc.dg/tree-ssa/20040204-1.c scan-tree-dump-times optimized
"link_error" 0
FAIL: gcc.dg/tree-ssa/pr36881.c scan-assembler-not CSWTCH
FAIL: gcc.dg/tree-ssa/pr36881.c scan-tree-dump switchconv "need
runtime relocations"
FAIL: gcc.dg/tree-ssa/vrp47.c scan-tree-dump-times dom1 "x[^ ]* & y" 1
FAIL: gcc.misc-tests/bprob-1.c execution: file bprob-1.gcda does not
exist,  -fprofile-arcs
UNRESOLVED: gcc.misc-tests/bprob-1.c compilation,  -fprofile-use
UNRESOLVED: gcc.misc-tests/bprob-1.c execution,    -fprofile-use
FAIL: gcc.misc-tests/bprob-2.c execution: file bprob-2.gcda does not
exist,  -fprofile-arcs
UNRESOLVED: gcc.misc-tests/bprob-2.c compilation,  -fprofile-use
UNRESOLVED: gcc.misc-tests/bprob-2.c execution,    -fprofile-use

		=== gcc Summary ===

# of expected passes		67991
# of unexpected failures	215
# of unexpected successes	2
# of expected failures		95
# of unresolved testcases	100
# of unsupported tests		1033
/home/qinwei/work_score/gcc-trunk/build_linux/gcc/gcc/xgcc  version
4.7.0 20110608 (experimental) (GCC)

Test Run By qinwei on Wed Jun  8 19:22:30 2011
Target is score-unknown-elf
Host   is i686-pc-linux-gnu

		=== g++ tests ===

Schedule of variations:
    sim-eb-score7

Running target sim-eb-score7
FAIL: g++.dg/bprob/g++-bprob-1.C execution: file g++-bprob-1.gcda does
not exist,  -g  -fprofile-arcs
UNRESOLVED: g++.dg/bprob/g++-bprob-1.C compilation,  -g  -fprofile-use
UNRESOLVED: g++.dg/bprob/g++-bprob-1.C execution,    -g  -fprofile-use
FAIL: g++.dg/bprob/g++-bprob-1.C execution: file g++-bprob-1.gcda does
not exist,  -O0  -fprofile-arcs
UNRESOLVED: g++.dg/bprob/g++-bprob-1.C compilation,  -O0  -fprofile-use
UNRESOLVED: g++.dg/bprob/g++-bprob-1.C execution,    -O0  -fprofile-use
FAIL: g++.dg/bprob/g++-bprob-1.C execution: file g++-bprob-1.gcda does
not exist,  -O1  -fprofile-arcs
UNRESOLVED: g++.dg/bprob/g++-bprob-1.C compilation,  -O1  -fprofile-use
UNRESOLVED: g++.dg/bprob/g++-bprob-1.C execution,    -O1  -fprofile-use
FAIL: g++.dg/bprob/g++-bprob-1.C execution: file g++-bprob-1.gcda does
not exist,  -O2  -fprofile-arcs
UNRESOLVED: g++.dg/bprob/g++-bprob-1.C compilation,  -O2  -fprofile-use
UNRESOLVED: g++.dg/bprob/g++-bprob-1.C execution,    -O2  -fprofile-use
FAIL: g++.dg/bprob/g++-bprob-1.C execution: file g++-bprob-1.gcda does
not exist,  -O3  -fprofile-arcs
UNRESOLVED: g++.dg/bprob/g++-bprob-1.C compilation,  -O3  -fprofile-use
UNRESOLVED: g++.dg/bprob/g++-bprob-1.C execution,    -O3  -fprofile-use
FAIL: g++.dg/bprob/g++-bprob-1.C execution: file g++-bprob-1.gcda does
not exist,  -O3 -g  -fprofile-arcs
UNRESOLVED: g++.dg/bprob/g++-bprob-1.C compilation,  -O3 -g  -fprofile-use
UNRESOLVED: g++.dg/bprob/g++-bprob-1.C execution,    -O3 -g  -fprofile-use
FAIL: g++.dg/bprob/g++-bprob-1.C execution: file g++-bprob-1.gcda does
not exist,  -Os  -fprofile-arcs
UNRESOLVED: g++.dg/bprob/g++-bprob-1.C compilation,  -Os  -fprofile-use
UNRESOLVED: g++.dg/bprob/g++-bprob-1.C execution,    -Os  -fprofile-use
FAIL: g++.dg/bprob/g++-bprob-2.C execution: file g++-bprob-2.gcda does
not exist,  -g  -fprofile-arcs
UNRESOLVED: g++.dg/bprob/g++-bprob-2.C compilation,  -g  -fprofile-use
UNRESOLVED: g++.dg/bprob/g++-bprob-2.C execution,    -g  -fprofile-use
FAIL: g++.dg/bprob/g++-bprob-2.C execution: file g++-bprob-2.gcda does
not exist,  -O0  -fprofile-arcs
UNRESOLVED: g++.dg/bprob/g++-bprob-2.C compilation,  -O0  -fprofile-use
UNRESOLVED: g++.dg/bprob/g++-bprob-2.C execution,    -O0  -fprofile-use
FAIL: g++.dg/bprob/g++-bprob-2.C execution: file g++-bprob-2.gcda does
not exist,  -O1  -fprofile-arcs
UNRESOLVED: g++.dg/bprob/g++-bprob-2.C compilation,  -O1  -fprofile-use
UNRESOLVED: g++.dg/bprob/g++-bprob-2.C execution,    -O1  -fprofile-use
FAIL: g++.dg/bprob/g++-bprob-2.C execution: file g++-bprob-2.gcda does
not exist,  -O2  -fprofile-arcs
UNRESOLVED: g++.dg/bprob/g++-bprob-2.C compilation,  -O2  -fprofile-use
UNRESOLVED: g++.dg/bprob/g++-bprob-2.C execution,    -O2  -fprofile-use
FAIL: g++.dg/bprob/g++-bprob-2.C execution: file g++-bprob-2.gcda does
not exist,  -O3  -fprofile-arcs
UNRESOLVED: g++.dg/bprob/g++-bprob-2.C compilation,  -O3  -fprofile-use
UNRESOLVED: g++.dg/bprob/g++-bprob-2.C execution,    -O3  -fprofile-use
FAIL: g++.dg/bprob/g++-bprob-2.C execution: file g++-bprob-2.gcda does
not exist,  -O3 -g  -fprofile-arcs
UNRESOLVED: g++.dg/bprob/g++-bprob-2.C compilation,  -O3 -g  -fprofile-use
UNRESOLVED: g++.dg/bprob/g++-bprob-2.C execution,    -O3 -g  -fprofile-use
FAIL: g++.dg/bprob/g++-bprob-2.C execution: file g++-bprob-2.gcda does
not exist,  -Os  -fprofile-arcs
UNRESOLVED: g++.dg/bprob/g++-bprob-2.C compilation,  -Os  -fprofile-use
UNRESOLVED: g++.dg/bprob/g++-bprob-2.C execution,    -Os  -fprofile-use
FAIL: g++.dg/compat/eh/ctor1 cp_compat_x_tst.o-cp_compat_y_tst.o execute
FAIL: g++.dg/compat/eh/ctor2 cp_compat_x_tst.o-cp_compat_y_tst.o execute
FAIL: g++.dg/compat/eh/dtor1 cp_compat_x_tst.o-cp_compat_y_tst.o execute
FAIL: g++.dg/compat/eh/filter1 cp_compat_x_tst.o-cp_compat_y_tst.o execute
FAIL: g++.dg/compat/eh/filter2 cp_compat_x_tst.o-cp_compat_y_tst.o execute
FAIL: g++.dg/compat/eh/new1 cp_compat_x_tst.o-cp_compat_y_tst.o execute
FAIL: g++.dg/compat/eh/nrv1 cp_compat_x_tst.o-cp_compat_y_tst.o execute
FAIL: g++.dg/compat/eh/spec3 cp_compat_x_tst.o-cp_compat_y_tst.o execute
FAIL: g++.dg/compat/eh/template1 cp_compat_x_tst.o-cp_compat_y_tst.o execute
FAIL: g++.dg/compat/eh/unexpected1 cp_compat_x_tst.o-cp_compat_y_tst.o execute
FAIL: g++.dg/compat/init/array5 cp_compat_x_tst.o-cp_compat_y_tst.o execute
FAIL: g++.dg/debug/dwarf2/lineno-simple1.C scan-assembler
_ZN1CC[12]Ev:[^\\t]*(\\t.(fnstart|frame|mask|file)[^\\t]*)*\\t[^:]+:4\\n
FAIL: g++.dg/debug/dwarf2/lineno-simple1.C scan-assembler
_ZN1C3fooEv:[^\\t]*(\\t.(fnstart|frame|mask|file)[^\\t]*)*\\t[^:]+:6\\n
FAIL: g++.dg/debug/dwarf2/lineno-simple1.C scan-assembler
main:[^\\t]*(\\t.(fnstart|frame|mask|file)[^\\t]*)*\\t[^:]+:12\\n
FAIL: g++.dg/debug/dwarf2/pr44641.C scan-assembler
_ZN12MisplacedDbgI4FullEC[12]Ev:[^\\t]*(\\t.(fnstart|frame|mask|file)[^\\t]*)*\\t[^:]+:21\\n
FAIL: g++.dg/debug/dwarf2/pr44641.C scan-assembler
_ZN12MisplacedDbgI4FullED0Ev:[^\\t]*(\\t.(fnstart|frame|mask|file)[^\\t]*)*\\t[^:]+:21\\n
FAIL: g++.dg/debug/dwarf2/pr44641.C scan-assembler
_ZN12MisplacedDbgIP3ArgEC[12]Ev:[^\\t]*(\\t.(fnstart|frame|mask|file)[^\\t]*)*\\t[^:]+:28\\n
FAIL: g++.dg/debug/dwarf2/pr44641.C scan-assembler
_ZN12MisplacedDbgIP3ArgED0Ev:[^\\t]*(\\t.(fnstart|frame|mask|file)[^\\t]*)*\\t[^:]+:28\\n
FAIL: g++.dg/debug/dwarf2/pr44641.C scan-assembler
_ZN12MisplacedDbgI3ArgEC[12]Ev:[^\\t]*(\\t.(fnstart|frame|mask|file)[^\\t]*)*\\t[^:]+:34\\n
FAIL: g++.dg/debug/dwarf2/pr44641.C scan-assembler
_ZN12MisplacedDbgI3ArgED0Ev:[^\\t]*(\\t.(fnstart|frame|mask|file)[^\\t]*)*\\t[^:]+:34\\n
FAIL: g++.dg/debug/dwarf2/pr46527.C scan-assembler
_ZN6StructIdE13defined_laterEv:[^\\t]*(\\t.(fnstart|frame|mask|file)[^\\t]*)*\\t[^:]+:12\\n
FAIL: g++.dg/cdce3.C execution test
FAIL: g++.dg/cpp0x/initlist25.C (test for excess errors)
FAIL: g++.dg/cpp0x/lambda/lambda-eh2.C execution test
FAIL: g++.dg/cpp0x/lambda/lambda-recursive.C (test for excess errors)
FAIL: g++.dg/cpp0x/lambda/lambda-std-function.C (test for excess errors)
FAIL: g++.dg/cpp0x/noexcept03.C execution test
FAIL: g++.dg/cpp0x/noexcept07.C execution test
FAIL: g++.dg/cpp0x/nullptr21.C execution test
FAIL: g++.dg/cpp0x/range-for7.C execution test
FAIL: g++.dg/cpp0x/variadic-tuple.C (test for excess errors)
FAIL: g++.dg/cpp0x/variadic73.C execution test
FAIL: g++.dg/eh/alias1.C execution test
FAIL: g++.dg/eh/cond1.C execution test
FAIL: g++.dg/eh/cond5.C execution test
FAIL: g++.dg/eh/cond6.C execution test
FAIL: g++.dg/eh/crossjump1.C (test for excess errors)
FAIL: g++.dg/eh/ctor1.C execution test
FAIL: g++.dg/eh/ctor2.C execution test
FAIL: g++.dg/eh/delayslot1.C execution test
FAIL: g++.dg/eh/dtor1.C execution test
FAIL: g++.dg/eh/elide1.C execution test
FAIL: g++.dg/eh/elide2.C execution test
FAIL: g++.dg/eh/filter1.C execution test
FAIL: g++.dg/eh/filter2.C execution test
FAIL: g++.dg/eh/forced1.C execution test
FAIL: g++.dg/eh/forced2.C execution test
FAIL: g++.dg/eh/forced4.C execution test
FAIL: g++.dg/eh/fp-regs.C execution test
FAIL: g++.dg/eh/gcsec1.C execution test
FAIL: g++.dg/eh/init-temp1.C execution test
FAIL: g++.dg/eh/loop1.C execution test
FAIL: g++.dg/eh/loop2.C execution test
FAIL: g++.dg/eh/new1.C execution test
FAIL: g++.dg/eh/omit-frame-pointer.C (test for excess errors)
FAIL: g++.dg/eh/omit-frame-pointer2.C execution test
FAIL: g++.dg/eh/pr29166.C execution test
FAIL: g++.dg/eh/registers1.C execution test
FAIL: g++.dg/eh/simd-1.C execution test
FAIL: g++.dg/eh/simd-2.C execution test
FAIL: g++.dg/eh/simd-3.C execution test
FAIL: g++.dg/eh/spbp.C execution test
FAIL: g++.dg/eh/spec3.C execution test
FAIL: g++.dg/eh/spec7.C execution test
FAIL: g++.dg/eh/spec9.C execution test
FAIL: g++.dg/eh/synth2.C execution test
FAIL: g++.dg/eh/template1.C execution test
FAIL: g++.dg/eh/uncaught1.C execution test
FAIL: g++.dg/eh/unexpected1.C execution test
FAIL: g++.dg/eh/weak1.C execution test
FAIL: g++.dg/expr/cast4.C (test for excess errors)
FAIL: g++.dg/ext/cleanup-5.C execution test
FAIL: g++.dg/ext/interface1.C (test for excess errors)
FAIL: g++.dg/init/aggr2.C (test for excess errors)
FAIL: g++.dg/init/array15.C execution test
FAIL: g++.dg/init/array16.C execution test
FAIL: g++.dg/init/array5.C execution test
FAIL: g++.dg/init/ctor1.C execution test
FAIL: g++.dg/init/dtor3.C (test for excess errors)
FAIL: g++.dg/init/placement2.C execution test
FAIL: g++.dg/init/ref15.C (test for excess errors)
FAIL: g++.dg/init/ref9.C execution test
FAIL: g++.dg/opt/alias2.C (test for excess errors)
FAIL: g++.dg/opt/covariant1.C (test for excess errors)
FAIL: g++.dg/opt/dtor4.C (test for excess errors)
FAIL: g++.dg/opt/eh2.C execution test
FAIL: g++.dg/opt/eh3.C execution test
FAIL: g++.dg/opt/pr15551.C (test for excess errors)
FAIL: g++.dg/opt/pr23478.C (test for excess errors)
FAIL: g++.dg/opt/thunk2.C (test for excess errors)
FAIL: g++.dg/other/profile1.C (test for excess errors)
FAIL: g++.dg/rtti/dyncast2.C (test for excess errors)
FAIL: g++.dg/rtti/typeid4.C (test for excess errors)
FAIL: g++.dg/template/explicit1.C (test for excess errors)
FAIL: g++.dg/template/friend10.C (test for excess errors)
FAIL: g++.dg/tree-ssa/pr19786.C (test for excess errors)
FAIL: g++.dg/tree-ssa/pr20458.C (test for excess errors)
FAIL: g++.dg/lto/20081109 cp_lto_20081109_0.o-cp_lto_20081109_1.o
execute -O0 -flto -flto-partition=none
FAIL: g++.dg/lto/20081109 cp_lto_20081109_0.o-cp_lto_20081109_1.o
execute -O2 -flto -flto-partition=none
FAIL: g++.dg/lto/20081109 cp_lto_20081109_0.o-cp_lto_20081109_1.o
execute -O0 -flto -flto-partition=1to1
FAIL: g++.dg/lto/20081109 cp_lto_20081109_0.o-cp_lto_20081109_1.o
execute -O2 -flto -flto-partition=1to1
FAIL: g++.dg/lto/20081109 cp_lto_20081109_0.o-cp_lto_20081109_1.o
execute -O0 -flto
FAIL: g++.dg/lto/20081109 cp_lto_20081109_0.o-cp_lto_20081109_1.o
execute -O2 -flto
FAIL: g++.dg/lto/20081217-1
cp_lto_20081217-1_0.o-cp_lto_20081217-1_0.o link, -O0 -flto
-flto-partition=none
UNRESOLVED: g++.dg/lto/20081217-1
cp_lto_20081217-1_0.o-cp_lto_20081217-1_0.o execute -O0 -flto
-flto-partition=none
FAIL: g++.dg/lto/20081217-1
cp_lto_20081217-1_0.o-cp_lto_20081217-1_0.o link, -O2 -flto
-flto-partition=none
UNRESOLVED: g++.dg/lto/20081217-1
cp_lto_20081217-1_0.o-cp_lto_20081217-1_0.o execute -O2 -flto
-flto-partition=none
FAIL: g++.dg/lto/20081217-1
cp_lto_20081217-1_0.o-cp_lto_20081217-1_0.o link, -O0 -flto
-flto-partition=1to1
UNRESOLVED: g++.dg/lto/20081217-1
cp_lto_20081217-1_0.o-cp_lto_20081217-1_0.o execute -O0 -flto
-flto-partition=1to1
FAIL: g++.dg/lto/20081217-1
cp_lto_20081217-1_0.o-cp_lto_20081217-1_0.o link, -O2 -flto
-flto-partition=1to1
UNRESOLVED: g++.dg/lto/20081217-1
cp_lto_20081217-1_0.o-cp_lto_20081217-1_0.o execute -O2 -flto
-flto-partition=1to1
FAIL: g++.dg/lto/20081217-1
cp_lto_20081217-1_0.o-cp_lto_20081217-1_0.o link, -O0 -flto
UNRESOLVED: g++.dg/lto/20081217-1
cp_lto_20081217-1_0.o-cp_lto_20081217-1_0.o execute -O0 -flto
FAIL: g++.dg/lto/20081217-1
cp_lto_20081217-1_0.o-cp_lto_20081217-1_0.o link, -O2 -flto
UNRESOLVED: g++.dg/lto/20081217-1
cp_lto_20081217-1_0.o-cp_lto_20081217-1_0.o execute -O2 -flto
FAIL: g++.dg/lto/20091022-2
cp_lto_20091022-2_0.o-cp_lto_20091022-2_0.o link, -O3 -flto -Winline
UNRESOLVED: g++.dg/lto/20091022-2
cp_lto_20091022-2_0.o-cp_lto_20091022-2_0.o execute -O3 -flto -Winline
FAIL: g++.dg/lto/20091219 cp_lto_20091219_0.o-cp_lto_20091219_0.o
link, -O3 -flto
UNRESOLVED: g++.dg/lto/20091219
cp_lto_20091219_0.o-cp_lto_20091219_0.o execute -O3 -flto
FAIL: g++.dg/torture/pr31863.C  -O0  (test for excess errors)
FAIL: g++.dg/torture/pr31863.C  -O1  (test for excess errors)
FAIL: g++.dg/torture/pr31863.C  -O2  (test for excess errors)
FAIL: g++.dg/torture/pr31863.C  -O3 -fomit-frame-pointer  (test for
excess errors)
FAIL: g++.dg/torture/pr31863.C  -O3 -g  (test for excess errors)
FAIL: g++.dg/torture/pr31863.C  -Os  (test for excess errors)
FAIL: g++.dg/torture/pr31863.C  -O2 -flto -flto-partition=none  (test
for excess errors)
FAIL: g++.dg/torture/pr31863.C  -O2 -flto  (test for excess errors)
FAIL: g++.dg/torture/pr39417.C  -O0  (test for excess errors)
FAIL: g++.dg/torture/pr40389.C  -O0  (test for excess errors)
FAIL: g++.dg/torture/pr40389.C  -O1  (test for excess errors)
FAIL: g++.dg/torture/pr40389.C  -O2  (test for excess errors)
FAIL: g++.dg/torture/pr40389.C  -O3 -fomit-frame-pointer  (test for
excess errors)
FAIL: g++.dg/torture/pr40389.C  -O3 -g  (test for excess errors)
FAIL: g++.dg/torture/pr40389.C  -Os  (test for excess errors)
FAIL: g++.dg/torture/pr40389.C  -O2 -flto -flto-partition=none  (test
for excess errors)
FAIL: g++.dg/torture/pr40389.C  -O2 -flto  (test for excess errors)
FAIL: g++.dg/torture/pr49115.C  -O0  execution test
FAIL: g++.dg/torture/pr49115.C  -O1  execution test
FAIL: g++.dg/torture/pr49115.C  -O2  execution test
FAIL: g++.dg/torture/pr49115.C  -O3 -fomit-frame-pointer  execution test
FAIL: g++.dg/torture/pr49115.C  -O3 -g  execution test
FAIL: g++.dg/torture/pr49115.C  -Os  execution test
FAIL: g++.dg/torture/pr49115.C  -O2 -flto -flto-partition=none  execution test
FAIL: g++.dg/torture/pr49115.C  -O2 -flto  execution test
FAIL: g++.dg/torture/stackalign/eh-alloca-1.C  -O0  execution test
FAIL: g++.dg/torture/stackalign/eh-alloca-1.C  -O1  execution test
FAIL: g++.dg/torture/stackalign/eh-alloca-1.C  -O2  execution test
FAIL: g++.dg/torture/stackalign/eh-alloca-1.C  -O3
-fomit-frame-pointer  execution test
FAIL: g++.dg/torture/stackalign/eh-alloca-1.C  -O3 -g  execution test
FAIL: g++.dg/torture/stackalign/eh-alloca-1.C  -Os  execution test
FAIL: g++.dg/torture/stackalign/eh-alloca-1.C  -O2 -flto
-flto-partition=none  execution test
FAIL: g++.dg/torture/stackalign/eh-alloca-1.C  -O2 -flto  execution test
FAIL: g++.dg/torture/stackalign/eh-global-1.C  -O0  execution test
FAIL: g++.dg/torture/stackalign/eh-global-1.C  -O1  execution test
FAIL: g++.dg/torture/stackalign/eh-global-1.C  -O2  execution test
FAIL: g++.dg/torture/stackalign/eh-global-1.C  -O3
-fomit-frame-pointer  execution test
FAIL: g++.dg/torture/stackalign/eh-global-1.C  -O3 -g  execution test
FAIL: g++.dg/torture/stackalign/eh-global-1.C  -Os  execution test
FAIL: g++.dg/torture/stackalign/eh-global-1.C  -O2 -flto
-flto-partition=none  execution test
FAIL: g++.dg/torture/stackalign/eh-global-1.C  -O2 -flto  execution test
FAIL: g++.dg/torture/stackalign/eh-inline-1.C  -O0  execution test
FAIL: g++.dg/torture/stackalign/eh-inline-1.C  -O1  execution test
FAIL: g++.dg/torture/stackalign/eh-inline-1.C  -O2  execution test
FAIL: g++.dg/torture/stackalign/eh-inline-1.C  -O3
-fomit-frame-pointer  execution test
FAIL: g++.dg/torture/stackalign/eh-inline-1.C  -O3 -g  execution test
FAIL: g++.dg/torture/stackalign/eh-inline-1.C  -Os  execution test
FAIL: g++.dg/torture/stackalign/eh-inline-1.C  -O2 -flto
-flto-partition=none  execution test
FAIL: g++.dg/torture/stackalign/eh-inline-1.C  -O2 -flto  execution test
FAIL: g++.dg/torture/stackalign/eh-inline-2.C  -O0  execution test
FAIL: g++.dg/torture/stackalign/eh-inline-2.C  -O1  execution test
FAIL: g++.dg/torture/stackalign/eh-inline-2.C  -O2  execution test
FAIL: g++.dg/torture/stackalign/eh-inline-2.C  -O3
-fomit-frame-pointer  execution test
FAIL: g++.dg/torture/stackalign/eh-inline-2.C  -O3 -g  execution test
FAIL: g++.dg/torture/stackalign/eh-inline-2.C  -Os  execution test
FAIL: g++.dg/torture/stackalign/eh-inline-2.C  -O2 -flto
-flto-partition=none  execution test
FAIL: g++.dg/torture/stackalign/eh-inline-2.C  -O2 -flto  execution test
FAIL: g++.dg/torture/stackalign/eh-vararg-1.C  -O0  execution test
FAIL: g++.dg/torture/stackalign/eh-vararg-1.C  -O1  execution test
FAIL: g++.dg/torture/stackalign/eh-vararg-1.C  -O2  execution test
FAIL: g++.dg/torture/stackalign/eh-vararg-1.C  -O3
-fomit-frame-pointer  execution test
FAIL: g++.dg/torture/stackalign/eh-vararg-1.C  -O3 -g  execution test
FAIL: g++.dg/torture/stackalign/eh-vararg-1.C  -Os  execution test
FAIL: g++.dg/torture/stackalign/eh-vararg-1.C  -O2 -flto
-flto-partition=none  execution test
FAIL: g++.dg/torture/stackalign/eh-vararg-1.C  -O2 -flto  execution test
FAIL: g++.dg/torture/stackalign/eh-vararg-2.C  -O0  execution test
FAIL: g++.dg/torture/stackalign/eh-vararg-2.C  -O1  execution test
FAIL: g++.dg/torture/stackalign/eh-vararg-2.C  -O2  execution test
FAIL: g++.dg/torture/stackalign/eh-vararg-2.C  -O3
-fomit-frame-pointer  execution test
FAIL: g++.dg/torture/stackalign/eh-vararg-2.C  -O3 -g  execution test
FAIL: g++.dg/torture/stackalign/eh-vararg-2.C  -Os  execution test
FAIL: g++.dg/torture/stackalign/eh-vararg-2.C  -O2 -flto
-flto-partition=none  execution test
FAIL: g++.dg/torture/stackalign/eh-vararg-2.C  -O2 -flto  execution test
FAIL: g++.dg/torture/stackalign/throw-1.C  -O0  execution test
FAIL: g++.dg/torture/stackalign/throw-1.C  -O1  execution test
FAIL: g++.dg/torture/stackalign/throw-1.C  -O2  execution test
FAIL: g++.dg/torture/stackalign/throw-1.C  -O3 -fomit-frame-pointer
execution test
FAIL: g++.dg/torture/stackalign/throw-1.C  -O3 -fomit-frame-pointer
-funroll-loops  execution test
FAIL: g++.dg/torture/stackalign/throw-1.C  -O3 -fomit-frame-pointer
-funroll-all-loops -finline-functions  execution test
FAIL: g++.dg/torture/stackalign/throw-1.C  -O3 -g  execution test
FAIL: g++.dg/torture/stackalign/throw-1.C  -Os  execution test
FAIL: g++.dg/torture/stackalign/throw-1.C  -O2 -flto
-flto-partition=none  execution test
FAIL: g++.dg/torture/stackalign/throw-1.C  -O2 -flto  execution test
FAIL: g++.dg/torture/stackalign/throw-2.C  -O0  execution test
FAIL: g++.dg/torture/stackalign/throw-2.C  -O1  execution test
FAIL: g++.dg/torture/stackalign/throw-2.C  -O2  execution test
FAIL: g++.dg/torture/stackalign/throw-2.C  -O3 -fomit-frame-pointer
execution test
FAIL: g++.dg/torture/stackalign/throw-2.C  -O3 -fomit-frame-pointer
-funroll-loops  execution test
FAIL: g++.dg/torture/stackalign/throw-2.C  -O3 -fomit-frame-pointer
-funroll-all-loops -finline-functions  execution test
FAIL: g++.dg/torture/stackalign/throw-2.C  -O3 -g  execution test
FAIL: g++.dg/torture/stackalign/throw-2.C  -Os  execution test
FAIL: g++.dg/torture/stackalign/throw-2.C  -O2 -flto
-flto-partition=none  execution test
FAIL: g++.dg/torture/stackalign/throw-2.C  -O2 -flto  execution test
FAIL: g++.dg/torture/stackalign/throw-3.C  -O0  execution test
FAIL: g++.dg/torture/stackalign/throw-3.C  -O1  execution test
FAIL: g++.dg/torture/stackalign/throw-3.C  -O2  execution test
FAIL: g++.dg/torture/stackalign/throw-3.C  -O3 -fomit-frame-pointer
execution test
FAIL: g++.dg/torture/stackalign/throw-3.C  -O3 -fomit-frame-pointer
-funroll-loops  execution test
FAIL: g++.dg/torture/stackalign/throw-3.C  -O3 -fomit-frame-pointer
-funroll-all-loops -finline-functions  execution test
FAIL: g++.dg/torture/stackalign/throw-3.C  -O3 -g  execution test
FAIL: g++.dg/torture/stackalign/throw-3.C  -Os  execution test
FAIL: g++.dg/torture/stackalign/throw-3.C  -O2 -flto
-flto-partition=none  execution test
FAIL: g++.dg/torture/stackalign/throw-3.C  -O2 -flto  execution test
FAIL: g++.dg/torture/stackalign/eh-alloca-1.C  -O0  execution test
FAIL: g++.dg/torture/stackalign/eh-alloca-1.C  -O1  execution test
FAIL: g++.dg/torture/stackalign/eh-alloca-1.C  -O2  execution test
FAIL: g++.dg/torture/stackalign/eh-alloca-1.C  -O3
-fomit-frame-pointer  execution test
FAIL: g++.dg/torture/stackalign/eh-alloca-1.C  -O3 -g  execution test
FAIL: g++.dg/torture/stackalign/eh-alloca-1.C  -Os  execution test
FAIL: g++.dg/torture/stackalign/eh-alloca-1.C  -O2 -flto
-flto-partition=none  execution test
FAIL: g++.dg/torture/stackalign/eh-alloca-1.C  -O2 -flto  execution test
FAIL: g++.dg/torture/stackalign/eh-global-1.C  -O0  execution test
FAIL: g++.dg/torture/stackalign/eh-global-1.C  -O1  execution test
FAIL: g++.dg/torture/stackalign/eh-global-1.C  -O2  execution test
FAIL: g++.dg/torture/stackalign/eh-global-1.C  -O3
-fomit-frame-pointer  execution test
FAIL: g++.dg/torture/stackalign/eh-global-1.C  -O3 -g  execution test
FAIL: g++.dg/torture/stackalign/eh-global-1.C  -Os  execution test
FAIL: g++.dg/torture/stackalign/eh-global-1.C  -O2 -flto
-flto-partition=none  execution test
FAIL: g++.dg/torture/stackalign/eh-global-1.C  -O2 -flto  execution test
FAIL: g++.dg/torture/stackalign/eh-inline-1.C  -O0  execution test
FAIL: g++.dg/torture/stackalign/eh-inline-1.C  -O1  execution test
FAIL: g++.dg/torture/stackalign/eh-inline-1.C  -O2  execution test
FAIL: g++.dg/torture/stackalign/eh-inline-1.C  -O3
-fomit-frame-pointer  execution test
FAIL: g++.dg/torture/stackalign/eh-inline-1.C  -O3 -g  execution test
FAIL: g++.dg/torture/stackalign/eh-inline-1.C  -Os  execution test
FAIL: g++.dg/torture/stackalign/eh-inline-1.C  -O2 -flto
-flto-partition=none  execution test
FAIL: g++.dg/torture/stackalign/eh-inline-1.C  -O2 -flto  execution test
FAIL: g++.dg/torture/stackalign/eh-inline-2.C  -O0  execution test
FAIL: g++.dg/torture/stackalign/eh-inline-2.C  -O1  execution test
FAIL: g++.dg/torture/stackalign/eh-inline-2.C  -O2  execution test
FAIL: g++.dg/torture/stackalign/eh-inline-2.C  -O3
-fomit-frame-pointer  execution test
FAIL: g++.dg/torture/stackalign/eh-inline-2.C  -O3 -g  execution test
FAIL: g++.dg/torture/stackalign/eh-inline-2.C  -Os  execution test
FAIL: g++.dg/torture/stackalign/eh-inline-2.C  -O2 -flto
-flto-partition=none  execution test
FAIL: g++.dg/torture/stackalign/eh-inline-2.C  -O2 -flto  execution test
FAIL: g++.dg/torture/stackalign/eh-vararg-1.C  -O0  execution test
FAIL: g++.dg/torture/stackalign/eh-vararg-1.C  -O1  execution test
FAIL: g++.dg/torture/stackalign/eh-vararg-1.C  -O2  execution test
FAIL: g++.dg/torture/stackalign/eh-vararg-1.C  -O3
-fomit-frame-pointer  execution test
FAIL: g++.dg/torture/stackalign/eh-vararg-1.C  -O3 -g  execution test
FAIL: g++.dg/torture/stackalign/eh-vararg-1.C  -Os  execution test
FAIL: g++.dg/torture/stackalign/eh-vararg-1.C  -O2 -flto
-flto-partition=none  execution test
FAIL: g++.dg/torture/stackalign/eh-vararg-1.C  -O2 -flto  execution test
FAIL: g++.dg/torture/stackalign/eh-vararg-2.C  -O0  execution test
FAIL: g++.dg/torture/stackalign/eh-vararg-2.C  -O1  execution test
FAIL: g++.dg/torture/stackalign/eh-vararg-2.C  -O2  execution test
FAIL: g++.dg/torture/stackalign/eh-vararg-2.C  -O3
-fomit-frame-pointer  execution test
FAIL: g++.dg/torture/stackalign/eh-vararg-2.C  -O3 -g  execution test
FAIL: g++.dg/torture/stackalign/eh-vararg-2.C  -Os  execution test
FAIL: g++.dg/torture/stackalign/eh-vararg-2.C  -O2 -flto
-flto-partition=none  execution test
FAIL: g++.dg/torture/stackalign/eh-vararg-2.C  -O2 -flto  execution test
FAIL: g++.dg/torture/stackalign/throw-1.C  -O0  execution test
FAIL: g++.dg/torture/stackalign/throw-1.C  -O1  execution test
FAIL: g++.dg/torture/stackalign/throw-1.C  -O2  execution test
FAIL: g++.dg/torture/stackalign/throw-1.C  -O3 -fomit-frame-pointer
execution test
FAIL: g++.dg/torture/stackalign/throw-1.C  -O3 -fomit-frame-pointer
-funroll-loops  execution test
FAIL: g++.dg/torture/stackalign/throw-1.C  -O3 -fomit-frame-pointer
-funroll-all-loops -finline-functions  execution test
FAIL: g++.dg/torture/stackalign/throw-1.C  -O3 -g  execution test
FAIL: g++.dg/torture/stackalign/throw-1.C  -Os  execution test
FAIL: g++.dg/torture/stackalign/throw-1.C  -O2 -flto
-flto-partition=none  execution test
FAIL: g++.dg/torture/stackalign/throw-1.C  -O2 -flto  execution test
FAIL: g++.dg/torture/stackalign/throw-2.C  -O0  execution test
FAIL: g++.dg/torture/stackalign/throw-2.C  -O1  execution test
FAIL: g++.dg/torture/stackalign/throw-2.C  -O2  execution test
FAIL: g++.dg/torture/stackalign/throw-2.C  -O3 -fomit-frame-pointer
execution test
FAIL: g++.dg/torture/stackalign/throw-2.C  -O3 -fomit-frame-pointer
-funroll-loops  execution test
FAIL: g++.dg/torture/stackalign/throw-2.C  -O3 -fomit-frame-pointer
-funroll-all-loops -finline-functions  execution test
FAIL: g++.dg/torture/stackalign/throw-2.C  -O3 -g  execution test
FAIL: g++.dg/torture/stackalign/throw-2.C  -Os  execution test
FAIL: g++.dg/torture/stackalign/throw-2.C  -O2 -flto
-flto-partition=none  execution test
FAIL: g++.dg/torture/stackalign/throw-2.C  -O2 -flto  execution test
FAIL: g++.dg/torture/stackalign/throw-3.C  -O0  execution test
FAIL: g++.dg/torture/stackalign/throw-3.C  -O1  execution test
FAIL: g++.dg/torture/stackalign/throw-3.C  -O2  execution test
FAIL: g++.dg/torture/stackalign/throw-3.C  -O3 -fomit-frame-pointer
execution test
FAIL: g++.dg/torture/stackalign/throw-3.C  -O3 -fomit-frame-pointer
-funroll-loops  execution test
FAIL: g++.dg/torture/stackalign/throw-3.C  -O3 -fomit-frame-pointer
-funroll-all-loops -finline-functions  execution test
FAIL: g++.dg/torture/stackalign/throw-3.C  -O3 -g  execution test
FAIL: g++.dg/torture/stackalign/throw-3.C  -Os  execution test
FAIL: g++.dg/torture/stackalign/throw-3.C  -O2 -flto
-flto-partition=none  execution test
FAIL: g++.dg/torture/stackalign/throw-3.C  -O2 -flto  execution test
FAIL: g++.dg/tree-prof/indir-call-prof-2.C compilation,  -g  -fprofile-generate
UNRESOLVED: g++.dg/tree-prof/indir-call-prof-2.C execution,    -g
-fprofile-generate
UNRESOLVED: g++.dg/tree-prof/indir-call-prof-2.C compilation,  -g  -fprofile-use
UNRESOLVED: g++.dg/tree-prof/indir-call-prof-2.C execution,    -g  -fprofile-use
FAIL: g++.dg/tree-prof/indir-call-prof-2.C compilation,  -O0  -fprofile-generate
UNRESOLVED: g++.dg/tree-prof/indir-call-prof-2.C execution,    -O0
-fprofile-generate
UNRESOLVED: g++.dg/tree-prof/indir-call-prof-2.C compilation,  -O0
-fprofile-use
UNRESOLVED: g++.dg/tree-prof/indir-call-prof-2.C execution,    -O0
-fprofile-use
FAIL: g++.dg/tree-prof/indir-call-prof-2.C compilation,  -O1  -fprofile-generate
UNRESOLVED: g++.dg/tree-prof/indir-call-prof-2.C execution,    -O1
-fprofile-generate
UNRESOLVED: g++.dg/tree-prof/indir-call-prof-2.C compilation,  -O1
-fprofile-use
UNRESOLVED: g++.dg/tree-prof/indir-call-prof-2.C execution,    -O1
-fprofile-use
FAIL: g++.dg/tree-prof/indir-call-prof-2.C compilation,  -O2  -fprofile-generate
UNRESOLVED: g++.dg/tree-prof/indir-call-prof-2.C execution,    -O2
-fprofile-generate
UNRESOLVED: g++.dg/tree-prof/indir-call-prof-2.C compilation,  -O2
-fprofile-use
UNRESOLVED: g++.dg/tree-prof/indir-call-prof-2.C execution,    -O2
-fprofile-use
FAIL: g++.dg/tree-prof/indir-call-prof-2.C compilation,  -O3  -fprofile-generate
UNRESOLVED: g++.dg/tree-prof/indir-call-prof-2.C execution,    -O3
-fprofile-generate
UNRESOLVED: g++.dg/tree-prof/indir-call-prof-2.C compilation,  -O3
-fprofile-use
UNRESOLVED: g++.dg/tree-prof/indir-call-prof-2.C execution,    -O3
-fprofile-use
FAIL: g++.dg/tree-prof/indir-call-prof-2.C compilation,  -O3 -g
-fprofile-generate
UNRESOLVED: g++.dg/tree-prof/indir-call-prof-2.C execution,    -O3 -g
-fprofile-generate
UNRESOLVED: g++.dg/tree-prof/indir-call-prof-2.C compilation,  -O3 -g
-fprofile-use
UNRESOLVED: g++.dg/tree-prof/indir-call-prof-2.C execution,    -O3 -g
-fprofile-use
FAIL: g++.dg/tree-prof/indir-call-prof-2.C compilation,  -Os  -fprofile-generate
UNRESOLVED: g++.dg/tree-prof/indir-call-prof-2.C execution,    -Os
-fprofile-generate
UNRESOLVED: g++.dg/tree-prof/indir-call-prof-2.C compilation,  -Os
-fprofile-use
UNRESOLVED: g++.dg/tree-prof/indir-call-prof-2.C execution,    -Os
-fprofile-use
FAIL: g++.dg/tree-prof/indir-call-prof.C compilation,  -g  -fprofile-generate
UNRESOLVED: g++.dg/tree-prof/indir-call-prof.C execution,    -g
-fprofile-generate
UNRESOLVED: g++.dg/tree-prof/indir-call-prof.C compilation,  -g  -fprofile-use
UNRESOLVED: g++.dg/tree-prof/indir-call-prof.C execution,    -g  -fprofile-use
FAIL: g++.dg/tree-prof/indir-call-prof.C compilation,  -O0  -fprofile-generate
UNRESOLVED: g++.dg/tree-prof/indir-call-prof.C execution,    -O0
-fprofile-generate
UNRESOLVED: g++.dg/tree-prof/indir-call-prof.C compilation,  -O0  -fprofile-use
UNRESOLVED: g++.dg/tree-prof/indir-call-prof.C execution,    -O0  -fprofile-use
FAIL: g++.dg/tree-prof/indir-call-prof.C compilation,  -O1  -fprofile-generate
UNRESOLVED: g++.dg/tree-prof/indir-call-prof.C execution,    -O1
-fprofile-generate
UNRESOLVED: g++.dg/tree-prof/indir-call-prof.C compilation,  -O1  -fprofile-use
UNRESOLVED: g++.dg/tree-prof/indir-call-prof.C execution,    -O1  -fprofile-use
FAIL: g++.dg/tree-prof/indir-call-prof.C compilation,  -O2  -fprofile-generate
UNRESOLVED: g++.dg/tree-prof/indir-call-prof.C execution,    -O2
-fprofile-generate
UNRESOLVED: g++.dg/tree-prof/indir-call-prof.C compilation,  -O2  -fprofile-use
UNRESOLVED: g++.dg/tree-prof/indir-call-prof.C execution,    -O2  -fprofile-use
FAIL: g++.dg/tree-prof/indir-call-prof.C compilation,  -O3  -fprofile-generate
UNRESOLVED: g++.dg/tree-prof/indir-call-prof.C execution,    -O3
-fprofile-generate
UNRESOLVED: g++.dg/tree-prof/indir-call-prof.C compilation,  -O3  -fprofile-use
UNRESOLVED: g++.dg/tree-prof/indir-call-prof.C execution,    -O3  -fprofile-use
FAIL: g++.dg/tree-prof/indir-call-prof.C compilation,  -O3 -g
-fprofile-generate
UNRESOLVED: g++.dg/tree-prof/indir-call-prof.C execution,    -O3 -g
-fprofile-generate
UNRESOLVED: g++.dg/tree-prof/indir-call-prof.C compilation,  -O3 -g
-fprofile-use
UNRESOLVED: g++.dg/tree-prof/indir-call-prof.C execution,    -O3 -g
-fprofile-use
FAIL: g++.dg/tree-prof/indir-call-prof.C compilation,  -Os  -fprofile-generate
UNRESOLVED: g++.dg/tree-prof/indir-call-prof.C execution,    -Os
-fprofile-generate
UNRESOLVED: g++.dg/tree-prof/indir-call-prof.C compilation,  -Os  -fprofile-use
UNRESOLVED: g++.dg/tree-prof/indir-call-prof.C execution,    -Os  -fprofile-use
FAIL: g++.dg/tree-prof/inline_mismatch_args.C compilation,  -g
-fprofile-generate
UNRESOLVED: g++.dg/tree-prof/inline_mismatch_args.C execution,    -g
-fprofile-generate
UNRESOLVED: g++.dg/tree-prof/inline_mismatch_args.C compilation,  -g
-fprofile-use
UNRESOLVED: g++.dg/tree-prof/inline_mismatch_args.C execution,    -g
-fprofile-use
FAIL: g++.dg/tree-prof/inline_mismatch_args.C compilation,  -O0
-fprofile-generate
UNRESOLVED: g++.dg/tree-prof/inline_mismatch_args.C execution,    -O0
-fprofile-generate
UNRESOLVED: g++.dg/tree-prof/inline_mismatch_args.C compilation,  -O0
-fprofile-use
UNRESOLVED: g++.dg/tree-prof/inline_mismatch_args.C execution,    -O0
-fprofile-use
FAIL: g++.dg/tree-prof/inline_mismatch_args.C compilation,  -O1
-fprofile-generate
UNRESOLVED: g++.dg/tree-prof/inline_mismatch_args.C execution,    -O1
-fprofile-generate
UNRESOLVED: g++.dg/tree-prof/inline_mismatch_args.C compilation,  -O1
-fprofile-use
UNRESOLVED: g++.dg/tree-prof/inline_mismatch_args.C execution,    -O1
-fprofile-use
FAIL: g++.dg/tree-prof/inline_mismatch_args.C compilation,  -O2
-fprofile-generate
UNRESOLVED: g++.dg/tree-prof/inline_mismatch_args.C execution,    -O2
-fprofile-generate
UNRESOLVED: g++.dg/tree-prof/inline_mismatch_args.C compilation,  -O2
-fprofile-use
UNRESOLVED: g++.dg/tree-prof/inline_mismatch_args.C execution,    -O2
-fprofile-use
FAIL: g++.dg/tree-prof/inline_mismatch_args.C compilation,  -O3
-fprofile-generate
UNRESOLVED: g++.dg/tree-prof/inline_mismatch_args.C execution,    -O3
-fprofile-generate
UNRESOLVED: g++.dg/tree-prof/inline_mismatch_args.C compilation,  -O3
-fprofile-use
UNRESOLVED: g++.dg/tree-prof/inline_mismatch_args.C execution,    -O3
-fprofile-use
FAIL: g++.dg/tree-prof/inline_mismatch_args.C compilation,  -O3 -g
-fprofile-generate
UNRESOLVED: g++.dg/tree-prof/inline_mismatch_args.C execution,    -O3
-g  -fprofile-generate
UNRESOLVED: g++.dg/tree-prof/inline_mismatch_args.C compilation,  -O3
-g  -fprofile-use
UNRESOLVED: g++.dg/tree-prof/inline_mismatch_args.C execution,    -O3
-g  -fprofile-use
FAIL: g++.dg/tree-prof/inline_mismatch_args.C compilation,  -Os
-fprofile-generate
UNRESOLVED: g++.dg/tree-prof/inline_mismatch_args.C execution,    -Os
-fprofile-generate
UNRESOLVED: g++.dg/tree-prof/inline_mismatch_args.C compilation,  -Os
-fprofile-use
UNRESOLVED: g++.dg/tree-prof/inline_mismatch_args.C execution,    -Os
-fprofile-use
FAIL: g++.dg/tree-prof/partition1.C compilation,  -g  -fprofile-generate
UNRESOLVED: g++.dg/tree-prof/partition1.C execution,    -g  -fprofile-generate
UNRESOLVED: g++.dg/tree-prof/partition1.C compilation,  -g  -fprofile-use
UNRESOLVED: g++.dg/tree-prof/partition1.C execution,    -g  -fprofile-use
FAIL: g++.dg/tree-prof/partition1.C compilation,  -O0  -fprofile-generate
UNRESOLVED: g++.dg/tree-prof/partition1.C execution,    -O0  -fprofile-generate
UNRESOLVED: g++.dg/tree-prof/partition1.C compilation,  -O0  -fprofile-use
UNRESOLVED: g++.dg/tree-prof/partition1.C execution,    -O0  -fprofile-use
FAIL: g++.dg/tree-prof/partition1.C compilation,  -O1  -fprofile-generate
UNRESOLVED: g++.dg/tree-prof/partition1.C execution,    -O1  -fprofile-generate
UNRESOLVED: g++.dg/tree-prof/partition1.C compilation,  -O1  -fprofile-use
UNRESOLVED: g++.dg/tree-prof/partition1.C execution,    -O1  -fprofile-use
FAIL: g++.dg/tree-prof/partition1.C compilation,  -O2  -fprofile-generate
UNRESOLVED: g++.dg/tree-prof/partition1.C execution,    -O2  -fprofile-generate
UNRESOLVED: g++.dg/tree-prof/partition1.C compilation,  -O2  -fprofile-use
UNRESOLVED: g++.dg/tree-prof/partition1.C execution,    -O2  -fprofile-use
FAIL: g++.dg/tree-prof/partition1.C compilation,  -O3  -fprofile-generate
UNRESOLVED: g++.dg/tree-prof/partition1.C execution,    -O3  -fprofile-generate
UNRESOLVED: g++.dg/tree-prof/partition1.C compilation,  -O3  -fprofile-use
UNRESOLVED: g++.dg/tree-prof/partition1.C execution,    -O3  -fprofile-use
FAIL: g++.dg/tree-prof/partition1.C compilation,  -O3 -g  -fprofile-generate
UNRESOLVED: g++.dg/tree-prof/partition1.C execution,    -O3 -g
-fprofile-generate
UNRESOLVED: g++.dg/tree-prof/partition1.C compilation,  -O3 -g  -fprofile-use
UNRESOLVED: g++.dg/tree-prof/partition1.C execution,    -O3 -g  -fprofile-use
FAIL: g++.dg/tree-prof/partition1.C compilation,  -Os  -fprofile-generate
UNRESOLVED: g++.dg/tree-prof/partition1.C execution,    -Os  -fprofile-generate
UNRESOLVED: g++.dg/tree-prof/partition1.C compilation,  -Os  -fprofile-use
UNRESOLVED: g++.dg/tree-prof/partition1.C execution,    -Os  -fprofile-use
FAIL: g++.dg/tree-prof/partition2.C compilation,  -g  -fprofile-generate
UNRESOLVED: g++.dg/tree-prof/partition2.C execution,    -g  -fprofile-generate
UNRESOLVED: g++.dg/tree-prof/partition2.C compilation,  -g  -fprofile-use
UNRESOLVED: g++.dg/tree-prof/partition2.C execution,    -g  -fprofile-use
FAIL: g++.dg/tree-prof/partition2.C compilation,  -O0  -fprofile-generate
UNRESOLVED: g++.dg/tree-prof/partition2.C execution,    -O0  -fprofile-generate
UNRESOLVED: g++.dg/tree-prof/partition2.C compilation,  -O0  -fprofile-use
UNRESOLVED: g++.dg/tree-prof/partition2.C execution,    -O0  -fprofile-use
FAIL: g++.dg/tree-prof/partition2.C compilation,  -O1  -fprofile-generate
UNRESOLVED: g++.dg/tree-prof/partition2.C execution,    -O1  -fprofile-generate
UNRESOLVED: g++.dg/tree-prof/partition2.C compilation,  -O1  -fprofile-use
UNRESOLVED: g++.dg/tree-prof/partition2.C execution,    -O1  -fprofile-use
FAIL: g++.dg/tree-prof/partition2.C compilation,  -O2  -fprofile-generate
UNRESOLVED: g++.dg/tree-prof/partition2.C execution,    -O2  -fprofile-generate
UNRESOLVED: g++.dg/tree-prof/partition2.C compilation,  -O2  -fprofile-use
UNRESOLVED: g++.dg/tree-prof/partition2.C execution,    -O2  -fprofile-use
FAIL: g++.dg/tree-prof/partition2.C compilation,  -O3  -fprofile-generate
UNRESOLVED: g++.dg/tree-prof/partition2.C execution,    -O3  -fprofile-generate
UNRESOLVED: g++.dg/tree-prof/partition2.C compilation,  -O3  -fprofile-use
UNRESOLVED: g++.dg/tree-prof/partition2.C execution,    -O3  -fprofile-use
FAIL: g++.dg/tree-prof/partition2.C compilation,  -O3 -g  -fprofile-generate
UNRESOLVED: g++.dg/tree-prof/partition2.C execution,    -O3 -g
-fprofile-generate
UNRESOLVED: g++.dg/tree-prof/partition2.C compilation,  -O3 -g  -fprofile-use
UNRESOLVED: g++.dg/tree-prof/partition2.C execution,    -O3 -g  -fprofile-use
FAIL: g++.dg/tree-prof/partition2.C compilation,  -Os  -fprofile-generate
UNRESOLVED: g++.dg/tree-prof/partition2.C execution,    -Os  -fprofile-generate
UNRESOLVED: g++.dg/tree-prof/partition2.C compilation,  -Os  -fprofile-use
UNRESOLVED: g++.dg/tree-prof/partition2.C execution,    -Os  -fprofile-use
FAIL: g++.dg/tree-prof/partition3.C compilation,  -g  -fprofile-generate
UNRESOLVED: g++.dg/tree-prof/partition3.C execution,    -g  -fprofile-generate
UNRESOLVED: g++.dg/tree-prof/partition3.C compilation,  -g  -fprofile-use
UNRESOLVED: g++.dg/tree-prof/partition3.C execution,    -g  -fprofile-use
FAIL: g++.dg/tree-prof/partition3.C compilation,  -O0  -fprofile-generate
UNRESOLVED: g++.dg/tree-prof/partition3.C execution,    -O0  -fprofile-generate
UNRESOLVED: g++.dg/tree-prof/partition3.C compilation,  -O0  -fprofile-use
UNRESOLVED: g++.dg/tree-prof/partition3.C execution,    -O0  -fprofile-use
FAIL: g++.dg/tree-prof/partition3.C compilation,  -O1  -fprofile-generate
UNRESOLVED: g++.dg/tree-prof/partition3.C execution,    -O1  -fprofile-generate
UNRESOLVED: g++.dg/tree-prof/partition3.C compilation,  -O1  -fprofile-use
UNRESOLVED: g++.dg/tree-prof/partition3.C execution,    -O1  -fprofile-use
FAIL: g++.dg/tree-prof/partition3.C compilation,  -O2  -fprofile-generate
UNRESOLVED: g++.dg/tree-prof/partition3.C execution,    -O2  -fprofile-generate
UNRESOLVED: g++.dg/tree-prof/partition3.C compilation,  -O2  -fprofile-use
UNRESOLVED: g++.dg/tree-prof/partition3.C execution,    -O2  -fprofile-use
FAIL: g++.dg/tree-prof/partition3.C compilation,  -O3  -fprofile-generate
UNRESOLVED: g++.dg/tree-prof/partition3.C execution,    -O3  -fprofile-generate
UNRESOLVED: g++.dg/tree-prof/partition3.C compilation,  -O3  -fprofile-use
UNRESOLVED: g++.dg/tree-prof/partition3.C execution,    -O3  -fprofile-use
FAIL: g++.dg/tree-prof/partition3.C compilation,  -O3 -g  -fprofile-generate
UNRESOLVED: g++.dg/tree-prof/partition3.C execution,    -O3 -g
-fprofile-generate
UNRESOLVED: g++.dg/tree-prof/partition3.C compilation,  -O3 -g  -fprofile-use
UNRESOLVED: g++.dg/tree-prof/partition3.C execution,    -O3 -g  -fprofile-use
FAIL: g++.dg/tree-prof/partition3.C compilation,  -Os  -fprofile-generate
UNRESOLVED: g++.dg/tree-prof/partition3.C execution,    -Os  -fprofile-generate
UNRESOLVED: g++.dg/tree-prof/partition3.C compilation,  -Os  -fprofile-use
UNRESOLVED: g++.dg/tree-prof/partition3.C execution,    -Os  -fprofile-use
FAIL: g++.old-deja/g++.abi/cxa_vec.C execution test
FAIL: g++.old-deja/g++.abi/vtable2.C (test for excess errors)
FAIL: g++.old-deja/g++.benjamin/15071.C (test for excess errors)
FAIL: g++.old-deja/g++.brendan/copy9.C (test for excess errors)
FAIL: g++.old-deja/g++.brendan/eh1.C execution test
FAIL: g++.old-deja/g++.brendan/nest21.C (test for excess errors)
FAIL: g++.old-deja/g++.brendan/ptolemy2.C (test for excess errors)
FAIL: g++.old-deja/g++.eh/badalloc1.C execution test
FAIL: g++.old-deja/g++.eh/catch11.C execution test
FAIL: g++.old-deja/g++.eh/catch12.C execution test
FAIL: g++.old-deja/g++.eh/catch3.C execution test
FAIL: g++.old-deja/g++.eh/catch3p.C execution test
FAIL: g++.old-deja/g++.eh/catch4.C execution test
FAIL: g++.old-deja/g++.eh/catch4p.C execution test
FAIL: g++.old-deja/g++.eh/catch5.C execution test
FAIL: g++.old-deja/g++.eh/catch5p.C execution test
FAIL: g++.old-deja/g++.eh/catch6.C execution test
FAIL: g++.old-deja/g++.eh/catch6p.C execution test
FAIL: g++.old-deja/g++.eh/catch7.C execution test
FAIL: g++.old-deja/g++.eh/catch7p.C execution test
FAIL: g++.old-deja/g++.eh/catch8.C execution test
FAIL: g++.old-deja/g++.eh/catch8p.C execution test
FAIL: g++.old-deja/g++.eh/catch9.C execution test
FAIL: g++.old-deja/g++.eh/catch9p.C execution test
FAIL: g++.old-deja/g++.eh/catchptr1.C execution test
FAIL: g++.old-deja/g++.eh/cleanup1.C execution test
FAIL: g++.old-deja/g++.eh/cleanup2.C execution test
FAIL: g++.old-deja/g++.eh/flow1.C execution test
FAIL: g++.old-deja/g++.eh/fntry1.C execution test
FAIL: g++.old-deja/g++.eh/ia64-1.C execution test
FAIL: g++.old-deja/g++.eh/inline2.C execution test
FAIL: g++.old-deja/g++.eh/new1.C execution test
FAIL: g++.old-deja/g++.eh/new2.C execution test
FAIL: g++.old-deja/g++.eh/pdel1.C execution test
FAIL: g++.old-deja/g++.eh/pdel2.C execution test
FAIL: g++.old-deja/g++.eh/ptr1.C execution test
FAIL: g++.old-deja/g++.eh/ptrmem1.C execution test
FAIL: g++.old-deja/g++.eh/rethrow1.C execution test
FAIL: g++.old-deja/g++.eh/rethrow2.C execution test
FAIL: g++.old-deja/g++.eh/rethrow3.C execution test
FAIL: g++.old-deja/g++.eh/rethrow4.C execution test
FAIL: g++.old-deja/g++.eh/rethrow5.C execution test
FAIL: g++.old-deja/g++.eh/rethrow6.C execution test
FAIL: g++.old-deja/g++.eh/spec1.C execution test
FAIL: g++.old-deja/g++.eh/spec2.C execution test
FAIL: g++.old-deja/g++.eh/spec3.C execution test
FAIL: g++.old-deja/g++.eh/spec4.C execution test
FAIL: g++.old-deja/g++.eh/terminate1.C execution test
FAIL: g++.old-deja/g++.eh/tmpl1.C execution test
FAIL: g++.old-deja/g++.eh/unwind1.C execution test
FAIL: g++.old-deja/g++.eh/vbase1.C execution test
FAIL: g++.old-deja/g++.eh/vbase2.C execution test
FAIL: g++.old-deja/g++.eh/vbase4.C execution test
FAIL: g++.old-deja/g++.jason/2371.C (test for excess errors)
FAIL: g++.old-deja/g++.jason/init3.C (test for excess errors)
FAIL: g++.old-deja/g++.jason/ref7.C (test for excess errors)
FAIL: g++.old-deja/g++.jason/static1.C (test for excess errors)
FAIL: g++.old-deja/g++.jason/template24.C (test for excess errors)
FAIL: g++.old-deja/g++.jason/template31.C (test for excess errors)
FAIL: g++.old-deja/g++.jason/thunk3.C (test for excess errors)
FAIL: g++.old-deja/g++.law/arg8.C (test for excess errors)
FAIL: g++.old-deja/g++.law/code-gen5.C (test for excess errors)
FAIL: g++.old-deja/g++.law/ctors12.C (test for excess errors)
FAIL: g++.old-deja/g++.law/cvt2.C (test for excess errors)
FAIL: g++.old-deja/g++.law/profile1.C (test for excess errors)
FAIL: g++.old-deja/g++.law/virtual3.C (test for excess errors)
FAIL: g++.old-deja/g++.martin/new1.C execution test
FAIL: g++.old-deja/g++.mike/dyncast1.C execution test
FAIL: g++.old-deja/g++.mike/dyncast2.C execution test
FAIL: g++.old-deja/g++.mike/eh10.C execution test
FAIL: g++.old-deja/g++.mike/eh12.C execution test
FAIL: g++.old-deja/g++.mike/eh14.C execution test
FAIL: g++.old-deja/g++.mike/eh16.C execution test
FAIL: g++.old-deja/g++.mike/eh17.C execution test
FAIL: g++.old-deja/g++.mike/eh18.C execution test
FAIL: g++.old-deja/g++.mike/eh2.C (test for excess errors)
FAIL: g++.old-deja/g++.mike/eh21.C execution test
FAIL: g++.old-deja/g++.mike/eh23.C execution test
FAIL: g++.old-deja/g++.mike/eh24.C execution test
FAIL: g++.old-deja/g++.mike/eh25.C execution test
FAIL: g++.old-deja/g++.mike/eh26.C execution test
FAIL: g++.old-deja/g++.mike/eh27.C execution test
FAIL: g++.old-deja/g++.mike/eh28.C execution test
FAIL: g++.old-deja/g++.mike/eh29.C execution test
FAIL: g++.old-deja/g++.mike/eh3.C execution test
FAIL: g++.old-deja/g++.mike/eh31.C execution test
FAIL: g++.old-deja/g++.mike/eh33.C execution test
FAIL: g++.old-deja/g++.mike/eh34.C execution test
FAIL: g++.old-deja/g++.mike/eh35.C execution test
FAIL: g++.old-deja/g++.mike/eh36.C execution test
FAIL: g++.old-deja/g++.mike/eh37.C execution test
FAIL: g++.old-deja/g++.mike/eh38.C execution test
FAIL: g++.old-deja/g++.mike/eh39.C execution test
FAIL: g++.old-deja/g++.mike/eh40.C execution test
FAIL: g++.old-deja/g++.mike/eh41.C execution test
FAIL: g++.old-deja/g++.mike/eh42.C execution test
FAIL: g++.old-deja/g++.mike/eh44.C execution test
FAIL: g++.old-deja/g++.mike/eh47.C execution test
FAIL: g++.old-deja/g++.mike/eh48.C execution test
FAIL: g++.old-deja/g++.mike/eh49.C execution test
FAIL: g++.old-deja/g++.mike/eh5.C execution test
FAIL: g++.old-deja/g++.mike/eh50.C execution test
FAIL: g++.old-deja/g++.mike/eh51.C execution test
FAIL: g++.old-deja/g++.mike/eh55.C execution test
FAIL: g++.old-deja/g++.mike/eh6.C execution test
FAIL: g++.old-deja/g++.mike/eh8.C execution test
FAIL: g++.old-deja/g++.mike/init1.C (test for excess errors)
FAIL: g++.old-deja/g++.mike/leak1.C (test for excess errors)
FAIL: g++.old-deja/g++.mike/misc13.C (test for excess errors)
FAIL: g++.old-deja/g++.mike/net34.C (test for excess errors)
FAIL: g++.old-deja/g++.mike/net46.C (test for excess errors)
FAIL: g++.old-deja/g++.mike/p2736.C (test for excess errors)
FAIL: g++.old-deja/g++.mike/p658.C (test for excess errors)
FAIL: g++.old-deja/g++.mike/p783b.C (test for excess errors)
FAIL: g++.old-deja/g++.mike/p7912.C execution test
FAIL: g++.old-deja/g++.mike/p9706.C execution test
FAIL: g++.old-deja/g++.mike/p9732b.C (test for excess errors)
FAIL: g++.old-deja/g++.mike/pmf2.C (test for excess errors)
FAIL: g++.old-deja/g++.mike/ref1.C (test for excess errors)
FAIL: g++.old-deja/g++.mike/temp.C (test for excess errors)
FAIL: g++.old-deja/g++.oliva/delete3.C execution test
FAIL: g++.old-deja/g++.oliva/new1.C execution test
FAIL: g++.old-deja/g++.other/array1.C execution test
FAIL: g++.old-deja/g++.other/dtor10.C (test for excess errors)
FAIL: g++.old-deja/g++.other/dtor11.C (test for excess errors)
FAIL: g++.old-deja/g++.other/dtor12.C (test for excess errors)
FAIL: g++.old-deja/g++.other/eh3.C execution test
FAIL: g++.old-deja/g++.other/headers1.C (test for excess errors)
FAIL: g++.old-deja/g++.other/init13.C (test for excess errors)
FAIL: g++.old-deja/g++.other/init19.C (test for excess errors)
FAIL: g++.old-deja/g++.other/init5.C (test for excess errors)
FAIL: g++.old-deja/g++.other/init7.C execution test
FAIL: g++.old-deja/g++.other/inline7.C (test for excess errors)
FAIL: g++.old-deja/g++.other/inline8.C (test for excess errors)
FAIL: g++.old-deja/g++.other/new7.C execution test
FAIL: g++.old-deja/g++.other/sibcall1.C (test for excess errors)
FAIL: g++.old-deja/g++.other/singleton.C execution test
FAIL: g++.old-deja/g++.other/unchanging1.C (test for excess errors)
FAIL: g++.old-deja/g++.other/vbase2.C execution test
FAIL: g++.old-deja/g++.pt/fntry1.C execution test
FAIL: g++.old-deja/g++.pt/static11.C (test for excess errors)
FAIL: g++.old-deja/g++.robertl/eb115.C (test for excess errors)
FAIL: g++.old-deja/g++.robertl/eb21.C (test for excess errors)
FAIL: g++.old-deja/g++.robertl/eb31.C (test for excess errors)
FAIL: g++.old-deja/g++.robertl/eb41.C (test for excess errors)
FAIL: g++.old-deja/g++.robertl/eb46.C (test for excess errors)
FAIL: g++.old-deja/g++.robertl/eb50.C execution test
FAIL: g++.old-deja/g++.robertl/eb54.C (test for excess errors)
FAIL: g++.old-deja/g++.robertl/eb66.C (test for excess errors)
FAIL: g++.old-deja/g++.robertl/eb73.C (test for excess errors)
FAIL: g++.old-deja/g++.robertl/eb77.C (test for excess errors)
FAIL: g++.old-deja/g++.robertl/eb88.C execution test
FAIL: g++.old-deja/g++.robertl/eh990323-1.C execution test
FAIL: g++.old-deja/g++.robertl/eh990323-2.C execution test
FAIL: g++.old-deja/g++.robertl/eh990323-3.C execution test
FAIL: g++.old-deja/g++.robertl/eh990323-4.C execution test
FAIL: g++.old-deja/g++.robertl/eh990323-5.C execution test
FAIL: g++.old-deja/g++.robertl/ice990323-2.C execution test

		=== g++ Summary ===

# of expected passes		25486
# of unexpected failures	506
# of expected failures		155
# of unresolved testcases	162
# of unsupported tests		446
/home/qinwei/work_score/gcc-trunk/build_linux/gcc/gcc/testsuite/g++/../../g++
 version 4.7.0 20110608 (experimental) (GCC)

Target: score-elf
Configured with: --target=score-elf
--prefix=/home/qinwei/work_score/gcc-trunk/install_linux
--enable-languages=c,c++ --enable-lto --disable-libssp --with-newlib
gcc version 4.7.0 20110608 (experimental) (GCC)



More information about the Gcc-testresults mailing list