Results for 4.7.0 20110608 (experimental) [trunk revision 174788] (GCC) testsuite on sh4-unknown-linux-gnu

Kaz Kojima kkojima@rr.iij4u.or.jp
Thu Jun 9 00:18:00 GMT 2011


Remote host: linux 2.6.22 sh4
GNU C Library version 2.7.90

LAST_UPDATED: Wed Jun  8 00:33:18 UTC 2011 (revision 174788)

Target is sh4-unknown-linux-gnu
Host   is i686-pc-linux-gnu

		=== g++ tests ===


Running target unix
WARNING: Assuming target board is the local machine (which is probably wrong).
FAIL: g++.dg/cpp0x/lambda/lambda-eh2.C execution test
FAIL: g++.dg/pr45056.C (test for excess errors)

		=== g++ Summary ===

# of expected passes		26669
# of unexpected failures	2
# of expected failures		156
# of unsupported tests		430
/exp/ldroot/dodes/xsh-gcc-orig/gcc/testsuite/g++/../../g++  version 4.7.0 20110608 (experimental) [trunk revision 174788] (GCC) 

Host   is i686-pc-linux-gnu

		=== gcc tests ===


Running target unix
WARNING: Assuming target board is the local machine (which is probably wrong).
FAIL: gcc.c-torture/execute/builtin-prefetch-6.c execution,  -O3 -fomit-frame-pointer -funroll-loops 
FAIL: gcc.c-torture/execute/builtin-prefetch-6.c execution,  -O3 -fomit-frame-pointer -funroll-all-loops -finline-functions 
FAIL: gcc.dg/cproj-fails-with-broken-glibc.c execution test
FAIL: gcc.dg/memcpy-3.c scan-tree-dump-not optimized "memcpy"
FAIL: gcc.dg/memcpy-3.c scan-tree-dump-times optimized "MEM" 1
FAIL: gcc.dg/torture/tls/run-gd.c  -O1  execution test
FAIL: gcc.dg/torture/tls/run-gd.c  -O2  execution test
FAIL: gcc.dg/torture/tls/run-gd.c  -O3 -fomit-frame-pointer  execution test
FAIL: gcc.dg/torture/tls/run-gd.c  -O3 -g  execution test
FAIL: gcc.dg/torture/tls/run-gd.c  -Os  execution test
FAIL: gcc.dg/torture/tls/run-gd.c  -O2 -flto -flto-partition=none  execution test
FAIL: gcc.dg/torture/tls/run-gd.c  -O2 -flto  execution test
XPASS: gcc.dg/tree-ssa/20030807-7.c scan-tree-dump-times vrp1 "if " 1
XPASS: gcc.dg/tree-ssa/20040204-1.c scan-tree-dump-times optimized "link_error" 0
FAIL: gcc.dg/tree-ssa/vrp47.c scan-tree-dump-times dom1 "x[^ ]* & y" 1

		=== gcc Summary ===

# of expected passes		69049
# of unexpected failures	13
# of unexpected successes	2
# of expected failures		105
# of unsupported tests		1034
/exp/ldroot/dodes/xsh-gcc-orig/gcc/xgcc  version 4.7.0 20110608 (experimental) [trunk revision 174788] (GCC) 

Host   is i686-pc-linux-gnu

		=== gfortran tests ===


Running target unix
WARNING: Assuming target board is the local machine (which is probably wrong).
FAIL: gfortran.dg/fmt_float.f90  -O1  (internal compiler error)
FAIL: gfortran.dg/fmt_float.f90  -O1  (test for excess errors)
WARNING: gfortran.dg/fmt_float.f90  -O1  compilation failed to produce executable
FAIL: gfortran.dg/nearest_1.f90  -O0  execution test
FAIL: gfortran.dg/nearest_1.f90  -O1  execution test
FAIL: gfortran.dg/nearest_1.f90  -O2  execution test
FAIL: gfortran.dg/nearest_1.f90  -O3 -fomit-frame-pointer  execution test
FAIL: gfortran.dg/nearest_1.f90  -O3 -fomit-frame-pointer -funroll-loops  execution test
FAIL: gfortran.dg/nearest_1.f90  -O3 -fomit-frame-pointer -funroll-all-loops -finline-functions  execution test
FAIL: gfortran.dg/nearest_1.f90  -O3 -g  execution test
FAIL: gfortran.dg/nearest_1.f90  -Os  execution test

		=== gfortran Summary ===

# of expected passes		37856
# of unexpected failures	10
# of expected failures		41
# of unsupported tests		380
/exp/ldroot/dodes/xsh-gcc-orig/gcc/testsuite/gfortran/../../gfortran  version 4.7.0 20110608 (experimental) [trunk revision 174788] (GCC) 

Host   is i686-pc-linux-gnu

		=== objc tests ===


Running target unix
WARNING: Assuming target board is the local machine (which is probably wrong).
XPASS: objc.dg/torture/forward-1.m  -O0  -fgnu-runtime execution test
XPASS: objc.dg/torture/forward-1.m  -O1  -fgnu-runtime execution test
XPASS: objc.dg/torture/forward-1.m  -O2  -fgnu-runtime execution test
XPASS: objc.dg/torture/forward-1.m  -O3 -fomit-frame-pointer  -fgnu-runtime execution test
XPASS: objc.dg/torture/forward-1.m  -O3 -fomit-frame-pointer -funroll-loops  -fgnu-runtime execution test
XPASS: objc.dg/torture/forward-1.m  -O3 -fomit-frame-pointer -funroll-all-loops -finline-functions  -fgnu-runtime execution test
XPASS: objc.dg/torture/forward-1.m  -O3 -g  -fgnu-runtime execution test
XPASS: objc.dg/torture/forward-1.m  -Os  -fgnu-runtime execution test
XPASS: objc.dg/torture/forward-1.m  -O2 -flto -flto-partition=none  -fgnu-runtime execution test
XPASS: objc.dg/torture/forward-1.m  -O2 -flto  -fgnu-runtime execution test

		=== objc Summary ===

# of expected passes		2970
# of unexpected successes	10
# of unsupported tests		74
/exp/ldroot/dodes/xsh-gcc-orig/gcc/xgcc  version 4.7.0 20110608 (experimental) [trunk revision 174788] (GCC) 

Host   is sh4-unknown-linux-gnu

		=== boehm-gc tests ===


Running target unix
WARNING: Assuming target board is the local machine (which is probably wrong).
FAIL: boehm-gc.c/thread_leak_test.c -O2 (test for excess errors)

		=== boehm-gc Summary ===

# of expected passes		11
# of unexpected failures	1
# of unsupported tests		1
Host   is sh4-unknown-linux-gnu

		=== libffi tests ===


Running target unix
WARNING: Assuming target board is the local machine (which is probably wrong).

		=== libffi Summary ===

# of expected passes		1634
# of expected failures		10
# of unsupported tests		15
Host   is sh4-unknown-linux-gnu

		=== libgomp tests ===


Running target unix
WARNING: Assuming target board is the local machine (which is probably wrong).
FAIL: libgomp.c/pr24455.c (test for excess errors)
FAIL: libgomp.c++/pr24455.C  -O0  (test for excess errors)
FAIL: libgomp.c++/pr24455.C  -O1  (test for excess errors)
FAIL: libgomp.c++/pr24455.C  -O2  (test for excess errors)
FAIL: libgomp.c++/pr24455.C  -O3 -fomit-frame-pointer  (test for excess errors)
FAIL: libgomp.c++/pr24455.C  -O3 -fomit-frame-pointer -funroll-loops  (test for excess errors)
FAIL: libgomp.c++/pr24455.C  -O3 -fomit-frame-pointer -funroll-all-loops -finline-functions  (test for excess errors)
FAIL: libgomp.c++/pr24455.C  -O3 -g  (test for excess errors)
FAIL: libgomp.c++/pr24455.C  -Os  (test for excess errors)

		=== libgomp Summary ===

# of expected passes		2567
# of unexpected failures	9
# of unsupported tests		8
Host   is sh4-unknown-linux-gnu

		=== libjava tests ===


Running target unix
WARNING: Assuming target board is the local machine (which is probably wrong).

		=== libjava Summary ===

# of expected passes		2405
# of untested testcases		4
Host   is sh4-unknown-linux-gnu

		=== libmudflap tests ===


Running target unix
WARNING: Assuming target board is the local machine (which is probably wrong).
FAIL: libmudflap.c/fail40-frag.c output pattern test
FAIL: libmudflap.c/pass51-frag.c execution test
FAIL: libmudflap.c/pass51-frag.c execution test
FAIL: libmudflap.c/fail40-frag.c (-static) output pattern test
FAIL: libmudflap.c/pass51-frag.c (-static) execution test
FAIL: libmudflap.c/pass51-frag.c (-static) execution test
FAIL: libmudflap.c/fail40-frag.c (-O2) output pattern test
FAIL: libmudflap.c/pass51-frag.c (-O2) execution test
FAIL: libmudflap.c/pass51-frag.c (-O2) execution test
FAIL: libmudflap.c/fail40-frag.c (-O3) output pattern test
FAIL: libmudflap.c/pass51-frag.c (-O3) execution test
FAIL: libmudflap.c/pass51-frag.c (-O3) execution test
FAIL: libmudflap.c++/pass55-frag.cxx ( -O) execution test

		=== libmudflap Summary ===

# of expected passes		1881
# of unexpected failures	13
Host   is sh4-unknown-linux-gnu

		=== libstdc++ tests ===


Running target unix
WARNING: Assuming target board is the local machine (which is probably wrong).
FAIL: 17_intro/headers/c++200x/all_no_exceptions.cc (test for excess errors)
FAIL: 20_util/unique_ptr/cons/pointer_array.cc (test for excess errors)
WARNING: 20_util/unique_ptr/cons/pointer_array.cc compilation failed to produce executable
FAIL: 23_containers/map/modifiers/insert/2.cc (test for excess errors)
WARNING: 23_containers/map/modifiers/insert/2.cc compilation failed to produce executable
FAIL: 23_containers/map/modifiers/insert/3.cc (test for excess errors)
WARNING: 23_containers/map/modifiers/insert/3.cc compilation failed to produce executable
FAIL: 23_containers/unordered_set/requirements/exception/propagation_consistent.cc (test for excess errors)
WARNING: 23_containers/unordered_set/requirements/exception/propagation_consistent.cc compilation failed to produce executable

		=== libstdc++ Summary ===

# of expected passes		7447
# of unexpected failures	5
# of expected failures		82
# of unsupported tests		524

Compiler version: 4.7.0 20110608 (experimental) [trunk revision 174788] (GCC) 
Platform: sh4-unknown-linux-gnu
configure flags: --host=i686-pc-linux-gnu --target=sh4-unknown-linux-gnu --enable-lto --enable-shared --enable-threads=posix --enable-clocale=gnu --enable-libgcj --with-ld=/usr/local/bin/sh4-unknown-linux-gnu-ld --with-as=/usr/local/bin/sh4-unknown-linux-gnu-as --with-sysroot=/exp/ldroot --with-mpfr=/opt2/i686-pc-linux-gnu --with-mpc=/opt2/i686-pc-linux-gnu --with-libelf=/opt2/i686-pc-linux-gnu --with-ppl=no --enable-languages=c,c++,fortran,java,lto,objc



More information about the Gcc-testresults mailing list