Results for 4.7.0 20110604 (experimental) (GCC) testsuite on alphaev6-unknown-linux-gnu

Mikael Pettersson mikpe@it.uu.se
Tue Jun 7 19:21:00 GMT 2011


LAST_UPDATED: Obtained from SVN: trunk revision 174648

Native configuration is alphaev6-unknown-linux-gnu

		=== libgomp tests ===


Running target unix

		=== libgomp Summary ===

# of expected passes		1061
# of unsupported tests		1
		=== libstdc++ tests ===


Running target unix
FAIL: libstdc++-abi/abi_check
FAIL: 26_numerics/complex/13450.cc execution test

		=== libstdc++ Summary ===

# of expected passes		8289
# of unexpected failures	2
# of expected failures		82
# of unsupported tests		137
		=== g++ tests ===


Running target unix
FAIL: g++.dg/compat/eh/unexpected1 cp_compat_x_tst.o-cp_compat_y_tst.o execute 
FAIL: g++.dg/cpp0x/lambda/lambda-eh2.C execution test
FAIL: g++.dg/eh/unexpected1.C execution test
FAIL: g++.dg/opt/devirt2.C scan-assembler-times xyzzy 2
FAIL: g++.dg/torture/pr48954.C  -O0  (test for excess errors)
FAIL: g++.dg/torture/pr48954.C  -O1  (test for excess errors)
FAIL: g++.dg/torture/pr48954.C  -O2  (test for excess errors)
FAIL: g++.dg/torture/pr48954.C  -O3 -fomit-frame-pointer  (test for excess errors)
FAIL: g++.dg/torture/pr48954.C  -O3 -fomit-frame-pointer -funroll-loops  (test for excess errors)
FAIL: g++.dg/torture/pr48954.C  -O3 -fomit-frame-pointer -funroll-all-loops -finline-functions  (test for excess errors)
FAIL: g++.dg/torture/pr48954.C  -O3 -g  (test for excess errors)
FAIL: g++.dg/torture/pr48954.C  -Os  (test for excess errors)
FAIL: g++.old-deja/g++.eh/spec2.C execution test
FAIL: g++.old-deja/g++.eh/spec3.C execution test
FAIL: g++.old-deja/g++.mike/eh33.C execution test
FAIL: g++.old-deja/g++.mike/eh50.C execution test
FAIL: g++.old-deja/g++.mike/eh51.C execution test

		=== g++ Summary ===

# of expected passes		25927
# of unexpected failures	17
# of expected failures		154
# of unsupported tests		388
/home/mikpe/objdir47/gcc/testsuite/g++/../../g++  version 4.7.0 20110604 (experimental) (GCC) 

		=== gcc tests ===


Running target unix
FAIL: gcc.c-torture/compile/limits-exprparen.c  -O0  (internal compiler error)
FAIL: gcc.c-torture/compile/limits-exprparen.c  -O0  (test for excess errors)
FAIL: gcc.c-torture/compile/limits-exprparen.c  -O1  (internal compiler error)
FAIL: gcc.c-torture/compile/limits-exprparen.c  -O1  (test for excess errors)
FAIL: gcc.c-torture/compile/limits-exprparen.c  -O2  (internal compiler error)
FAIL: gcc.c-torture/compile/limits-exprparen.c  -O2  (test for excess errors)
FAIL: gcc.c-torture/compile/limits-exprparen.c  -O3 -fomit-frame-pointer  (internal compiler error)
FAIL: gcc.c-torture/compile/limits-exprparen.c  -O3 -fomit-frame-pointer  (test for excess errors)
FAIL: gcc.c-torture/compile/limits-exprparen.c  -O3 -g  (internal compiler error)
FAIL: gcc.c-torture/compile/limits-exprparen.c  -O3 -g  (test for excess errors)
FAIL: gcc.c-torture/compile/limits-exprparen.c  -Os  (internal compiler error)
FAIL: gcc.c-torture/compile/limits-exprparen.c  -Os  (test for excess errors)
FAIL: gcc.dg/cproj-fails-with-broken-glibc.c execution test
FAIL: gcc.dg/memcpy-3.c scan-tree-dump-not optimized "memcpy"
FAIL: gcc.dg/memcpy-3.c scan-tree-dump-times optimized "MEM" 1
XPASS: gcc.dg/tree-ssa/20030807-7.c scan-tree-dump-times vrp1 "if " 1
FAIL: gcc.dg/tree-ssa/vrp47.c scan-tree-dump-times dom1 "x[^ ]* & y" 1

		=== gcc Summary ===

# of expected passes		58545
# of unexpected failures	16
# of unexpected successes	1
# of expected failures		102
# of unsupported tests		864
/home/mikpe/objdir47/gcc/xgcc  version 4.7.0 20110604 (experimental) (GCC) 


Compiler version: 4.7.0 20110604 (experimental) (GCC) 
Platform: alphaev6-unknown-linux-gnu
configure flags: --prefix=/home/mikpe/install47 --with-gmp=/home/mikpe/pkgs/linux-alpha/gmp-4.3.2 --with-mpfr=/home/mikpe/pkgs/linux-alpha/mpfr-2.4.2 --with-mpc=/home/mikpe/pkgs/linux-alpha/mpc-0.8.2 --disable-plugin --disable-lto --disable-nls --enable-threads=posix --enable-checking=release --disable-libmudflap --enable-languages=c,c++ --with-long-double-128 --with-cpu=ev6
BOOT_CFLAGS=-g -O2



More information about the Gcc-testresults mailing list