Results for 4.6.1 20110603 (prerelease) [gcc-4_6-branch revision 174591] (GCC) testsuite on i386-pc-solaris2.10

Rainer Orth ro@CeBiTec.Uni-Bielefeld.DE
Mon Jun 6 09:03:00 GMT 2011


LAST_UPDATED: Fri Jun  3 19:01:12 UTC 2011 (revision 174591)

		=== acats tests ===

		=== acats Summary ===
# of expected passes		2321
# of unexpected failures	0
Native configuration is i386-pc-solaris2.10

		=== g++ tests ===


Running target unix
FAIL: g++.dg/cpp0x/lambda/lambda-eh2.C execution test
FAIL: g++.dg/lto/20091219 cp_lto_20091219_0.o-cp_lto_20091219_0.o link, -O3 -flto
UNRESOLVED: g++.dg/lto/20091219 cp_lto_20091219_0.o-cp_lto_20091219_0.o execute -O3 -flto

		=== g++ Summary for unix ===

# of expected passes		26875
# of unexpected failures	2
# of expected failures		165
# of unresolved testcases	1
# of unsupported tests		190

Running target unix/-m64
FAIL: g++.dg/lto/20091219 cp_lto_20091219_0.o-cp_lto_20091219_0.o link, -O3 -flto
UNRESOLVED: g++.dg/lto/20091219 cp_lto_20091219_0.o-cp_lto_20091219_0.o execute -O3 -flto

		=== g++ Summary for unix/-m64 ===

# of expected passes		27108
# of unexpected failures	1
# of expected failures		165
# of unresolved testcases	1
# of unsupported tests		389

		=== g++ Summary ===

# of expected passes		53983
# of unexpected failures	3
# of expected failures		330
# of unresolved testcases	2
# of unsupported tests		579
/var/gcc/regression/gcc-4.6-branch/10-gcc/build/gcc/testsuite/g++/../../g++  version 4.6.1 20110603 (prerelease) [gcc-4_6-branch revision 174591] (GCC) 

		=== gcc tests ===


Running target unix
FAIL: gcc.dg/lto/20110201-1 c_lto_20110201-1_0.o-c_lto_20110201-1_0.o link,  -O0 -flto 
UNRESOLVED: gcc.dg/lto/20110201-1 c_lto_20110201-1_0.o-c_lto_20110201-1_0.o execute  -O0 -flto 

		=== gcc Summary for unix ===

# of expected passes		75806
# of unexpected failures	1
# of expected failures		213
# of unresolved testcases	1
# of unsupported tests		817

Running target unix/-m64

		=== gcc Summary for unix/-m64 ===

# of expected passes		75884
# of expected failures		212
# of unsupported tests		1233

		=== gcc Summary ===

# of expected passes		151690
# of unexpected failures	1
# of expected failures		425
# of unresolved testcases	1
# of unsupported tests		2050
/var/gcc/regression/gcc-4.6-branch/10-gcc/build/gcc/xgcc  version 4.6.1 20110603 (prerelease) [gcc-4_6-branch revision 174591] (GCC) 

		=== gfortran tests ===


Running target unix

		=== gfortran Summary for unix ===

# of expected passes		38310
# of expected failures		41
# of unsupported tests		228

Running target unix/-m64

		=== gfortran Summary for unix/-m64 ===

# of expected passes		38607
# of expected failures		41
# of unsupported tests		88

		=== gfortran Summary ===

# of expected passes		76917
# of expected failures		82
# of unsupported tests		316
/var/gcc/regression/gcc-4.6-branch/10-gcc/build/gcc/testsuite/gfortran/../../gfortran  version 4.6.1 20110603 (prerelease) [gcc-4_6-branch revision 174591] (GCC) 

		=== gnat tests ===


Running target unix

		=== gnat Summary for unix ===

# of expected passes		869
# of expected failures		10
# of unsupported tests		3

Running target unix/-m64

		=== gnat Summary for unix/-m64 ===

# of expected passes		869
# of expected failures		10
# of unsupported tests		3

		=== gnat Summary ===

# of expected passes		1738
# of expected failures		20
# of unsupported tests		6
/var/gcc/regression/gcc-4.6-branch/10-gcc/build/gcc/gnatmake version 4.6.1 20110603 (prerelease) [gcc-4_6-branch revision 174591]

		=== objc tests ===


Running target unix

		=== objc Summary for unix ===

# of expected passes		2920
# of expected failures		6
# of unsupported tests		74

Running target unix/-m64

		=== objc Summary for unix/-m64 ===

# of expected passes		2910
# of expected failures		16
# of unsupported tests		74

		=== objc Summary ===

# of expected passes		5830
# of expected failures		22
# of unsupported tests		148
/var/gcc/regression/gcc-4.6-branch/10-gcc/build/gcc/xgcc  version 4.6.1 20110603 (prerelease) [gcc-4_6-branch revision 174591] (GCC) 

		=== libffi tests ===


Running target unix

		=== libffi Summary for unix ===

# of expected passes		1634
# of expected failures		10
# of unsupported tests		15

Running target unix/-m64

		=== libffi Summary for unix/-m64 ===

# of expected passes		1634
# of expected failures		10
# of unsupported tests		15

		=== libffi Summary ===

# of expected passes		3268
# of expected failures		20
# of unsupported tests		30
		=== libgomp tests ===


Running target unix

		=== libgomp Summary for unix ===

# of expected passes		2586
# of unsupported tests		3

Running target unix/-m64

		=== libgomp Summary for unix/-m64 ===

# of expected passes		2586
# of unsupported tests		3

		=== libgomp Summary ===

# of expected passes		5172
# of unsupported tests		6
		=== libjava tests ===


Running target unix

		=== libjava Summary for unix ===

# of expected passes		2574

Running target unix/-m64

		=== libjava Summary for unix/-m64 ===

# of expected passes		2574

		=== libjava Summary ===

# of expected passes		5148
		=== libstdc++ tests ===


Running target unix

		=== libstdc++ Summary for unix ===

# of expected passes		7390
# of expected failures		85
# of unsupported tests		460

Running target unix/-m64
FAIL: 22_locale/num_put/put/char/14220.cc execution test
FAIL: 22_locale/num_put/put/wchar_t/14220.cc execution test

		=== libstdc++ Summary for unix/-m64 ===

# of expected passes		7390
# of unexpected failures	2
# of expected failures		83
# of unsupported tests		460

		=== libstdc++ Summary ===

# of expected passes		14780
# of unexpected failures	2
# of expected failures		168
# of unsupported tests		920

Compiler version: 4.6.1 20110603 (prerelease) [gcc-4_6-branch revision 174591] (GCC) 
Platform: i386-pc-solaris2.10
configure flags: --prefix=/vol/gcc --target=i386-pc-solaris2.10 --with-gmp=/vol/gcc --with-mpfr=/vol/gcc --with-mpc=/vol/gcc --enable-languages=all,ada --without-ppl --without-cloog
BOOT_CFLAGS=-g -O2



More information about the Gcc-testresults mailing list