Results for 4.4.7 20110601 (prerelease) [gcc-4_3-branch revision 174386] (GCC) testsuite on hppa2.0w-hp-hpux11.00

John David Anglin dave@hiauly2.hia.nrc.ca
Sun Jun 5 18:53:00 GMT 2011


LAST_UPDATED: Sun May 29 00:11:18 UTC 2011 (revision 174386)

		=== acats tests ===

		=== acats Summary ===
# of expected passes		2315
# of unexpected failures	0
Native configuration is hppa2.0w-hp-hpux11.00

		=== g++ tests ===


Running target unix

		=== g++ Summary ===

# of expected passes		18518
# of expected failures		161
# of unsupported tests		264
/home/gnu/gcc/objdir/gcc/testsuite/g++/../../g++  version 4.4.7 20110601 (prerelease) [gcc-4_3-branch revision 174386] (GCC) 

		=== gcc tests ===


Running target unix

		=== gcc Summary ===

# of expected passes		49571
# of expected failures		115
# of unsupported tests		706
/home/gnu/gcc/objdir/gcc/xgcc  version 4.4.7 20110601 (prerelease) [gcc-4_3-branch revision 174386] (GCC) 

		=== gfortran tests ===


Running target unix

		=== gfortran Summary ===

# of expected passes		29392
# of expected failures		9
# of unsupported tests		282
/home/gnu/gcc/objdir/gcc/testsuite/gfortran/../../gfortran  version 4.4.7 20110601 (prerelease) [gcc-4_3-branch revision 174386] (GCC) 

		=== gnat tests ===


Running target unix

		=== gnat Summary ===

# of expected passes		620
# of expected failures		6
		=== obj-c++ tests ===


Running target unix
XPASS: obj-c++.dg/comp-types-10.mm (test for excess errors)
WARNING: obj-c++.dg/lookup-2.mm compilation failed to produce executable
WARNING: obj-c++.dg/try-catch-2.mm compilation failed to produce executable
WARNING: obj-c++.dg/try-catch-9.mm compilation failed to produce executable

		=== obj-c++ Summary ===

# of expected passes		434
# of unexpected successes	1
# of expected failures		9
# of unsupported tests		14
/home/gnu/gcc/objdir/gcc/testsuite/obj-c++/../../g++  version 4.4.7 20110601 (prerelease) [gcc-4_3-branch revision 174386] (GCC) 

		=== objc tests ===


Running target unix

		=== objc Summary ===

# of expected passes		1860
# of expected failures		15
# of unsupported tests		27
/home/gnu/gcc/objdir/gcc/xgcc  version 4.4.7 20110601 (prerelease) [gcc-4_3-branch revision 174386] (GCC) 

		=== libffi tests ===


Running target unix

		=== libffi Summary ===

# of expected passes		1399
# of unsupported tests		10
		=== libgomp tests ===


Running target unix

		=== libgomp Summary ===

# of expected passes		2522
# of unsupported tests		9
		=== libjava tests ===


Running target unix
FAIL: LargeFile execution - source compiled test
FAIL: LargeFile -findirect-dispatch execution - source compiled test
FAIL: LargeFile -O3 execution - source compiled test
FAIL: LargeFile -O3 -findirect-dispatch execution - source compiled test

		=== libjava Summary ===

# of expected passes		2566
# of unexpected failures	4
# of untested testcases		4
		=== libstdc++ tests ===


Running target unix
WARNING: program timed out.
FAIL: 23_containers/vector/bool/modifiers/insert/31370.cc execution test

		=== libstdc++ Summary ===

# of expected passes		4566
# of unexpected failures	1
# of expected failures		70
# of unsupported tests		394

Compiler version: 4.4.7 20110601 (prerelease) [gcc-4_3-branch revision 174386] (GCC) 
Platform: hppa2.0w-hp-hpux11.00
configure flags: --with-gnu-as --with-as=/opt/gnu/bin/as --enable-shared --with-local-prefix=/opt/gnu --prefix=/opt/gnu/gcc/gcc-4.4 --with-gmp=/opt/gnu/gcc/gmp --enable-debug=no --disable-nls --enable-threads=posix --enable-languages=c,c++,objc,fortran,java,ada,obj-c++



More information about the Gcc-testresults mailing list