Results for 4.7.0 20110603 (experimental) [trunk revision 174596] (GCC) testsuite on x86_64-apple-darwin10.7.0
Sean McGovern
sean@seanmcgovern.ca
Sat Jun 4 03:53:00 GMT 2011
\$ uname -a
Darwin mahoro 10.7.0 Darwin Kernel Version 10.7.0: Sat Jan 29 15:17:16 PST 2011; root:xnu-1504.9.37~1/RELEASE_I386 i386
********
LAST_UPDATED: Fri Jun 3 04:22:06 UTC 2011 (revision 174596)
Native configuration is x86_64-apple-darwin10.7.0
=== gcc tests ===
Running target unix/-m32
XPASS: gcc.dg/tree-ssa/20030807-7.c scan-tree-dump-times vrp1 "if " 1
FAIL: gcc.dg/tree-ssa/vrp47.c scan-tree-dump-times dom1 "x[^ ]* & y" 1
=== gcc Summary for unix/-m32 ===
# of expected passes 63475
# of unexpected failures 1
# of unexpected successes 1
# of expected failures 180
# of unsupported tests 1330
Running target unix/-m64
FAIL: gcc.dg/matrix/transpose-3.c execution, -fprofile-use -fipa-matrix-reorg -fdump-ipa-matrix-reorg -O3 -fwhole-program -fno-tree-fre
XPASS: gcc.dg/tree-ssa/20030807-7.c scan-tree-dump-times vrp1 "if " 1
FAIL: gcc.dg/tree-ssa/vrp47.c scan-tree-dump-times dom1 "x[^ ]* & y" 1
=== gcc Summary for unix/-m64 ===
# of expected passes 63769
# of unexpected failures 2
# of unexpected successes 1
# of expected failures 181
# of unsupported tests 1627
=== gcc Summary ===
# of expected passes 127244
# of unexpected failures 3
# of unexpected successes 2
# of expected failures 361
# of unsupported tests 2957
/BUILD/gcc/obj-174596/gcc/xgcc version 4.7.0 20110603 (experimental) [trunk revision 174596] (GCC)
=== libgomp tests ===
Running target unix/-m64
=== libgomp Summary for unix/-m64 ===
# of expected passes 262
# of unsupported tests 3
Running target unix/-m32
=== libgomp Summary for unix/-m32 ===
# of expected passes 262
# of unsupported tests 3
=== libgomp Summary ===
# of expected passes 524
# of unsupported tests 6
Compiler version: 4.7.0 20110603 (experimental) [trunk revision 174596] (GCC)
Platform: x86_64-apple-darwin10.7.0
configure flags: --prefix=/BUILD/gcc/174596 --target=x86_64-apple-darwin10.7.0 --host=x86_64-apple-darwin10.7.0 --build=x86_64-apple-darwin10.7.0 --with-tune=core2 --with-gmp=/opt/gnu --with-mpfr=/opt/gnu --with-mpc=/opt/gnu --disable-libmudflap --disable-libssp --enable-stage1-languages=c --enable-languages=c --program-suffix=-trunk
BOOT_CFLAGS=-g -O2
More information about the Gcc-testresults
mailing list