Results for 4.7.0 20110602 (experimental) [trunk revision 174558] (GCC) testsuite on hppa64-hp-hpux11.11

John David Anglin dave@hiauly3.hia.nrc.ca
Fri Jun 3 17:14:00 GMT 2011


Native configuration is hppa64-hp-hpux11.11

		=== g++ tests ===


Running target unix
FAIL: g++.dg/debug/dwarf2/cdtor-1.C scan-assembler-times [^\\n\\r]*DW_AT_MIPS_linkage_name: 2
FAIL: g++.dg/cpp0x/lambda/lambda-eh2.C execution test
FAIL: g++.dg/opt/devirt2.C scan-assembler-times xyzzy 2
WARNING: program timed out.
FAIL: g++.old-deja/g++.jason/rfg10.C  (test for errors, line 11)
FAIL: g++.old-deja/g++.jason/rfg10.C (test for excess errors)

		=== g++ Summary ===

# of expected passes		25210
# of unexpected failures	5
# of expected failures		158
# of unsupported tests		594
/test/gnu/gcc/objdir/gcc/testsuite/g++/../../g++  version 4.7.0 20110602 (experimental) [trunk revision 174558] (GCC) 

		=== gcc tests ===


Running target unix
FAIL: gcc.dg/memcpy-3.c scan-tree-dump-not optimized "memcpy"
FAIL: gcc.dg/memcpy-3.c scan-tree-dump-times optimized "MEM" 1
WARNING: program timed out.
FAIL: gcc.dg/lto/20090116 c_lto_20090116_0.o-c_lto_20090116_0.o link, -O1 -flto -flto-partition=1to1 -fPIC (internal compiler error)
UNRESOLVED: gcc.dg/lto/20090116 c_lto_20090116_0.o-c_lto_20090116_0.o execute -O1 -flto -flto-partition=1to1 -fPIC
XPASS: gcc.dg/tree-ssa/20030807-7.c scan-tree-dump-times vrp1 "if " 1
FAIL: gcc.dg/tree-ssa/vrp47.c scan-tree-dump-times dom1 "x[^ ]* & y" 1

		=== gcc Summary ===

# of expected passes		67053
# of unexpected failures	4
# of unexpected successes	1
# of expected failures		112
# of unresolved testcases	1
# of unsupported tests		1254
/test/gnu/gcc/objdir/gcc/xgcc  version 4.7.0 20110602 (experimental) [trunk revision 174558] (GCC) 

		=== gfortran tests ===


Running target unix

		=== gfortran Summary ===

# of expected passes		37768
# of expected failures		41
# of unsupported tests		363
/test/gnu/gcc/objdir/gcc/testsuite/gfortran/../../gfortran  version 4.7.0 20110602 (experimental) [trunk revision 174558] (GCC) 

		=== obj-c++ tests ===


Running target unix
FAIL: obj-c++.dg/exceptions-3.mm -fgnu-runtime (internal compiler error)
FAIL: obj-c++.dg/exceptions-3.mm -fgnu-runtime (test for excess errors)
FAIL: obj-c++.dg/exceptions-4.mm -fgnu-runtime (internal compiler error)
FAIL: obj-c++.dg/exceptions-4.mm -fgnu-runtime (test for excess errors)
FAIL: obj-c++.dg/exceptions-5.mm -fgnu-runtime (internal compiler error)
FAIL: obj-c++.dg/exceptions-5.mm -fgnu-runtime (test for excess errors)
FAIL: obj-c++.dg/fobjc-exceptions-1.mm -fgnu-runtime (internal compiler error)
FAIL: obj-c++.dg/fobjc-exceptions-1.mm -fgnu-runtime (test for excess errors)
FAIL: obj-c++.dg/fobjc-exceptions-2.mm -fgnu-runtime (internal compiler error)
FAIL: obj-c++.dg/fobjc-exceptions-2.mm -fgnu-runtime (test for excess errors)
FAIL: obj-c++.dg/fobjc-exceptions-3.mm -fgnu-runtime (internal compiler error)
FAIL: obj-c++.dg/fobjc-exceptions-3.mm -fgnu-runtime (test for excess errors)
FAIL: obj-c++.dg/try-catch-13.mm -fgnu-runtime (internal compiler error)
FAIL: obj-c++.dg/try-catch-13.mm -fgnu-runtime (test for excess errors)
FAIL: obj-c++.dg/try-catch-4.mm -fgnu-runtime (internal compiler error)
FAIL: obj-c++.dg/try-catch-4.mm -fgnu-runtime (test for excess errors)

		=== obj-c++ Summary ===

# of expected passes		1414
# of unexpected failures	16
# of expected failures		10
# of unsupported tests		86
/test/gnu/gcc/objdir/gcc/testsuite/obj-c++/../../g++  version 4.7.0 20110602 (experimental) [trunk revision 174558] (GCC) 

		=== objc tests ===


Running target unix

		=== objc Summary ===

# of expected passes		2958
# of expected failures		10
# of unsupported tests		75
/test/gnu/gcc/objdir/gcc/xgcc  version 4.7.0 20110602 (experimental) [trunk revision 174558] (GCC) 

		=== libgomp tests ===


Running target unix

		=== libgomp Summary ===

# of expected passes		2572
# of unsupported tests		10
		=== libstdc++ tests ===


Running target unix

		=== libstdc++ Summary ===

# of expected passes		6972
# of expected failures		82
# of unsupported tests		776

Compiler version: 4.7.0 20110602 (experimental) [trunk revision 174558] (GCC) 
Platform: hppa64-hp-hpux11.11
configure flags:Test Run By dave on Thu Jun  2 11:52:49 2011



More information about the Gcc-testresults mailing list