Results for 4.7.0 20110527 (experimental) [trunk revision 174340] (GCC) testsuite on mips-sgi-irix6.5

Rainer Orth ro@CeBiTec.Uni-Bielefeld.DE
Wed Jun 1 12:21:00 GMT 2011


LAST_UPDATED: Fri May 27 16:50:48 UTC 2011 (revision 174340)

		=== acats tests ===
FAIL:	c52103x
FAIL:	c52104x
FAIL:	c52104y
FAIL:	c960001
FAIL:	cb1010a
FAIL:	cb1010c
FAIL:	cb1010d
FAIL:	cxg2001
FAIL:	cxg2002
FAIL:	cxg2003
FAIL:	cxg2004
FAIL:	cxg2005
FAIL:	cxg2006
FAIL:	cxg2007
FAIL:	cxg2010
FAIL:	cxg2011
FAIL:	cxg2012
FAIL:	cxg2013
FAIL:	cxg2014
FAIL:	cxg2015
FAIL:	cxg2016
FAIL:	cxg2017
FAIL:	cxg2018
FAIL:	cxg2019
FAIL:	cxg2020
FAIL:	cxg2021
FAIL:	cxg2024

		=== acats Summary ===
# of expected passes		2294
# of unexpected failures	27
Native configuration is mips-sgi-irix6.5

		=== g++ tests ===


Running target unix
FAIL: g++.dg/cpp0x/lambda/lambda-eh2.C execution test
XPASS: g++.dg/tree-ssa/pr43411.C scan-tree-dump-not optimized "OBJ_TYPE_REF"
FAIL: g++.dg/torture/pr31863.C  -O2 -flto  (test for excess errors)
WARNING: program timed out.

		=== g++ Summary for unix ===

# of expected passes		27105
# of unexpected failures	2
# of unexpected successes	1
# of expected failures		156
# of unsupported tests		496

Running target unix/-mabi=64
FAIL: g++.dg/cpp0x/lambda/lambda-eh2.C execution test
FAIL: g++.dg/tree-ssa/copyprop.C (internal compiler error)
FAIL: g++.dg/tree-ssa/copyprop.C (test for excess errors)
XPASS: g++.dg/tree-ssa/pr43411.C scan-tree-dump-not optimized "OBJ_TYPE_REF"
FAIL: g++.dg/torture/pr31863.C  -O2 -flto  (test for excess errors)
WARNING: program timed out.

		=== g++ Summary for unix/-mabi=64 ===

# of expected passes		27065
# of unexpected failures	4
# of unexpected successes	1
# of expected failures		156
# of unsupported tests		497

		=== g++ Summary ===

# of expected passes		54170
# of unexpected failures	6
# of unexpected successes	2
# of expected failures		312
# of unsupported tests		993
/var/gcc/regression/trunk/6.5-gcc/build/gcc/testsuite/g++/../../g++  version 4.7.0 20110527 (experimental) [trunk revision 174340] (GCC) 

		=== gcc tests ===


Running target unix
FAIL: gcc.dg/binop-xor1.c scan-tree-dump-times optimized "<bb[^>]*>" 5
FAIL: gcc.dg/binop-xor1.c scan-tree-dump-times optimized "\\^" 1
FAIL: gcc.dg/binop-xor3.c scan-tree-dump-times optimized "<bb[^>]*>" 1
FAIL: gcc.dg/binop-xor3.c scan-tree-dump-times optimized "\\^" 1
FAIL: gcc.dg/memcpy-3.c scan-tree-dump-not optimized "memcpy"
FAIL: gcc.dg/memcpy-3.c scan-tree-dump-times optimized "MEM" 1
WARNING: program timed out.
FAIL: gcc.dg/pr43058.c (test for excess errors)
WARNING: program timed out.
FAIL: gcc.dg/graphite/id-pr46845.c (internal compiler error)
FAIL: gcc.dg/graphite/id-pr46845.c (test for excess errors)
FAIL: gcc.dg/torture/builtin-modf-1.c  -O0  (test for excess errors)
FAIL: gcc.dg/torture/builtin-modf-1.c  -O1  (test for excess errors)
FAIL: gcc.dg/torture/builtin-modf-1.c  -O2  (test for excess errors)
FAIL: gcc.dg/torture/builtin-modf-1.c  -O3 -fomit-frame-pointer  (test for excess errors)
FAIL: gcc.dg/torture/builtin-modf-1.c  -O3 -fomit-frame-pointer -funroll-loops  (test for excess errors)
FAIL: gcc.dg/torture/builtin-modf-1.c  -O3 -fomit-frame-pointer -funroll-all-loops -finline-functions  (test for excess errors)
FAIL: gcc.dg/torture/builtin-modf-1.c  -O3 -g  (test for excess errors)
FAIL: gcc.dg/torture/builtin-modf-1.c  -Os  (test for excess errors)
FAIL: gcc.dg/torture/builtin-modf-1.c  -O2 -flto -flto-partition=none  (test for excess errors)
FAIL: gcc.dg/torture/builtin-modf-1.c  -O2 -flto  (test for excess errors)
XPASS: gcc.dg/tree-ssa/20030807-7.c scan-tree-dump-times vrp1 "if " 1
FAIL: gcc.dg/tree-ssa/ssa-dom-thread-4.c scan-tree-dump-times dom1 "Threaded" 3
FAIL: gcc.target/mips/dspr2-MULT.c (internal compiler error)
FAIL: gcc.target/mips/dspr2-MULT.c (test for excess errors)
ERROR: gcc.target/mips/dspr2-MULT.c: error executing dg-final: couldn't open "dspr2-MULT.s": no such file or directory
UNRESOLVED: gcc.target/mips/dspr2-MULT.c: error executing dg-final: couldn't open "dspr2-MULT.s": no such file or directory
FAIL: gcc.target/mips/dspr2-MULTU.c (internal compiler error)
FAIL: gcc.target/mips/dspr2-MULTU.c (test for excess errors)
ERROR: gcc.target/mips/dspr2-MULTU.c: error executing dg-final: couldn't open "dspr2-MULTU.s": no such file or directory
UNRESOLVED: gcc.target/mips/dspr2-MULTU.c: error executing dg-final: couldn't open "dspr2-MULTU.s": no such file or directory
FAIL: gcc.target/mips/extend-1.c scan-assembler-times \\tdsll\\t 5
FAIL: gcc.target/mips/extend-1.c scan-assembler-times \\tdsra\\t 5
FAIL: gcc.target/mips/mips32r2-mxhc1.c scan-assembler mfhc1
FAIL: gcc.target/mips/octeon-baddu-1.c scan-assembler-times \\tbaddu\\t 4
FAIL: gcc.target/mips/octeon-baddu-1.c scan-assembler-not \\tandi\\t
FAIL: gcc.target/mips/octeon-exts-6.c scan-assembler-times \\texts\\t 5

		=== gcc Summary for unix ===

# of expected passes		70548
# of unexpected failures	30
# of unexpected successes	1
# of expected failures		102
# of unresolved testcases	2
# of unsupported tests		1058

Running target unix/-mabi=64
FAIL: gcc.dg/binop-xor1.c scan-tree-dump-times optimized "<bb[^>]*>" 5
FAIL: gcc.dg/binop-xor1.c scan-tree-dump-times optimized "\\^" 1
FAIL: gcc.dg/binop-xor3.c scan-tree-dump-times optimized "<bb[^>]*>" 1
FAIL: gcc.dg/binop-xor3.c scan-tree-dump-times optimized "\\^" 1
FAIL: gcc.dg/intmax_t-1.c (test for excess errors)
FAIL: gcc.dg/memcpy-3.c scan-tree-dump-not optimized "memcpy"
FAIL: gcc.dg/memcpy-3.c scan-tree-dump-times optimized "MEM" 1
WARNING: program timed out.
WARNING: program timed out.
FAIL: gcc.dg/graphite/id-pr46845.c (internal compiler error)
FAIL: gcc.dg/graphite/id-pr46845.c (test for excess errors)
FAIL: gcc.dg/lto/20090116 c_lto_20090116_0.o-c_lto_20090116_0.o link, -O1 -flto -flto-partition=1to1 -fPIC (internal compiler error)
UNRESOLVED: gcc.dg/lto/20090116 c_lto_20090116_0.o-c_lto_20090116_0.o execute -O1 -flto -flto-partition=1to1 -fPIC
FAIL: gcc.dg/torture/builtin-modf-1.c  -O0  (test for excess errors)
FAIL: gcc.dg/torture/builtin-modf-1.c  -O1  (test for excess errors)
FAIL: gcc.dg/torture/builtin-modf-1.c  -O2  (test for excess errors)
FAIL: gcc.dg/torture/builtin-modf-1.c  -O3 -fomit-frame-pointer  (test for excess errors)
FAIL: gcc.dg/torture/builtin-modf-1.c  -O3 -fomit-frame-pointer -funroll-loops  (test for excess errors)
FAIL: gcc.dg/torture/builtin-modf-1.c  -O3 -fomit-frame-pointer -funroll-all-loops -finline-functions  (test for excess errors)
FAIL: gcc.dg/torture/builtin-modf-1.c  -O3 -g  (test for excess errors)
FAIL: gcc.dg/torture/builtin-modf-1.c  -Os  (test for excess errors)
FAIL: gcc.dg/torture/builtin-modf-1.c  -O2 -flto -flto-partition=none  (test for excess errors)
FAIL: gcc.dg/torture/builtin-modf-1.c  -O2 -flto  (test for excess errors)
XPASS: gcc.dg/tree-ssa/20030807-7.c scan-tree-dump-times vrp1 "if " 1
FAIL: gcc.dg/tree-ssa/ssa-dom-thread-4.c scan-tree-dump-times dom1 "Threaded" 3
FAIL: gcc.target/mips/dspr2-MULT.c (internal compiler error)
FAIL: gcc.target/mips/dspr2-MULT.c (test for excess errors)
ERROR: gcc.target/mips/dspr2-MULT.c: error executing dg-final: couldn't open "dspr2-MULT.s": no such file or directory
UNRESOLVED: gcc.target/mips/dspr2-MULT.c: error executing dg-final: couldn't open "dspr2-MULT.s": no such file or directory
FAIL: gcc.target/mips/dspr2-MULTU.c (internal compiler error)
FAIL: gcc.target/mips/dspr2-MULTU.c (test for excess errors)
ERROR: gcc.target/mips/dspr2-MULTU.c: error executing dg-final: couldn't open "dspr2-MULTU.s": no such file or directory
UNRESOLVED: gcc.target/mips/dspr2-MULTU.c: error executing dg-final: couldn't open "dspr2-MULTU.s": no such file or directory
FAIL: gcc.target/mips/extend-1.c scan-assembler-times \\tdsll\\t 5
FAIL: gcc.target/mips/extend-1.c scan-assembler-times \\tdsra\\t 5
FAIL: gcc.target/mips/mips32r2-mxhc1.c scan-assembler mfhc1
FAIL: gcc.target/mips/mult-1.c scan-assembler \\tdins\\t
FAIL: gcc.target/mips/octeon-baddu-1.c scan-assembler-times \\tbaddu\\t 4
FAIL: gcc.target/mips/octeon-baddu-1.c scan-assembler-not \\tandi\\t
FAIL: gcc.target/mips/octeon-bbit-2.c scan-assembler \\tbnel\\t
FAIL: gcc.target/mips/octeon-bbit-2.c scan-assembler-not \\tbne\\t
FAIL: gcc.target/mips/octeon-exts-6.c scan-assembler-times \\texts\\t 5

		=== gcc Summary for unix/-mabi=64 ===

# of expected passes		70553
# of unexpected failures	34
# of unexpected successes	1
# of expected failures		103
# of unresolved testcases	3
# of unsupported tests		1049

		=== gcc Summary ===

# of expected passes		141101
# of unexpected failures	64
# of unexpected successes	2
# of expected failures		205
# of unresolved testcases	5
# of unsupported tests		2107
/var/gcc/regression/trunk/6.5-gcc/build/gcc/xgcc  version 4.7.0 20110527 (experimental) [trunk revision 174340] (GCC) 

		=== gfortran tests ===


Running target unix
FAIL: gfortran.dg/complex_intrinsic_3.f90  -O0  execution test
FAIL: gfortran.dg/complex_intrinsic_5.f90  -O0  execution test
FAIL: gfortran.dg/complex_intrinsic_5.f90  -O1  execution test
FAIL: gfortran.dg/complex_intrinsic_5.f90  -O2  execution test
FAIL: gfortran.dg/complex_intrinsic_5.f90  -O3 -fomit-frame-pointer  execution test
FAIL: gfortran.dg/complex_intrinsic_5.f90  -O3 -fomit-frame-pointer -funroll-loops  execution test
FAIL: gfortran.dg/complex_intrinsic_5.f90  -O3 -fomit-frame-pointer -funroll-all-loops -finline-functions  execution test
FAIL: gfortran.dg/complex_intrinsic_5.f90  -O3 -g  execution test
FAIL: gfortran.dg/complex_intrinsic_5.f90  -Os  execution test
FAIL: gfortran.dg/default_format_1.f90  -O0  execution test
FAIL: gfortran.dg/default_format_1.f90  -O1  execution test
FAIL: gfortran.dg/default_format_1.f90  -O2  execution test
FAIL: gfortran.dg/default_format_1.f90  -O3 -fomit-frame-pointer  execution test
FAIL: gfortran.dg/default_format_1.f90  -O3 -fomit-frame-pointer -funroll-loops  execution test
FAIL: gfortran.dg/default_format_1.f90  -O3 -fomit-frame-pointer -funroll-all-loops -finline-functions  execution test
FAIL: gfortran.dg/default_format_1.f90  -O3 -g  execution test
FAIL: gfortran.dg/default_format_1.f90  -Os  execution test
FAIL: gfortran.dg/default_format_denormal_1.f90  -O0  execution test
FAIL: gfortran.dg/default_format_denormal_1.f90  -O1  execution test
FAIL: gfortran.dg/default_format_denormal_1.f90  -O2  execution test
FAIL: gfortran.dg/default_format_denormal_1.f90  -O3 -fomit-frame-pointer  execution test
FAIL: gfortran.dg/default_format_denormal_1.f90  -O3 -fomit-frame-pointer -funroll-loops  execution test
FAIL: gfortran.dg/default_format_denormal_1.f90  -O3 -fomit-frame-pointer -funroll-all-loops -finline-functions  execution test
FAIL: gfortran.dg/default_format_denormal_1.f90  -O3 -g  execution test
FAIL: gfortran.dg/default_format_denormal_1.f90  -Os  execution test
FAIL: gfortran.dg/default_format_denormal_2.f90  -O0  execution test
FAIL: gfortran.dg/default_format_denormal_2.f90  -O1  execution test
FAIL: gfortran.dg/default_format_denormal_2.f90  -O2  execution test
FAIL: gfortran.dg/default_format_denormal_2.f90  -O3 -fomit-frame-pointer  execution test
FAIL: gfortran.dg/default_format_denormal_2.f90  -O3 -fomit-frame-pointer -funroll-loops  execution test
FAIL: gfortran.dg/default_format_denormal_2.f90  -O3 -fomit-frame-pointer -funroll-all-loops -finline-functions  execution test
FAIL: gfortran.dg/default_format_denormal_2.f90  -O3 -g  execution test
FAIL: gfortran.dg/default_format_denormal_2.f90  -Os  execution test
FAIL: gfortran.dg/equiv_7.f90  -O0  execution test
FAIL: gfortran.dg/integer_exponentiation_2.f90  -O0  execution test
FAIL: gfortran.dg/integer_exponentiation_2.f90  -O1  execution test
FAIL: gfortran.dg/integer_exponentiation_2.f90  -O2  execution test
FAIL: gfortran.dg/integer_exponentiation_2.f90  -O3 -fomit-frame-pointer  execution test
FAIL: gfortran.dg/integer_exponentiation_2.f90  -O3 -fomit-frame-pointer -funroll-loops  execution test
FAIL: gfortran.dg/integer_exponentiation_2.f90  -O3 -fomit-frame-pointer -funroll-all-loops -finline-functions  execution test
FAIL: gfortran.dg/integer_exponentiation_2.f90  -O3 -g  execution test
FAIL: gfortran.dg/integer_exponentiation_2.f90  -Os  execution test
FAIL: gfortran.dg/large_real_kind_2.F90  -O1  execution test
FAIL: gfortran.dg/large_real_kind_2.F90  -O2  execution test
FAIL: gfortran.dg/large_real_kind_2.F90  -O3 -fomit-frame-pointer  execution test
FAIL: gfortran.dg/large_real_kind_2.F90  -O3 -fomit-frame-pointer -funroll-loops  execution test
FAIL: gfortran.dg/large_real_kind_2.F90  -O3 -fomit-frame-pointer -funroll-all-loops -finline-functions  execution test
FAIL: gfortran.dg/large_real_kind_2.F90  -O3 -g  execution test
FAIL: gfortran.dg/large_real_kind_2.F90  -Os  execution test
FAIL: gfortran.dg/large_real_kind_form_io_2.f90  -O0  execution test
FAIL: gfortran.dg/large_real_kind_form_io_2.f90  -O1  execution test
FAIL: gfortran.dg/large_real_kind_form_io_2.f90  -O2  execution test
FAIL: gfortran.dg/large_real_kind_form_io_2.f90  -O3 -fomit-frame-pointer  execution test
FAIL: gfortran.dg/large_real_kind_form_io_2.f90  -O3 -fomit-frame-pointer -funroll-loops  execution test
FAIL: gfortran.dg/large_real_kind_form_io_2.f90  -O3 -fomit-frame-pointer -funroll-all-loops -finline-functions  execution test
FAIL: gfortran.dg/large_real_kind_form_io_2.f90  -O3 -g  execution test
FAIL: gfortran.dg/large_real_kind_form_io_2.f90  -Os  execution test
FAIL: gfortran.dg/nan_7.f90  -O0  execution test
FAIL: gfortran.dg/nan_7.f90  -O1  execution test
FAIL: gfortran.dg/nan_7.f90  -O2  execution test
FAIL: gfortran.dg/nan_7.f90  -O3 -fomit-frame-pointer  execution test
FAIL: gfortran.dg/nan_7.f90  -O3 -fomit-frame-pointer -funroll-loops  execution test
FAIL: gfortran.dg/nan_7.f90  -O3 -fomit-frame-pointer -funroll-all-loops -finline-functions  execution test
FAIL: gfortran.dg/nan_7.f90  -O3 -g  execution test
FAIL: gfortran.dg/nan_7.f90  -Os  execution test
FAIL: gfortran.dg/nearest_1.f90  -O0  execution test
FAIL: gfortran.dg/nearest_1.f90  -O1  execution test
FAIL: gfortran.dg/nearest_1.f90  -O2  execution test
FAIL: gfortran.dg/nearest_1.f90  -O3 -fomit-frame-pointer  execution test
FAIL: gfortran.dg/nearest_1.f90  -O3 -fomit-frame-pointer -funroll-loops  execution test
FAIL: gfortran.dg/nearest_1.f90  -O3 -fomit-frame-pointer -funroll-all-loops -finline-functions  execution test
FAIL: gfortran.dg/nearest_1.f90  -O3 -g  execution test
FAIL: gfortran.dg/nearest_1.f90  -Os  execution test
FAIL: gfortran.dg/pr45636.f90  -O  scan-tree-dump-times forwprop2 "memset" 0
FAIL: gfortran.dg/specifics_1.f90  -O0  execution test
FAIL: gfortran.dg/specifics_1.f90  -O1  execution test
FAIL: gfortran.dg/specifics_1.f90  -O2  execution test
FAIL: gfortran.dg/specifics_1.f90  -O3 -fomit-frame-pointer  execution test
FAIL: gfortran.dg/specifics_1.f90  -O3 -fomit-frame-pointer -funroll-loops  execution test
FAIL: gfortran.dg/specifics_1.f90  -O3 -fomit-frame-pointer -funroll-all-loops -finline-functions  execution test
FAIL: gfortran.dg/specifics_1.f90  -O3 -g  execution test
FAIL: gfortran.dg/specifics_1.f90  -Os  execution test
FAIL: gfortran.dg/g77/f90-intrinsic-numeric.f  -O0  execution test
WARNING: program timed out.
FAIL: gfortran.fortran-torture/execute/intrinsic_abs.f90 execution,  -O0 
FAIL: gfortran.fortran-torture/execute/intrinsic_nearest.f90 execution,  -O0 
FAIL: gfortran.fortran-torture/execute/intrinsic_nearest.f90 execution,  -O1 
FAIL: gfortran.fortran-torture/execute/intrinsic_nearest.f90 execution,  -O2 
FAIL: gfortran.fortran-torture/execute/intrinsic_nearest.f90 execution,  -O2 -fomit-frame-pointer -finline-functions 
FAIL: gfortran.fortran-torture/execute/intrinsic_nearest.f90 execution,  -O2 -fomit-frame-pointer -finline-functions -funroll-loops 
FAIL: gfortran.fortran-torture/execute/intrinsic_nearest.f90 execution,  -O2 -fbounds-check 
FAIL: gfortran.fortran-torture/execute/intrinsic_nearest.f90 execution,  -O3 -g 
FAIL: gfortran.fortran-torture/execute/intrinsic_nearest.f90 execution,  -Os 
FAIL: gfortran.fortran-torture/execute/power.f90 execution,  -O0 
FAIL: gfortran.fortran-torture/execute/specifics.f90 execution,  -O0 
FAIL: gfortran.fortran-torture/execute/specifics.f90 execution,  -O1 
FAIL: gfortran.fortran-torture/execute/specifics.f90 execution,  -O2 
FAIL: gfortran.fortran-torture/execute/specifics.f90 execution,  -O2 -fomit-frame-pointer -finline-functions 
FAIL: gfortran.fortran-torture/execute/specifics.f90 execution,  -O2 -fomit-frame-pointer -finline-functions -funroll-loops 
FAIL: gfortran.fortran-torture/execute/specifics.f90 execution,  -O2 -fbounds-check 
FAIL: gfortran.fortran-torture/execute/specifics.f90 execution,  -O3 -g 
FAIL: gfortran.fortran-torture/execute/specifics.f90 execution,  -Os 

		=== gfortran Summary for unix ===

# of expected passes		38405
# of unexpected failures	101
# of expected failures		54
# of unsupported tests		93

Running target unix/-mabi=64
FAIL: gfortran.dg/array_constructor_23.f  -O3 -fomit-frame-pointer -funroll-all-loops -finline-functions  (internal compiler error)
FAIL: gfortran.dg/array_constructor_23.f  -O3 -fomit-frame-pointer -funroll-all-loops -finline-functions  (test for excess errors)
WARNING: gfortran.dg/array_constructor_23.f  -O3 -fomit-frame-pointer -funroll-all-loops -finline-functions  compilation failed to produce executable
FAIL: gfortran.dg/complex_intrinsic_3.f90  -O0  execution test
FAIL: gfortran.dg/complex_intrinsic_5.f90  -O0  execution test
FAIL: gfortran.dg/complex_intrinsic_5.f90  -O1  execution test
FAIL: gfortran.dg/complex_intrinsic_5.f90  -O2  execution test
FAIL: gfortran.dg/complex_intrinsic_5.f90  -O3 -fomit-frame-pointer  execution test
FAIL: gfortran.dg/complex_intrinsic_5.f90  -O3 -fomit-frame-pointer -funroll-loops  execution test
FAIL: gfortran.dg/complex_intrinsic_5.f90  -O3 -fomit-frame-pointer -funroll-all-loops -finline-functions  execution test
FAIL: gfortran.dg/complex_intrinsic_5.f90  -O3 -g  execution test
FAIL: gfortran.dg/complex_intrinsic_5.f90  -Os  execution test
FAIL: gfortran.dg/default_format_1.f90  -O0  execution test
FAIL: gfortran.dg/default_format_1.f90  -O1  execution test
FAIL: gfortran.dg/default_format_1.f90  -O2  execution test
FAIL: gfortran.dg/default_format_1.f90  -O3 -fomit-frame-pointer  execution test
FAIL: gfortran.dg/default_format_1.f90  -O3 -fomit-frame-pointer -funroll-loops  execution test
FAIL: gfortran.dg/default_format_1.f90  -O3 -fomit-frame-pointer -funroll-all-loops -finline-functions  execution test
FAIL: gfortran.dg/default_format_1.f90  -O3 -g  execution test
FAIL: gfortran.dg/default_format_1.f90  -Os  execution test
FAIL: gfortran.dg/default_format_denormal_1.f90  -O0  execution test
FAIL: gfortran.dg/default_format_denormal_1.f90  -O1  execution test
FAIL: gfortran.dg/default_format_denormal_1.f90  -O2  execution test
FAIL: gfortran.dg/default_format_denormal_1.f90  -O3 -fomit-frame-pointer  execution test
FAIL: gfortran.dg/default_format_denormal_1.f90  -O3 -fomit-frame-pointer -funroll-loops  execution test
FAIL: gfortran.dg/default_format_denormal_1.f90  -O3 -fomit-frame-pointer -funroll-all-loops -finline-functions  execution test
FAIL: gfortran.dg/default_format_denormal_1.f90  -O3 -g  execution test
FAIL: gfortran.dg/default_format_denormal_1.f90  -Os  execution test
FAIL: gfortran.dg/default_format_denormal_2.f90  -O0  execution test
FAIL: gfortran.dg/default_format_denormal_2.f90  -O1  execution test
FAIL: gfortran.dg/default_format_denormal_2.f90  -O2  execution test
FAIL: gfortran.dg/default_format_denormal_2.f90  -O3 -fomit-frame-pointer  execution test
FAIL: gfortran.dg/default_format_denormal_2.f90  -O3 -fomit-frame-pointer -funroll-loops  execution test
FAIL: gfortran.dg/default_format_denormal_2.f90  -O3 -fomit-frame-pointer -funroll-all-loops -finline-functions  execution test
FAIL: gfortran.dg/default_format_denormal_2.f90  -O3 -g  execution test
FAIL: gfortran.dg/default_format_denormal_2.f90  -Os  execution test
FAIL: gfortran.dg/equiv_7.f90  -O0  execution test
FAIL: gfortran.dg/integer_exponentiation_2.f90  -O0  execution test
FAIL: gfortran.dg/integer_exponentiation_2.f90  -O1  execution test
FAIL: gfortran.dg/integer_exponentiation_2.f90  -O2  execution test
FAIL: gfortran.dg/integer_exponentiation_2.f90  -O3 -fomit-frame-pointer  execution test
FAIL: gfortran.dg/integer_exponentiation_2.f90  -O3 -fomit-frame-pointer -funroll-loops  execution test
FAIL: gfortran.dg/integer_exponentiation_2.f90  -O3 -fomit-frame-pointer -funroll-all-loops -finline-functions  execution test
FAIL: gfortran.dg/integer_exponentiation_2.f90  -O3 -g  execution test
FAIL: gfortran.dg/integer_exponentiation_2.f90  -Os  execution test
FAIL: gfortran.dg/large_real_kind_2.F90  -O1  execution test
FAIL: gfortran.dg/large_real_kind_2.F90  -O2  execution test
FAIL: gfortran.dg/large_real_kind_2.F90  -O3 -fomit-frame-pointer  execution test
FAIL: gfortran.dg/large_real_kind_2.F90  -O3 -fomit-frame-pointer -funroll-loops  execution test
FAIL: gfortran.dg/large_real_kind_2.F90  -O3 -fomit-frame-pointer -funroll-all-loops -finline-functions  execution test
FAIL: gfortran.dg/large_real_kind_2.F90  -O3 -g  execution test
FAIL: gfortran.dg/large_real_kind_2.F90  -Os  execution test
FAIL: gfortran.dg/large_real_kind_form_io_2.f90  -O0  execution test
FAIL: gfortran.dg/large_real_kind_form_io_2.f90  -O1  execution test
FAIL: gfortran.dg/large_real_kind_form_io_2.f90  -O2  execution test
FAIL: gfortran.dg/large_real_kind_form_io_2.f90  -O3 -fomit-frame-pointer  execution test
FAIL: gfortran.dg/large_real_kind_form_io_2.f90  -O3 -fomit-frame-pointer -funroll-loops  execution test
FAIL: gfortran.dg/large_real_kind_form_io_2.f90  -O3 -fomit-frame-pointer -funroll-all-loops -finline-functions  execution test
FAIL: gfortran.dg/large_real_kind_form_io_2.f90  -O3 -g  execution test
FAIL: gfortran.dg/large_real_kind_form_io_2.f90  -Os  execution test
FAIL: gfortran.dg/nan_7.f90  -O0  execution test
FAIL: gfortran.dg/nan_7.f90  -O1  execution test
FAIL: gfortran.dg/nan_7.f90  -O2  execution test
FAIL: gfortran.dg/nan_7.f90  -O3 -fomit-frame-pointer  execution test
FAIL: gfortran.dg/nan_7.f90  -O3 -fomit-frame-pointer -funroll-loops  execution test
FAIL: gfortran.dg/nan_7.f90  -O3 -fomit-frame-pointer -funroll-all-loops -finline-functions  execution test
FAIL: gfortran.dg/nan_7.f90  -O3 -g  execution test
FAIL: gfortran.dg/nan_7.f90  -Os  execution test
FAIL: gfortran.dg/nearest_1.f90  -O0  execution test
FAIL: gfortran.dg/nearest_1.f90  -O1  execution test
FAIL: gfortran.dg/nearest_1.f90  -O2  execution test
FAIL: gfortran.dg/nearest_1.f90  -O3 -fomit-frame-pointer  execution test
FAIL: gfortran.dg/nearest_1.f90  -O3 -fomit-frame-pointer -funroll-loops  execution test
FAIL: gfortran.dg/nearest_1.f90  -O3 -fomit-frame-pointer -funroll-all-loops -finline-functions  execution test
FAIL: gfortran.dg/nearest_1.f90  -O3 -g  execution test
FAIL: gfortran.dg/nearest_1.f90  -Os  execution test
FAIL: gfortran.dg/pr45636.f90  -O  scan-tree-dump-times forwprop2 "memset" 0
FAIL: gfortran.dg/specifics_1.f90  -O0  execution test
FAIL: gfortran.dg/specifics_1.f90  -O1  execution test
FAIL: gfortran.dg/specifics_1.f90  -O2  execution test
FAIL: gfortran.dg/specifics_1.f90  -O3 -fomit-frame-pointer  execution test
FAIL: gfortran.dg/specifics_1.f90  -O3 -fomit-frame-pointer -funroll-loops  execution test
FAIL: gfortran.dg/specifics_1.f90  -O3 -fomit-frame-pointer -funroll-all-loops -finline-functions  execution test
FAIL: gfortran.dg/specifics_1.f90  -O3 -g  execution test
FAIL: gfortran.dg/specifics_1.f90  -Os  execution test
FAIL: gfortran.dg/g77/f90-intrinsic-numeric.f  -O0  execution test
WARNING: program timed out.
WARNING: program timed out.
FAIL: gfortran.fortran-torture/execute/intrinsic_abs.f90 execution,  -O0 
FAIL: gfortran.fortran-torture/execute/intrinsic_nearest.f90 execution,  -O0 
FAIL: gfortran.fortran-torture/execute/intrinsic_nearest.f90 execution,  -O1 
FAIL: gfortran.fortran-torture/execute/intrinsic_nearest.f90 execution,  -O2 
FAIL: gfortran.fortran-torture/execute/intrinsic_nearest.f90 execution,  -O2 -fomit-frame-pointer -finline-functions 
FAIL: gfortran.fortran-torture/execute/intrinsic_nearest.f90 execution,  -O2 -fomit-frame-pointer -finline-functions -funroll-loops 
FAIL: gfortran.fortran-torture/execute/intrinsic_nearest.f90 execution,  -O2 -fbounds-check 
FAIL: gfortran.fortran-torture/execute/intrinsic_nearest.f90 execution,  -O3 -g 
FAIL: gfortran.fortran-torture/execute/intrinsic_nearest.f90 execution,  -Os 
FAIL: gfortran.fortran-torture/execute/power.f90 execution,  -O0 
FAIL: gfortran.fortran-torture/execute/specifics.f90 execution,  -O0 
FAIL: gfortran.fortran-torture/execute/specifics.f90 execution,  -O1 
FAIL: gfortran.fortran-torture/execute/specifics.f90 execution,  -O2 
FAIL: gfortran.fortran-torture/execute/specifics.f90 execution,  -O2 -fomit-frame-pointer -finline-functions 
FAIL: gfortran.fortran-torture/execute/specifics.f90 execution,  -O2 -fomit-frame-pointer -finline-functions -funroll-loops 
FAIL: gfortran.fortran-torture/execute/specifics.f90 execution,  -O2 -fbounds-check 
FAIL: gfortran.fortran-torture/execute/specifics.f90 execution,  -O3 -g 
FAIL: gfortran.fortran-torture/execute/specifics.f90 execution,  -Os 

		=== gfortran Summary for unix/-mabi=64 ===

# of expected passes		38403
# of unexpected failures	103
# of expected failures		54
# of unsupported tests		93

		=== gfortran Summary ===

# of expected passes		76808
# of unexpected failures	204
# of expected failures		108
# of unsupported tests		186
/var/gcc/regression/trunk/6.5-gcc/build/gcc/testsuite/gfortran/../../gfortran  version 4.7.0 20110527 (experimental) [trunk revision 174340] (GCC) 

		=== gnat tests ===


Running target unix
FAIL: gnat.dg/frame_overflow.adb (test for excess errors)
FAIL: gnat.dg/lto1.adb (test for excess errors)
WARNING: gnat.dg/lto1.adb compilation failed to produce executable
FAIL: gnat.dg/lto10.adb (test for excess errors)
WARNING: gnat.dg/lto10.adb compilation failed to produce executable
FAIL: gnat.dg/lto5.adb (test for excess errors)
WARNING: gnat.dg/lto5.adb compilation failed to produce executable
FAIL: gnat.dg/lto6.adb (test for excess errors)
WARNING: gnat.dg/lto6.adb compilation failed to produce executable
FAIL: gnat.dg/lto7.adb (test for excess errors)
WARNING: gnat.dg/lto7.adb compilation failed to produce executable
WARNING: program timed out.
FAIL: gnat.dg/lto8.adb execution test
FAIL: gnat.dg/lto9.adb (test for excess errors)
WARNING: gnat.dg/lto9.adb compilation failed to produce executable
FAIL: gnat.dg/null_pointer_deref1.adb execution test
FAIL: gnat.dg/null_pointer_deref2.adb execution test
FAIL: gnat.dg/stack_check1.adb execution test
FAIL: gnat.dg/stack_check2.adb execution test
WARNING: program timed out.
FAIL: gnat.dg/test_prio.adb execution test
FAIL: gnat.dg/specs/addr1.ads  (test for bogus messages, line 24)
FAIL: gnat.dg/specs/addr1.ads (test for excess errors)

		=== gnat Summary for unix ===

# of expected passes		867
# of unexpected failures	15
# of expected failures		11
# of unsupported tests		6

Running target unix/-mabi=64
FAIL: gnat.dg/align_max.adb execution test
FAIL: gnat.dg/allocator_maxalign1.adb execution test
FAIL: gnat.dg/lto1.adb (test for excess errors)
WARNING: gnat.dg/lto1.adb compilation failed to produce executable
FAIL: gnat.dg/lto10.adb (test for excess errors)
WARNING: gnat.dg/lto10.adb compilation failed to produce executable
FAIL: gnat.dg/lto5.adb (test for excess errors)
WARNING: gnat.dg/lto5.adb compilation failed to produce executable
FAIL: gnat.dg/lto6.adb (test for excess errors)
WARNING: gnat.dg/lto6.adb compilation failed to produce executable
FAIL: gnat.dg/lto7.adb (test for excess errors)
WARNING: gnat.dg/lto7.adb compilation failed to produce executable
FAIL: gnat.dg/lto9.adb (test for excess errors)
WARNING: gnat.dg/lto9.adb compilation failed to produce executable
FAIL: gnat.dg/null_pointer_deref1.adb execution test
FAIL: gnat.dg/null_pointer_deref2.adb execution test
FAIL: gnat.dg/stack_check1.adb execution test
FAIL: gnat.dg/stack_check2.adb execution test
FAIL: gnat.dg/test_allocator_maxalign2.adb execution test

		=== gnat Summary for unix/-mabi=64 ===

# of expected passes		869
# of unexpected failures	13
# of expected failures		11
# of unsupported tests		6

		=== gnat Summary ===

# of expected passes		1736
# of unexpected failures	28
# of expected failures		22
# of unsupported tests		12
/var/gcc/regression/trunk/6.5-gcc/build/gcc/gnatmake version 4.7.0 20110527 (experimental) [trunk revision 174340]

		=== go tests ===


Running target unix
FAIL: ./64bit-out.go compilation,  -O2 -g 
FAIL: ./select5-out.go compilation,  -O2 -g 
FAIL: ./tmp.go compilation,  -O2 -g 
FAIL: go.test/test/cmplxdivide.go
FAIL: go.test/test/fixedbugs/bug257.go execution,  -O2 -g 
FAIL: go.test/test/recover2.go execution,  -O2 -g 
FAIL: go.test/test/recover3.go execution,  -O2 -g 
WARNING: program timed out.
WARNING: program timed out.
WARNING: program timed out.
WARNING: program timed out.

		=== go Summary for unix ===

# of expected passes		2977
# of unexpected failures	7
# of expected failures		23
# of untested testcases		3

Running target unix/-mabi=64
FAIL: ./64bit-out.go compilation,  -O2 -g 
FAIL: ./select5-out.go compilation,  -O2 -g 
FAIL: ./tmp.go compilation,  -O2 -g 
FAIL: go.test/test/chan/powser2.go execution,  -O2 -g 
FAIL: go.test/test/cmplxdivide.go
FAIL: go.test/test/recover2.go execution,  -O2 -g 
FAIL: go.test/test/recover3.go execution,  -O2 -g 
WARNING: program timed out.
WARNING: program timed out.
WARNING: program timed out.
WARNING: program timed out.
WARNING: program timed out.

		=== go Summary for unix/-mabi=64 ===

# of expected passes		2977
# of unexpected failures	7
# of expected failures		23
# of untested testcases		3

		=== go Summary ===

# of expected passes		5954
# of unexpected failures	14
# of expected failures		46
# of untested testcases		6
/var/gcc/regression/trunk/6.5-gcc/build/gcc/testsuite/go/../../gccgo  version 4.7.0 20110527 (experimental) [trunk revision 174340] (GCC) 

		=== obj-c++ tests ===


Running target unix

		=== obj-c++ Summary for unix ===

# of expected passes		1417
# of expected failures		2
# of unsupported tests		86

Running target unix/-mabi=64

		=== obj-c++ Summary for unix/-mabi=64 ===

# of expected passes		1409
# of expected failures		10
# of unsupported tests		86

		=== obj-c++ Summary ===

# of expected passes		2826
# of expected failures		12
# of unsupported tests		172
/var/gcc/regression/trunk/6.5-gcc/build/gcc/testsuite/obj-c++/../../g++  version 4.7.0 20110527 (experimental) [trunk revision 174340] (GCC) 

		=== objc tests ===


Running target unix
FAIL: objc.dg/stabs-1.m scan-assembler (.SUBSPA.*[\$]CODE[\$]|.text"?)\\n\\t.stabs.*100,0,0,([.\$])?L?L[\$]?etext[0-9]*\\n([.\$])?L?L[\$]?etext

		=== objc Summary for unix ===

# of expected passes		2946
# of unexpected failures	1
# of expected failures		10
# of unsupported tests		74

Running target unix/-mabi=64
FAIL: objc.dg/stabs-1.m scan-assembler (.SUBSPA.*[\$]CODE[\$]|.text"?)\\n\\t.stabs.*100,0,0,([.\$])?L?L[\$]?etext[0-9]*\\n([.\$])?L?L[\$]?etext

		=== objc Summary for unix/-mabi=64 ===

# of expected passes		2946
# of unexpected failures	1
# of expected failures		10
# of unsupported tests		74

		=== objc Summary ===

# of expected passes		5892
# of unexpected failures	2
# of expected failures		20
# of unsupported tests		148
/var/gcc/regression/trunk/6.5-gcc/build/gcc/xgcc  version 4.7.0 20110527 (experimental) [trunk revision 174340] (GCC) 

		=== boehm-gc tests ===


Running target unix

		=== boehm-gc Summary for unix ===

# of expected passes		12
# of unsupported tests		1

Running target unix/-mabi=64
FAIL: staticrootslib.lo -O2 (test for excess errors)
FAIL: boehm-gc.lib/staticrootstest.c -O2 (test for excess errors)
WARNING: boehm-gc.lib/staticrootstest.c -O2 compilation failed to produce executable

		=== boehm-gc Summary for unix/-mabi=64 ===

# of expected passes		9
# of unexpected failures	2
# of unsupported tests		1

		=== boehm-gc Summary ===

# of expected passes		21
# of unexpected failures	2
# of unsupported tests		2
		=== libffi tests ===


Running target unix
FAIL: libffi.call/cls_double_va.c -O0 -W -Wall output pattern test, is 0.0
FAIL: libffi.call/cls_longdouble_va.c -O0 -W -Wall output pattern test, is 0.0
FAIL: libffi.call/cls_double_va.c -O2 output pattern test, is 0.0
FAIL: libffi.call/cls_longdouble_va.c -O2 output pattern test, is 0.0
FAIL: libffi.call/cls_double_va.c -O3 output pattern test, is 0.0
FAIL: libffi.call/cls_longdouble_va.c -O3 output pattern test, is 0.0
FAIL: libffi.call/cls_double_va.c -Os output pattern test, is 0.0
FAIL: libffi.call/cls_longdouble_va.c -Os output pattern test, is 0.0
FAIL: libffi.call/cls_double_va.c -O2 -fomit-frame-pointer output pattern test, is 0.0
FAIL: libffi.call/cls_longdouble_va.c -O2 -fomit-frame-pointer output pattern test, is 0.0

		=== libffi Summary for unix ===

# of expected passes		1624
# of unexpected failures	10
# of expected failures		10
# of unsupported tests		15

Running target unix/-mabi=64
FAIL: libffi.call/cls_double_va.c -O0 -W -Wall output pattern test, is 0.0
FAIL: libffi.call/cls_longdouble_va.c -O0 -W -Wall output pattern test, is 0.0
FAIL: libffi.call/cls_double_va.c -O2 output pattern test, is 0.0
FAIL: libffi.call/cls_longdouble_va.c -O2 output pattern test, is 0.0
FAIL: libffi.call/cls_double_va.c -O3 output pattern test, is 0.0
FAIL: libffi.call/cls_longdouble_va.c -O3 output pattern test, is 0.0
FAIL: libffi.call/cls_double_va.c -Os output pattern test, is 0.0
FAIL: libffi.call/cls_longdouble_va.c -Os output pattern test, is 0.0
FAIL: libffi.call/cls_double_va.c -O2 -fomit-frame-pointer output pattern test, is 0.0
FAIL: libffi.call/cls_longdouble_va.c -O2 -fomit-frame-pointer output pattern test, is 0.0

		=== libffi Summary for unix/-mabi=64 ===

# of expected passes		1624
# of unexpected failures	10
# of expected failures		10
# of unsupported tests		15

		=== libffi Summary ===

# of expected passes		3248
# of unexpected failures	20
# of expected failures		20
# of unsupported tests		30
		=== libgo tests ===


Running target unix
FAIL: big
FAIL: exec
FAIL: fmt
FAIL: http
FAIL: math
FAIL: os
FAIL: reflect
FAIL: runtime
FAIL: strconv
FAIL: time
FAIL: try
FAIL: compress/bzip2
FAIL: container/list
FAIL: crypto/x509
FAIL: go/token
FAIL: mime/multipart
FAIL: testing/quick

		=== libgo Summary for unix ===

# of expected passes		107
# of unexpected failures	17
# of untested testcases		2

Running target unix/-mabi=64
FAIL: big
FAIL: exec
FAIL: fmt
FAIL: http
FAIL: math
FAIL: os
FAIL: reflect
FAIL: runtime
FAIL: strconv
FAIL: time
FAIL: try
FAIL: compress/bzip2
FAIL: exp/draw
FAIL: hash/crc64
FAIL: mime/multipart
FAIL: testing/quick

		=== libgo Summary for unix/-mabi=64 ===

# of expected passes		108
# of unexpected failures	16
# of untested testcases		2

		=== libgo Summary ===

# of expected passes		215
# of unexpected failures	33
# of untested testcases		4
/var/gcc/regression/trunk/6.5-gcc/build/./gcc/gccgo version 4.7.0 20110527 (experimental) [trunk revision 174340] (GCC)

		=== libgomp tests ===


Running target unix

		=== libgomp Summary for unix ===

# of expected passes		2632
# of unsupported tests		3

Running target unix/-mabi=64

		=== libgomp Summary for unix/-mabi=64 ===

# of expected passes		2632
# of unsupported tests		3

		=== libgomp Summary ===

# of expected passes		5264
# of unsupported tests		6
		=== libjava tests ===


Running target unix
WARNING: program timed out.
FAIL: getstacktrace run
WARNING: program timed out.
FAIL: getallthreads run
FAIL: FileHandleGcTest execution - source compiled test
FAIL: FileHandleGcTest -findirect-dispatch execution - source compiled test
FAIL: FileHandleGcTest -O3 execution - source compiled test
FAIL: FileHandleGcTest -O3 -findirect-dispatch execution - source compiled test
FAIL: Thread_Interrupt output - source compiled test
FAIL: Thread_Interrupt -findirect-dispatch output - source compiled test
FAIL: Thread_Interrupt -O3 output - source compiled test
FAIL: Thread_Interrupt -O3 -findirect-dispatch output - source compiled test
FAIL: Throw_2 execution - source compiled test
FAIL: Throw_2 -findirect-dispatch execution - source compiled test
FAIL: Throw_2 -O3 execution - source compiled test
FAIL: Throw_2 -O3 -findirect-dispatch execution - source compiled test

		=== libjava Summary for unix ===

# of expected passes		2552
# of unexpected failures	14
# of untested testcases		10

Running target unix/-mabi=64
WARNING: program timed out.
FAIL: getstacktrace run
WARNING: program timed out.
FAIL: getallthreads run
FAIL: FileHandleGcTest execution - source compiled test
FAIL: FileHandleGcTest -findirect-dispatch execution - source compiled test
FAIL: FileHandleGcTest -O3 execution - source compiled test
FAIL: FileHandleGcTest -O3 -findirect-dispatch execution - source compiled test
FAIL: Process_1 -findirect-dispatch output - source compiled test
FAIL: Process_1 -O3 output - source compiled test
FAIL: Process_2 output - source compiled test
FAIL: Process_7 -findirect-dispatch output - source compiled test
FAIL: Process_7 -O3 output - source compiled test
FAIL: Process_7 -O3 -findirect-dispatch output - source compiled test
FAIL: Thread_Interrupt output - source compiled test
FAIL: Thread_Interrupt -findirect-dispatch output - source compiled test
FAIL: Thread_Interrupt -O3 output - source compiled test
FAIL: Thread_Interrupt -O3 -findirect-dispatch output - source compiled test
FAIL: Throw_2 execution - source compiled test
FAIL: Throw_2 -findirect-dispatch execution - source compiled test
FAIL: Throw_2 -O3 execution - source compiled test
FAIL: Throw_2 -O3 -findirect-dispatch execution - source compiled test

		=== libjava Summary for unix/-mabi=64 ===

# of expected passes		2546
# of unexpected failures	20
# of untested testcases		10

		=== libjava Summary ===

# of expected passes		5098
# of unexpected failures	34
# of untested testcases		20
		=== libstdc++ tests ===


Running target unix
FAIL: 18_support/numeric_limits/epsilon.cc execution test
FAIL: 21_strings/basic_string/inserters_extractors/wchar_t/1.cc execution test
FAIL: 21_strings/basic_string/inserters_extractors/wchar_t/11.cc execution test
FAIL: 21_strings/basic_string/inserters_extractors/wchar_t/5.cc execution test
FAIL: 22_locale/ctype/cons/char/1.cc execution test
FAIL: 22_locale/ctype/is/wchar_t/1.cc execution test
FAIL: 22_locale/ctype/scan/wchar_t/1.cc execution test
FAIL: 22_locale/money_get/get/wchar_t/19.cc execution test
FAIL: 22_locale/money_get/get/wchar_t/8.cc execution test
FAIL: 23_containers/map/element_access/2.cc (test for excess errors)
WARNING: 23_containers/map/element_access/2.cc compilation failed to produce executable
FAIL: 23_containers/multimap/requirements/explicit_instantiation/2.cc (test for excess errors)
FAIL: 26_numerics/complex/inserters_extractors/wchar_t/1.cc execution test
FAIL: 26_numerics/headers/cmath/c99_classification_macros_c.cc (test for excess errors)
FAIL: 27_io/basic_istream/extractors_arithmetic/char/12.cc execution test
FAIL: 27_io/basic_istream/extractors_arithmetic/wchar_t/01.cc execution test
FAIL: 27_io/basic_istream/extractors_arithmetic/wchar_t/07.cc execution test
FAIL: 27_io/basic_istream/extractors_arithmetic/wchar_t/08.cc execution test
FAIL: 27_io/basic_istream/extractors_arithmetic/wchar_t/10.cc execution test
FAIL: 27_io/basic_istream/extractors_arithmetic/wchar_t/12.cc execution test
FAIL: 27_io/basic_istream/extractors_arithmetic/wchar_t/13.cc execution test
FAIL: 27_io/basic_istream/extractors_character/wchar_t/1.cc execution test
FAIL: 27_io/basic_istream/extractors_character/wchar_t/11095-i.cc execution test
FAIL: 27_io/basic_istream/extractors_character/wchar_t/2.cc execution test
FAIL: 27_io/basic_istream/extractors_character/wchar_t/3.cc execution test
FAIL: 27_io/basic_istream/extractors_character/wchar_t/4.cc execution test
FAIL: 27_io/basic_istream/sentry/wchar_t/2.cc execution test
FAIL: 27_io/basic_istream/ws/wchar_t/1.cc execution test
WARNING: program timed out.

		=== libstdc++ Summary for unix ===

# of expected passes		7040
# of unexpected failures	27
# of expected failures		80
# of unsupported tests		745

Running target unix/-mabi=64
FAIL: 18_support/numeric_limits/epsilon.cc execution test
FAIL: 21_strings/basic_string/inserters_extractors/wchar_t/1.cc execution test
FAIL: 21_strings/basic_string/inserters_extractors/wchar_t/11.cc execution test
FAIL: 21_strings/basic_string/inserters_extractors/wchar_t/5.cc execution test
FAIL: 22_locale/ctype/cons/char/1.cc execution test
FAIL: 22_locale/ctype/is/wchar_t/1.cc execution test
FAIL: 22_locale/ctype/scan/wchar_t/1.cc execution test
FAIL: 22_locale/money_get/get/wchar_t/19.cc execution test
FAIL: 22_locale/money_get/get/wchar_t/8.cc execution test
FAIL: 26_numerics/complex/inserters_extractors/wchar_t/1.cc execution test
FAIL: 26_numerics/headers/cmath/c99_classification_macros_c.cc (test for excess errors)
FAIL: 27_io/basic_istream/extractors_arithmetic/char/12.cc execution test
FAIL: 27_io/basic_istream/extractors_arithmetic/wchar_t/01.cc execution test
FAIL: 27_io/basic_istream/extractors_arithmetic/wchar_t/07.cc execution test
FAIL: 27_io/basic_istream/extractors_arithmetic/wchar_t/08.cc execution test
FAIL: 27_io/basic_istream/extractors_arithmetic/wchar_t/10.cc execution test
FAIL: 27_io/basic_istream/extractors_arithmetic/wchar_t/12.cc execution test
FAIL: 27_io/basic_istream/extractors_arithmetic/wchar_t/13.cc execution test
FAIL: 27_io/basic_istream/extractors_character/wchar_t/1.cc execution test
FAIL: 27_io/basic_istream/extractors_character/wchar_t/11095-i.cc execution test
FAIL: 27_io/basic_istream/extractors_character/wchar_t/2.cc execution test
FAIL: 27_io/basic_istream/extractors_character/wchar_t/3.cc execution test
FAIL: 27_io/basic_istream/extractors_character/wchar_t/4.cc execution test
FAIL: 27_io/basic_istream/sentry/wchar_t/2.cc execution test
FAIL: 27_io/basic_istream/ws/wchar_t/1.cc execution test

		=== libstdc++ Summary for unix/-mabi=64 ===

# of expected passes		7043
# of unexpected failures	25
# of expected failures		80
# of unsupported tests		745

		=== libstdc++ Summary ===

# of expected passes		14083
# of unexpected failures	52
# of expected failures		160
# of unsupported tests		1490

		=== libstdc++ Summary ===


Compiler version: 4.7.0 20110527 (experimental) [trunk revision 174340] (GCC) 
Platform: mips-sgi-irix6.5
configure flags: --prefix=/vol/gcc --target=mips-sgi-irix6.5 --with-libelf=/vol/gcc --enable-libgcj --enable-objc-gc --with-host-libstdcxx='-Wl,-Bstatic -lstdc++ -Wl,-Bdynamic -lm' --with-boot-ldflags='-static-libstdc++ -static-libgcc -L/vol/gcc-4.4/lib32' --with-as=/vol/gcc/bin/gas-2.21 --with-gnu-as --with-gmp=/vol/gcc --with-mpfr=/vol/gcc --with-mpc=/vol/gcc --enable-languages=all,ada,obj-c++,go --with-ppl=/vol/gcc --with-cloog=/vol/gcc --enable-cloog-backend=ppl
BOOT_CFLAGS=-g -O2
-----------------------------------------------------------------------------
Rainer Orth, Center for Biotechnology, Bielefeld University



More information about the Gcc-testresults mailing list