Results for 4.7.0 20110730 (experimental) [trunk revision 176959] (GCC) testsuite on powerpc-ibm-aix5.3.0.0

David Edelsohn dje@watson.ibm.com
Sun Jul 31 19:34:00 GMT 2011


LAST_UPDATED: Sat Jul 30 15:21:22 UTC 2011 (revision 176959)

Native configuration is powerpc-ibm-aix5.3.0.0

		=== g++ tests ===


Running target unix
FAIL: tmpdir-g++.dg-struct-layout-1/t024 cp_compat_x_tst.o-cp_compat_y_tst.o execute 
FAIL: tmpdir-g++.dg-struct-layout-1/t026 cp_compat_x_tst.o-cp_compat_y_tst.o execute 
FAIL: tmpdir-g++.dg-struct-layout-1/t028 cp_compat_x_tst.o-cp_compat_y_tst.o execute 
FAIL: tmpdir-g++.dg-struct-layout-1/t029 cp_compat_x_tst.o-cp_compat_y_tst.o execute 
FAIL: tmpdir-g++.dg-struct-layout-1/t030 cp_compat_x_tst.o-cp_compat_y_tst.o execute 
FAIL: g++.dg/debug/pr46583.C -gxcoff1 (test for excess errors)
FAIL: g++.dg/debug/pr46583.C -gxcoff1 -O2 (test for excess errors)
FAIL: g++.dg/debug/pr46583.C -gxcoff1 -O3 (test for excess errors)
FAIL: g++.dg/debug/pr46583.C -gxcoff (test for excess errors)
FAIL: g++.dg/debug/pr46583.C -gxcoff -O2 (test for excess errors)
FAIL: g++.dg/debug/pr46583.C -gxcoff -O3 (test for excess errors)
FAIL: g++.dg/debug/pr46583.C -gxcoff3 (test for excess errors)
FAIL: g++.dg/debug/pr46583.C -gxcoff3 -O2 (test for excess errors)
FAIL: g++.dg/debug/pr46583.C -gxcoff3 -O3 (test for excess errors)
FAIL: g++.dg/debug/pr46583.C -gxcoff+1 (test for excess errors)
FAIL: g++.dg/debug/pr46583.C -gxcoff+1 -O2 (test for excess errors)
FAIL: g++.dg/debug/pr46583.C -gxcoff+1 -O3 (test for excess errors)
FAIL: g++.dg/debug/pr46583.C -gxcoff+ (test for excess errors)
FAIL: g++.dg/debug/pr46583.C -gxcoff+ -O2 (test for excess errors)
FAIL: g++.dg/debug/pr46583.C -gxcoff+ -O3 (test for excess errors)
FAIL: g++.dg/debug/pr46583.C -gxcoff+3 (test for excess errors)
FAIL: g++.dg/debug/pr46583.C -gxcoff+3 -O2 (test for excess errors)
FAIL: g++.dg/debug/pr46583.C -gxcoff+3 -O3 (test for excess errors)
FAIL: g++.dg/abi/local1.C execution test
FAIL: g++.dg/cpp/ucn-1.C (test for excess errors)
FAIL: g++.dg/ext/alignof2.C execution test
FAIL: g++.dg/ext/altivec-17.C  (test for errors, line 15)
FAIL: g++.dg/ext/altivec-17.C (test for excess errors)
FAIL: g++.dg/ext/visibility/anon1.C scan-assembler-not globl.*_ZN.*1fEv
FAIL: g++.dg/ext/visibility/anon2.C scan-assembler-not globl.*_Z1fv
FAIL: g++.dg/opt/pr48549.C (test for excess errors)
FAIL: g++.dg/other/anon5.C undefined (test for warnings, line )
FAIL: g++.dg/other/anon5.C (test for excess errors)
FAIL: g++.dg/other/pr42685.C (test for excess errors)
FAIL: g++.dg/other/unused1.C scan-assembler (string|ascii?)z?[\\t ]"printer("|\\\\\\\\0)
FAIL: g++.dg/warn/pr31246.C (test for excess errors)
FAIL: c-c++-common/pr43942.c (test for excess errors)
FAIL: g++.dg/guality/redeclaration1.C  -O0  line 17 i == 24
FAIL: g++.dg/tls/diag-1.C (internal compiler error)
FAIL: g++.dg/tls/diag-1.C (test for excess errors)
FAIL: g++.dg/tree-prof/partition1.C compilation,  -g  -fprofile-use
UNRESOLVED: g++.dg/tree-prof/partition1.C execution,    -g  -fprofile-use
FAIL: g++.dg/tree-prof/partition1.C compilation,  -O3 -g  -fprofile-use
UNRESOLVED: g++.dg/tree-prof/partition1.C execution,    -O3 -g  -fprofile-use
FAIL: g++.dg/tree-prof/partition2.C compilation,  -O3 -g  -fprofile-use
UNRESOLVED: g++.dg/tree-prof/partition2.C execution,    -O3 -g  -fprofile-use
FAIL: g++.dg/tree-prof/partition3.C compilation,  -g  -fprofile-use (internal compiler error)
UNRESOLVED: g++.dg/tree-prof/partition3.C execution,    -g  -fprofile-use
FAIL: g++.dg/tree-prof/partition3.C compilation,  -O3 -g  -fprofile-use (internal compiler error)
UNRESOLVED: g++.dg/tree-prof/partition3.C execution,    -O3 -g  -fprofile-use
XPASS: g++.old-deja/g++.other/init19.C execution test

		=== g++ Summary ===

# of expected passes		24136
# of unexpected failures	45
# of unexpected successes	1
# of expected failures		159
# of unresolved testcases	5
# of unsupported tests		486
/tmp/20110730/gcc/testsuite/g++/../../g++  version 4.7.0 20110730 (experimental) [trunk revision 176959] (GCC) 

		=== gcc tests ===


Running target unix
FAIL: gcc.c-torture/compile/pr44707.c  -O0  (test for excess errors)
FAIL: gcc.c-torture/compile/pr44707.c  -O1  (test for excess errors)
FAIL: gcc.c-torture/compile/pr44707.c  -O2  (test for excess errors)
FAIL: gcc.c-torture/compile/pr44707.c  -O3 -fomit-frame-pointer  (test for excess errors)
FAIL: gcc.c-torture/compile/pr44707.c  -O3 -g  (test for excess errors)
FAIL: gcc.c-torture/compile/pr44707.c  -Os  (test for excess errors)
FAIL: gcc.c-torture/execute/20101011-1.c execution,  -O0 
FAIL: gcc.c-torture/execute/20101011-1.c execution,  -O1 
FAIL: gcc.c-torture/execute/20101011-1.c execution,  -O2 
FAIL: gcc.c-torture/execute/20101011-1.c execution,  -O3 -fomit-frame-pointer 
FAIL: gcc.c-torture/execute/20101011-1.c execution,  -O3 -g 
FAIL: gcc.c-torture/execute/20101011-1.c execution,  -Os 
XPASS: gcc.c-torture/execute/eeprof-1.c execution,  -O0 
XPASS: gcc.c-torture/execute/eeprof-1.c execution,  -O1 
XPASS: gcc.c-torture/execute/eeprof-1.c execution,  -O2 
XPASS: gcc.c-torture/execute/eeprof-1.c execution,  -O3 -fomit-frame-pointer 
XPASS: gcc.c-torture/execute/eeprof-1.c execution,  -O3 -g 
XPASS: gcc.c-torture/execute/eeprof-1.c execution,  -Os 
FAIL: gcc.dg/alias-7.c execution test
FAIL: gcc.dg/asm-names.c scan-assembler-not ____frob14
FAIL: gcc.dg/const-uniq-1.c scan-tree-dump-times gimple "L\\\$?C0" 2
FAIL: gcc.dg/pr41241.c (test for excess errors)
FAIL: gcc.dg/pr41345.c (test for excess errors)
FAIL: gcc.dg/pr42629.c (test for excess errors)
FAIL: gcc.dg/pr42630.c (test for excess errors)
FAIL: gcc.dg/pr42631.c (test for excess errors)
FAIL: gcc.dg/pr42719.c (test for excess errors)
FAIL: gcc.dg/pr42728.c (test for excess errors)
FAIL: gcc.dg/pr42889.c (test for excess errors)
FAIL: gcc.dg/pr42916.c (test for excess errors)
FAIL: gcc.dg/pr43084.c (test for excess errors)
FAIL: gcc.dg/pr43670.c (test for excess errors)
FAIL: gcc.dg/pr44023.c (test for excess errors)
FAIL: gcc.dg/pr44971.c (test for excess errors)
FAIL: gcc.dg/pr45449.c (test for excess errors)
FAIL: gcc.dg/pr46771.c (test for excess errors)
FAIL: gcc.dg/pr47684.c (test for excess errors)
FAIL: gcc.dg/pr47881.c (test for excess errors)
FAIL: gcc.dg/pr48768.c (test for excess errors)
FAIL: gcc.dg/pthread-init-1.c (test for excess errors)
FAIL: gcc.dg/pthread-init-2.c (test for excess errors)
FAIL: gcc.dg/sms-2.c scan-rtl-dump-times sms "SMS succeeded" 1
FAIL: gcc.dg/sms-4.c scan-rtl-dump-times sms "SMS succeeded" 1
FAIL: gcc.dg/sms-5.c scan-rtl-dump-times sms "SMS succeeded" 1
FAIL: gcc.dg/sms-6.c scan-rtl-dump-times sms "SMS succeeded" 3
FAIL: gcc.dg/sms-7.c scan-rtl-dump-times sms "SMS succeeded" 3
FAIL: gcc.dg/sms-8.c scan-rtl-dump-times sms "SMS succeeded" 1
FAIL: gcc.dg/stack-usage-1.c scan-file foo\\t(256|264)\\tstatic
FAIL: gcc.dg/ucnid-10.c  (test for warnings, line 8)
FAIL: gcc.dg/ucnid-10.c  (test for warnings, line 9)
FAIL: gcc.dg/ucnid-10.c (test for excess errors)
FAIL: gcc.dg/ucnid-13.c  (test for warnings, line 7)
FAIL: gcc.dg/ucnid-13.c  (test for warnings, line 10)
FAIL: gcc.dg/ucnid-13.c  (test for warnings, line 12)
FAIL: gcc.dg/ucnid-13.c  (test for errors, line 14)
FAIL: gcc.dg/ucnid-13.c (test for excess errors)
XPASS: gcc.dg/ucnid-5.c (test for excess errors)
FAIL: gcc.dg/ucnid-7.c  (test for errors, line 7)
FAIL: gcc.dg/ucnid-7.c  (test for errors, line 8)
FAIL: gcc.dg/ucnid-7.c (test for excess errors)
FAIL: gcc.dg/ucnid-8.c  (test for errors, line 7)
FAIL: gcc.dg/ucnid-8.c  (test for errors, line 8)
FAIL: gcc.dg/ucnid-8.c  (test for warnings, line 10)
FAIL: gcc.dg/ucnid-8.c  (test for errors, line 12)
FAIL: gcc.dg/ucnid-8.c UCN diag (test for warnings, line 14)
FAIL: gcc.dg/ucnid-8.c (test for excess errors)
FAIL: c-c++-common/pr43942.c  -Wc++-compat  (test for excess errors)
FAIL: gcc.dg/graphite/id-pr46845.c (test for excess errors)
FAIL: gcc.dg/graphite/run-id-pr47593.c (test for excess errors)
WARNING: gcc.dg/graphite/run-id-pr47593.c compilation failed to produce executable
FAIL: gcc.dg/graphite/block-mvt.c (test for excess errors)
WARNING: gcc.dg/graphite/block-mvt.c compilation failed to produce executable
FAIL: gcc.dg/graphite/pr42729.c (test for excess errors)
FAIL: gcc.dg/graphite/pr42917.c (test for excess errors)
FAIL: gcc.dg/tree-ssa/sra-12.c scan-tree-dump-times release_ssa "l;" 0
FAIL: gcc.dg/tree-ssa/ssa-dom-thread-4.c scan-tree-dump-times dom1 "Threaded" 3
FAIL: gcc.dg/tree-ssa/vrp47.c scan-tree-dump-times vrp1 "[xy][^ ]* !=" 0
FAIL: gcc.dg/tree-ssa/vrp47.c scan-tree-dump-times dom1 "x[^ ]* & y" 1
FAIL: gcc.dg/tree-ssa/vrp47.c scan-tree-dump-times vrp1 "x[^ ]* \\^ 1" 1
FAIL: gcc.dg/vect/pr48765.c (test for excess errors)
FAIL: gcc.dg/vect/pr49352.c (test for excess errors)
FAIL: gcc.dg/vect/vect-44.c scan-tree-dump-times vect "Alignment of access forced using peeling" 1
FAIL: gcc.dg/vect/vect-50.c scan-tree-dump-times vect "Alignment of access forced using peeling" 1
FAIL: gcc.dg/vect/vect-82_64.c (test for excess errors)
UNRESOLVED: gcc.dg/vect/vect-82_64.c scan-tree-dump-times vect "vectorized 1 loops" 1
FAIL: gcc.dg/vect/vect-83_64.c (test for excess errors)
UNRESOLVED: gcc.dg/vect/vect-83_64.c scan-tree-dump-times vect "vectorized 1 loops" 1
FAIL: gcc.dg/vmx/gcc-bug-i.c  -O0  (test for excess errors)
FAIL: gcc.dg/vmx/gcc-bug-i.c  -O1  (test for excess errors)
FAIL: gcc.dg/vmx/gcc-bug-i.c  -O2  (test for excess errors)
FAIL: gcc.dg/vmx/gcc-bug-i.c  -O3 -fomit-frame-pointer  (test for excess errors)
FAIL: gcc.dg/vmx/gcc-bug-i.c  -O3 -fomit-frame-pointer -funroll-loops  (test for excess errors)
FAIL: gcc.dg/vmx/gcc-bug-i.c  -O3 -fomit-frame-pointer -funroll-all-loops -finline-functions  (test for excess errors)
FAIL: gcc.dg/vmx/gcc-bug-i.c  -O3 -g  (test for excess errors)
FAIL: gcc.dg/vmx/gcc-bug-i.c  -Os  (test for excess errors)
FAIL: gcc.target/powerpc/loop_align.c scan-assembler .p2align 5,,31
FAIL: gcc.target/powerpc/popcount-2.c scan-assembler popcntw
FAIL: gcc.target/powerpc/ppc-pow.c scan-assembler-times bl? pow 1
FAIL: gcc.target/powerpc/ppc-pow.c scan-assembler-times bl? sqrt 1
FAIL: gcc.target/powerpc/ppc-vector-memcpy.c scan-assembler lvx
FAIL: gcc.target/powerpc/pr46728-1.c scan-assembler-not pow
FAIL: gcc.target/powerpc/pr46728-10.c (test for excess errors)
WARNING: gcc.target/powerpc/pr46728-10.c compilation failed to produce executable
FAIL: gcc.target/powerpc/pr46728-11.c (test for excess errors)
WARNING: gcc.target/powerpc/pr46728-11.c compilation failed to produce executable
FAIL: gcc.target/powerpc/pr46728-13.c (test for excess errors)
WARNING: gcc.target/powerpc/pr46728-13.c compilation failed to produce executable
FAIL: gcc.target/powerpc/pr46728-14.c (test for excess errors)
WARNING: gcc.target/powerpc/pr46728-14.c compilation failed to produce executable
FAIL: gcc.target/powerpc/pr46728-2.c scan-assembler-not pow
FAIL: gcc.target/powerpc/pr46728-3.c scan-assembler-not pow
FAIL: gcc.target/powerpc/pr46728-4.c scan-assembler-not pow
FAIL: gcc.target/powerpc/pr46728-7.c scan-assembler-not pow
FAIL: gcc.target/powerpc/pr46728-8.c scan-assembler-not pow

		=== gcc Summary ===

# of expected passes		58447
# of unexpected failures	99
# of unexpected successes	7
# of expected failures		174
# of unresolved testcases	2
# of unsupported tests		1160
/tmp/20110730/gcc/xgcc  version 4.7.0 20110730 (experimental) [trunk revision 176959] (GCC) 

		=== gfortran tests ===


Running target unix
FAIL: gfortran.dg/coarray/lock_1.f90 -fcoarray=lib  -O2  -lcaf_single execution test
FAIL: gfortran.dg/class_defined_operator_1.f03  -O2  (internal compiler error)
FAIL: gfortran.dg/class_defined_operator_1.f03  -O2  (test for excess errors)
WARNING: gfortran.dg/class_defined_operator_1.f03  -O2  compilation failed to produce executable
FAIL: gfortran.dg/class_defined_operator_1.f03  -O3 -fomit-frame-pointer  (internal compiler error)
FAIL: gfortran.dg/class_defined_operator_1.f03  -O3 -fomit-frame-pointer  (test for excess errors)
WARNING: gfortran.dg/class_defined_operator_1.f03  -O3 -fomit-frame-pointer  compilation failed to produce executable
FAIL: gfortran.dg/class_defined_operator_1.f03  -O3 -fomit-frame-pointer -funroll-loops  (internal compiler error)
FAIL: gfortran.dg/class_defined_operator_1.f03  -O3 -fomit-frame-pointer -funroll-loops  (test for excess errors)
WARNING: gfortran.dg/class_defined_operator_1.f03  -O3 -fomit-frame-pointer -funroll-loops  compilation failed to produce executable
FAIL: gfortran.dg/class_defined_operator_1.f03  -O3 -fomit-frame-pointer -funroll-all-loops -finline-functions  (internal compiler error)
FAIL: gfortran.dg/class_defined_operator_1.f03  -O3 -fomit-frame-pointer -funroll-all-loops -finline-functions  (test for excess errors)
WARNING: gfortran.dg/class_defined_operator_1.f03  -O3 -fomit-frame-pointer -funroll-all-loops -finline-functions  compilation failed to produce executable
FAIL: gfortran.dg/default_format_1.f90  -O0  execution test
FAIL: gfortran.dg/default_format_1.f90  -O1  execution test
FAIL: gfortran.dg/default_format_1.f90  -O2  execution test
FAIL: gfortran.dg/default_format_1.f90  -O3 -fomit-frame-pointer  execution test
FAIL: gfortran.dg/default_format_1.f90  -O3 -fomit-frame-pointer -funroll-loops  execution test
FAIL: gfortran.dg/default_format_1.f90  -O3 -fomit-frame-pointer -funroll-all-loops -finline-functions  execution test
FAIL: gfortran.dg/default_format_1.f90  -O3 -g  execution test
FAIL: gfortran.dg/default_format_1.f90  -Os  execution test
FAIL: gfortran.dg/default_format_denormal_1.f90  -O0  execution test
FAIL: gfortran.dg/default_format_denormal_1.f90  -O1  execution test
FAIL: gfortran.dg/default_format_denormal_1.f90  -O2  execution test
FAIL: gfortran.dg/default_format_denormal_1.f90  -O3 -fomit-frame-pointer  execution test
FAIL: gfortran.dg/default_format_denormal_1.f90  -O3 -fomit-frame-pointer -funroll-loops  execution test
FAIL: gfortran.dg/default_format_denormal_1.f90  -O3 -fomit-frame-pointer -funroll-all-loops -finline-functions  execution test
FAIL: gfortran.dg/default_format_denormal_1.f90  -O3 -g  execution test
FAIL: gfortran.dg/default_format_denormal_1.f90  -Os  execution test
FAIL: gfortran.dg/nint_2.f90  -O0  execution test
FAIL: gfortran.dg/pr47614.f  -O0  (test for excess errors)
WARNING: gfortran.dg/pr47614.f  -O0  compilation failed to produce executable
FAIL: gfortran.dg/pr47614.f  -O1  (test for excess errors)
WARNING: gfortran.dg/pr47614.f  -O1  compilation failed to produce executable
FAIL: gfortran.dg/pr47614.f  -O2  (test for excess errors)
WARNING: gfortran.dg/pr47614.f  -O2  compilation failed to produce executable
FAIL: gfortran.dg/pr47614.f  -O3 -fomit-frame-pointer  (test for excess errors)
WARNING: gfortran.dg/pr47614.f  -O3 -fomit-frame-pointer  compilation failed to produce executable
FAIL: gfortran.dg/pr47614.f  -O3 -fomit-frame-pointer -funroll-loops  (test for excess errors)
WARNING: gfortran.dg/pr47614.f  -O3 -fomit-frame-pointer -funroll-loops  compilation failed to produce executable
FAIL: gfortran.dg/pr47614.f  -O3 -fomit-frame-pointer -funroll-all-loops -finline-functions  (test for excess errors)
WARNING: gfortran.dg/pr47614.f  -O3 -fomit-frame-pointer -funroll-all-loops -finline-functions  compilation failed to produce executable
FAIL: gfortran.dg/pr47614.f  -O3 -g  (test for excess errors)
WARNING: gfortran.dg/pr47614.f  -O3 -g  compilation failed to produce executable
FAIL: gfortran.dg/pr47614.f  -Os  (test for excess errors)
WARNING: gfortran.dg/pr47614.f  -Os  compilation failed to produce executable
FAIL: gfortran.fortran-torture/execute/intrinsic_nearest.f90 execution,  -O0 
FAIL: gfortran.fortran-torture/execute/intrinsic_nearest.f90 execution,  -O1 
FAIL: gfortran.fortran-torture/execute/intrinsic_nearest.f90 execution,  -O2 
FAIL: gfortran.fortran-torture/execute/intrinsic_nearest.f90 execution,  -O2 -fomit-frame-pointer -finline-functions 
FAIL: gfortran.fortran-torture/execute/intrinsic_nearest.f90 execution,  -O2 -fomit-frame-pointer -finline-functions -funroll-loops 
FAIL: gfortran.fortran-torture/execute/intrinsic_nearest.f90 execution,  -O2 -fbounds-check 
FAIL: gfortran.fortran-torture/execute/intrinsic_nearest.f90 execution,  -O3 -g 
FAIL: gfortran.fortran-torture/execute/intrinsic_nearest.f90 execution,  -Os 

		=== gfortran Summary ===

# of expected passes		38032
# of unexpected failures	42
# of expected failures		53
# of unsupported tests		390
/tmp/20110730/gcc/testsuite/gfortran/../../gfortran  version 4.7.0 20110730 (experimental) [trunk revision 176959] (GCC) 

		=== objc tests ===


Running target unix
FAIL: objc.dg-struct-layout-encoding-1/t026_main.m execution test

		=== objc Summary ===

# of expected passes		2865
# of unexpected failures	1
# of expected failures		10
# of unsupported tests		66
/tmp/20110730/gcc/xgcc  version 4.7.0 20110730 (experimental) [trunk revision 176959] (GCC) 

		=== libgomp tests ===


Running target unix
FAIL: libgomp.c/pr39591-2.c (internal compiler error)
FAIL: libgomp.c/pr39591-2.c (test for excess errors)
WARNING: libgomp.c/pr39591-2.c compilation failed to produce executable
FAIL: libgomp.c/pr39591-3.c (internal compiler error)
FAIL: libgomp.c/pr39591-3.c (test for excess errors)
WARNING: libgomp.c/pr39591-3.c compilation failed to produce executable
FAIL: libgomp.fortran/recursion1.f90  -O0  execution test
FAIL: libgomp.fortran/recursion1.f90  -O1  execution test
FAIL: libgomp.fortran/recursion1.f90  -O2  execution test
FAIL: libgomp.fortran/recursion1.f90  -O3 -fomit-frame-pointer  execution test
FAIL: libgomp.fortran/recursion1.f90  -O3 -fomit-frame-pointer -funroll-loops  execution test
FAIL: libgomp.fortran/recursion1.f90  -O3 -g  execution test
FAIL: libgomp.fortran/recursion1.f90  -Os  execution test

		=== libgomp Summary ===

# of expected passes		2629
# of unexpected failures	11
# of unsupported tests		3
		=== libstdc++ tests ===


Running target unix
FAIL: 21_strings/basic_string/inserters_extractors/wchar_t/28277.cc execution test
FAIL: 23_containers/vector/profile/vector.cc execution test
FAIL: 26_numerics/headers/cmath/c99_classification_macros_c.cc (test for excess errors)
FAIL: 27_io/basic_ostream/inserters_character/wchar_t/28277-3.cc execution test
FAIL: 27_io/basic_ostream/inserters_character/wchar_t/28277-4.cc execution test
FAIL: 27_io/ios_base/storage/11584.cc execution test
FAIL: 27_io/objects/char/6.cc execution test
FAIL: 27_io/objects/wchar_t/6.cc execution test
FAIL: ext/mt_allocator/check_new.cc execution test
FAIL: ext/pool_allocator/check_new.cc execution test
FAIL: ext/vstring/inserters_extractors/wchar_t/28277.cc execution test

		=== libstdc++ Summary ===

# of expected passes		7240
# of unexpected failures	11
# of expected failures		45
# of unsupported tests		511

Compiler version: 4.7.0 20110730 (experimental) [trunk revision 176959] (GCC) 
Platform: powerpc-ibm-aix5.3.0.0
configure flags: --prefix=/farm/dje/install/powerpc-ibm-aix5.3.0.0-20110730 --disable-werror --disable-libquadmath --enable-languages=c,c++,fortran,objc --with-gmp=/usr/gnu --with-mpfr=/usr/gnu --with-mpc=/usr/gnu --with-ppl=/usr/gnu --with-cloog=/usr/gnu



More information about the Gcc-testresults mailing list