Results for 4.6.2 20110729 (prerelease) [gcc-4_6-branch revision 176922] (GCC) testsuite on armv7l-unknown-linux-gnueabi

Robert Nelson robertcnelson@gmail.com
Sat Jul 30 08:30:00 GMT 2011


LAST_UPDATED: Fri Jul 29 10:15:18 UTC 2011 (revision 176922)

Native configuration is armv7l-unknown-linux-gnueabi

		=== libgomp tests ===


Running target unix

		=== libgomp Summary ===

# of expected passes		312
# of unsupported tests		1
		=== libmudflap tests ===


Running target unix
FAIL: libmudflap.c/fail40-frag.c output pattern test
FAIL: libmudflap.c/pass49-frag.c execution test
FAIL: libmudflap.c/pass49-frag.c output pattern test
FAIL: libmudflap.c/pass49-frag.c execution test
FAIL: libmudflap.c/pass49-frag.c output pattern test
FAIL: libmudflap.c/pass51-frag.c execution test
FAIL: libmudflap.c/pass51-frag.c execution test
FAIL: libmudflap.c/fail40-frag.c (-static) output pattern test
FAIL: libmudflap.c/pass49-frag.c (-static) execution test
FAIL: libmudflap.c/pass49-frag.c (-static) output pattern test
FAIL: libmudflap.c/pass49-frag.c (-static) execution test
FAIL: libmudflap.c/pass49-frag.c (-static) output pattern test
FAIL: libmudflap.c/pass51-frag.c (-static) execution test
FAIL: libmudflap.c/pass51-frag.c (-static) execution test
FAIL: libmudflap.c/fail40-frag.c (-O2) output pattern test
FAIL: libmudflap.c/pass49-frag.c (-O2) execution test
FAIL: libmudflap.c/pass49-frag.c (-O2) output pattern test
FAIL: libmudflap.c/pass49-frag.c (-O2) execution test
FAIL: libmudflap.c/pass49-frag.c (-O2) output pattern test
FAIL: libmudflap.c/pass51-frag.c (-O2) execution test
FAIL: libmudflap.c/pass51-frag.c (-O2) execution test
FAIL: libmudflap.c/fail40-frag.c (-O3) output pattern test
FAIL: libmudflap.c/pass49-frag.c (-O3) execution test
FAIL: libmudflap.c/pass49-frag.c (-O3) output pattern test
FAIL: libmudflap.c/pass49-frag.c (-O3) execution test
FAIL: libmudflap.c/pass49-frag.c (-O3) output pattern test
FAIL: libmudflap.c/pass51-frag.c (-O3) execution test
FAIL: libmudflap.c/pass51-frag.c (-O3) execution test

		=== libmudflap Summary ===

# of expected passes		1712
# of unexpected failures	28
# of unsupported tests		2
		=== gcc tests ===


Running target unix
FAIL: gcc.dg/20021014-1.c (test for excess errors)
UNRESOLVED: gcc.dg/20021014-1.c compilation failed to produce executable
FAIL: gcc.dg/c99-stdint-1.c (test for excess errors)
FAIL: gcc.dg/c99-stdint-7.c (test for excess errors)
FAIL: gcc.dg/nest.c (test for excess errors)
UNRESOLVED: gcc.dg/nest.c compilation failed to produce executable
FAIL: gcc.dg/nested-func-4.c (test for excess errors)
UNRESOLVED: gcc.dg/nested-func-4.c compilation failed to produce executable
FAIL: gcc.dg/pr32450.c (test for excess errors)
UNRESOLVED: gcc.dg/pr32450.c compilation failed to produce executable
FAIL: gcc.dg/pr43643.c (test for excess errors)
UNRESOLVED: gcc.dg/pr43643.c compilation failed to produce executable
FAIL: gcc.dg/uninit-13.c unconditional (test for warnings, line 8)
FAIL: gcc.dg/uninit-13.c (test for excess errors)
FAIL: gcc.dg/pch/common-1.c   -O0  -I. (internal compiler error)
FAIL: gcc.dg/pch/common-1.c   -O0  -I. (test for excess errors)
FAIL: gcc.dg/pch/common-1.c   -O0  assembly comparison
FAIL: gcc.dg/pch/common-1.c   -O3 -g  -I. (internal compiler error)
FAIL: gcc.dg/pch/common-1.c   -O3 -g  -I. (test for excess errors)
FAIL: gcc.dg/pch/common-1.c   -O3 -g  assembly comparison
FAIL: gcc.dg/pch/counter-1.c   -O1  -I. (internal compiler error)
FAIL: gcc.dg/pch/counter-1.c   -O1  -I. (test for excess errors)
FAIL: gcc.dg/pch/counter-1.c   -O1  assembly comparison
FAIL: gcc.dg/pch/counter-1.c   -O3 -g  -I. (internal compiler error)
FAIL: gcc.dg/pch/counter-1.c   -O3 -g  -I. (test for excess errors)
FAIL: gcc.dg/pch/counter-1.c   -O3 -g  assembly comparison
FAIL: gcc.dg/pch/cpp-1.c   -O2  -I. (internal compiler error)
FAIL: gcc.dg/pch/cpp-1.c   -O2  -I. (test for excess errors)
FAIL: gcc.dg/pch/cpp-1.c   -O2  assembly comparison
FAIL: gcc.dg/pch/cpp-2.c   -O3 -g  -I. (internal compiler error)
FAIL: gcc.dg/pch/cpp-2.c   -O3 -g  -I. (test for excess errors)
FAIL: gcc.dg/pch/cpp-2.c   -O3 -g  assembly comparison
FAIL: gcc.dg/pch/cpp-3.c   -Os  -I. (internal compiler error)
FAIL: gcc.dg/pch/cpp-3.c   -Os  -I.  (test for warnings, line )
FAIL: gcc.dg/pch/cpp-3.c   -Os  -I. (test for excess errors)
FAIL: gcc.dg/pch/cpp-3.c   -Os  assembly comparison
FAIL: gcc.dg/pch/decl-5.c   -O2  -I. (internal compiler error)
FAIL: gcc.dg/pch/decl-5.c   -O2  -I. (test for excess errors)
FAIL: gcc.dg/pch/decl-5.c   -O2  assembly comparison
FAIL: gcc.dg/pch/global-1.c  -O0 -g -I. (internal compiler error)
FAIL: gcc.dg/pch/global-1.c  -O0 -g -I. (test for excess errors)
FAIL: gcc.dg/pch/global-1.c  -O0 -g assembly comparison
FAIL: gcc.dg/pch/global-1.c   -O3 -g  -I. (internal compiler error)
FAIL: gcc.dg/pch/global-1.c   -O3 -g  -I. (test for excess errors)
FAIL: gcc.dg/pch/global-1.c   -O3 -g  assembly comparison
FAIL: gcc.dg/pch/import-1.c  -O0 -g -I. (internal compiler error)
FAIL: gcc.dg/pch/import-1.c  -O0 -g -I. (test for excess errors)
FAIL: gcc.dg/pch/import-1.c  -O0 -g assembly comparison
FAIL: gcc.dg/pch/import-2.c   -O3 -g  -I. (internal compiler error)
FAIL: gcc.dg/pch/import-2.c   -O3 -g  -I. (test for excess errors)
FAIL: gcc.dg/pch/import-2.c   -O3 -g  assembly comparison
FAIL: gcc.dg/pch/inline-1.c   -O3 -g  -I. (internal compiler error)
FAIL: gcc.dg/pch/inline-1.c   -O3 -g  -I. (test for excess errors)
FAIL: gcc.dg/pch/inline-1.c   -O3 -g  assembly comparison
FAIL: gcc.dg/pch/macro-2.c   -O0  -I. (internal compiler error)
FAIL: gcc.dg/pch/macro-2.c   -O0  -I. (test for excess errors)
FAIL: gcc.dg/pch/macro-2.c   -O0  assembly comparison
FAIL: gcc.dg/pch/macro-2.c   -O1  -I. (internal compiler error)
FAIL: gcc.dg/pch/macro-2.c   -O1  -I. (test for excess errors)
FAIL: gcc.dg/pch/macro-2.c   -O1  assembly comparison
FAIL: gcc.dg/pch/macro-3.c   -O3 -g  -I. (internal compiler error)
FAIL: gcc.dg/pch/macro-3.c   -O3 -g  -I. (test for excess errors)
FAIL: gcc.dg/pch/macro-3.c   -O3 -g  assembly comparison
FAIL: gcc.dg/pch/static-1.c   -O2  -I. (internal compiler error)
FAIL: gcc.dg/pch/static-1.c   -O2  -I. (test for excess errors)
FAIL: gcc.dg/pch/static-1.c   -O2  assembly comparison
FAIL: gcc.dg/pch/struct-1.c   -O1  -I. (internal compiler error)
FAIL: gcc.dg/pch/struct-1.c   -O1  -I. (test for excess errors)
FAIL: gcc.dg/pch/struct-1.c   -O1  assembly comparison
FAIL: gcc.dg/pch/valid-4.c   -O3 -g  -I. (internal compiler error)
FAIL: gcc.dg/pch/valid-4.c   -O3 -g  -I.  (test for warnings, line 5)
FAIL: gcc.dg/pch/valid-4.c   -O3 -g  -I. (test for excess errors)
FAIL: gcc.dg/pch/valid-4.c   -O3 -g  assembly comparison
FAIL: gcc.dg/torture/stackalign/builtin-apply-4.c  -O2 -flto -flto-partition=none  execution test
FAIL: gcc.dg/torture/stackalign/builtin-apply-4.c  -O2 -flto  execution test
FAIL: gcc.dg/torture/stackalign/builtin-apply-4.c  -O2 -flto -flto-partition=none  execution test
FAIL: gcc.dg/torture/stackalign/builtin-apply-4.c  -O2 -flto  execution test
XPASS: gcc.dg/tree-ssa/20040204-1.c scan-tree-dump-times optimized "link_error" 0
FAIL: gcc.dg/tree-ssa/pr42585.c scan-tree-dump-times optimized "struct _fat_ptr _ans" 0
FAIL: gcc.dg/tree-ssa/pr42585.c scan-tree-dump-times optimized "struct _fat_ptr _T2" 0
XPASS: gcc.dg/vect/vect-16.c scan-tree-dump-times vect "vectorized 1 loops" 1
FAIL: gcc.dg/vect/vect-72.c scan-tree-dump-times vect "Alignment of access forced using peeling" 0
FAIL: gcc.dg/vect/vect-multitypes-11.c scan-tree-dump-times vect "vectorized 1 loops" 1
FAIL: gcc.dg/vect/vect-multitypes-12.c scan-tree-dump-times vect "vectorized 1 loops" 1
FAIL: gcc.dg/vect/vect-peel-3.c scan-tree-dump-times vect "Vectorizing an unaligned access" 1
FAIL: gcc.dg/vect/vect-peel-4.c scan-tree-dump-times vect "Vectorizing an unaligned access" 1
FAIL: gcc.dg/vect/vect-reduc-dot-s16b.c scan-tree-dump-times vect "vectorized 1 loops" 0
FAIL: gcc.dg/vect/vect-reduc-pattern-1a.c scan-tree-dump-times vect "vectorized 1 loops" 0
FAIL: gcc.dg/vect/vect-reduc-pattern-1b.c scan-tree-dump-times vect "vectorized 1 loops" 0
FAIL: gcc.dg/vect/vect-reduc-pattern-1c.c scan-tree-dump-times vect "vectorized 1 loops" 0
FAIL: gcc.dg/vect/vect-reduc-pattern-2a.c scan-tree-dump-times vect "vectorized 1 loops" 0
FAIL: gcc.dg/vect/vect-reduc-pattern-2b.c scan-tree-dump-times vect "vectorized 1 loops" 0
XPASS: gcc.dg/vect/slp-reduc-3.c scan-tree-dump-times vect "vectorizing stmts using SLP" 1
FAIL: gcc.dg/vect/bb-slp-10.c scan-tree-dump-times slp "unsupported alignment in basic block." 1
FAIL: gcc.dg/vect/wrapv-vect-reduc-pattern-2c.c scan-tree-dump-times vect "vectorized 1 loops" 0
XPASS: gcc.dg/vect/no-scevccp-outer-16.c scan-tree-dump-times vect "OUTER LOOP VECTORIZED." 1
XPASS: gcc.dg/vect/no-scevccp-outer-17.c scan-tree-dump-times vect "OUTER LOOP VECTORIZED." 1
XPASS: gcc.dg/vect/no-scevccp-outer-19.c scan-tree-dump-times vect "OUTER LOOP VECTORIZED." 1
XPASS: gcc.dg/vect/no-scevccp-outer-21.c scan-tree-dump-times vect "OUTER LOOP VECTORIZED." 1
FAIL: gcc.target/arm/pr42575.c scan-assembler-not mov

		=== gcc Summary ===

# of expected passes		75017
# of unexpected failures	88
# of unexpected successes	7
# of expected failures		202
# of unresolved testcases	5
# of unsupported tests		960
/var/builds/opt/gcc-4.6/objdir/gcc/xgcc  version 4.6.2 20110729 (prerelease) [gcc-4_6-branch revision 176922] (GCC) 


Compiler version: 4.6.2 20110729 (prerelease) [gcc-4_6-branch revision 176922] (GCC) 
Platform: armv7l-unknown-linux-gnueabi
configure flags: --prefix=/opt/install-gcc-4.6 --enable-languages=c --with-cpu=cortex-a8 --with-fpu=vfpv3 --with-float=softfp

Build Logs: http://rcn-ee.homeip.net:81/dl/gcc/



More information about the Gcc-testresults mailing list