Results for 4.7.0 20110727 (experimental) [trunk revision 176816] (GCC) testsuite on i386-pc-solaris2.10

Sean McGovern sean@seanmcgovern.ca
Wed Jul 27 15:05:00 GMT 2011


\$ uname -a
SunOS tsukimi 5.10 Generic_142910-17 i86pc i386 i86pc

\$ cat /etc/release
                    Oracle Solaris 10 9/10 s10x_u9wos_14a X86
     Copyright (c) 2010, Oracle and/or its affiliates. All rights reserved.
                            Assembled 11 August 2010

\$ /usr/local/bin/as --version
GNU assembler (GNU Binutils) 2.21.1

\$ /usr/ccs/bin/ld -V
ld: Software Generation Utilities - Solaris Link Editors: 5.10-1.500

\$ /usr/sbin/psrinfo -pv
The physical processor has 1 virtual processor (0)
  x86 (GenuineIntel family 6 model 23 step 6 clock 2393 MHz)
        Intel(r) Core(tm)2 Duo CPU     T8300  @ 2.40GHz
The physical processor has 1 virtual processor (1)
  x86 (GenuineIntel family 6 model 23 step 6 clock 2393 MHz)
        Intel(r) Core(tm)2 Duo CPU     T8300  @ 2.40GHz

Bootstrapped with :

\$ /usr/sfw/bin/gcc -v
Reading specs from /usr/sfw/lib/gcc/i386-pc-solaris2.10/3.4.3/specs
Configured with: /builds/sfw10-gate/usr/src/cmd/gcc/gcc-3.4.3/configure --prefix=/usr/sfw --with-as=/usr/sfw/bin/gas --with-gnu-as --with-ld=/usr/ccs/bin/ld --without-gnu-ld --enable-languages=c,c++ --enable-shared
Thread model: posix
gcc version 3.4.3 (csl-sol210-3_4-branch+sol_rpath)

********
LAST_UPDATED: Wed Jul 27 02:32:16 UTC 2011 (revision 176816)

Native configuration is i386-pc-solaris2.10

		=== g++ tests ===


Running target unix/-m32
FAIL: g++.dg/tree-prof/partition2.C compilation,  -Os  -fprofile-use
UNRESOLVED: g++.dg/tree-prof/partition2.C execution,    -Os  -fprofile-use

		=== g++ Summary for unix/-m32 ===

# of expected passes		27477
# of unexpected failures	1
# of expected failures		158
# of unresolved testcases	1
# of unsupported tests		190

Running target unix/-m64
FAIL: g++.dg/tree-prof/partition2.C compilation,  -Os  -fprofile-use
UNRESOLVED: g++.dg/tree-prof/partition2.C execution,    -Os  -fprofile-use

		=== g++ Summary for unix/-m64 ===

# of expected passes		27706
# of unexpected failures	1
# of expected failures		158
# of unresolved testcases	1
# of unsupported tests		391

		=== g++ Summary ===

# of expected passes		55183
# of unexpected failures	2
# of expected failures		316
# of unresolved testcases	2
# of unsupported tests		581
/BUILD/gcc/obj-176816/gcc/testsuite/g++/../../g++  version 4.7.0 20110727 (experimental) [trunk revision 176816] (GCC) 

		=== gcc tests ===


Running target unix/-m32
FAIL: gcc.dg/torture/tls/run-ld.c  -O1  execution test
FAIL: gcc.dg/torture/tls/run-ld.c  -O2  execution test
FAIL: gcc.dg/torture/tls/run-ld.c  -O3 -fomit-frame-pointer  execution test
FAIL: gcc.dg/torture/tls/run-ld.c  -O3 -g  execution test
FAIL: gcc.dg/torture/tls/run-ld.c  -Os  execution test
FAIL: gcc.dg/torture/tls/run-ld.c  -O1  -fpic  execution test
FAIL: gcc.dg/torture/tls/run-ld.c  -O2  -fpic  execution test
FAIL: gcc.dg/torture/tls/run-ld.c  -O3 -fomit-frame-pointer  -fpic  execution test
FAIL: gcc.dg/torture/tls/run-ld.c  -O3 -g  -fpic  execution test
FAIL: gcc.dg/torture/tls/run-ld.c  -Os  -fpic  execution test
FAIL: gcc.dg/torture/tls/run-ld.c  -O1  -fPIC  execution test
FAIL: gcc.dg/torture/tls/run-ld.c  -O2  -fPIC  execution test
FAIL: gcc.dg/torture/tls/run-ld.c  -O3 -fomit-frame-pointer  -fPIC  execution test
FAIL: gcc.dg/torture/tls/run-ld.c  -O3 -g  -fPIC  execution test
FAIL: gcc.dg/torture/tls/run-ld.c  -Os  -fPIC  execution test
FAIL: gcc.dg/torture/tls/run-ld.c  -O2 -flto -flto-partition=none  execution test
FAIL: gcc.dg/torture/tls/run-ld.c  -O2 -flto  execution test
FAIL: gcc.dg/torture/tls/thr-init-2.c  -O2  -fpic  execution test
FAIL: gcc.dg/torture/tls/thr-init-2.c  -O3 -fomit-frame-pointer  -fpic  execution test
FAIL: gcc.dg/torture/tls/thr-init-2.c  -O3 -g  -fpic  execution test
FAIL: gcc.dg/torture/tls/thr-init-2.c  -O2  -fPIC  execution test
FAIL: gcc.dg/torture/tls/thr-init-2.c  -O3 -fomit-frame-pointer  -fPIC  execution test
FAIL: gcc.dg/torture/tls/thr-init-2.c  -O3 -g  -fPIC  execution test
FAIL: gcc.dg/tree-ssa/vrp47.c scan-tree-dump-times dom1 "x[^ ]* & y" 1
FAIL: gcc.dg/tree-ssa/vrp47.c scan-tree-dump-times vrp1 "x[^ ]* \\^ 1" 1
FAIL: gcc.target/i386/andor-2.c scan-assembler-not sete

		=== gcc Summary for unix/-m32 ===

# of expected passes		78512
# of unexpected failures	26
# of expected failures		242
# of unsupported tests		825

Running target unix/-m64
FAIL: gcc.dg/tree-prof/bb-reorg.c execution,    -fprofile-use -D_PROFILE_USE
FAIL: gcc.dg/tree-ssa/vrp47.c scan-tree-dump-times dom1 "x[^ ]* & y" 1
FAIL: gcc.dg/tree-ssa/vrp47.c scan-tree-dump-times vrp1 "x[^ ]* \\^ 1" 1
FAIL: gcc.target/i386/andor-2.c scan-assembler-not sete

		=== gcc Summary for unix/-m64 ===

# of expected passes		78686
# of unexpected failures	4
# of expected failures		242
# of unsupported tests		1234

		=== gcc Summary ===

# of expected passes		157198
# of unexpected failures	30
# of expected failures		484
# of unsupported tests		2059
/BUILD/gcc/obj-176816/gcc/xgcc  version 4.7.0 20110727 (experimental) [trunk revision 176816] (GCC) 

		=== libgomp tests ===


Running target unix/-m64

		=== libgomp Summary for unix/-m64 ===

# of expected passes		1057
# of unsupported tests		3

Running target unix/-m32

		=== libgomp Summary for unix/-m32 ===

# of expected passes		1057
# of unsupported tests		3

		=== libgomp Summary ===

# of expected passes		2114
# of unsupported tests		6
		=== libstdc++ tests ===


Running target unix/-m32
FAIL: ext/pb_ds/regression/trie_map_rand.cc execution test
WARNING: program timed out.

		=== libstdc++ Summary for unix/-m32 ===

# of expected passes		7707
# of unexpected failures	1
# of expected failures		48
# of unsupported tests		503

Running target unix/-m64
FAIL: 22_locale/num_put/put/char/14220.cc execution test
FAIL: 22_locale/num_put/put/wchar_t/14220.cc execution test
FAIL: 27_io/basic_stringbuf/seekoff/wchar_t/1.cc execution test

		=== libstdc++ Summary for unix/-m64 ===

# of expected passes		7707
# of unexpected failures	3
# of expected failures		46
# of unsupported tests		503

		=== libstdc++ Summary ===

# of expected passes		15414
# of unexpected failures	4
# of expected failures		94
# of unsupported tests		1006

Compiler version: 4.7.0 20110727 (experimental) [trunk revision 176816] (GCC) 
Platform: i386-pc-solaris2.10
configure flags: --prefix=/BUILD/gcc/176816 --target=i386-pc-solaris2.10 --with-gnu-as --with-as=/usr/local/bin/as --with-gmp=/local/gcc --with-mpfr=/local/gcc --with-mpc=/local/gcc --disable-libmudflap --disable-libssp --enable-stage1-languages=c --enable-languages=c,c++,lto --program-suffix=-trunk
BOOT_CFLAGS=-g -O2



More information about the Gcc-testresults mailing list