Results for 4.7.0 20110725 (experimental) [trunk revision 176767] (GCC) testsuite on hppa64-hp-hpux11.11
John David Anglin
dave@hiauly3.hia.nrc.ca
Wed Jul 27 14:13:00 GMT 2011
Native configuration is hppa64-hp-hpux11.11
=== g++ tests ===
Running target unix
WARNING: program timed out.
=== g++ Summary ===
# of expected passes 25512
# of expected failures 159
# of unsupported tests 594
/test/gnu/gcc/objdir/gcc/testsuite/g++/../../g++ version 4.7.0 20110725 (experimental) [trunk revision 176767] (GCC)
=== gcc tests ===
Running target unix
WARNING: program timed out.
FAIL: gcc.dg/lto/20090116 c_lto_20090116_0.o-c_lto_20090116_0.o link, -O1 -flto -flto-partition=1to1 -fPIC (internal compiler error)
UNRESOLVED: gcc.dg/lto/20090116 c_lto_20090116_0.o-c_lto_20090116_0.o execute -O1 -flto -flto-partition=1to1 -fPIC
FAIL: gcc.dg/tree-ssa/vrp47.c scan-tree-dump-times dom1 "x[^ ]* & y" 1
FAIL: gcc.dg/tree-ssa/vrp47.c scan-tree-dump-times vrp1 "x[^ ]* \\^ 1" 1
=== gcc Summary ===
# of expected passes 67612
# of unexpected failures 3
# of expected failures 116
# of unresolved testcases 1
# of unsupported tests 1276
/test/gnu/gcc/objdir/gcc/xgcc version 4.7.0 20110725 (experimental) [trunk revision 176767] (GCC)
=== gfortran tests ===
Running target unix
=== gfortran Summary ===
# of expected passes 38033
# of expected failures 41
# of unsupported tests 363
/test/gnu/gcc/objdir/gcc/testsuite/gfortran/../../gfortran version 4.7.0 20110725 (experimental) [trunk revision 176767] (GCC)
=== obj-c++ tests ===
Running target unix
=== obj-c++ Summary ===
# of expected passes 1438
# of expected failures 10
# of unsupported tests 86
/test/gnu/gcc/objdir/gcc/testsuite/obj-c++/../../g++ version 4.7.0 20110725 (experimental) [trunk revision 176767] (GCC)
=== objc tests ===
Running target unix
=== objc Summary ===
# of expected passes 2978
# of unsupported tests 75
/test/gnu/gcc/objdir/gcc/xgcc version 4.7.0 20110725 (experimental) [trunk revision 176767] (GCC)
=== libgomp tests ===
Running target unix
=== libgomp Summary ===
# of expected passes 2572
# of unsupported tests 10
=== libstdc++ tests ===
Running target unix
=== libstdc++ Summary ===
# of expected passes 7064
# of expected failures 45
# of unsupported tests 806
Compiler version: 4.7.0 20110725 (experimental) [trunk revision 176767] (GCC)
Platform: hppa64-hp-hpux11.11
configure flags:Test Run By dave on Tue Jul 26 08:29:54 2011
More information about the Gcc-testresults
mailing list