Results for 4.7.0 20110726 (experimental) (GCC) testsuite on spu-unknown-elf

Werner ken@linux.vnet.ibm.com
Tue Jul 26 13:28:00 GMT 2011


GCC Version:      4.7.0, SVN revision: 176779
                  svn co -r 176779 svn://gcc.gnu.org/svn/gcc/trunk
Newlib Version:   2011-07-26 04:01 UTC
                  cvs -z 9 -d :pserver:anoncvs@sources.redhat.com:/cvs/src co -D '2011-07-26 04:01 UTC' newlib
Binutils Version: 2011-07-26 04:01 UTC
                  cvs -z 9 -d :pserver:anoncvs@sourceware.org:/cvs/src co -D '2011-07-26 04:01 UTC' binutils
GDB Version:      2011-07-26 04:01 UTC
                  cvs -d :pserver:anoncvs@sourceware.org:/cvs/src co -D '2011-07-26 04:01 UTC' gdb


build host info: 
$ uname -s -r -m -p -i -o
Linux 2.6.18-238.12.1.el5 ppc64 ppc64 ppc64 GNU/Linux

$ gcc -v
Using built-in specs.
Target: ppc64-redhat-linux
Configured with: ../configure --prefix=/usr --mandir=/usr/share/man --infodir=/usr/share/info --enable-shared --enable-threads=posix --enable-checking=release --with-system-zlib --enable-__cxa_atexit --disable-libunwind-exceptions --enable-libgcj-multifile --enable-languages=c,c++,objc,obj-c++,java,fortran --enable-java-awt=gtk --disable-dssi --disable-plugin --with-java-home=/usr/lib/jvm/java-1.4.2-gcj-1.4.2.0/jre --enable-secureplt --with-long-double-128 --host=ppc64-redhat-linux --build=ppc64-redhat-linux --target=ppc64-redhat-linux --with-cpu=default32
Thread model: posix
gcc version 4.1.2 20080704 (Red Hat 4.1.2-50)

$ ld -v
GNU ld version 2.17.50.0.6-14.el5 20061020



############################################################
# GCC test suite results                                   #
############################################################
Target is spu-unknown-elf

		=== g++ tests ===


Running target cell-native
FAIL: g++.dg/opt/longbranch1.C (test for excess errors)

		=== g++ Summary ===

# of expected passes		26998
# of unexpected failures	1
# of expected failures		156
# of unsupported tests		501
/home/kwerner/dailybuild/spu-tc-2011-07-26/gcc-build/gcc/testsuite/g++/../../g++  version 4.7.0 20110726 (experimental) (GCC) 

		=== gcc tests ===


Running target cell-native
FAIL: gcc.c-torture/execute/builtins/strstr-asm.c compilation,  -O2 -flto -flto-partition=none 
UNRESOLVED: gcc.c-torture/execute/builtins/strstr-asm.c execution,  -O2 -flto -flto-partition=none 
FAIL: gcc.c-torture/execute/builtins/strstr-asm.c compilation,  -O2 -flto 
UNRESOLVED: gcc.c-torture/execute/builtins/strstr-asm.c execution,  -O2 -flto 
FAIL: gcc.c-torture/execute/loop-2f.c compilation,  -O0 
UNRESOLVED: gcc.c-torture/execute/loop-2f.c execution,  -O0 
FAIL: gcc.c-torture/execute/loop-2f.c compilation,  -O1 
UNRESOLVED: gcc.c-torture/execute/loop-2f.c execution,  -O1 
FAIL: gcc.c-torture/execute/loop-2f.c compilation,  -O2 
UNRESOLVED: gcc.c-torture/execute/loop-2f.c execution,  -O2 
FAIL: gcc.c-torture/execute/loop-2f.c compilation,  -O3 -fomit-frame-pointer 
UNRESOLVED: gcc.c-torture/execute/loop-2f.c execution,  -O3 -fomit-frame-pointer 
FAIL: gcc.c-torture/execute/loop-2f.c compilation,  -O3 -fomit-frame-pointer -funroll-loops 
UNRESOLVED: gcc.c-torture/execute/loop-2f.c execution,  -O3 -fomit-frame-pointer -funroll-loops 
FAIL: gcc.c-torture/execute/loop-2f.c compilation,  -O3 -fomit-frame-pointer -funroll-all-loops -finline-functions 
UNRESOLVED: gcc.c-torture/execute/loop-2f.c execution,  -O3 -fomit-frame-pointer -funroll-all-loops -finline-functions 
FAIL: gcc.c-torture/execute/loop-2f.c compilation,  -O3 -g 
UNRESOLVED: gcc.c-torture/execute/loop-2f.c execution,  -O3 -g 
FAIL: gcc.c-torture/execute/loop-2f.c compilation,  -Os 
UNRESOLVED: gcc.c-torture/execute/loop-2f.c execution,  -Os 
FAIL: gcc.c-torture/execute/loop-2f.c compilation,  -O2 -flto -flto-partition=none 
UNRESOLVED: gcc.c-torture/execute/loop-2f.c execution,  -O2 -flto -flto-partition=none 
FAIL: gcc.c-torture/execute/loop-2f.c compilation,  -O2 -flto 
UNRESOLVED: gcc.c-torture/execute/loop-2f.c execution,  -O2 -flto 
FAIL: gcc.c-torture/execute/loop-2g.c compilation,  -O0 
UNRESOLVED: gcc.c-torture/execute/loop-2g.c execution,  -O0 
FAIL: gcc.c-torture/execute/loop-2g.c compilation,  -O1 
UNRESOLVED: gcc.c-torture/execute/loop-2g.c execution,  -O1 
FAIL: gcc.c-torture/execute/loop-2g.c compilation,  -O2 
UNRESOLVED: gcc.c-torture/execute/loop-2g.c execution,  -O2 
FAIL: gcc.c-torture/execute/loop-2g.c compilation,  -O3 -fomit-frame-pointer 
UNRESOLVED: gcc.c-torture/execute/loop-2g.c execution,  -O3 -fomit-frame-pointer 
FAIL: gcc.c-torture/execute/loop-2g.c compilation,  -O3 -fomit-frame-pointer -funroll-loops 
UNRESOLVED: gcc.c-torture/execute/loop-2g.c execution,  -O3 -fomit-frame-pointer -funroll-loops 
FAIL: gcc.c-torture/execute/loop-2g.c compilation,  -O3 -fomit-frame-pointer -funroll-all-loops -finline-functions 
UNRESOLVED: gcc.c-torture/execute/loop-2g.c execution,  -O3 -fomit-frame-pointer -funroll-all-loops -finline-functions 
FAIL: gcc.c-torture/execute/loop-2g.c compilation,  -O3 -g 
UNRESOLVED: gcc.c-torture/execute/loop-2g.c execution,  -O3 -g 
FAIL: gcc.c-torture/execute/loop-2g.c compilation,  -Os 
UNRESOLVED: gcc.c-torture/execute/loop-2g.c execution,  -Os 
FAIL: gcc.c-torture/execute/loop-2g.c compilation,  -O2 -flto -flto-partition=none 
UNRESOLVED: gcc.c-torture/execute/loop-2g.c execution,  -O2 -flto -flto-partition=none 
FAIL: gcc.c-torture/execute/loop-2g.c compilation,  -O2 -flto 
UNRESOLVED: gcc.c-torture/execute/loop-2g.c execution,  -O2 -flto 
FAIL: tmpdir-gcc.dg-struct-layout-1/t028 c_compat_x_tst.o-c_compat_y_tst.o link
UNRESOLVED: tmpdir-gcc.dg-struct-layout-1/t028 c_compat_x_tst.o-c_compat_y_tst.o execute 
FAIL: gcc.dg/20030711-1.c (test for excess errors)
WARNING: gcc.dg/20030711-1.c compilation failed to produce executable
FAIL: gcc.dg/20050826-1.c (test for excess errors)
WARNING: gcc.dg/20050826-1.c compilation failed to produce executable
FAIL: gcc.dg/sms-2.c scan-rtl-dump-times sms "SMS succeeded" 1
FAIL: gcc.dg/sms-3.c scan-rtl-dump-times sms "SMS succeeded" 1
FAIL: gcc.dg/lto/20110201-1 c_lto_20110201-1_0.o-c_lto_20110201-1_0.o link,  -O0 -flto 
UNRESOLVED: gcc.dg/lto/20110201-1 c_lto_20110201-1_0.o-c_lto_20110201-1_0.o execute  -O0 -flto 
FAIL: gcc.dg/tls/alias-1.c (test for excess errors)
FAIL: gcc.dg/tree-ssa/forwprop-5.c scan-tree-dump-times optimized "disappear" 0
FAIL: gcc.dg/tree-ssa/vrp47.c scan-tree-dump-times dom1 "x[^ ]* & y" 1
FAIL: gcc.dg/tree-ssa/vrp47.c scan-tree-dump-times vrp1 "x[^ ]* \\^ 1" 1
FAIL: gcc.dg/vect/pr49038.c (test for excess errors)
WARNING: gcc.dg/vect/pr49038.c compilation failed to produce executable
FAIL: gcc.dg/vect/pr49771.c execution test
FAIL: gcc.dg/vect/vect-70.c execution test
FAIL: gcc.dg/vect/vect-outer-4f.c execution test
FAIL: gcc.dg/vect/vect-outer-4g.c execution test
FAIL: gcc.dg/vect/vect-outer-4k.c execution test
FAIL: gcc.dg/vect/vect-outer-4l.c execution test
FAIL: gcc.dg/vect/pr49038.c -flto (test for excess errors)
WARNING: gcc.dg/vect/pr49038.c -flto compilation failed to produce executable
FAIL: gcc.dg/vect/pr49771.c -flto execution test
FAIL: gcc.dg/vect/vect-70.c -flto execution test
FAIL: gcc.dg/vect/vect-outer-4f.c -flto execution test
FAIL: gcc.dg/vect/vect-outer-4g.c -flto execution test
FAIL: gcc.dg/vect/vect-outer-4k.c -flto execution test
FAIL: gcc.dg/vect/vect-outer-4l.c -flto execution test

		=== gcc Summary ===

# of expected passes		72510
# of unexpected failures	46
# of expected failures		225
# of unresolved testcases	24
# of unsupported tests		1183
/home/kwerner/dailybuild/spu-tc-2011-07-26/gcc-build/gcc/xgcc  version 4.7.0 20110726 (experimental) (GCC) 

		=== gfortran tests ===


Running target cell-native
FAIL: gfortran.dg/forall_7.f90  -O3 -fomit-frame-pointer -funroll-loops  execution test
FAIL: gfortran.dg/scratch_1.f90  -O0  execution test
FAIL: gfortran.dg/scratch_1.f90  -O1  execution test
FAIL: gfortran.dg/scratch_1.f90  -O2  execution test
FAIL: gfortran.dg/scratch_1.f90  -O3 -fomit-frame-pointer  execution test
FAIL: gfortran.dg/scratch_1.f90  -O3 -fomit-frame-pointer -funroll-loops  execution test
FAIL: gfortran.dg/scratch_1.f90  -O3 -fomit-frame-pointer -funroll-all-loops -finline-functions  execution test
FAIL: gfortran.dg/scratch_1.f90  -O3 -g  execution test
FAIL: gfortran.dg/scratch_1.f90  -Os  execution test

		=== gfortran Summary ===

# of expected passes		37818
# of unexpected failures	9
# of expected failures		102
# of unsupported tests		499
/home/kwerner/dailybuild/spu-tc-2011-07-26/gcc-build/gcc/testsuite/gfortran/../../gfortran  version 4.7.0 20110726 (experimental) (GCC) 


Compiler version: 4.7.0 20110726 (experimental) (GCC) 
Platform: spu-unknown-elf
configure flags: --target=spu --disable-nls --enable-languages=c,c++,fortran --with-newlib --with-headers --enable-version-specific-runtime-libs --prefix=/home/kwerner/dailybuild/spu-tc-2011-07-26/spu-toolchain

############################################################
# Binutils test suite results                              #
############################################################
Target is spu-unknown-elf
Host   is powerpc64-unknown-linux-gnu

		=== binutils tests ===


Running target unix
WARNING: Assuming target board is the local machine (which is probably wrong).

		=== binutils Summary ===

# of expected passes		80
# of unsupported tests		6
Host   is powerpc64-unknown-linux-gnu

		=== gas tests ===


Running target unix
WARNING: Assuming target board is the local machine (which is probably wrong).

		=== gas Summary ===

# of expected passes		121
Host   is powerpc64-unknown-linux-gnu

		=== ld tests ===


Running target unix
WARNING: Assuming target board is the local machine (which is probably wrong).

		=== ld Summary ===

# of expected passes		202
# of expected failures		9
# of untested testcases		1
# of unsupported tests		3

Platform: spu-unknown-elf
configure flags: --target=spu --prefix=/home/kwerner/dailybuild/spu-tc-2011-07-26/spu-toolchain

############################################################
# GDB test suite results                                   #
############################################################
Native configuration is powerpc64-unknown-linux-gnu

		=== gdb tests ===


Running target cell-native
FAIL: gdb.base/callfuncs.exp: p t_float_complex_values(fc1, fc2)
FAIL: gdb.base/callfuncs.exp: p t_float_complex_many_args(fc1, fc2, fc3, fc4, fc1, fc2, fc3, fc4, fc1, fc2, fc3, fc4, fc1, fc2, fc3, fc4)
FAIL: gdb.base/callfuncs.exp: p t_double_complex_values(dc1, dc2)
FAIL: gdb.base/callfuncs.exp: p t_double_complex_many_args(dc1, dc2, dc3, dc4, dc1, dc2, dc3, dc4, dc1, dc2, dc3, dc4, dc1, dc2, dc3, dc4)
FAIL: gdb.base/callfuncs.exp: p t_long_double_complex_values(ldc1, ldc2)
FAIL: gdb.base/callfuncs.exp: p t_long_double_complex_many_args(ldc1, ldc2, ldc3, ldc4, ldc1, ldc2, ldc3, ldc4, ldc1, ldc2, ldc3, ldc4, ldc1, ldc2, ldc3, ldc4)
FAIL: gdb.base/callfuncs.exp: call inferior func with struct - returns double _Complex
FAIL: gdb.base/frame-args.exp: frame 1 with print frame-arguments set to scalars
FAIL: gdb.base/interrupt.exp: call function when asleep (wrong output)
FAIL: gdb.base/interrupt.exp: echo data
FAIL: gdb.base/interrupt.exp: Send Control-C, second time
FAIL: gdb.base/interrupt.exp: signal SIGINT (the program is no longer running)
FAIL: gdb.base/interrupt.exp: send end of file
FAIL: one_jit_test-1 info function jit_function
FAIL: one_jit_test-2 info function jit_function
FAIL: one_jit_test-1 info function jit_function
FAIL: one_jit_test-2 info function jit_function
FAIL: gdb.base/longjmp.exp: next over longjmp(1)
FAIL: gdb.base/longjmp.exp: next over call_longjmp (2)
FAIL: gdb.base/longjmp.exp: next over patt3
FAIL: gdb.base/macscp.exp: info macro FROM_COMMANDLINE
FAIL: gdb.base/recurse.exp: continue to second instance watchpoint, first time
FAIL: gdb.base/recurse.exp: continue to recurse (a = 4)
FAIL: gdb.base/recurse.exp: continue to recurse (a = 3)
FAIL: gdb.base/recurse.exp: continue to recurse (a = 2)
FAIL: gdb.base/recurse.exp: continue to recurse (a = 1)
FAIL: gdb.base/recurse.exp: continue to second instance watchpoint, second time
FAIL: gdb.base/recurse.exp: second instance watchpoint deleted when leaving scope
FAIL: gdb.base/recurse.exp: continue to first instance watchpoint, second time
FAIL: gdb.base/recurse.exp: first instance watchpoint deleted when leaving scope (the program exited)
FAIL: gdb.base/siginfo-infcall.exp: continue to the handler
FAIL: gdb.base/varargs.exp: print find_max_float_real(4, fc1, fc2, fc3, fc4)
FAIL: gdb.base/varargs.exp: print find_max_double_real(4, dc1, dc2, dc3, dc4)
FAIL: gdb.base/varargs.exp: print find_max_long_double_real(4, ldc1, ldc2, ldc3, ldc4)
FAIL: gdb.base/watch-read.exp: read watchpoint triggers when value doesn't change, trapping reads and writes
FAIL: gdb.base/watch-read.exp: only read watchpoint triggers when value doesn't change
FAIL: gdb.base/watch-vfork.exp: Watchpoint triggers after vfork (sw) (timeout)
FAIL: gdb.base/watchpoint.exp: next over buffer set
FAIL: gdb.base/watchpoint.exp: next over global_ptr_ptr buffer set
FAIL: gdb.base/watchpoint.exp: next over global_ptr_ptr pointer advance
FAIL: gdb.base/watchpoints.exp: watchpoint hit, first time
FAIL: gdb.base/watchpoints.exp: watchpoint hit, first time
FAIL: gdb.base/watchpoints.exp: Watchpoint hit count is 1
FAIL: gdb.base/watchpoints.exp: watchpoint ival1 hit, second time
FAIL: gdb.base/watchpoints.exp: Watchpoint ival1 hit count is 2
FAIL: gdb.base/watchpoints.exp: watchpoint hit, second time
FAIL: gdb.base/watchpoints.exp: Watchpoint hit count is 2
FAIL: gdb.base/watchpoints.exp: watchpoint ival1 hit, third time
FAIL: gdb.base/watchpoints.exp: Watchpoint ival1 hit count is 3
FAIL: gdb.base/watchpoints.exp: watchpoint hit, third time (the program exited)
FAIL: gdb.base/watchpoints.exp: Watchpoint hit count is 3
FAIL: gdb.base/watchpoints.exp: watchpoint hit, fourth time (the program is no longer running)
FAIL: gdb.base/watchpoints.exp: Watchpoint hit count is 4
FAIL: gdb.base/watchpoints.exp: watchpoint hit, fifth time (the program is no longer running)
FAIL: gdb.cp/abstract-origin.exp: p problem
FAIL: gdb.cp/anon-struct.exp: print type of t::t
FAIL: gdb.cp/anon-struct.exp: print type of X::t2::t2
FAIL: gdb.cp/anon-struct.exp: print type of t3::~t3
FAIL: gdb.cp/namespace.exp: whatis C::cOtherFileType
FAIL: gdb.cp/namespace.exp: whatis ::C::cOtherFileType
FAIL: gdb.cp/namespace.exp: whatis C::cOtherFileVar
FAIL: gdb.cp/namespace.exp: whatis ::C::cOtherFileVar
FAIL: gdb.cp/namespace.exp: print C::cOtherFileVar
FAIL: gdb.cp/namespace.exp: print ::C::cOtherFileVar
FAIL: gdb.cp/templates.exp: ptype empty
FAIL: gdb.cp/templates.exp: ptype arg
FAIL: gdb.dwarf2/dw2-ranges.exp: info line main
FAIL: gdb.dwarf2/dw2-ranges.exp: info line main2
FAIL: gdb.fortran/array-element.exp: continue to breakpoint once again (the program exited)
FAIL: gdb.fortran/array-element.exp: print the second element of array a
FAIL: gdb.fortran/library-module.exp: print var_i in lib
FAIL: gdb.fortran/library-module.exp: print var_k
FAIL: gdb.fortran/module.exp: stopped language detection
FAIL: gdb.fortran/module.exp: fully qualified name of DW_TAG_constant
FAIL: gdb.fortran/module.exp: print var_a
FAIL: gdb.fortran/module.exp: print var_c
FAIL: gdb.fortran/module.exp: print var_d
FAIL: gdb.fortran/module.exp: print var_y
FAIL: gdb.fortran/module.exp: print var_x value 31
FAIL: gdb.fortran/module.exp: complete modm
FAIL: gdb.fortran/module.exp: complete modmany
FAIL: gdb.fortran/module.exp: complete modmany::
FAIL: gdb.fortran/module.exp: complete modmany::var
FAIL: gdb.fortran/module.exp: setting breakpoint at module
FAIL: gdb.fortran/multi-dim.exp: print type of unbound array
FAIL: gdb.java/jprint.exp: print a java.lang.String
FAIL: gdb.mi/mi-nonstop.exp: breakpoint at marker
FAIL: gdb.mi/mi-nsintrall.exp: breakpoint at thread_function
FAIL: gdb.mi/mi-nsmoribund.exp: breakpoint at thread_function
FAIL: gdb.mi/mi-nsthrexec.exp: breakpoint at thread_execler
FAIL: gdb.mi/mi-var-cmd.exp: in-and-out-of-scope: in scope now
FAIL: gdb.modula2/unbounded-array.exp: print unbounded array contents
FAIL: gdb.objc/objcdecode.exp: continue after break on multiply defined symbol (GDB internal error)
FAIL: gdb.opt/clobbered-registers-O2.exp: print operand0
FAIL: gdb.opt/clobbered-registers-O2.exp: print operand1
FAIL: gdb.opt/inline-bt.exp: continue to bar (1)
FAIL: gdb.opt/inline-bt.exp: continue to bar (2)
FAIL: gdb.opt/inline-bt.exp: continue to bar (3)
FAIL: gdb.opt/inline-cmds.exp: continue to bar (1)
FAIL: gdb.opt/inline-cmds.exp: continue to bar (2)
FAIL: gdb.opt/inline-cmds.exp: continue to marker
FAIL: gdb.opt/inline-cmds.exp: step into finish marker
FAIL: gdb.opt/inline-cmds.exp: enter inlined_fn from noinline
FAIL: gdb.opt/inline-cmds.exp: backtrace at inlined_fn from noinline
FAIL: gdb.opt/inline-cmds.exp: inlined_fn from noinline inlined
FAIL: gdb.opt/inline-cmds.exp: up to noinline
FAIL: gdb.opt/inline-cmds.exp: noinline from outer_inline1 not inlined
FAIL: gdb.opt/inline-cmds.exp: up to outer_inline1
FAIL: gdb.opt/inline-cmds.exp: outer_inline1 inlined
FAIL: gdb.opt/inline-cmds.exp: up to outer_inline2
FAIL: gdb.opt/inline-cmds.exp: outer_inline2 inlined
FAIL: gdb.opt/inline-cmds.exp: up from outer_inline2
FAIL: gdb.opt/inline-cmds.exp: main not inlined
FAIL: gdb.opt/inline-locals.exp: continue to bar (1)
FAIL: gdb.opt/inline-locals.exp: continue to bar (2)
FAIL: gdb.opt/inline-locals.exp: continue to bar (3)
FAIL: gdb.python/py-frame-inline.exp: info frame
FAIL: gdb.python/py-frame-inline.exp: up
FAIL: gdb.threads/tls.exp: at least one th in spin while stopped at first th
FAIL: gdb.threads/tls.exp: at least one th in spin while stopped at second th
FAIL: gdb.trace/tfile.exp: print constglob on trace file

		=== gdb Summary ===

# of expected passes		25386
# of unexpected failures	121
# of expected failures		85
# of known failures		73
# of untested testcases		12
# of unsupported tests		65
/home/kwerner/dailybuild/spu-tc-2011-07-26/gdb-build/gdb/testsuite/../../gdb/gdb version  7.3.50.20110726-cvs -nw -nx -data-directory /home/kwerner/dailybuild/spu-tc-2011-07-26/gdb-build/gdb/testsuite/../data-directory 


Platform: powerpc64-unknown-linux-gnu
configure flags: --enable-targets=spu --with-expat --disable-nls --disable-install-libbfd --prefix=/home/kwerner/dailybuild/spu-tc-2011-07-26/spu-toolchain



More information about the Gcc-testresults mailing list