Results for 4.7.0 20110726 (experimental) [trunk revision 176778] (GCC) testsuite on i386-pc-solaris2.10

Sean McGovern sean@seanmcgovern.ca
Tue Jul 26 08:48:00 GMT 2011


\$ uname -a
SunOS tsukimi 5.10 Generic_142910-17 i86pc i386 i86pc

\$ cat /etc/release
                    Oracle Solaris 10 9/10 s10x_u9wos_14a X86
     Copyright (c) 2010, Oracle and/or its affiliates. All rights reserved.
                            Assembled 11 August 2010

\$ /usr/local/bin/as --version
GNU assembler (GNU Binutils) 2.21.1

\$ /usr/ccs/bin/ld -V
ld: Software Generation Utilities - Solaris Link Editors: 5.10-1.500

\$ /usr/sbin/psrinfo -pv
The physical processor has 1 virtual processor (0)
  x86 (GenuineIntel family 6 model 23 step 6 clock 2393 MHz)
        Intel(r) Core(tm)2 Duo CPU     T8300  @ 2.40GHz
The physical processor has 1 virtual processor (1)
  x86 (GenuineIntel family 6 model 23 step 6 clock 2393 MHz)
        Intel(r) Core(tm)2 Duo CPU     T8300  @ 2.40GHz

Bootstrapped with :

\$ /usr/sfw/bin/gcc -v
Reading specs from /usr/sfw/lib/gcc/i386-pc-solaris2.10/3.4.3/specs
Configured with: /builds/sfw10-gate/usr/src/cmd/gcc/gcc-3.4.3/configure --prefix=/usr/sfw --with-as=/usr/sfw/bin/gas --with-gnu-as --with-ld=/usr/ccs/bin/ld --without-gnu-ld --enable-languages=c,c++ --enable-shared
Thread model: posix
gcc version 3.4.3 (csl-sol210-3_4-branch+sol_rpath)

********
LAST_UPDATED: Tue Jul 26 00:20:57 UTC 2011 (revision 176778)

Native configuration is i386-pc-solaris2.10

		=== g++ tests ===


Running target unix/-m32
FAIL: g++.dg/tree-prof/partition2.C compilation,  -Os  -fprofile-use
UNRESOLVED: g++.dg/tree-prof/partition2.C execution,    -Os  -fprofile-use

		=== g++ Summary for unix/-m32 ===

# of expected passes		27475
# of unexpected failures	1
# of expected failures		158
# of unresolved testcases	1
# of unsupported tests		190

Running target unix/-m64
FAIL: g++.dg/tree-prof/partition2.C compilation,  -Os  -fprofile-use
UNRESOLVED: g++.dg/tree-prof/partition2.C execution,    -Os  -fprofile-use

		=== g++ Summary for unix/-m64 ===

# of expected passes		27704
# of unexpected failures	1
# of expected failures		158
# of unresolved testcases	1
# of unsupported tests		391

		=== g++ Summary ===

# of expected passes		55179
# of unexpected failures	2
# of expected failures		316
# of unresolved testcases	2
# of unsupported tests		581
/BUILD/gcc/obj-176778/gcc/testsuite/g++/../../g++  version 4.7.0 20110726 (experimental) [trunk revision 176778] (GCC) 

		=== gcc tests ===


Running target unix/-m64

		=== gcc Summary for unix/-m64 ===

# of expected passes		7188

Running target unix/-m32

		=== gcc Summary for unix/-m32 ===

# of expected passes		7188

		=== gcc Summary ===

# of expected passes		14376
/BUILD/gcc/obj-176778/gcc/xgcc  version 4.7.0 20110726 (experimental) [trunk revision 176778] (GCC) 

		=== gcc tests ===


Running target unix/-m64

		=== gcc Summary for unix/-m64 ===

# of expected passes		6192

Running target unix/-m32

		=== gcc Summary for unix/-m32 ===

# of expected passes		6192

		=== gcc Summary ===

# of expected passes		12384
/BUILD/gcc/obj-176778/gcc/xgcc  version 4.7.0 20110726 (experimental) [trunk revision 176778] (GCC) 

		=== gcc tests ===


Running target unix/-m64

		=== gcc Summary for unix/-m64 ===

# of expected passes		17658
# of expected failures		58
# of unsupported tests		156

Running target unix/-m32

		=== gcc Summary for unix/-m32 ===

# of expected passes		17019
# of expected failures		58
# of unsupported tests		158

		=== gcc Summary ===

# of expected passes		34677
# of expected failures		116
# of unsupported tests		314
/BUILD/gcc/obj-176778/gcc/xgcc  version 4.7.0 20110726 (experimental) [trunk revision 176778] (GCC) 

		=== gcc tests ===


Running target unix/-m64

		=== gcc Summary for unix/-m64 ===

# of expected passes		6172

Running target unix/-m32
FAIL: gcc.c-torture/compile/20010328-1.c  -O2 -flto -flto-partition=none  (test for excess errors)
FAIL: gcc.c-torture/compile/20010328-1.c  -O2 -flto  (test for excess errors)
FAIL: gcc.c-torture/compile/20010329-1.c  -O0  (test for excess errors)
FAIL: gcc.c-torture/compile/20010329-1.c  -O1  (test for excess errors)
FAIL: gcc.c-torture/compile/20010329-1.c  -O2  (test for excess errors)
FAIL: gcc.c-torture/compile/20010329-1.c  -O3 -fomit-frame-pointer  (test for excess errors)
FAIL: gcc.c-torture/compile/20010329-1.c  -O3 -g  (test for excess errors)
FAIL: gcc.c-torture/compile/20010329-1.c  -Os  (test for excess errors)
FAIL: gcc.c-torture/compile/20010329-1.c  -O2 -flto -flto-partition=none  (test for excess errors)
FAIL: gcc.c-torture/compile/20010329-1.c  -O2 -flto  (test for excess errors)
FAIL: gcc.c-torture/compile/20010404-1.c  -O0  (test for excess errors)
FAIL: gcc.c-torture/compile/20010404-1.c  -O1  (test for excess errors)
FAIL: gcc.c-torture/compile/20010404-1.c  -O2  (test for excess errors)
FAIL: gcc.c-torture/compile/20010404-1.c  -O3 -fomit-frame-pointer  (test for excess errors)
FAIL: gcc.c-torture/compile/20010421-1.c  -O3 -fomit-frame-pointer -funroll-loops  (test for excess errors)
FAIL: gcc.c-torture/compile/20010421-1.c  -O3 -fomit-frame-pointer -funroll-all-loops -finline-functions  (test for excess errors)
FAIL: gcc.c-torture/compile/20010421-1.c  -O3 -g  (test for excess errors)
FAIL: gcc.c-torture/compile/20010421-1.c  -Os  (test for excess errors)
FAIL: gcc.c-torture/compile/20010421-1.c  -O2 -flto -flto-partition=none  (test for excess errors)
FAIL: gcc.c-torture/compile/20010421-1.c  -O2 -flto  (test for excess errors)
FAIL: gcc.c-torture/compile/20010423-1.c  -O0  (test for excess errors)
FAIL: gcc.c-torture/compile/20010423-1.c  -O1  (test for excess errors)
FAIL: gcc.c-torture/compile/20010423-1.c  -O2  (test for excess errors)
FAIL: gcc.c-torture/compile/20010423-1.c  -O3 -fomit-frame-pointer  (test for excess errors)
FAIL: gcc.c-torture/compile/20010423-1.c  -O3 -g  (test for excess errors)
FAIL: gcc.c-torture/compile/20010423-1.c  -Os  (test for excess errors)
FAIL: gcc.c-torture/compile/20010423-1.c  -O2 -flto -flto-partition=none  (test for excess errors)
FAIL: gcc.c-torture/compile/20010510-1.c  -Os  (test for excess errors)
FAIL: gcc.c-torture/compile/20010510-1.c  -O2 -flto -flto-partition=none  (test for excess errors)
FAIL: gcc.c-torture/compile/20010510-1.c  -O2 -flto  (test for excess errors)
FAIL: gcc.c-torture/compile/20010518-1.c  -O0  (test for excess errors)
FAIL: gcc.c-torture/compile/20010518-1.c  -O1  (test for excess errors)
FAIL: gcc.c-torture/compile/20010518-1.c  -O2  (test for excess errors)
FAIL: gcc.c-torture/compile/20010518-1.c  -O3 -fomit-frame-pointer  (test for excess errors)
FAIL: gcc.c-torture/compile/20010518-1.c  -O3 -fomit-frame-pointer -funroll-loops  (test for excess errors)
FAIL: gcc.c-torture/compile/20010518-1.c  -O3 -fomit-frame-pointer -funroll-all-loops -finline-functions  (test for excess errors)
FAIL: gcc.c-torture/compile/20010518-1.c  -O3 -g  (test for excess errors)
FAIL: gcc.c-torture/compile/20010518-1.c  -Os  (test for excess errors)
FAIL: gcc.c-torture/compile/20010605-2.c  -O3 -fomit-frame-pointer  (test for excess errors)
FAIL: gcc.c-torture/compile/20010605-2.c  -Os  (test for excess errors)
FAIL: gcc.c-torture/compile/20010605-2.c  -O2 -flto -flto-partition=none  (test for excess errors)
FAIL: gcc.c-torture/compile/20010605-2.c  -O2 -flto  (test for excess errors)
FAIL: gcc.c-torture/compile/20010605-3.c  -O0  (test for excess errors)
FAIL: gcc.c-torture/compile/20010605-3.c  -O1  (test for excess errors)
FAIL: gcc.c-torture/compile/20010605-3.c  -O2  (test for excess errors)
FAIL: gcc.c-torture/compile/20010605-3.c  -O3 -fomit-frame-pointer  (test for excess errors)
FAIL: gcc.c-torture/compile/20010605-3.c  -O3 -g  (test for excess errors)
FAIL: gcc.c-torture/compile/20010605-3.c  -Os  (test for excess errors)
FAIL: gcc.c-torture/compile/20010605-3.c  -O2 -flto -flto-partition=none  (test for excess errors)
FAIL: gcc.c-torture/compile/20010701-1.c  -O2  (test for excess errors)
FAIL: gcc.c-torture/compile/20010701-1.c  -O3 -fomit-frame-pointer  (test for excess errors)
FAIL: gcc.c-torture/compile/20010701-1.c  -O3 -fomit-frame-pointer -funroll-loops  (test for excess errors)
FAIL: gcc.c-torture/compile/20010701-1.c  -O3 -fomit-frame-pointer -funroll-all-loops -finline-functions  (test for excess errors)
FAIL: gcc.c-torture/compile/20010701-1.c  -O3 -g  (test for excess errors)
FAIL: gcc.c-torture/compile/20010701-1.c  -Os  (test for excess errors)
FAIL: gcc.c-torture/compile/20010701-1.c  -O2 -flto -flto-partition=none  (test for excess errors)
FAIL: gcc.c-torture/compile/20010701-1.c  -O2 -flto  (test for excess errors)
FAIL: gcc.c-torture/compile/20010706-1.c  -O0  (test for excess errors)
FAIL: gcc.c-torture/compile/20010706-1.c  -O1  (test for excess errors)
FAIL: gcc.c-torture/compile/20010714-1.c  -O3 -fomit-frame-pointer -funroll-loops  (test for excess errors)
FAIL: gcc.c-torture/compile/20010714-1.c  -O3 -fomit-frame-pointer -funroll-all-loops -finline-functions  (test for excess errors)
FAIL: gcc.c-torture/compile/20010714-1.c  -O3 -g  (test for excess errors)
FAIL: gcc.c-torture/compile/20010714-1.c  -Os  (test for excess errors)
FAIL: gcc.c-torture/compile/20010714-1.c  -O2 -flto -flto-partition=none  (test for excess errors)
FAIL: gcc.c-torture/compile/20010714-1.c  -O2 -flto  (test for excess errors)
FAIL: gcc.c-torture/compile/20010824-1.c  -O0  (test for excess errors)
FAIL: gcc.c-torture/compile/20010824-1.c  -O1  (test for excess errors)
FAIL: gcc.c-torture/compile/20010824-1.c  -O2  (test for excess errors)
FAIL: gcc.c-torture/compile/20010903-2.c  -O3 -g  (test for excess errors)
FAIL: gcc.c-torture/compile/20010903-2.c  -Os  (test for excess errors)
FAIL: gcc.c-torture/compile/20010903-2.c  -O2 -flto -flto-partition=none  (test for excess errors)
FAIL: gcc.c-torture/compile/20010903-2.c  -O2 -flto  (test for excess errors)
FAIL: gcc.c-torture/compile/20010911-1.c  -O0  (test for excess errors)
FAIL: gcc.c-torture/compile/20010911-1.c  -O1  (test for excess errors)
FAIL: gcc.c-torture/compile/20010911-1.c  -O2  (test for excess errors)
FAIL: gcc.c-torture/compile/20010911-1.c  -O3 -fomit-frame-pointer  (test for excess errors)
FAIL: gcc.c-torture/compile/20010911-1.c  -O3 -g  (test for excess errors)
FAIL: gcc.c-torture/compile/20010911-1.c  -Os  (test for excess errors)
FAIL: gcc.c-torture/compile/20010911-1.c  -O2 -flto -flto-partition=none  (test for excess errors)
FAIL: gcc.c-torture/compile/20011106-1.c  -O3 -fomit-frame-pointer  (test for excess errors)
FAIL: gcc.c-torture/compile/20011106-1.c  -O3 -g  (test for excess errors)
FAIL: gcc.c-torture/compile/20011106-1.c  -Os  (test for excess errors)
FAIL: gcc.c-torture/compile/20011106-1.c  -O2 -flto -flto-partition=none  (test for excess errors)
FAIL: gcc.c-torture/compile/20011106-1.c  -O2 -flto  (test for excess errors)
FAIL: gcc.c-torture/compile/20011106-2.c  -O0  (test for excess errors)
FAIL: gcc.c-torture/compile/20011106-2.c  -O1  (test for excess errors)
FAIL: gcc.c-torture/compile/20011106-2.c  -O2  (test for excess errors)
FAIL: gcc.c-torture/compile/20011106-2.c  -O3 -fomit-frame-pointer  (test for excess errors)
FAIL: gcc.c-torture/compile/20011106-2.c  -O3 -g  (test for excess errors)
FAIL: gcc.c-torture/compile/20011106-2.c  -Os  (test for excess errors)

		=== gcc Summary for unix/-m32 ===

# of expected passes		6082
# of unexpected failures	90

		=== gcc Summary ===

# of expected passes		12254
# of unexpected failures	90
/BUILD/gcc/obj-176778/gcc/xgcc  version 4.7.0 20110726 (experimental) [trunk revision 176778] (GCC) 

		=== gcc tests ===


Running target unix/-m64
FAIL: gcc.c-torture/compile/pr46534.c  -O0  (test for excess errors)
FAIL: gcc.c-torture/compile/pr46534.c  -O1  (test for excess errors)
FAIL: gcc.c-torture/compile/pr46534.c  -O2  (test for excess errors)
FAIL: gcc.c-torture/compile/pr46534.c  -O3 -fomit-frame-pointer  (test for excess errors)
FAIL: gcc.c-torture/compile/pr46534.c  -O3 -g  (test for excess errors)
FAIL: gcc.c-torture/compile/pr46534.c  -Os  (test for excess errors)
FAIL: gcc.c-torture/compile/pr46534.c  -O2 -flto -flto-partition=none  (test for excess errors)
FAIL: gcc.c-torture/compile/pr46534.c  -O2 -flto  (test for excess errors)

		=== gcc Summary for unix/-m64 ===

# of expected passes		6726
# of unexpected failures	8
# of unsupported tests		10

Running target unix/-m32
FAIL: gcc.c-torture/compile/pr32169.c  -O1  (test for excess errors)
FAIL: gcc.c-torture/compile/pr32169.c  -O2  (test for excess errors)
FAIL: gcc.c-torture/compile/pr32169.c  -O3 -fomit-frame-pointer  (test for excess errors)
FAIL: gcc.c-torture/compile/pr32169.c  -O3 -g  (test for excess errors)
FAIL: gcc.c-torture/compile/pr32169.c  -Os  (test for excess errors)
FAIL: gcc.c-torture/compile/pr32169.c  -O2 -flto -flto-partition=none  (test for excess errors)
FAIL: gcc.c-torture/compile/pr32169.c  -O2 -flto  (test for excess errors)
FAIL: gcc.c-torture/compile/pr32349.c  -O0  (test for excess errors)
FAIL: gcc.c-torture/compile/pr32372.c  -O1  (test for excess errors)
FAIL: gcc.c-torture/compile/pr32372.c  -O2  (test for excess errors)
FAIL: gcc.c-torture/compile/pr32372.c  -O3 -fomit-frame-pointer  (test for excess errors)
FAIL: gcc.c-torture/compile/pr32372.c  -O3 -g  (test for excess errors)
FAIL: gcc.c-torture/compile/pr32372.c  -Os  (test for excess errors)
FAIL: gcc.c-torture/compile/pr32372.c  -O2 -flto -flto-partition=none  (test for excess errors)
FAIL: gcc.c-torture/compile/pr32372.c  -O2 -flto  (test for excess errors)
FAIL: gcc.c-torture/compile/pr32399.c  -O0  (test for excess errors)
FAIL: gcc.c-torture/compile/pr32399.c  -O1  (test for excess errors)
FAIL: gcc.c-torture/compile/pr32399.c  -O2  (test for excess errors)
FAIL: gcc.c-torture/compile/pr32399.c  -O3 -fomit-frame-pointer  (test for excess errors)
FAIL: gcc.c-torture/compile/pr32399.c  -O3 -fomit-frame-pointer -funroll-loops  (test for excess errors)
FAIL: gcc.c-torture/compile/pr32399.c  -O3 -fomit-frame-pointer -funroll-all-loops -finline-functions  (test for excess errors)
FAIL: gcc.c-torture/compile/pr32399.c  -O3 -g  (test for excess errors)
FAIL: gcc.c-torture/compile/pr32399.c  -Os  (test for excess errors)
FAIL: gcc.c-torture/compile/pr32399.c  -O2 -flto -flto-partition=none  (test for excess errors)
FAIL: gcc.c-torture/compile/pr32399.c  -O2 -flto  (test for excess errors)
FAIL: gcc.c-torture/compile/pr32453.c  -O0  (test for excess errors)
FAIL: gcc.c-torture/compile/pr32453.c  -O1  (test for excess errors)
FAIL: gcc.c-torture/compile/pr32453.c  -O2  (test for excess errors)
FAIL: gcc.c-torture/compile/pr32453.c  -O3 -fomit-frame-pointer  (test for excess errors)
FAIL: gcc.c-torture/compile/pr32571.c  -O3 -g  (test for excess errors)
FAIL: gcc.c-torture/compile/pr32571.c  -Os  (test for excess errors)
FAIL: gcc.c-torture/compile/pr32571.c  -O2 -flto -flto-partition=none  (test for excess errors)
FAIL: gcc.c-torture/compile/pr32571.c  -O2 -flto  (test for excess errors)
FAIL: gcc.c-torture/compile/pr32584.c  -O0  (test for excess errors)
FAIL: gcc.c-torture/compile/pr32584.c  -O1  (test for excess errors)
FAIL: gcc.c-torture/compile/pr32584.c  -O2  (test for excess errors)
FAIL: gcc.c-torture/compile/pr32584.c  -O3 -fomit-frame-pointer  (test for excess errors)
FAIL: gcc.c-torture/compile/pr32584.c  -O3 -fomit-frame-pointer -funroll-loops  (test for excess errors)
FAIL: gcc.c-torture/compile/pr32584.c  -O3 -fomit-frame-pointer -funroll-all-loops -finline-functions  (test for excess errors)
FAIL: gcc.c-torture/compile/pr32584.c  -O3 -g  (test for excess errors)
FAIL: gcc.c-torture/compile/pr32584.c  -Os  (test for excess errors)
FAIL: gcc.c-torture/compile/pr32584.c  -O2 -flto -flto-partition=none  (test for excess errors)
FAIL: gcc.c-torture/compile/pr32584.c  -O2 -flto  (test for excess errors)
FAIL: gcc.c-torture/compile/pr32606.c  -O0  (test for excess errors)
FAIL: gcc.c-torture/compile/pr32606.c  -O1  (test for excess errors)
FAIL: gcc.c-torture/compile/pr32606.c  -O2  (test for excess errors)
FAIL: gcc.c-torture/compile/pr32606.c  -O3 -fomit-frame-pointer  (test for excess errors)
FAIL: gcc.c-torture/compile/pr32606.c  -O3 -fomit-frame-pointer -funroll-loops  (test for excess errors)
FAIL: gcc.c-torture/compile/pr32606.c  -O3 -fomit-frame-pointer -funroll-all-loops -finline-functions  (test for excess errors)
FAIL: gcc.c-torture/compile/pr35595.c  -O3 -g  (test for excess errors)
FAIL: gcc.c-torture/compile/pr35595.c  -Os  (test for excess errors)
FAIL: gcc.c-torture/compile/pr35595.c  -O2 -flto -flto-partition=none  (test for excess errors)
FAIL: gcc.c-torture/compile/pr41282.c  -O1  (test for excess errors)
FAIL: gcc.c-torture/compile/pr42705.c  -O0  (test for excess errors)
FAIL: gcc.c-torture/compile/pr42705.c  -O1  (test for excess errors)
FAIL: gcc.c-torture/compile/pr42705.c  -O2  (test for excess errors)
FAIL: gcc.c-torture/compile/pr42705.c  -O3 -fomit-frame-pointer  (test for excess errors)
FAIL: gcc.c-torture/compile/pr42705.c  -O3 -g  (test for excess errors)
FAIL: gcc.c-torture/compile/pr42705.c  -Os  (test for excess errors)
FAIL: gcc.c-torture/compile/pr42705.c  -O2 -flto -flto-partition=none  (test for excess errors)
FAIL: gcc.c-torture/compile/pr42705.c  -O2 -flto  (test for excess errors)
FAIL: gcc.c-torture/compile/pr42749.c  -O3 -g  (test for excess errors)
FAIL: gcc.c-torture/compile/pr42749.c  -Os  (test for excess errors)
FAIL: gcc.c-torture/compile/pr42749.c  -O2 -flto -flto-partition=none  (test for excess errors)
FAIL: gcc.c-torture/compile/pr42749.c  -O2 -flto  (test for excess errors)
FAIL: gcc.c-torture/compile/pr42927.c  -O0  (test for excess errors)
FAIL: gcc.c-torture/compile/pr42927.c  -O1  (test for excess errors)
FAIL: gcc.c-torture/compile/pr42927.c  -O2  (test for excess errors)
FAIL: gcc.c-torture/compile/pr42927.c  -O3 -fomit-frame-pointer  (test for excess errors)
FAIL: gcc.c-torture/compile/pr42927.c  -O3 -fomit-frame-pointer -funroll-loops  (test for excess errors)
FAIL: gcc.c-torture/compile/pr42927.c  -O3 -fomit-frame-pointer -funroll-all-loops -finline-functions  (test for excess errors)
FAIL: gcc.c-torture/compile/pr42927.c  -O3 -g  (test for excess errors)
FAIL: gcc.c-torture/compile/pr42927.c  -Os  (test for excess errors)
FAIL: gcc.c-torture/compile/pr42927.c  -O2 -flto -flto-partition=none  (test for excess errors)
FAIL: gcc.c-torture/compile/pr42927.c  -O2 -flto  (test for excess errors)
FAIL: gcc.c-torture/compile/pr42956.c  -O0  (test for excess errors)
FAIL: gcc.c-torture/compile/pr43066.c  -O3 -g  (test for excess errors)
FAIL: gcc.c-torture/compile/pr43066.c  -Os  (test for excess errors)
FAIL: gcc.c-torture/compile/pr43066.c  -O2 -flto -flto-partition=none  (test for excess errors)
FAIL: gcc.c-torture/compile/pr43066.c  -O2 -flto  (test for excess errors)
FAIL: gcc.c-torture/compile/pr43164.c  -O0  (test for excess errors)
FAIL: gcc.c-torture/compile/pr43164.c  -O1  (test for excess errors)
FAIL: gcc.c-torture/compile/pr43164.c  -O2  (test for excess errors)
FAIL: gcc.c-torture/compile/pr43164.c  -O3 -fomit-frame-pointer  (test for excess errors)
FAIL: gcc.c-torture/compile/pr43164.c  -O3 -g  (test for excess errors)
FAIL: gcc.c-torture/compile/pr43164.c  -Os  (test for excess errors)
FAIL: gcc.c-torture/compile/pr43164.c  -O2 -flto -flto-partition=none  (test for excess errors)
FAIL: gcc.c-torture/compile/pr43164.c  -O2 -flto  (test for excess errors)
FAIL: gcc.c-torture/compile/pr43186.c  -O0  (test for excess errors)
FAIL: gcc.c-torture/compile/pr43186.c  -O1  (test for excess errors)
FAIL: gcc.c-torture/compile/pr43186.c  -O2  (test for excess errors)
FAIL: gcc.c-torture/compile/pr43186.c  -O3 -fomit-frame-pointer  (test for excess errors)
FAIL: gcc.c-torture/compile/pr43186.c  -O3 -fomit-frame-pointer -funroll-loops  (test for excess errors)
FAIL: gcc.c-torture/compile/pr43186.c  -O3 -fomit-frame-pointer -funroll-all-loops -finline-functions  (test for excess errors)
FAIL: gcc.c-torture/compile/pr43186.c  -O3 -g  (test for excess errors)
FAIL: gcc.c-torture/compile/pr43186.c  -Os  (test for excess errors)
FAIL: gcc.c-torture/compile/pr43186.c  -O2 -flto -flto-partition=none  (test for excess errors)
FAIL: gcc.c-torture/compile/pr44063.c  -O3 -fomit-frame-pointer  (test for excess errors)
FAIL: gcc.c-torture/compile/pr44063.c  -O3 -g  (test for excess errors)
FAIL: gcc.c-torture/compile/pr44063.c  -Os  (test for excess errors)
FAIL: gcc.c-torture/compile/pr44063.c  -O2 -flto -flto-partition=none  (test for excess errors)
FAIL: gcc.c-torture/compile/pr46534.c  -O0  (test for excess errors)
FAIL: gcc.c-torture/compile/pr46534.c  -O1  (test for excess errors)
FAIL: gcc.c-torture/compile/pr46534.c  -O2  (test for excess errors)
FAIL: gcc.c-torture/compile/pr46534.c  -O3 -fomit-frame-pointer  (test for excess errors)
FAIL: gcc.c-torture/compile/pr46534.c  -O3 -g  (test for excess errors)
FAIL: gcc.c-torture/compile/pr46534.c  -Os  (test for excess errors)
FAIL: gcc.c-torture/compile/pr46534.c  -O2 -flto -flto-partition=none  (test for excess errors)
FAIL: gcc.c-torture/compile/pr46534.c  -O2 -flto  (test for excess errors)
FAIL: gcc.c-torture/execute/builtins/pr22237.c compilation,  -O3 -g 
UNRESOLVED: gcc.c-torture/execute/builtins/pr22237.c execution,  -O3 -g 
FAIL: gcc.c-torture/execute/builtins/pr22237.c compilation,  -Os 
UNRESOLVED: gcc.c-torture/execute/builtins/pr22237.c execution,  -Os 
FAIL: gcc.c-torture/execute/builtins/pr22237.c compilation,  -O2 -flto -flto-partition=none 
UNRESOLVED: gcc.c-torture/execute/builtins/pr22237.c execution,  -O2 -flto -flto-partition=none 
FAIL: gcc.c-torture/execute/builtins/pr22237.c compilation,  -O2 -flto 
UNRESOLVED: gcc.c-torture/execute/builtins/pr22237.c execution,  -O2 -flto 
FAIL: gcc.c-torture/execute/builtins/pr23484-chk.c compilation,  -O0 
UNRESOLVED: gcc.c-torture/execute/builtins/pr23484-chk.c execution,  -O0 
FAIL: gcc.c-torture/execute/builtins/pr23484-chk.c compilation,  -O1 
UNRESOLVED: gcc.c-torture/execute/builtins/pr23484-chk.c execution,  -O1 
FAIL: gcc.c-torture/execute/builtins/pr23484-chk.c compilation,  -O2 
UNRESOLVED: gcc.c-torture/execute/builtins/pr23484-chk.c execution,  -O2 
FAIL: gcc.c-torture/execute/builtins/pr23484-chk.c compilation,  -O3 -fomit-frame-pointer 
UNRESOLVED: gcc.c-torture/execute/builtins/pr23484-chk.c execution,  -O3 -fomit-frame-pointer 
FAIL: gcc.c-torture/execute/builtins/pr23484-chk.c compilation,  -O3 -g 
UNRESOLVED: gcc.c-torture/execute/builtins/pr23484-chk.c execution,  -O3 -g 
FAIL: gcc.c-torture/execute/builtins/pr23484-chk.c compilation,  -Os 
UNRESOLVED: gcc.c-torture/execute/builtins/pr23484-chk.c execution,  -Os 
FAIL: gcc.c-torture/execute/builtins/pr23484-chk.c compilation,  -O2 -flto -flto-partition=none 
UNRESOLVED: gcc.c-torture/execute/builtins/pr23484-chk.c execution,  -O2 -flto -flto-partition=none 
FAIL: gcc.c-torture/execute/builtins/pr23484-chk.c compilation,  -O2 -flto 
UNRESOLVED: gcc.c-torture/execute/builtins/pr23484-chk.c execution,  -O2 -flto 
FAIL: gcc.c-torture/execute/builtins/printf.c compilation,  -O0 
UNRESOLVED: gcc.c-torture/execute/builtins/printf.c execution,  -O0 
FAIL: gcc.c-torture/execute/builtins/printf.c compilation,  -O1 
UNRESOLVED: gcc.c-torture/execute/builtins/printf.c execution,  -O1 
FAIL: gcc.c-torture/execute/builtins/printf.c compilation,  -O2 
UNRESOLVED: gcc.c-torture/execute/builtins/printf.c execution,  -O2 
FAIL: gcc.c-torture/execute/builtins/printf.c compilation,  -O3 -fomit-frame-pointer 
UNRESOLVED: gcc.c-torture/execute/builtins/printf.c execution,  -O3 -fomit-frame-pointer 
FAIL: gcc.c-torture/execute/builtins/printf.c compilation,  -O3 -g 
UNRESOLVED: gcc.c-torture/execute/builtins/printf.c execution,  -O3 -g 
FAIL: gcc.c-torture/execute/builtins/printf.c compilation,  -Os  (internal compiler error)
UNRESOLVED: gcc.c-torture/execute/builtins/printf.c execution,  -Os 
FAIL: gcc.c-torture/execute/builtins/printf.c compilation,  -O2 -flto -flto-partition=none 
UNRESOLVED: gcc.c-torture/execute/builtins/printf.c execution,  -O2 -flto -flto-partition=none 
FAIL: gcc.c-torture/execute/builtins/printf.c compilation,  -O2 -flto 
UNRESOLVED: gcc.c-torture/execute/builtins/printf.c execution,  -O2 -flto 
FAIL: gcc.c-torture/execute/builtins/snprintf-chk.c compilation,  -O0 
UNRESOLVED: gcc.c-torture/execute/builtins/snprintf-chk.c execution,  -O0 
FAIL: gcc.c-torture/execute/builtins/snprintf-chk.c compilation,  -O1 
UNRESOLVED: gcc.c-torture/execute/builtins/snprintf-chk.c execution,  -O1 
FAIL: gcc.c-torture/execute/builtins/snprintf-chk.c compilation,  -O2 
UNRESOLVED: gcc.c-torture/execute/builtins/snprintf-chk.c execution,  -O2 
FAIL: gcc.c-torture/execute/builtins/snprintf-chk.c compilation,  -O3 -fomit-frame-pointer  (internal compiler error)
UNRESOLVED: gcc.c-torture/execute/builtins/snprintf-chk.c execution,  -O3 -fomit-frame-pointer 
FAIL: gcc.c-torture/execute/builtins/snprintf-chk.c compilation,  -O3 -fomit-frame-pointer -funroll-loops 
UNRESOLVED: gcc.c-torture/execute/builtins/snprintf-chk.c execution,  -O3 -fomit-frame-pointer -funroll-loops 
FAIL: gcc.c-torture/execute/builtins/snprintf-chk.c compilation,  -O3 -fomit-frame-pointer -funroll-all-loops -finline-functions 
UNRESOLVED: gcc.c-torture/execute/builtins/snprintf-chk.c execution,  -O3 -fomit-frame-pointer -funroll-all-loops -finline-functions 
FAIL: gcc.c-torture/execute/builtins/snprintf-chk.c compilation,  -O3 -g 
UNRESOLVED: gcc.c-torture/execute/builtins/snprintf-chk.c execution,  -O3 -g 
FAIL: gcc.c-torture/execute/builtins/snprintf-chk.c compilation,  -Os 
UNRESOLVED: gcc.c-torture/execute/builtins/snprintf-chk.c execution,  -Os 
FAIL: gcc.c-torture/execute/builtins/snprintf-chk.c compilation,  -O2 -flto -flto-partition=none 
UNRESOLVED: gcc.c-torture/execute/builtins/snprintf-chk.c execution,  -O2 -flto -flto-partition=none 
FAIL: gcc.c-torture/execute/builtins/snprintf-chk.c compilation,  -O2 -flto 
UNRESOLVED: gcc.c-torture/execute/builtins/snprintf-chk.c execution,  -O2 -flto 
FAIL: gcc.c-torture/execute/builtins/sprintf-chk.c compilation,  -O0 
UNRESOLVED: gcc.c-torture/execute/builtins/sprintf-chk.c execution,  -O0 
FAIL: gcc.c-torture/execute/builtins/sprintf-chk.c compilation,  -O1 
UNRESOLVED: gcc.c-torture/execute/builtins/sprintf-chk.c execution,  -O1 
FAIL: gcc.c-torture/execute/builtins/sprintf-chk.c compilation,  -O2 
UNRESOLVED: gcc.c-torture/execute/builtins/sprintf-chk.c execution,  -O2 
FAIL: gcc.c-torture/execute/builtins/sprintf-chk.c compilation,  -O3 -fomit-frame-pointer 
UNRESOLVED: gcc.c-torture/execute/builtins/sprintf-chk.c execution,  -O3 -fomit-frame-pointer 
FAIL: gcc.c-torture/execute/builtins/sprintf-chk.c compilation,  -O3 -fomit-frame-pointer -funroll-loops 
UNRESOLVED: gcc.c-torture/execute/builtins/sprintf-chk.c execution,  -O3 -fomit-frame-pointer -funroll-loops 
FAIL: gcc.c-torture/execute/builtins/sprintf-chk.c compilation,  -O3 -fomit-frame-pointer -funroll-all-loops -finline-functions 
UNRESOLVED: gcc.c-torture/execute/builtins/sprintf-chk.c execution,  -O3 -fomit-frame-pointer -funroll-all-loops -finline-functions 
FAIL: gcc.c-torture/execute/builtins/sprintf-chk.c compilation,  -O3 -g 
UNRESOLVED: gcc.c-torture/execute/builtins/sprintf-chk.c execution,  -O3 -g 
FAIL: gcc.c-torture/execute/builtins/sprintf-chk.c compilation,  -Os 
UNRESOLVED: gcc.c-torture/execute/builtins/sprintf-chk.c execution,  -Os 
FAIL: gcc.c-torture/execute/builtins/sprintf-chk.c compilation,  -O2 -flto -flto-partition=none 
UNRESOLVED: gcc.c-torture/execute/builtins/sprintf-chk.c execution,  -O2 -flto -flto-partition=none 
FAIL: gcc.c-torture/execute/builtins/sprintf-chk.c compilation,  -O2 -flto 
UNRESOLVED: gcc.c-torture/execute/builtins/sprintf-chk.c execution,  -O2 -flto 
FAIL: gcc.c-torture/execute/builtins/sprintf.c compilation,  -O0 
UNRESOLVED: gcc.c-torture/execute/builtins/sprintf.c execution,  -O0 
FAIL: gcc.c-torture/execute/builtins/sprintf.c compilation,  -O1 
UNRESOLVED: gcc.c-torture/execute/builtins/sprintf.c execution,  -O1 
FAIL: gcc.c-torture/execute/builtins/sprintf.c compilation,  -O2 
UNRESOLVED: gcc.c-torture/execute/builtins/sprintf.c execution,  -O2 
FAIL: gcc.c-torture/execute/builtins/sprintf.c compilation,  -O3 -fomit-frame-pointer 
UNRESOLVED: gcc.c-torture/execute/builtins/sprintf.c execution,  -O3 -fomit-frame-pointer 
FAIL: gcc.c-torture/execute/builtins/sprintf.c compilation,  -O3 -g 
UNRESOLVED: gcc.c-torture/execute/builtins/sprintf.c execution,  -O3 -g 
FAIL: gcc.c-torture/execute/builtins/sprintf.c compilation,  -Os 
UNRESOLVED: gcc.c-torture/execute/builtins/sprintf.c execution,  -Os 
FAIL: gcc.c-torture/execute/builtins/sprintf.c compilation,  -O2 -flto -flto-partition=none 
UNRESOLVED: gcc.c-torture/execute/builtins/sprintf.c execution,  -O2 -flto -flto-partition=none 
FAIL: gcc.c-torture/execute/builtins/sprintf.c compilation,  -O2 -flto 
UNRESOLVED: gcc.c-torture/execute/builtins/sprintf.c execution,  -O2 -flto 
FAIL: gcc.c-torture/execute/builtins/stpcpy-chk.c compilation,  -O0 
UNRESOLVED: gcc.c-torture/execute/builtins/stpcpy-chk.c execution,  -O0 
FAIL: gcc.c-torture/execute/builtins/stpcpy-chk.c compilation,  -O1 
UNRESOLVED: gcc.c-torture/execute/builtins/stpcpy-chk.c execution,  -O1 
FAIL: gcc.c-torture/execute/builtins/stpcpy-chk.c compilation,  -O2 
UNRESOLVED: gcc.c-torture/execute/builtins/stpcpy-chk.c execution,  -O2 
FAIL: gcc.c-torture/execute/builtins/stpcpy-chk.c compilation,  -O3 -fomit-frame-pointer 
UNRESOLVED: gcc.c-torture/execute/builtins/stpcpy-chk.c execution,  -O3 -fomit-frame-pointer 
FAIL: gcc.c-torture/execute/builtins/stpcpy-chk.c compilation,  -O3 -fomit-frame-pointer -funroll-loops 
UNRESOLVED: gcc.c-torture/execute/builtins/stpcpy-chk.c execution,  -O3 -fomit-frame-pointer -funroll-loops 
FAIL: gcc.c-torture/execute/builtins/stpcpy-chk.c compilation,  -O3 -fomit-frame-pointer -funroll-all-loops -finline-functions 
UNRESOLVED: gcc.c-torture/execute/builtins/stpcpy-chk.c execution,  -O3 -fomit-frame-pointer -funroll-all-loops -finline-functions 
FAIL: gcc.c-torture/execute/builtins/stpcpy-chk.c compilation,  -O3 -g 
UNRESOLVED: gcc.c-torture/execute/builtins/stpcpy-chk.c execution,  -O3 -g 
FAIL: gcc.c-torture/execute/builtins/stpcpy-chk.c compilation,  -Os 
UNRESOLVED: gcc.c-torture/execute/builtins/stpcpy-chk.c execution,  -Os 
FAIL: gcc.c-torture/execute/builtins/stpcpy-chk.c compilation,  -O2 -flto -flto-partition=none 
UNRESOLVED: gcc.c-torture/execute/builtins/stpcpy-chk.c execution,  -O2 -flto -flto-partition=none 
FAIL: gcc.c-torture/execute/builtins/stpcpy-chk.c compilation,  -O2 -flto 
UNRESOLVED: gcc.c-torture/execute/builtins/stpcpy-chk.c execution,  -O2 -flto 
FAIL: gcc.c-torture/execute/builtins/strcat-chk.c compilation,  -O0 
UNRESOLVED: gcc.c-torture/execute/builtins/strcat-chk.c execution,  -O0 
FAIL: gcc.c-torture/execute/builtins/strcat-chk.c compilation,  -O1 
UNRESOLVED: gcc.c-torture/execute/builtins/strcat-chk.c execution,  -O1 
FAIL: gcc.c-torture/execute/builtins/strcat-chk.c compilation,  -O2 
UNRESOLVED: gcc.c-torture/execute/builtins/strcat-chk.c execution,  -O2 
FAIL: gcc.c-torture/execute/builtins/strcat-chk.c compilation,  -O3 -fomit-frame-pointer 
UNRESOLVED: gcc.c-torture/execute/builtins/strcat-chk.c execution,  -O3 -fomit-frame-pointer 
FAIL: gcc.c-torture/execute/builtins/strcat-chk.c compilation,  -O3 -fomit-frame-pointer -funroll-loops 
UNRESOLVED: gcc.c-torture/execute/builtins/strcat-chk.c execution,  -O3 -fomit-frame-pointer -funroll-loops 
FAIL: gcc.c-torture/execute/builtins/strcat-chk.c compilation,  -O3 -fomit-frame-pointer -funroll-all-loops -finline-functions 
UNRESOLVED: gcc.c-torture/execute/builtins/strcat-chk.c execution,  -O3 -fomit-frame-pointer -funroll-all-loops -finline-functions 
FAIL: gcc.c-torture/execute/builtins/strcat-chk.c compilation,  -O3 -g 
UNRESOLVED: gcc.c-torture/execute/builtins/strcat-chk.c execution,  -O3 -g 
FAIL: gcc.c-torture/execute/builtins/strcat-chk.c compilation,  -Os 
UNRESOLVED: gcc.c-torture/execute/builtins/strcat-chk.c execution,  -Os 
FAIL: gcc.c-torture/execute/builtins/strcat-chk.c compilation,  -O2 -flto -flto-partition=none 
UNRESOLVED: gcc.c-torture/execute/builtins/strcat-chk.c execution,  -O2 -flto -flto-partition=none 
FAIL: gcc.c-torture/execute/builtins/strcat-chk.c compilation,  -O2 -flto 
UNRESOLVED: gcc.c-torture/execute/builtins/strcat-chk.c execution,  -O2 -flto 
FAIL: gcc.c-torture/execute/builtins/strcat.c compilation,  -O0 
UNRESOLVED: gcc.c-torture/execute/builtins/strcat.c execution,  -O0 
FAIL: gcc.c-torture/execute/builtins/strcat.c compilation,  -O1 
UNRESOLVED: gcc.c-torture/execute/builtins/strcat.c execution,  -O1 
FAIL: gcc.c-torture/execute/builtins/strcat.c compilation,  -O2 
UNRESOLVED: gcc.c-torture/execute/builtins/strcat.c execution,  -O2 
FAIL: gcc.c-torture/execute/builtins/strcat.c compilation,  -O3 -fomit-frame-pointer 
UNRESOLVED: gcc.c-torture/execute/builtins/strcat.c execution,  -O3 -fomit-frame-pointer 
FAIL: gcc.c-torture/execute/builtins/strcat.c compilation,  -O3 -fomit-frame-pointer -funroll-loops 
UNRESOLVED: gcc.c-torture/execute/builtins/strcat.c execution,  -O3 -fomit-frame-pointer -funroll-loops 
FAIL: gcc.c-torture/execute/builtins/strcat.c compilation,  -O3 -fomit-frame-pointer -funroll-all-loops -finline-functions 
UNRESOLVED: gcc.c-torture/execute/builtins/strcat.c execution,  -O3 -fomit-frame-pointer -funroll-all-loops -finline-functions 
FAIL: gcc.c-torture/execute/builtins/strcat.c compilation,  -O3 -g 
UNRESOLVED: gcc.c-torture/execute/builtins/strcat.c execution,  -O3 -g 
FAIL: gcc.c-torture/execute/builtins/strcat.c compilation,  -Os 
UNRESOLVED: gcc.c-torture/execute/builtins/strcat.c execution,  -Os 
FAIL: gcc.c-torture/execute/builtins/strcat.c compilation,  -O2 -flto -flto-partition=none 
UNRESOLVED: gcc.c-torture/execute/builtins/strcat.c execution,  -O2 -flto -flto-partition=none 
FAIL: gcc.c-torture/execute/builtins/strcat.c compilation,  -O2 -flto 
UNRESOLVED: gcc.c-torture/execute/builtins/strcat.c execution,  -O2 -flto 
FAIL: gcc.c-torture/execute/builtins/strchr.c compilation,  -O0 
UNRESOLVED: gcc.c-torture/execute/builtins/strchr.c execution,  -O0 
FAIL: gcc.c-torture/execute/builtins/strchr.c compilation,  -O1 
UNRESOLVED: gcc.c-torture/execute/builtins/strchr.c execution,  -O1 
FAIL: gcc.c-torture/execute/builtins/strchr.c compilation,  -O2 
UNRESOLVED: gcc.c-torture/execute/builtins/strchr.c execution,  -O2 
FAIL: gcc.c-torture/execute/builtins/strchr.c compilation,  -O3 -fomit-frame-pointer 
UNRESOLVED: gcc.c-torture/execute/builtins/strchr.c execution,  -O3 -fomit-frame-pointer 
FAIL: gcc.c-torture/execute/builtins/strchr.c compilation,  -O3 -g 
UNRESOLVED: gcc.c-torture/execute/builtins/strchr.c execution,  -O3 -g 
FAIL: gcc.c-torture/execute/builtins/strchr.c compilation,  -Os 
UNRESOLVED: gcc.c-torture/execute/builtins/strchr.c execution,  -Os 
FAIL: gcc.c-torture/execute/builtins/strchr.c compilation,  -O2 -flto -flto-partition=none 
UNRESOLVED: gcc.c-torture/execute/builtins/strchr.c execution,  -O2 -flto -flto-partition=none 
FAIL: gcc.c-torture/execute/builtins/strchr.c compilation,  -O2 -flto 
UNRESOLVED: gcc.c-torture/execute/builtins/strchr.c execution,  -O2 -flto 
FAIL: gcc.c-torture/execute/builtins/strcmp.c compilation,  -O0 
UNRESOLVED: gcc.c-torture/execute/builtins/strcmp.c execution,  -O0 
FAIL: gcc.c-torture/execute/builtins/strcmp.c compilation,  -O1 
UNRESOLVED: gcc.c-torture/execute/builtins/strcmp.c execution,  -O1 
FAIL: gcc.c-torture/execute/builtins/strcmp.c compilation,  -O2 
UNRESOLVED: gcc.c-torture/execute/builtins/strcmp.c execution,  -O2 
FAIL: gcc.c-torture/execute/builtins/strcmp.c compilation,  -O3 -fomit-frame-pointer 
UNRESOLVED: gcc.c-torture/execute/builtins/strcmp.c execution,  -O3 -fomit-frame-pointer 
FAIL: gcc.c-torture/execute/builtins/strcmp.c compilation,  -O3 -g 
UNRESOLVED: gcc.c-torture/execute/builtins/strcmp.c execution,  -O3 -g 
FAIL: gcc.c-torture/execute/builtins/strcmp.c compilation,  -Os 
UNRESOLVED: gcc.c-torture/execute/builtins/strcmp.c execution,  -Os 
FAIL: gcc.c-torture/execute/builtins/strcmp.c compilation,  -O2 -flto -flto-partition=none 
UNRESOLVED: gcc.c-torture/execute/builtins/strcmp.c execution,  -O2 -flto -flto-partition=none 
FAIL: gcc.c-torture/execute/builtins/strcmp.c compilation,  -O2 -flto 
UNRESOLVED: gcc.c-torture/execute/builtins/strcmp.c execution,  -O2 -flto 
FAIL: gcc.c-torture/execute/builtins/strcpy-2.c compilation,  -O0 
UNRESOLVED: gcc.c-torture/execute/builtins/strcpy-2.c execution,  -O0 
FAIL: gcc.c-torture/execute/builtins/strcpy-2.c compilation,  -O1 
UNRESOLVED: gcc.c-torture/execute/builtins/strcpy-2.c execution,  -O1 
FAIL: gcc.c-torture/execute/builtins/strcpy-2.c compilation,  -O2 
UNRESOLVED: gcc.c-torture/execute/builtins/strcpy-2.c execution,  -O2 
FAIL: gcc.c-torture/execute/builtins/strcpy-2.c compilation,  -O3 -fomit-frame-pointer 
UNRESOLVED: gcc.c-torture/execute/builtins/strcpy-2.c execution,  -O3 -fomit-frame-pointer 
FAIL: gcc.c-torture/execute/builtins/strcpy-2.c compilation,  -O3 -fomit-frame-pointer -funroll-loops 
UNRESOLVED: gcc.c-torture/execute/builtins/strcpy-2.c execution,  -O3 -fomit-frame-pointer -funroll-loops 
FAIL: gcc.c-torture/execute/builtins/strcpy-2.c compilation,  -O3 -fomit-frame-pointer -funroll-all-loops -finline-functions 
UNRESOLVED: gcc.c-torture/execute/builtins/strcpy-2.c execution,  -O3 -fomit-frame-pointer -funroll-all-loops -finline-functions 
FAIL: gcc.c-torture/execute/builtins/strcpy-2.c compilation,  -O3 -g 
UNRESOLVED: gcc.c-torture/execute/builtins/strcpy-2.c execution,  -O3 -g 
FAIL: gcc.c-torture/execute/builtins/strcpy-2.c compilation,  -Os 
UNRESOLVED: gcc.c-torture/execute/builtins/strcpy-2.c execution,  -Os 
FAIL: gcc.c-torture/execute/builtins/strcpy-2.c compilation,  -O2 -flto -flto-partition=none 
UNRESOLVED: gcc.c-torture/execute/builtins/strcpy-2.c execution,  -O2 -flto -flto-partition=none 
FAIL: gcc.c-torture/execute/builtins/strcpy-2.c compilation,  -O2 -flto 
UNRESOLVED: gcc.c-torture/execute/builtins/strcpy-2.c execution,  -O2 -flto 
FAIL: gcc.c-torture/execute/builtins/strcpy-chk.c compilation,  -O0 
UNRESOLVED: gcc.c-torture/execute/builtins/strcpy-chk.c execution,  -O0 
FAIL: gcc.c-torture/execute/builtins/strcpy-chk.c compilation,  -O1 
UNRESOLVED: gcc.c-torture/execute/builtins/strcpy-chk.c execution,  -O1 
FAIL: gcc.c-torture/execute/builtins/strcpy-chk.c compilation,  -O2 
UNRESOLVED: gcc.c-torture/execute/builtins/strcpy-chk.c execution,  -O2 
FAIL: gcc.c-torture/execute/builtins/strcpy-chk.c compilation,  -O3 -fomit-frame-pointer 
UNRESOLVED: gcc.c-torture/execute/builtins/strcpy-chk.c execution,  -O3 -fomit-frame-pointer 
FAIL: gcc.c-torture/execute/builtins/strcpy-chk.c compilation,  -O3 -fomit-frame-pointer -funroll-loops 
UNRESOLVED: gcc.c-torture/execute/builtins/strcpy-chk.c execution,  -O3 -fomit-frame-pointer -funroll-loops 
FAIL: gcc.c-torture/execute/builtins/strcpy-chk.c compilation,  -O3 -fomit-frame-pointer -funroll-all-loops -finline-functions 
UNRESOLVED: gcc.c-torture/execute/builtins/strcpy-chk.c execution,  -O3 -fomit-frame-pointer -funroll-all-loops -finline-functions 
FAIL: gcc.c-torture/execute/builtins/strcpy-chk.c compilation,  -O3 -g 
UNRESOLVED: gcc.c-torture/execute/builtins/strcpy-chk.c execution,  -O3 -g 
FAIL: gcc.c-torture/execute/builtins/strcpy-chk.c compilation,  -Os 
UNRESOLVED: gcc.c-torture/execute/builtins/strcpy-chk.c execution,  -Os 
FAIL: gcc.c-torture/execute/builtins/strcpy-chk.c compilation,  -O2 -flto -flto-partition=none 
UNRESOLVED: gcc.c-torture/execute/builtins/strcpy-chk.c execution,  -O2 -flto -flto-partition=none 
FAIL: gcc.c-torture/execute/builtins/strcpy-chk.c compilation,  -O2 -flto 
UNRESOLVED: gcc.c-torture/execute/builtins/strcpy-chk.c execution,  -O2 -flto 
FAIL: gcc.c-torture/execute/builtins/strcpy.c compilation,  -O0 
UNRESOLVED: gcc.c-torture/execute/builtins/strcpy.c execution,  -O0 
FAIL: gcc.c-torture/execute/builtins/strcpy.c compilation,  -O1 
UNRESOLVED: gcc.c-torture/execute/builtins/strcpy.c execution,  -O1 
FAIL: gcc.c-torture/execute/builtins/strcpy.c compilation,  -O2 
UNRESOLVED: gcc.c-torture/execute/builtins/strcpy.c execution,  -O2 
FAIL: gcc.c-torture/execute/builtins/strcpy.c compilation,  -O3 -fomit-frame-pointer 
UNRESOLVED: gcc.c-torture/execute/builtins/strcpy.c execution,  -O3 -fomit-frame-pointer 
FAIL: gcc.c-torture/execute/builtins/strcpy.c compilation,  -O3 -g 
UNRESOLVED: gcc.c-torture/execute/builtins/strcpy.c execution,  -O3 -g 
FAIL: gcc.c-torture/execute/builtins/strcpy.c compilation,  -Os 
UNRESOLVED: gcc.c-torture/execute/builtins/strcpy.c execution,  -Os 
FAIL: gcc.c-torture/execute/builtins/strcpy.c compilation,  -O2 -flto -flto-partition=none 
UNRESOLVED: gcc.c-torture/execute/builtins/strcpy.c execution,  -O2 -flto -flto-partition=none 
FAIL: gcc.c-torture/execute/builtins/strcpy.c compilation,  -O2 -flto 
UNRESOLVED: gcc.c-torture/execute/builtins/strcpy.c execution,  -O2 -flto 
		=== gcc tests ===


Running target unix/-m64
FAIL: gcc.c-torture/compile/limits-blockid.c  -O3 -g  (test for excess errors)
FAIL: gcc.c-torture/compile/limits-externalid.c  -O3 -g  (test for excess errors)
FAIL: gcc.c-torture/compile/limits-externalid.c  -O2 -flto -flto-partition=none  (test for excess errors)
FAIL: gcc.c-torture/compile/limits-externalid.c  -O2 -flto  (test for excess errors)
FAIL: gcc.c-torture/compile/limits-fndefn.c  -O3 -g  (test for excess errors)

		=== gcc Summary for unix/-m64 ===

# of expected passes		747
# of unexpected failures	5
# of unsupported tests		48

Running target unix/-m32
FAIL: gcc.c-torture/compile/limits-blockid.c  -O3 -g  (test for excess errors)
FAIL: gcc.c-torture/compile/limits-externalid.c  -O3 -g  (test for excess errors)
FAIL: gcc.c-torture/compile/limits-externalid.c  -O2 -flto -flto-partition=none  (test for excess errors)
FAIL: gcc.c-torture/compile/limits-externalid.c  -O2 -flto  (test for excess errors)
FAIL: gcc.c-torture/compile/limits-fndefn.c  -O3 -g  (test for excess errors)
FAIL: gcc.c-torture/compile/limits-structnest.c  -O2 -flto -flto-partition=none  (test for excess errors)
FAIL: gcc.c-torture/compile/limits-structnest.c  -O2 -flto  (test for excess errors)
FAIL: gcc.c-torture/compile/m68k-byte-addr.c  -O0  (test for excess errors)
FAIL: gcc.c-torture/compile/mangle-1.c  -Os  (test for excess errors)
FAIL: gcc.c-torture/compile/mangle-1.c  -O2 -flto -flto-partition=none  (test for excess errors)
		=== libstdc++ tests ===


Running target unix/-m64
ERROR: remote_download to target of /SOURCES/gcc-trunk/libstdc++-v3/testsuite/data/istream_seeks-1.txt to istream_seeks-1.txt: couldn't create error file for command: no space left on device
		=== libstdc++ tests ===


Running target unix/-m64
FAIL: 22_locale/num_put/put/char/14220.cc execution test
FAIL: 22_locale/num_put/put/char/15565.cc (test for excess errors)
UNRESOLVED: 22_locale/num_put/put/char/15565.cc compilation failed to produce executable
FAIL: 22_locale/num_put/put/char/2.cc (test for excess errors)
UNRESOLVED: 22_locale/num_put/put/char/2.cc compilation failed to produce executable
FAIL: 22_locale/num_put/put/char/23953.cc (test for excess errors)
UNRESOLVED: 22_locale/num_put/put/char/23953.cc compilation failed to produce executable
FAIL: 22_locale/num_put/put/char/38196.cc (test for excess errors)
UNRESOLVED: 22_locale/num_put/put/char/38196.cc compilation failed to produce executable
FAIL: 22_locale/num_put/put/char/38210.cc (test for excess errors)
UNRESOLVED: 22_locale/num_put/put/char/38210.cc compilation failed to produce executable
FAIL: 22_locale/num_put/put/char/4.cc (test for excess errors)
UNRESOLVED: 22_locale/num_put/put/char/4.cc compilation failed to produce executable
FAIL: 22_locale/num_put/put/char/6.cc (test for excess errors)
UNRESOLVED: 22_locale/num_put/put/char/6.cc compilation failed to produce executable
FAIL: 22_locale/num_put/put/char/7.cc (test for excess errors)
UNRESOLVED: 22_locale/num_put/put/char/7.cc compilation failed to produce executable
FAIL: 22_locale/num_put/put/char/8.cc (test for excess errors)
UNRESOLVED: 22_locale/num_put/put/char/8.cc compilation failed to produce executable
FAIL: 22_locale/num_put/put/char/9.cc (test for excess errors)
UNRESOLVED: 22_locale/num_put/put/char/9.cc compilation failed to produce executable
FAIL: 22_locale/num_put/put/wchar_t/10.cc (test for excess errors)
UNRESOLVED: 22_locale/num_put/put/wchar_t/10.cc compilation failed to produce executable

Compiler version: 4.7.0 20110726 (experimental) [trunk revision 176778] (GCC) 
Platform: i386-pc-solaris2.10
configure flags: --prefix=/BUILD/gcc/176778 --target=i386-pc-solaris2.10 --with-gnu-as --with-as=/usr/local/bin/as --with-gmp=/local/gcc --with-mpfr=/local/gcc --with-mpc=/local/gcc --disable-libmudflap --disable-libssp --enable-stage1-languages=c --enable-languages=c,c++,lto --program-suffix=-trunk
BOOT_CFLAGS=-g -O2



More information about the Gcc-testresults mailing list