Results for 4.6.2 20110722 (prerelease) [gcc-4_6-branch revision 176643] (GCC) testsuite on sparc-sun-solaris2.8
Rainer Orth
ro@CeBiTec.Uni-Bielefeld.DE
Mon Jul 25 10:31:00 GMT 2011
LAST_UPDATED: Fri Jul 22 19:11:46 UTC 2011 (revision 176643)
=== acats tests ===
=== acats Summary ===
# of expected passes 2321
# of unexpected failures 0
Native configuration is sparc-sun-solaris2.8
=== g++ tests ===
Running target unix
FAIL: g++.dg/cpp0x/lambda/lambda-eh2.C execution test
FAIL: g++.dg/tree-ssa/fwprop-align.C scan-tree-dump-times forwprop2 "& 1" 0
FAIL: g++.dg/tree-ssa/pr8781.C scan-tree-dump fre "Replacing call target with f"
WARNING: program timed out.
FAIL: g++.dg/lto/20091219 cp_lto_20091219_0.o-cp_lto_20091219_0.o link, -O3 -flto
UNRESOLVED: g++.dg/lto/20091219 cp_lto_20091219_0.o-cp_lto_20091219_0.o execute -O3 -flto
FAIL: g++.dg/torture/pr31863.C -O2 -flto (test for excess errors)
=== g++ Summary for unix ===
# of expected passes 26328
# of unexpected failures 5
# of expected failures 166
# of unresolved testcases 1
# of unsupported tests 495
Running target unix/-m64
FAIL: g++.dg/cpp0x/lambda/lambda-eh2.C execution test
FAIL: g++.dg/tree-ssa/fwprop-align.C scan-tree-dump-times forwprop2 "& 1" 0
FAIL: g++.dg/lto/20091219 cp_lto_20091219_0.o-cp_lto_20091219_0.o link, -O3 -flto
UNRESOLVED: g++.dg/lto/20091219 cp_lto_20091219_0.o-cp_lto_20091219_0.o execute -O3 -flto
FAIL: g++.dg/torture/pr31863.C -O2 -flto (test for excess errors)
=== g++ Summary for unix/-m64 ===
# of expected passes 26941
# of unexpected failures 4
# of expected failures 166
# of unresolved testcases 1
# of unsupported tests 492
=== g++ Summary ===
# of expected passes 53269
# of unexpected failures 9
# of expected failures 332
# of unresolved testcases 2
# of unsupported tests 987
/var/gcc/regression/gcc-4.6-branch/8-gcc/build/gcc/testsuite/g++/../../g++ version 4.6.2 20110722 (prerelease) [gcc-4_6-branch revision 176643] (GCC)
=== gcc tests ===
Running target unix
WARNING: program timed out.
FAIL: gcc.c-torture/compile/20000120-1.c -O2 -flto -flto-partition=none (test for excess errors)
WARNING: program timed out.
FAIL: gcc.c-torture/execute/builtins/20010124-1.c compilation, -O2 -flto
UNRESOLVED: gcc.c-torture/execute/builtins/20010124-1.c execution, -O2 -flto
FAIL: gcc.c-torture/execute/20000113-1.c compilation, -O0
UNRESOLVED: gcc.c-torture/execute/20000113-1.c execution, -O0
FAIL: gcc.c-torture/execute/920202-1.c compilation, -O1
UNRESOLVED: gcc.c-torture/execute/920202-1.c execution, -O1
WARNING: program timed out.
WARNING: program timed out.
FAIL: gcc.dg/lto/20110201-1 c_lto_20110201-1_0.o-c_lto_20110201-1_0.o link, -O0 -flto
UNRESOLVED: gcc.dg/lto/20110201-1 c_lto_20110201-1_0.o-c_lto_20110201-1_0.o execute -O0 -flto
=== gcc Summary for unix ===
# of expected passes 69859
# of unexpected failures 5
# of expected failures 235
# of unresolved testcases 4
# of unsupported tests 1230
Running target unix/-m64
=== gcc Summary for unix/-m64 ===
# of expected passes 70447
# of expected failures 227
# of unsupported tests 1240
=== gcc Summary ===
# of expected passes 140306
# of unexpected failures 5
# of expected failures 462
# of unresolved testcases 4
# of unsupported tests 2470
/var/gcc/regression/gcc-4.6-branch/8-gcc/build/gcc/xgcc version 4.6.2 20110722 (prerelease) [gcc-4_6-branch revision 176643] (GCC)
=== gfortran tests ===
Running target unix
FAIL: gfortran.dg/PR19754_2.f90 -O3 -fomit-frame-pointer -funroll-all-loops -finline-functions (test for excess errors)
WARNING: gfortran.dg/PR19754_2.f90 -O3 -fomit-frame-pointer -funroll-all-loops -finline-functions compilation failed to produce executable
FAIL: gfortran.dg/achar_1.f90 -O2 (test for excess errors)
WARNING: gfortran.dg/achar_1.f90 -O2 compilation failed to produce executable
FAIL: gfortran.dg/data_array_1.f90 -O3 -fomit-frame-pointer -funroll-all-loops -finline-functions (test for excess errors)
WARNING: gfortran.dg/data_array_1.f90 -O3 -fomit-frame-pointer -funroll-all-loops -finline-functions compilation failed to produce executable
WARNING: program timed out.
WARNING: program timed out.
WARNING: program timed out.
=== gfortran Summary for unix ===
# of expected passes 38078
# of unexpected failures 3
# of expected failures 43
# of unsupported tests 396
Running target unix/-m64
=== gfortran Summary for unix/-m64 ===
# of expected passes 38363
# of expected failures 43
# of unsupported tests 259
=== gfortran Summary ===
# of expected passes 76441
# of unexpected failures 3
# of expected failures 86
# of unsupported tests 655
/var/gcc/regression/gcc-4.6-branch/8-gcc/build/gcc/testsuite/gfortran/../../gfortran version 4.6.2 20110722 (prerelease) [gcc-4_6-branch revision 176643] (GCC)
=== gnat tests ===
Running target unix
WARNING: program timed out.
FAIL: gnat.dg/addr1.adb (test for excess errors)
=== gnat Summary for unix ===
# of expected passes 869
# of unexpected failures 1
# of expected failures 10
# of unsupported tests 4
Running target unix/-m64
=== gnat Summary for unix/-m64 ===
# of expected passes 870
# of expected failures 10
# of unsupported tests 4
=== gnat Summary ===
# of expected passes 1739
# of unexpected failures 1
# of expected failures 20
# of unsupported tests 8
/var/gcc/regression/gcc-4.6-branch/8-gcc/build/gcc/gnatmake version 4.6.2 20110722 (prerelease) [gcc-4_6-branch revision 176643]
=== objc tests ===
Running target unix
WARNING: program timed out.
FAIL: objc.dg-struct-layout-encoding-1/t001_main.m (test for excess errors)
WARNING: objc.dg-struct-layout-encoding-1/t001_main.m compilation failed to produce executable
WARNING: program timed out.
FAIL: objc/compile/pr18406.m, -O3 -g -fgnu-runtime
WARNING: program timed out.
FAIL: objc/execute/exceptions/finally-1.m compilation, -Os -fgnu-runtime
UNRESOLVED: objc/execute/exceptions/finally-1.m execution, -Os -fgnu-runtime
WARNING: program timed out.
FAIL: objc/execute/_cmd.m compilation, -Os -fgnu-runtime
UNRESOLVED: objc/execute/_cmd.m execution, -Os -fgnu-runtime
=== objc Summary for unix ===
# of expected passes 2909
# of unexpected failures 4
# of expected failures 10
# of unresolved testcases 2
# of unsupported tests 74
Running target unix/-m64
=== objc Summary for unix/-m64 ===
# of expected passes 2916
# of expected failures 10
# of unsupported tests 74
=== objc Summary ===
# of expected passes 5825
# of unexpected failures 4
# of expected failures 20
# of unresolved testcases 2
# of unsupported tests 148
/var/gcc/regression/gcc-4.6-branch/8-gcc/build/gcc/xgcc version 4.6.2 20110722 (prerelease) [gcc-4_6-branch revision 176643] (GCC)
=== libffi tests ===
Running target unix
WARNING: program timed out.
FAIL: libffi.call/cls_align_sint64.c -O0 -W -Wall (test for excess errors)
WARNING: libffi.call/cls_align_sint64.c -O0 -W -Wall compilation failed to produce executable
=== libffi Summary for unix ===
# of expected passes 1631
# of unexpected failures 1
# of expected failures 10
# of unsupported tests 15
Running target unix/-m64
=== libffi Summary for unix/-m64 ===
# of expected passes 1634
# of expected failures 10
# of unsupported tests 15
=== libffi Summary ===
# of expected passes 3265
# of unexpected failures 1
# of expected failures 20
# of unsupported tests 30
=== libgomp tests ===
Running target unix
WARNING: program timed out.
FAIL: libgomp.c/loop-12.c (test for excess errors)
WARNING: libgomp.c/loop-12.c compilation failed to produce executable
=== libgomp Summary for unix ===
# of expected passes 2570
# of unexpected failures 1
# of unsupported tests 10
Running target unix/-m64
=== libgomp Summary for unix/-m64 ===
# of expected passes 2572
# of unsupported tests 10
=== libgomp Summary ===
# of expected passes 5142
# of unexpected failures 1
# of unsupported tests 20
=== libjava tests ===
Running target unix
WARNING: program timed out.
FAIL: linking shortfield
FAIL: InvokeInterface execution - source compiled test
FAIL: InvokeInterface -O3 execution - source compiled test
=== libjava Summary for unix ===
# of expected passes 2568
# of unexpected failures 3
# of expected failures 1
# of untested testcases 2
Running target unix/-m64
FAIL: InvokeInterface execution - source compiled test
FAIL: InvokeInterface -O3 execution - source compiled test
=== libjava Summary for unix/-m64 ===
# of expected passes 2570
# of unexpected failures 2
# of untested testcases 2
=== libjava Summary ===
# of expected passes 5138
# of unexpected failures 5
# of expected failures 1
# of untested testcases 4
=== libstdc++ tests ===
Running target unix
=== libstdc++ Summary for unix ===
# of expected passes 6871
# of expected failures 84
# of unsupported tests 742
Running target unix/-m64
=== libstdc++ Summary for unix/-m64 ===
# of expected passes 6871
# of expected failures 84
# of unsupported tests 742
=== libstdc++ Summary ===
# of expected passes 13742
# of expected failures 168
# of unsupported tests 1484
Compiler version: 4.6.2 20110722 (prerelease) [gcc-4_6-branch revision 176643] (GCC)
Platform: sparc-sun-solaris2.8
configure flags: --prefix=/vol/gcc --target=sparc-sun-solaris2.8 --with-gmp-include=/vol/gcc/include --with-gmp-lib=/vol/gcc/lib --with-mpfr-include=/vol/gcc/include --with-mpfr-lib=/vol/gcc/lib --with-mpc-include=/vol/gcc/include --with-mpc-lib=/vol/gcc/lib --enable-languages=all,ada --without-ppl --without-cloog
BOOT_CFLAGS=-g -O2
More information about the Gcc-testresults
mailing list