Results for 4.7.0 20110722 (experimental) [trunk revision 176647] (GCC) testsuite on sparc-sun-solaris2.11
Rainer Orth
ro@CeBiTec.Uni-Bielefeld.DE
Mon Jul 25 10:29:00 GMT 2011
LAST_UPDATED: Fri Jul 22 19:10:41 UTC 2011 (revision 176647)
=== acats tests ===
=== acats Summary ===
# of expected passes 2321
# of unexpected failures 0
Native configuration is sparc-sun-solaris2.11
=== g++ tests ===
Running target unix
=== g++ Summary for unix ===
# of expected passes 27020
# of expected failures 158
# of unsupported tests 423
Running target unix/-m64
WARNING: program timed out.
FAIL: tmpdir-g++.dg-struct-layout-1/t011 cp_compat_y_tst.o compile
FAIL: g++.dg/debug/const1.C -gstabs1 (test for excess errors)
FAIL: g++.dg/debug/const1.C -gstabs1 -O2 (test for excess errors)
FAIL: g++.dg/debug/const1.C -gstabs1 -O3 (test for excess errors)
FAIL: g++.dg/debug/const1.C -gstabs (test for excess errors)
FAIL: g++.dg/debug/const1.C -gstabs -O2 (test for excess errors)
FAIL: g++.dg/debug/const1.C -gstabs -O3 (test for excess errors)
FAIL: g++.dg/debug/const1.C -gstabs3 (test for excess errors)
FAIL: g++.dg/debug/const1.C -gstabs3 -O2 (test for excess errors)
FAIL: g++.dg/debug/const1.C -gstabs3 -O3 (test for excess errors)
FAIL: g++.dg/debug/const1.C -gstabs+1 (test for excess errors)
FAIL: g++.dg/debug/const1.C -gstabs+1 -O2 (test for excess errors)
FAIL: g++.dg/debug/const1.C -gstabs+1 -O3 (test for excess errors)
FAIL: g++.dg/debug/const1.C -gstabs+ (test for excess errors)
FAIL: g++.dg/debug/const1.C -gstabs+ -O2 (test for excess errors)
FAIL: g++.dg/debug/const1.C -gstabs+ -O3 (test for excess errors)
FAIL: g++.dg/debug/const1.C -gstabs+3 (test for excess errors)
FAIL: g++.dg/debug/const1.C -gstabs+3 -O2 (test for excess errors)
FAIL: g++.dg/debug/const1.C -gstabs+3 -O3 (test for excess errors)
FAIL: g++.dg/debug/debug4.C -gstabs1 (test for excess errors)
FAIL: g++.dg/debug/debug4.C -gstabs1 -O2 (test for excess errors)
FAIL: g++.dg/debug/debug4.C -gstabs1 -O3 (test for excess errors)
FAIL: g++.dg/debug/debug4.C -gstabs (test for excess errors)
FAIL: g++.dg/debug/debug4.C -gstabs -O2 (test for excess errors)
FAIL: g++.dg/debug/debug4.C -gstabs -O3 (test for excess errors)
FAIL: g++.dg/debug/debug4.C -gstabs3 (test for excess errors)
FAIL: g++.dg/debug/debug4.C -gstabs3 -O2 (test for excess errors)
FAIL: g++.dg/debug/debug4.C -gstabs3 -O3 (test for excess errors)
FAIL: g++.dg/debug/debug4.C -gstabs+1 (test for excess errors)
FAIL: g++.dg/debug/debug4.C -gstabs+1 -O2 (test for excess errors)
FAIL: g++.dg/debug/debug4.C -gstabs+1 -O3 (test for excess errors)
FAIL: g++.dg/debug/debug4.C -gstabs+ (test for excess errors)
FAIL: g++.dg/debug/debug4.C -gstabs+ -O2 (test for excess errors)
FAIL: g++.dg/debug/debug4.C -gstabs+ -O3 (test for excess errors)
FAIL: g++.dg/debug/debug4.C -gstabs+3 (test for excess errors)
FAIL: g++.dg/debug/debug4.C -gstabs+3 -O2 (test for excess errors)
FAIL: g++.dg/debug/debug4.C -gstabs+3 -O3 (test for excess errors)
FAIL: g++.dg/debug/pr27657.C -gstabs1 (test for excess errors)
FAIL: g++.dg/debug/pr27657.C -gstabs1 -O2 (test for excess errors)
FAIL: g++.dg/debug/pr27657.C -gstabs1 -O3 (test for excess errors)
FAIL: g++.dg/debug/pr27657.C -gstabs (test for excess errors)
FAIL: g++.dg/debug/pr27657.C -gstabs -O2 (test for excess errors)
FAIL: g++.dg/debug/pr27657.C -gstabs -O3 (test for excess errors)
FAIL: g++.dg/debug/pr27657.C -gstabs3 (test for excess errors)
FAIL: g++.dg/debug/pr27657.C -gstabs3 -O2 (test for excess errors)
FAIL: g++.dg/debug/pr27657.C -gstabs3 -O3 (test for excess errors)
FAIL: g++.dg/debug/pr27657.C -gstabs+1 (test for excess errors)
FAIL: g++.dg/debug/pr27657.C -gstabs+1 -O2 (test for excess errors)
FAIL: g++.dg/debug/pr27657.C -gstabs+1 -O3 (test for excess errors)
FAIL: g++.dg/debug/pr27657.C -gstabs+ (test for excess errors)
FAIL: g++.dg/debug/pr27657.C -gstabs+ -O2 (test for excess errors)
FAIL: g++.dg/debug/pr27657.C -gstabs+ -O3 (test for excess errors)
FAIL: g++.dg/debug/pr27657.C -gstabs+3 (test for excess errors)
FAIL: g++.dg/debug/pr27657.C -gstabs+3 -O2 (test for excess errors)
FAIL: g++.dg/debug/pr27657.C -gstabs+3 -O3 (test for excess errors)
FAIL: g++.dg/debug/trivial.C -gstabs1 (test for excess errors)
WARNING: g++.dg/debug/trivial.C -gstabs1 compilation failed to produce executable
FAIL: g++.dg/debug/trivial.C -gstabs1 -O2 (test for excess errors)
WARNING: g++.dg/debug/trivial.C -gstabs1 -O2 compilation failed to produce executable
FAIL: g++.dg/debug/trivial.C -gstabs1 -O3 (test for excess errors)
WARNING: g++.dg/debug/trivial.C -gstabs1 -O3 compilation failed to produce executable
FAIL: g++.dg/debug/trivial.C -gstabs (test for excess errors)
WARNING: g++.dg/debug/trivial.C -gstabs compilation failed to produce executable
FAIL: g++.dg/debug/trivial.C -gstabs -O2 (test for excess errors)
WARNING: g++.dg/debug/trivial.C -gstabs -O2 compilation failed to produce executable
FAIL: g++.dg/debug/trivial.C -gstabs -O3 (test for excess errors)
WARNING: g++.dg/debug/trivial.C -gstabs -O3 compilation failed to produce executable
FAIL: g++.dg/debug/trivial.C -gstabs3 (test for excess errors)
WARNING: g++.dg/debug/trivial.C -gstabs3 compilation failed to produce executable
FAIL: g++.dg/debug/trivial.C -gstabs3 -O2 (test for excess errors)
WARNING: g++.dg/debug/trivial.C -gstabs3 -O2 compilation failed to produce executable
FAIL: g++.dg/debug/trivial.C -gstabs3 -O3 (test for excess errors)
WARNING: g++.dg/debug/trivial.C -gstabs3 -O3 compilation failed to produce executable
FAIL: g++.dg/debug/trivial.C -gstabs+1 (test for excess errors)
WARNING: g++.dg/debug/trivial.C -gstabs+1 compilation failed to produce executable
FAIL: g++.dg/debug/trivial.C -gstabs+1 -O2 (test for excess errors)
WARNING: g++.dg/debug/trivial.C -gstabs+1 -O2 compilation failed to produce executable
FAIL: g++.dg/debug/trivial.C -gstabs+1 -O3 (test for excess errors)
WARNING: g++.dg/debug/trivial.C -gstabs+1 -O3 compilation failed to produce executable
FAIL: g++.dg/debug/trivial.C -gstabs+ (test for excess errors)
WARNING: g++.dg/debug/trivial.C -gstabs+ compilation failed to produce executable
FAIL: g++.dg/debug/trivial.C -gstabs+ -O2 (test for excess errors)
WARNING: g++.dg/debug/trivial.C -gstabs+ -O2 compilation failed to produce executable
FAIL: g++.dg/debug/trivial.C -gstabs+ -O3 (test for excess errors)
WARNING: g++.dg/debug/trivial.C -gstabs+ -O3 compilation failed to produce executable
FAIL: g++.dg/debug/trivial.C -gstabs+3 (test for excess errors)
WARNING: g++.dg/debug/trivial.C -gstabs+3 compilation failed to produce executable
FAIL: g++.dg/debug/trivial.C -gstabs+3 -O2 (test for excess errors)
WARNING: g++.dg/debug/trivial.C -gstabs+3 -O2 compilation failed to produce executable
FAIL: g++.dg/debug/trivial.C -gstabs+3 -O3 (test for excess errors)
WARNING: g++.dg/debug/trivial.C -gstabs+3 -O3 compilation failed to produce executable
=== g++ Summary for unix/-m64 ===
# of expected passes 27541
# of unexpected failures 73
# of expected failures 158
# of unsupported tests 420
=== g++ Summary ===
# of expected passes 54561
# of unexpected failures 73
# of expected failures 316
# of unsupported tests 843
/var/gcc/regression/trunk/11-gcc-gas-gld/build/gcc/testsuite/g++/../../g++ version 4.7.0 20110722 (experimental) [trunk revision 176647] (GCC)
=== gcc tests ===
Running target unix
FAIL: gcc.c-torture/execute/simd-1.c compilation, -O2 -flto
UNRESOLVED: gcc.c-torture/execute/simd-1.c execution, -O2 -flto
WARNING: program timed out.
FAIL: gcc.dg/lto/20081201-2 c_lto_20081201-2_0.o-c_lto_20081201-2_1.o execute -O3 -flto -flto-partition=1to1
FAIL: gcc.dg/lto/20110201-1 c_lto_20110201-1_0.o-c_lto_20110201-1_0.o link, -O0 -flto
UNRESOLVED: gcc.dg/lto/20110201-1 c_lto_20110201-1_0.o-c_lto_20110201-1_0.o execute -O0 -flto
FAIL: gcc.dg/lto/ipareference2 c_lto_ipareference2_0.o-c_lto_ipareference2_1.o execute -O1 -flto -flto-partition=1to1 -fwhole-program
FAIL: gcc.dg/tree-ssa/vrp47.c scan-tree-dump-times dom1 "x[^ ]* & y" 1
FAIL: gcc.dg/tree-ssa/vrp47.c scan-tree-dump-times vrp1 "x[^ ]* \\^ 1" 1
=== gcc Summary for unix ===
# of expected passes 71941
# of unexpected failures 6
# of expected failures 299
# of unresolved testcases 2
# of unsupported tests 1317
Running target unix/-m64
FAIL: gcc.c-torture/compile/limits-caselabels.c -O3 -fomit-frame-pointer (test for excess errors)
WARNING: program timed out.
FAIL: gcc.c-torture/execute/20020108-1.c compilation, -O2 -flto -flto-partition=none
UNRESOLVED: gcc.c-torture/execute/20020108-1.c execution, -O2 -flto -flto-partition=none
FAIL: gcc.c-torture/execute/980716-1.c compilation, -O3 -fomit-frame-pointer -funroll-loops
UNRESOLVED: gcc.c-torture/execute/980716-1.c execution, -O3 -fomit-frame-pointer -funroll-loops
WARNING: program timed out.
WARNING: program timed out.
WARNING: program timed out.
FAIL: gcc.c-torture/unsorted/BUG16.c, -O3 -g
WARNING: program timed out.
FAIL: tmpdir-gcc.dg-struct-layout-1/t019 c_compat_y_tst.o compile
UNRESOLVED: tmpdir-gcc.dg-struct-layout-1/t019 c_compat_x_tst.o-c_compat_y_tst.o link
UNRESOLVED: tmpdir-gcc.dg-struct-layout-1/t019 c_compat_x_tst.o-c_compat_y_tst.o execute
WARNING: program timed out.
FAIL: gcc.dg/cpp/trad/maccom1.c (test for excess errors)
FAIL: gcc.dg/debug/20020220-1.c -gstabs1 (test for excess errors)
WARNING: gcc.dg/debug/20020220-1.c -gstabs1 compilation failed to produce executable
FAIL: gcc.dg/debug/20020220-1.c -gstabs1 -O (test for excess errors)
WARNING: gcc.dg/debug/20020220-1.c -gstabs1 -O compilation failed to produce executable
FAIL: gcc.dg/debug/20020220-1.c -gstabs1 -O3 (test for excess errors)
WARNING: gcc.dg/debug/20020220-1.c -gstabs1 -O3 compilation failed to produce executable
FAIL: gcc.dg/debug/20020220-1.c -gstabs (test for excess errors)
WARNING: gcc.dg/debug/20020220-1.c -gstabs compilation failed to produce executable
FAIL: gcc.dg/debug/20020220-1.c -gstabs -O (test for excess errors)
WARNING: gcc.dg/debug/20020220-1.c -gstabs -O compilation failed to produce executable
FAIL: gcc.dg/debug/20020220-1.c -gstabs -O3 (test for excess errors)
WARNING: gcc.dg/debug/20020220-1.c -gstabs -O3 compilation failed to produce executable
FAIL: gcc.dg/debug/20020220-1.c -gstabs3 (test for excess errors)
WARNING: gcc.dg/debug/20020220-1.c -gstabs3 compilation failed to produce executable
FAIL: gcc.dg/debug/20020220-1.c -gstabs3 -O (test for excess errors)
WARNING: gcc.dg/debug/20020220-1.c -gstabs3 -O compilation failed to produce executable
FAIL: gcc.dg/debug/20020220-1.c -gstabs3 -O3 (test for excess errors)
WARNING: gcc.dg/debug/20020220-1.c -gstabs3 -O3 compilation failed to produce executable
FAIL: gcc.dg/debug/20020220-1.c -gstabs+1 (test for excess errors)
WARNING: gcc.dg/debug/20020220-1.c -gstabs+1 compilation failed to produce executable
FAIL: gcc.dg/debug/20020220-1.c -gstabs+1 -O (test for excess errors)
WARNING: gcc.dg/debug/20020220-1.c -gstabs+1 -O compilation failed to produce executable
FAIL: gcc.dg/debug/20020220-1.c -gstabs+1 -O3 (test for excess errors)
WARNING: gcc.dg/debug/20020220-1.c -gstabs+1 -O3 compilation failed to produce executable
FAIL: gcc.dg/debug/20020220-1.c -gstabs+ (test for excess errors)
WARNING: gcc.dg/debug/20020220-1.c -gstabs+ compilation failed to produce executable
FAIL: gcc.dg/debug/20020220-1.c -gstabs+ -O (test for excess errors)
WARNING: gcc.dg/debug/20020220-1.c -gstabs+ -O compilation failed to produce executable
FAIL: gcc.dg/debug/20020220-1.c -gstabs+ -O3 (test for excess errors)
WARNING: gcc.dg/debug/20020220-1.c -gstabs+ -O3 compilation failed to produce executable
FAIL: gcc.dg/debug/20020220-1.c -gstabs+3 (test for excess errors)
WARNING: gcc.dg/debug/20020220-1.c -gstabs+3 compilation failed to produce executable
FAIL: gcc.dg/debug/20020220-1.c -gstabs+3 -O (test for excess errors)
WARNING: gcc.dg/debug/20020220-1.c -gstabs+3 -O compilation failed to produce executable
FAIL: gcc.dg/debug/20020220-1.c -gstabs+3 -O3 (test for excess errors)
WARNING: gcc.dg/debug/20020220-1.c -gstabs+3 -O3 compilation failed to produce executable
FAIL: gcc.dg/debug/20020327-1.c -gstabs1 (test for excess errors)
FAIL: gcc.dg/debug/20020327-1.c -gstabs1 -O (test for excess errors)
FAIL: gcc.dg/debug/20020327-1.c -gstabs1 -O3 (test for excess errors)
FAIL: gcc.dg/debug/20020327-1.c -gstabs (test for excess errors)
FAIL: gcc.dg/debug/20020327-1.c -gstabs -O (test for excess errors)
FAIL: gcc.dg/debug/20020327-1.c -gstabs -O3 (test for excess errors)
FAIL: gcc.dg/debug/20020327-1.c -gstabs3 (test for excess errors)
FAIL: gcc.dg/debug/20020327-1.c -gstabs3 -O (test for excess errors)
FAIL: gcc.dg/debug/20020327-1.c -gstabs3 -O3 (test for excess errors)
FAIL: gcc.dg/debug/20020327-1.c -gstabs+1 (test for excess errors)
FAIL: gcc.dg/debug/20020327-1.c -gstabs+1 -O (test for excess errors)
FAIL: gcc.dg/debug/20020327-1.c -gstabs+1 -O3 (test for excess errors)
FAIL: gcc.dg/debug/20020327-1.c -gstabs+ (test for excess errors)
FAIL: gcc.dg/debug/20020327-1.c -gstabs+ -O (test for excess errors)
FAIL: gcc.dg/debug/20020327-1.c -gstabs+ -O3 (test for excess errors)
FAIL: gcc.dg/debug/20020327-1.c -gstabs+3 (test for excess errors)
FAIL: gcc.dg/debug/20020327-1.c -gstabs+3 -O (test for excess errors)
FAIL: gcc.dg/debug/20020327-1.c -gstabs+3 -O3 (test for excess errors)
FAIL: gcc.dg/debug/20050907-1.c -gstabs1 (test for excess errors)
FAIL: gcc.dg/debug/20050907-1.c -gstabs1 -O (test for excess errors)
FAIL: gcc.dg/debug/20050907-1.c -gstabs1 -O3 (test for excess errors)
FAIL: gcc.dg/debug/20050907-1.c -gstabs (test for excess errors)
FAIL: gcc.dg/debug/20050907-1.c -gstabs -O (test for excess errors)
FAIL: gcc.dg/debug/20050907-1.c -gstabs -O3 (test for excess errors)
FAIL: gcc.dg/debug/20050907-1.c -gstabs3 (test for excess errors)
FAIL: gcc.dg/debug/20050907-1.c -gstabs3 -O (test for excess errors)
FAIL: gcc.dg/debug/20050907-1.c -gstabs3 -O3 (test for excess errors)
FAIL: gcc.dg/debug/20050907-1.c -gstabs+1 (test for excess errors)
FAIL: gcc.dg/debug/20050907-1.c -gstabs+1 -O (test for excess errors)
FAIL: gcc.dg/debug/20050907-1.c -gstabs+1 -O3 (test for excess errors)
FAIL: gcc.dg/debug/20050907-1.c -gstabs+ (test for excess errors)
FAIL: gcc.dg/debug/20050907-1.c -gstabs+ -O (test for excess errors)
FAIL: gcc.dg/debug/20050907-1.c -gstabs+ -O3 (test for excess errors)
FAIL: gcc.dg/debug/20050907-1.c -gstabs+3 (test for excess errors)
FAIL: gcc.dg/debug/20050907-1.c -gstabs+3 -O (test for excess errors)
FAIL: gcc.dg/debug/20050907-1.c -gstabs+3 -O3 (test for excess errors)
FAIL: gcc.dg/debug/pr29609-1.c -gstabs1 (test for excess errors)
WARNING: gcc.dg/debug/pr29609-1.c -gstabs1 compilation failed to produce executable
FAIL: gcc.dg/debug/pr29609-1.c -gstabs1 -O (test for excess errors)
WARNING: gcc.dg/debug/pr29609-1.c -gstabs1 -O compilation failed to produce executable
FAIL: gcc.dg/debug/pr29609-1.c -gstabs1 -O3 (test for excess errors)
WARNING: gcc.dg/debug/pr29609-1.c -gstabs1 -O3 compilation failed to produce executable
FAIL: gcc.dg/debug/pr29609-1.c -gstabs (test for excess errors)
WARNING: gcc.dg/debug/pr29609-1.c -gstabs compilation failed to produce executable
FAIL: gcc.dg/debug/pr29609-1.c -gstabs -O (test for excess errors)
WARNING: gcc.dg/debug/pr29609-1.c -gstabs -O compilation failed to produce executable
FAIL: gcc.dg/debug/pr29609-1.c -gstabs -O3 (test for excess errors)
WARNING: gcc.dg/debug/pr29609-1.c -gstabs -O3 compilation failed to produce executable
FAIL: gcc.dg/debug/pr29609-1.c -gstabs3 (test for excess errors)
WARNING: gcc.dg/debug/pr29609-1.c -gstabs3 compilation failed to produce executable
FAIL: gcc.dg/debug/pr29609-1.c -gstabs3 -O (test for excess errors)
WARNING: gcc.dg/debug/pr29609-1.c -gstabs3 -O compilation failed to produce executable
FAIL: gcc.dg/debug/pr29609-1.c -gstabs3 -O3 (test for excess errors)
WARNING: gcc.dg/debug/pr29609-1.c -gstabs3 -O3 compilation failed to produce executable
FAIL: gcc.dg/debug/pr29609-1.c -gstabs+1 (test for excess errors)
WARNING: gcc.dg/debug/pr29609-1.c -gstabs+1 compilation failed to produce executable
FAIL: gcc.dg/debug/pr29609-1.c -gstabs+1 -O (test for excess errors)
WARNING: gcc.dg/debug/pr29609-1.c -gstabs+1 -O compilation failed to produce executable
FAIL: gcc.dg/debug/pr29609-1.c -gstabs+1 -O3 (test for excess errors)
WARNING: gcc.dg/debug/pr29609-1.c -gstabs+1 -O3 compilation failed to produce executable
FAIL: gcc.dg/debug/pr29609-1.c -gstabs+ (test for excess errors)
WARNING: gcc.dg/debug/pr29609-1.c -gstabs+ compilation failed to produce executable
FAIL: gcc.dg/debug/pr29609-1.c -gstabs+ -O (test for excess errors)
WARNING: gcc.dg/debug/pr29609-1.c -gstabs+ -O compilation failed to produce executable
FAIL: gcc.dg/debug/pr29609-1.c -gstabs+ -O3 (test for excess errors)
WARNING: gcc.dg/debug/pr29609-1.c -gstabs+ -O3 compilation failed to produce executable
FAIL: gcc.dg/debug/pr29609-1.c -gstabs+3 (test for excess errors)
WARNING: gcc.dg/debug/pr29609-1.c -gstabs+3 compilation failed to produce executable
FAIL: gcc.dg/debug/pr29609-1.c -gstabs+3 -O (test for excess errors)
WARNING: gcc.dg/debug/pr29609-1.c -gstabs+3 -O compilation failed to produce executable
FAIL: gcc.dg/debug/pr29609-1.c -gstabs+3 -O3 (test for excess errors)
WARNING: gcc.dg/debug/pr29609-1.c -gstabs+3 -O3 compilation failed to produce executable
FAIL: gcc.dg/debug/pr29609-2.c -gstabs1 (test for excess errors)
WARNING: gcc.dg/debug/pr29609-2.c -gstabs1 compilation failed to produce executable
FAIL: gcc.dg/debug/pr29609-2.c -gstabs1 -O (test for excess errors)
WARNING: gcc.dg/debug/pr29609-2.c -gstabs1 -O compilation failed to produce executable
FAIL: gcc.dg/debug/pr29609-2.c -gstabs1 -O3 (test for excess errors)
WARNING: gcc.dg/debug/pr29609-2.c -gstabs1 -O3 compilation failed to produce executable
FAIL: gcc.dg/debug/pr29609-2.c -gstabs (test for excess errors)
WARNING: gcc.dg/debug/pr29609-2.c -gstabs compilation failed to produce executable
FAIL: gcc.dg/debug/pr29609-2.c -gstabs -O (test for excess errors)
WARNING: gcc.dg/debug/pr29609-2.c -gstabs -O compilation failed to produce executable
FAIL: gcc.dg/debug/pr29609-2.c -gstabs -O3 (test for excess errors)
WARNING: gcc.dg/debug/pr29609-2.c -gstabs -O3 compilation failed to produce executable
FAIL: gcc.dg/debug/pr29609-2.c -gstabs3 (test for excess errors)
WARNING: gcc.dg/debug/pr29609-2.c -gstabs3 compilation failed to produce executable
FAIL: gcc.dg/debug/pr29609-2.c -gstabs3 -O (test for excess errors)
WARNING: gcc.dg/debug/pr29609-2.c -gstabs3 -O compilation failed to produce executable
FAIL: gcc.dg/debug/pr29609-2.c -gstabs3 -O3 (test for excess errors)
WARNING: gcc.dg/debug/pr29609-2.c -gstabs3 -O3 compilation failed to produce executable
FAIL: gcc.dg/debug/pr29609-2.c -gstabs+1 (test for excess errors)
WARNING: gcc.dg/debug/pr29609-2.c -gstabs+1 compilation failed to produce executable
FAIL: gcc.dg/debug/pr29609-2.c -gstabs+1 -O (test for excess errors)
WARNING: gcc.dg/debug/pr29609-2.c -gstabs+1 -O compilation failed to produce executable
FAIL: gcc.dg/debug/pr29609-2.c -gstabs+1 -O3 (test for excess errors)
WARNING: gcc.dg/debug/pr29609-2.c -gstabs+1 -O3 compilation failed to produce executable
FAIL: gcc.dg/debug/pr29609-2.c -gstabs+ (test for excess errors)
WARNING: gcc.dg/debug/pr29609-2.c -gstabs+ compilation failed to produce executable
FAIL: gcc.dg/debug/pr29609-2.c -gstabs+ -O (test for excess errors)
WARNING: gcc.dg/debug/pr29609-2.c -gstabs+ -O compilation failed to produce executable
FAIL: gcc.dg/debug/pr29609-2.c -gstabs+ -O3 (test for excess errors)
WARNING: gcc.dg/debug/pr29609-2.c -gstabs+ -O3 compilation failed to produce executable
FAIL: gcc.dg/debug/pr29609-2.c -gstabs+3 (test for excess errors)
WARNING: gcc.dg/debug/pr29609-2.c -gstabs+3 compilation failed to produce executable
FAIL: gcc.dg/debug/pr29609-2.c -gstabs+3 -O (test for excess errors)
WARNING: gcc.dg/debug/pr29609-2.c -gstabs+3 -O compilation failed to produce executable
FAIL: gcc.dg/debug/pr29609-2.c -gstabs+3 -O3 (test for excess errors)
WARNING: gcc.dg/debug/pr29609-2.c -gstabs+3 -O3 compilation failed to produce executable
FAIL: gcc.dg/debug/pr36690-1.c -gstabs1 (test for excess errors)
WARNING: gcc.dg/debug/pr36690-1.c -gstabs1 compilation failed to produce executable
FAIL: gcc.dg/debug/pr36690-1.c -gstabs1 -O (test for excess errors)
WARNING: gcc.dg/debug/pr36690-1.c -gstabs1 -O compilation failed to produce executable
FAIL: gcc.dg/debug/pr36690-1.c -gstabs1 -O3 (test for excess errors)
WARNING: gcc.dg/debug/pr36690-1.c -gstabs1 -O3 compilation failed to produce executable
FAIL: gcc.dg/debug/pr36690-1.c -gstabs (test for excess errors)
WARNING: gcc.dg/debug/pr36690-1.c -gstabs compilation failed to produce executable
FAIL: gcc.dg/debug/pr36690-1.c -gstabs -O (test for excess errors)
WARNING: gcc.dg/debug/pr36690-1.c -gstabs -O compilation failed to produce executable
FAIL: gcc.dg/debug/pr36690-1.c -gstabs -O3 (test for excess errors)
WARNING: gcc.dg/debug/pr36690-1.c -gstabs -O3 compilation failed to produce executable
FAIL: gcc.dg/debug/pr36690-1.c -gstabs3 (test for excess errors)
WARNING: gcc.dg/debug/pr36690-1.c -gstabs3 compilation failed to produce executable
FAIL: gcc.dg/debug/pr36690-1.c -gstabs3 -O (test for excess errors)
WARNING: gcc.dg/debug/pr36690-1.c -gstabs3 -O compilation failed to produce executable
FAIL: gcc.dg/debug/pr36690-1.c -gstabs3 -O3 (test for excess errors)
WARNING: gcc.dg/debug/pr36690-1.c -gstabs3 -O3 compilation failed to produce executable
FAIL: gcc.dg/debug/pr36690-1.c -gstabs+1 (test for excess errors)
WARNING: gcc.dg/debug/pr36690-1.c -gstabs+1 compilation failed to produce executable
FAIL: gcc.dg/debug/pr36690-1.c -gstabs+1 -O (test for excess errors)
WARNING: gcc.dg/debug/pr36690-1.c -gstabs+1 -O compilation failed to produce executable
FAIL: gcc.dg/debug/pr36690-1.c -gstabs+1 -O3 (test for excess errors)
WARNING: gcc.dg/debug/pr36690-1.c -gstabs+1 -O3 compilation failed to produce executable
FAIL: gcc.dg/debug/pr36690-1.c -gstabs+ (test for excess errors)
WARNING: gcc.dg/debug/pr36690-1.c -gstabs+ compilation failed to produce executable
FAIL: gcc.dg/debug/pr36690-1.c -gstabs+ -O (test for excess errors)
WARNING: gcc.dg/debug/pr36690-1.c -gstabs+ -O compilation failed to produce executable
FAIL: gcc.dg/debug/pr36690-1.c -gstabs+ -O3 (test for excess errors)
WARNING: gcc.dg/debug/pr36690-1.c -gstabs+ -O3 compilation failed to produce executable
FAIL: gcc.dg/debug/pr36690-1.c -gstabs+3 (test for excess errors)
WARNING: gcc.dg/debug/pr36690-1.c -gstabs+3 compilation failed to produce executable
FAIL: gcc.dg/debug/pr36690-1.c -gstabs+3 -O (test for excess errors)
WARNING: gcc.dg/debug/pr36690-1.c -gstabs+3 -O compilation failed to produce executable
FAIL: gcc.dg/debug/pr36690-1.c -gstabs+3 -O3 (test for excess errors)
WARNING: gcc.dg/debug/pr36690-1.c -gstabs+3 -O3 compilation failed to produce executable
FAIL: gcc.dg/debug/pr36690-2.c -gstabs1 (test for excess errors)
WARNING: gcc.dg/debug/pr36690-2.c -gstabs1 compilation failed to produce executable
FAIL: gcc.dg/debug/pr36690-2.c -gstabs1 -O (test for excess errors)
WARNING: gcc.dg/debug/pr36690-2.c -gstabs1 -O compilation failed to produce executable
FAIL: gcc.dg/debug/pr36690-2.c -gstabs1 -O3 (test for excess errors)
WARNING: gcc.dg/debug/pr36690-2.c -gstabs1 -O3 compilation failed to produce executable
FAIL: gcc.dg/debug/pr36690-2.c -gstabs (test for excess errors)
WARNING: gcc.dg/debug/pr36690-2.c -gstabs compilation failed to produce executable
FAIL: gcc.dg/debug/pr36690-2.c -gstabs -O (test for excess errors)
WARNING: gcc.dg/debug/pr36690-2.c -gstabs -O compilation failed to produce executable
FAIL: gcc.dg/debug/pr36690-2.c -gstabs -O3 (test for excess errors)
WARNING: gcc.dg/debug/pr36690-2.c -gstabs -O3 compilation failed to produce executable
FAIL: gcc.dg/debug/pr36690-2.c -gstabs3 (test for excess errors)
WARNING: gcc.dg/debug/pr36690-2.c -gstabs3 compilation failed to produce executable
FAIL: gcc.dg/debug/pr36690-2.c -gstabs3 -O (test for excess errors)
WARNING: gcc.dg/debug/pr36690-2.c -gstabs3 -O compilation failed to produce executable
FAIL: gcc.dg/debug/pr36690-2.c -gstabs3 -O3 (test for excess errors)
WARNING: gcc.dg/debug/pr36690-2.c -gstabs3 -O3 compilation failed to produce executable
FAIL: gcc.dg/debug/pr36690-2.c -gstabs+1 (test for excess errors)
WARNING: gcc.dg/debug/pr36690-2.c -gstabs+1 compilation failed to produce executable
FAIL: gcc.dg/debug/pr36690-2.c -gstabs+1 -O (test for excess errors)
WARNING: gcc.dg/debug/pr36690-2.c -gstabs+1 -O compilation failed to produce executable
FAIL: gcc.dg/debug/pr36690-2.c -gstabs+1 -O3 (test for excess errors)
WARNING: gcc.dg/debug/pr36690-2.c -gstabs+1 -O3 compilation failed to produce executable
FAIL: gcc.dg/debug/pr36690-2.c -gstabs+ (test for excess errors)
WARNING: gcc.dg/debug/pr36690-2.c -gstabs+ compilation failed to produce executable
FAIL: gcc.dg/debug/pr36690-2.c -gstabs+ -O (test for excess errors)
WARNING: gcc.dg/debug/pr36690-2.c -gstabs+ -O compilation failed to produce executable
FAIL: gcc.dg/debug/pr36690-2.c -gstabs+ -O3 (test for excess errors)
WARNING: gcc.dg/debug/pr36690-2.c -gstabs+ -O3 compilation failed to produce executable
FAIL: gcc.dg/debug/pr36690-2.c -gstabs+3 (test for excess errors)
WARNING: gcc.dg/debug/pr36690-2.c -gstabs+3 compilation failed to produce executable
FAIL: gcc.dg/debug/pr36690-2.c -gstabs+3 -O (test for excess errors)
WARNING: gcc.dg/debug/pr36690-2.c -gstabs+3 -O compilation failed to produce executable
FAIL: gcc.dg/debug/pr36690-2.c -gstabs+3 -O3 (test for excess errors)
WARNING: gcc.dg/debug/pr36690-2.c -gstabs+3 -O3 compilation failed to produce executable
FAIL: gcc.dg/debug/pr36690-3.c -gstabs1 (test for excess errors)
WARNING: gcc.dg/debug/pr36690-3.c -gstabs1 compilation failed to produce executable
FAIL: gcc.dg/debug/pr36690-3.c -gstabs1 -O (test for excess errors)
WARNING: gcc.dg/debug/pr36690-3.c -gstabs1 -O compilation failed to produce executable
FAIL: gcc.dg/debug/pr36690-3.c -gstabs1 -O3 (test for excess errors)
WARNING: gcc.dg/debug/pr36690-3.c -gstabs1 -O3 compilation failed to produce executable
FAIL: gcc.dg/debug/pr36690-3.c -gstabs (test for excess errors)
WARNING: gcc.dg/debug/pr36690-3.c -gstabs compilation failed to produce executable
FAIL: gcc.dg/debug/pr36690-3.c -gstabs -O (test for excess errors)
WARNING: gcc.dg/debug/pr36690-3.c -gstabs -O compilation failed to produce executable
FAIL: gcc.dg/debug/pr36690-3.c -gstabs -O3 (test for excess errors)
WARNING: gcc.dg/debug/pr36690-3.c -gstabs -O3 compilation failed to produce executable
FAIL: gcc.dg/debug/pr36690-3.c -gstabs3 (test for excess errors)
WARNING: gcc.dg/debug/pr36690-3.c -gstabs3 compilation failed to produce executable
FAIL: gcc.dg/debug/pr36690-3.c -gstabs3 -O (test for excess errors)
WARNING: gcc.dg/debug/pr36690-3.c -gstabs3 -O compilation failed to produce executable
FAIL: gcc.dg/debug/pr36690-3.c -gstabs3 -O3 (test for excess errors)
WARNING: gcc.dg/debug/pr36690-3.c -gstabs3 -O3 compilation failed to produce executable
FAIL: gcc.dg/debug/pr36690-3.c -gstabs+1 (test for excess errors)
WARNING: gcc.dg/debug/pr36690-3.c -gstabs+1 compilation failed to produce executable
FAIL: gcc.dg/debug/pr36690-3.c -gstabs+1 -O (test for excess errors)
WARNING: gcc.dg/debug/pr36690-3.c -gstabs+1 -O compilation failed to produce executable
FAIL: gcc.dg/debug/pr36690-3.c -gstabs+1 -O3 (test for excess errors)
WARNING: gcc.dg/debug/pr36690-3.c -gstabs+1 -O3 compilation failed to produce executable
FAIL: gcc.dg/debug/pr36690-3.c -gstabs+ (test for excess errors)
WARNING: gcc.dg/debug/pr36690-3.c -gstabs+ compilation failed to produce executable
FAIL: gcc.dg/debug/pr36690-3.c -gstabs+ -O (test for excess errors)
WARNING: gcc.dg/debug/pr36690-3.c -gstabs+ -O compilation failed to produce executable
FAIL: gcc.dg/debug/pr36690-3.c -gstabs+ -O3 (test for excess errors)
WARNING: gcc.dg/debug/pr36690-3.c -gstabs+ -O3 compilation failed to produce executable
FAIL: gcc.dg/debug/pr36690-3.c -gstabs+3 (test for excess errors)
WARNING: gcc.dg/debug/pr36690-3.c -gstabs+3 compilation failed to produce executable
FAIL: gcc.dg/debug/pr36690-3.c -gstabs+3 -O (test for excess errors)
WARNING: gcc.dg/debug/pr36690-3.c -gstabs+3 -O compilation failed to produce executable
FAIL: gcc.dg/debug/pr36690-3.c -gstabs+3 -O3 (test for excess errors)
WARNING: gcc.dg/debug/pr36690-3.c -gstabs+3 -O3 compilation failed to produce executable
FAIL: gcc.dg/debug/pr37616.c -gstabs1 (test for excess errors)
WARNING: gcc.dg/debug/pr37616.c -gstabs1 compilation failed to produce executable
FAIL: gcc.dg/debug/pr37616.c -gstabs1 -O (test for excess errors)
WARNING: gcc.dg/debug/pr37616.c -gstabs1 -O compilation failed to produce executable
FAIL: gcc.dg/debug/pr37616.c -gstabs1 -O3 (test for excess errors)
WARNING: gcc.dg/debug/pr37616.c -gstabs1 -O3 compilation failed to produce executable
FAIL: gcc.dg/debug/pr37616.c -gstabs (test for excess errors)
WARNING: gcc.dg/debug/pr37616.c -gstabs compilation failed to produce executable
FAIL: gcc.dg/debug/pr37616.c -gstabs -O (test for excess errors)
WARNING: gcc.dg/debug/pr37616.c -gstabs -O compilation failed to produce executable
FAIL: gcc.dg/debug/pr37616.c -gstabs -O3 (test for excess errors)
WARNING: gcc.dg/debug/pr37616.c -gstabs -O3 compilation failed to produce executable
FAIL: gcc.dg/debug/pr37616.c -gstabs3 (test for excess errors)
WARNING: gcc.dg/debug/pr37616.c -gstabs3 compilation failed to produce executable
FAIL: gcc.dg/debug/pr37616.c -gstabs3 -O (test for excess errors)
WARNING: gcc.dg/debug/pr37616.c -gstabs3 -O compilation failed to produce executable
FAIL: gcc.dg/debug/pr37616.c -gstabs3 -O3 (test for excess errors)
WARNING: gcc.dg/debug/pr37616.c -gstabs3 -O3 compilation failed to produce executable
FAIL: gcc.dg/debug/pr37616.c -gstabs+1 (test for excess errors)
WARNING: gcc.dg/debug/pr37616.c -gstabs+1 compilation failed to produce executable
FAIL: gcc.dg/debug/pr37616.c -gstabs+1 -O (test for excess errors)
WARNING: gcc.dg/debug/pr37616.c -gstabs+1 -O compilation failed to produce executable
FAIL: gcc.dg/debug/pr37616.c -gstabs+1 -O3 (test for excess errors)
WARNING: gcc.dg/debug/pr37616.c -gstabs+1 -O3 compilation failed to produce executable
FAIL: gcc.dg/debug/pr37616.c -gstabs+ (test for excess errors)
WARNING: gcc.dg/debug/pr37616.c -gstabs+ compilation failed to produce executable
FAIL: gcc.dg/debug/pr37616.c -gstabs+ -O (test for excess errors)
WARNING: gcc.dg/debug/pr37616.c -gstabs+ -O compilation failed to produce executable
FAIL: gcc.dg/debug/pr37616.c -gstabs+ -O3 (test for excess errors)
WARNING: gcc.dg/debug/pr37616.c -gstabs+ -O3 compilation failed to produce executable
FAIL: gcc.dg/debug/pr37616.c -gstabs+3 (test for excess errors)
WARNING: gcc.dg/debug/pr37616.c -gstabs+3 compilation failed to produce executable
FAIL: gcc.dg/debug/pr37616.c -gstabs+3 -O (test for excess errors)
WARNING: gcc.dg/debug/pr37616.c -gstabs+3 -O compilation failed to produce executable
FAIL: gcc.dg/debug/pr37616.c -gstabs+3 -O3 (test for excess errors)
WARNING: gcc.dg/debug/pr37616.c -gstabs+3 -O3 compilation failed to produce executable
FAIL: gcc.dg/debug/pr41893-1.c -gstabs1 (test for excess errors)
FAIL: gcc.dg/debug/pr41893-1.c -gstabs1 -O (test for excess errors)
FAIL: gcc.dg/debug/pr41893-1.c -gstabs1 -O3 (test for excess errors)
FAIL: gcc.dg/debug/pr41893-1.c -gstabs (test for excess errors)
FAIL: gcc.dg/debug/pr41893-1.c -gstabs -O (test for excess errors)
FAIL: gcc.dg/debug/pr41893-1.c -gstabs -O3 (test for excess errors)
FAIL: gcc.dg/debug/pr41893-1.c -gstabs3 (test for excess errors)
FAIL: gcc.dg/debug/pr41893-1.c -gstabs3 -O (test for excess errors)
FAIL: gcc.dg/debug/pr41893-1.c -gstabs3 -O3 (test for excess errors)
FAIL: gcc.dg/debug/pr41893-1.c -gstabs+1 (test for excess errors)
FAIL: gcc.dg/debug/pr41893-1.c -gstabs+1 -O (test for excess errors)
FAIL: gcc.dg/debug/pr41893-1.c -gstabs+1 -O3 (test for excess errors)
FAIL: gcc.dg/debug/pr41893-1.c -gstabs+ (test for excess errors)
FAIL: gcc.dg/debug/pr41893-1.c -gstabs+ -O (test for excess errors)
FAIL: gcc.dg/debug/pr41893-1.c -gstabs+ -O3 (test for excess errors)
FAIL: gcc.dg/debug/pr41893-1.c -gstabs+3 (test for excess errors)
FAIL: gcc.dg/debug/pr41893-1.c -gstabs+3 -O (test for excess errors)
FAIL: gcc.dg/debug/pr41893-1.c -gstabs+3 -O3 (test for excess errors)
FAIL: gcc.dg/debug/pr49032.c -gstabs1 (test for excess errors)
FAIL: gcc.dg/debug/pr49032.c -gstabs1 -O (test for excess errors)
FAIL: gcc.dg/debug/pr49032.c -gstabs1 -O3 (test for excess errors)
FAIL: gcc.dg/debug/pr49032.c -gstabs (test for excess errors)
FAIL: gcc.dg/debug/pr49032.c -gstabs -O (test for excess errors)
FAIL: gcc.dg/debug/pr49032.c -gstabs -O3 (test for excess errors)
FAIL: gcc.dg/debug/pr49032.c -gstabs3 (test for excess errors)
FAIL: gcc.dg/debug/pr49032.c -gstabs3 -O (test for excess errors)
FAIL: gcc.dg/debug/pr49032.c -gstabs3 -O3 (test for excess errors)
FAIL: gcc.dg/debug/pr49032.c -gstabs+1 (test for excess errors)
FAIL: gcc.dg/debug/pr49032.c -gstabs+1 -O (test for excess errors)
FAIL: gcc.dg/debug/pr49032.c -gstabs+1 -O3 (test for excess errors)
FAIL: gcc.dg/debug/pr49032.c -gstabs+ (test for excess errors)
FAIL: gcc.dg/debug/pr49032.c -gstabs+ -O (test for excess errors)
FAIL: gcc.dg/debug/pr49032.c -gstabs+ -O3 (test for excess errors)
FAIL: gcc.dg/debug/pr49032.c -gstabs+3 (test for excess errors)
FAIL: gcc.dg/debug/pr49032.c -gstabs+3 -O (test for excess errors)
FAIL: gcc.dg/debug/pr49032.c -gstabs+3 -O3 (test for excess errors)
FAIL: gcc.dg/debug/tls-1.c -gstabs1 (test for excess errors)
FAIL: gcc.dg/debug/tls-1.c -gstabs1 -O (test for excess errors)
FAIL: gcc.dg/debug/tls-1.c -gstabs1 -O3 (test for excess errors)
FAIL: gcc.dg/debug/tls-1.c -gstabs (test for excess errors)
FAIL: gcc.dg/debug/tls-1.c -gstabs -O (test for excess errors)
FAIL: gcc.dg/debug/tls-1.c -gstabs -O3 (test for excess errors)
FAIL: gcc.dg/debug/tls-1.c -gstabs3 (test for excess errors)
FAIL: gcc.dg/debug/tls-1.c -gstabs3 -O (test for excess errors)
FAIL: gcc.dg/debug/tls-1.c -gstabs3 -O3 (test for excess errors)
FAIL: gcc.dg/debug/tls-1.c -gstabs+1 (test for excess errors)
FAIL: gcc.dg/debug/tls-1.c -gstabs+1 -O (test for excess errors)
FAIL: gcc.dg/debug/tls-1.c -gstabs+1 -O3 (test for excess errors)
FAIL: gcc.dg/debug/tls-1.c -gstabs+ (test for excess errors)
FAIL: gcc.dg/debug/tls-1.c -gstabs+ -O (test for excess errors)
FAIL: gcc.dg/debug/tls-1.c -gstabs+ -O3 (test for excess errors)
FAIL: gcc.dg/debug/tls-1.c -gstabs+3 (test for excess errors)
FAIL: gcc.dg/debug/tls-1.c -gstabs+3 -O (test for excess errors)
FAIL: gcc.dg/debug/tls-1.c -gstabs+3 -O3 (test for excess errors)
FAIL: gcc.dg/debug/trivial.c -gstabs1 (test for excess errors)
WARNING: gcc.dg/debug/trivial.c -gstabs1 compilation failed to produce executable
FAIL: gcc.dg/debug/trivial.c -gstabs1 -O (test for excess errors)
WARNING: gcc.dg/debug/trivial.c -gstabs1 -O compilation failed to produce executable
FAIL: gcc.dg/debug/trivial.c -gstabs1 -O3 (test for excess errors)
WARNING: gcc.dg/debug/trivial.c -gstabs1 -O3 compilation failed to produce executable
FAIL: gcc.dg/debug/trivial.c -gstabs (test for excess errors)
WARNING: gcc.dg/debug/trivial.c -gstabs compilation failed to produce executable
FAIL: gcc.dg/debug/trivial.c -gstabs -O (test for excess errors)
WARNING: gcc.dg/debug/trivial.c -gstabs -O compilation failed to produce executable
FAIL: gcc.dg/debug/trivial.c -gstabs -O3 (test for excess errors)
WARNING: gcc.dg/debug/trivial.c -gstabs -O3 compilation failed to produce executable
FAIL: gcc.dg/debug/trivial.c -gstabs3 (test for excess errors)
WARNING: gcc.dg/debug/trivial.c -gstabs3 compilation failed to produce executable
FAIL: gcc.dg/debug/trivial.c -gstabs3 -O (test for excess errors)
WARNING: gcc.dg/debug/trivial.c -gstabs3 -O compilation failed to produce executable
FAIL: gcc.dg/debug/trivial.c -gstabs3 -O3 (test for excess errors)
WARNING: gcc.dg/debug/trivial.c -gstabs3 -O3 compilation failed to produce executable
FAIL: gcc.dg/debug/trivial.c -gstabs+1 (test for excess errors)
WARNING: gcc.dg/debug/trivial.c -gstabs+1 compilation failed to produce executable
FAIL: gcc.dg/debug/trivial.c -gstabs+1 -O (test for excess errors)
WARNING: gcc.dg/debug/trivial.c -gstabs+1 -O compilation failed to produce executable
FAIL: gcc.dg/debug/trivial.c -gstabs+1 -O3 (test for excess errors)
WARNING: gcc.dg/debug/trivial.c -gstabs+1 -O3 compilation failed to produce executable
FAIL: gcc.dg/debug/trivial.c -gstabs+ (test for excess errors)
WARNING: gcc.dg/debug/trivial.c -gstabs+ compilation failed to produce executable
FAIL: gcc.dg/debug/trivial.c -gstabs+ -O (test for excess errors)
WARNING: gcc.dg/debug/trivial.c -gstabs+ -O compilation failed to produce executable
FAIL: gcc.dg/debug/trivial.c -gstabs+ -O3 (test for excess errors)
WARNING: gcc.dg/debug/trivial.c -gstabs+ -O3 compilation failed to produce executable
FAIL: gcc.dg/debug/trivial.c -gstabs+3 (test for excess errors)
WARNING: gcc.dg/debug/trivial.c -gstabs+3 compilation failed to produce executable
FAIL: gcc.dg/debug/trivial.c -gstabs+3 -O (test for excess errors)
WARNING: gcc.dg/debug/trivial.c -gstabs+3 -O compilation failed to produce executable
FAIL: gcc.dg/debug/trivial.c -gstabs+3 -O3 (test for excess errors)
WARNING: gcc.dg/debug/trivial.c -gstabs+3 -O3 compilation failed to produce executable
FAIL: gcc.dg/pr44194-1.c scan-rtl-dump dse1 "global deletions = 2"
FAIL: gcc.dg/lto/20081201-2 c_lto_20081201-2_0.o-c_lto_20081201-2_1.o execute -O3 -flto -flto-partition=1to1
FAIL: gcc.dg/lto/20110201-1 c_lto_20110201-1_0.o-c_lto_20110201-1_0.o link, -O0 -flto
UNRESOLVED: gcc.dg/lto/20110201-1 c_lto_20110201-1_0.o-c_lto_20110201-1_0.o execute -O0 -flto
FAIL: gcc.dg/lto/ipareference2 c_lto_ipareference2_0.o-c_lto_ipareference2_1.o execute -O1 -flto -flto-partition=1to1 -fwhole-program
FAIL: gcc.dg/tree-ssa/vrp47.c scan-tree-dump-times dom1 "x[^ ]* & y" 1
FAIL: gcc.dg/tree-ssa/vrp47.c scan-tree-dump-times vrp1 "x[^ ]* \\^ 1" 1
=== gcc Summary for unix/-m64 ===
# of expected passes 72192
# of unexpected failures 246
# of expected failures 288
# of unresolved testcases 5
# of unsupported tests 1325
=== gcc Summary ===
# of expected passes 144133
# of unexpected failures 252
# of expected failures 587
# of unresolved testcases 7
# of unsupported tests 2642
/var/gcc/regression/trunk/11-gcc-gas-gld/build/gcc/xgcc version 4.7.0 20110722 (experimental) [trunk revision 176647] (GCC)
=== gfortran tests ===
Running target unix
=== gfortran Summary for unix ===
# of expected passes 39004
# of expected failures 55
# of unsupported tests 262
Running target unix/-m64
WARNING: gfortran.dg/do_3.F90 -O3 -fomit-frame-pointer compilation failed to produce executable
FAIL: gfortran.dg/maxlocval_2.f90 -O1 (test for excess errors)
FAIL: gfortran.dg/maxlocval_2.f90 -O1 execution test
FAIL: gfortran.dg/recursive_check_12.f90 -O1 (test for excess errors)
WARNING: gfortran.dg/recursive_check_12.f90 -O1 compilation failed to produce executable
FAIL: gfortran.dg/substr_2.f -Os (test for excess errors)
FAIL: gfortran.dg/substr_2.f -Os execution test
WARNING: program timed out.
WARNING: program timed out.
WARNING: program timed out.
WARNING: program timed out.
WARNING: program timed out.
FAIL: gfortran.fortran-torture/execute/where_16.f90 compilation, -O3 -g
=== gfortran Summary for unix/-m64 ===
# of expected passes 39315
# of unexpected failures 6
# of expected failures 55
# of untested testcases 1
# of unsupported tests 108
=== gfortran Summary ===
# of expected passes 78319
# of unexpected failures 6
# of expected failures 110
# of untested testcases 1
# of unsupported tests 370
/var/gcc/regression/trunk/11-gcc-gas-gld/build/gcc/testsuite/gfortran/../../gfortran version 4.7.0 20110722 (experimental) [trunk revision 176647] (GCC)
=== gnat tests ===
Running target unix
=== gnat Summary for unix ===
# of expected passes 909
# of expected failures 11
# of unsupported tests 6
Running target unix/-m64
=== gnat Summary for unix/-m64 ===
# of expected passes 909
# of expected failures 11
# of unsupported tests 6
=== gnat Summary ===
# of expected passes 1818
# of expected failures 22
# of unsupported tests 12
/var/gcc/regression/trunk/11-gcc-gas-gld/build/gcc/gnatmake version 4.7.0 20110722 (experimental) [trunk revision 176647]
=== go tests ===
Running target unix
FAIL: ./64bit-out.go compilation, -O2 -g
FAIL: ./select5-out.go compilation, -O2 -g
FAIL: ./tmp.go compilation, -O2 -g
FAIL: go.test/test/fixedbugs/bug273.go execution, -O2 -g
WARNING: program timed out.
WARNING: program timed out.
WARNING: program timed out.
=== go Summary for unix ===
# of expected passes 2980
# of unexpected failures 4
# of expected failures 23
# of untested testcases 3
Running target unix/-m64
FAIL: ./64bit-out.go compilation, -O2 -g
FAIL: ./select5-out.go compilation, -O2 -g
FAIL: ./tmp.go compilation, -O2 -g
WARNING: program timed out.
WARNING: program timed out.
WARNING: program timed out.
=== go Summary for unix/-m64 ===
# of expected passes 2981
# of unexpected failures 3
# of expected failures 23
# of untested testcases 3
=== go Summary ===
# of expected passes 5961
# of unexpected failures 7
# of expected failures 46
# of untested testcases 6
/var/gcc/regression/trunk/11-gcc-gas-gld/build/gcc/testsuite/go/../../gccgo version 4.7.0 20110722 (experimental) [trunk revision 176647] (GCC)
=== obj-c++ tests ===
Running target unix
=== obj-c++ Summary for unix ===
# of expected passes 1446
# of expected failures 2
# of unsupported tests 86
Running target unix/-m64
=== obj-c++ Summary for unix/-m64 ===
# of expected passes 1438
# of expected failures 10
# of unsupported tests 86
=== obj-c++ Summary ===
# of expected passes 2884
# of expected failures 12
# of unsupported tests 172
/var/gcc/regression/trunk/11-gcc-gas-gld/build/gcc/testsuite/obj-c++/../../g++ version 4.7.0 20110722 (experimental) [trunk revision 176647] (GCC)
=== objc tests ===
Running target unix
=== objc Summary for unix ===
# of expected passes 2980
# of unsupported tests 74
Running target unix/-m64
=== objc Summary for unix/-m64 ===
# of expected passes 2980
# of unsupported tests 74
=== objc Summary ===
# of expected passes 5960
# of unsupported tests 148
/var/gcc/regression/trunk/11-gcc-gas-gld/build/gcc/xgcc version 4.7.0 20110722 (experimental) [trunk revision 176647] (GCC)
=== boehm-gc tests ===
Running target unix
=== boehm-gc Summary for unix ===
# of expected passes 12
# of unsupported tests 1
Running target unix/-m64
=== boehm-gc Summary for unix/-m64 ===
# of expected passes 12
# of unsupported tests 1
=== boehm-gc Summary ===
# of expected passes 24
# of unsupported tests 2
=== libffi tests ===
Running target unix
=== libffi Summary for unix ===
# of expected passes 1634
# of expected failures 10
# of unsupported tests 15
Running target unix/-m64
=== libffi Summary for unix/-m64 ===
# of expected passes 1634
# of expected failures 10
# of unsupported tests 15
=== libffi Summary ===
# of expected passes 3268
# of expected failures 20
# of unsupported tests 30
=== libgo tests ===
Running target unix
FAIL: big
FAIL: time
FAIL: try
FAIL: testing/quick
=== libgo Summary for unix ===
# of expected passes 120
# of unexpected failures 4
# of untested testcases 2
Running target unix/-m64
FAIL: big
FAIL: reflect
FAIL: time
FAIL: try
FAIL: testing/quick
=== libgo Summary for unix/-m64 ===
# of expected passes 119
# of unexpected failures 5
# of untested testcases 2
=== libgo Summary ===
# of expected passes 239
# of unexpected failures 9
# of untested testcases 4
/var/gcc/regression/trunk/11-gcc-gas-gld/build/./gcc/gccgo version 4.7.0 20110722 (experimental) [trunk revision 176647] (GCC)
=== libgomp tests ===
Running target unix
=== libgomp Summary for unix ===
# of expected passes 2618
# of unsupported tests 10
Running target unix/-m64
WARNING: program timed out.
FAIL: libgomp.fortran/reduction1.f90 -O2 (test for excess errors)
WARNING: libgomp.fortran/reduction1.f90 -O2 compilation failed to produce executable
=== libgomp Summary for unix/-m64 ===
# of expected passes 2616
# of unexpected failures 1
# of unsupported tests 10
=== libgomp Summary ===
# of expected passes 5234
# of unexpected failures 1
# of unsupported tests 20
=== libjava tests ===
Running target unix
=== libjava Summary for unix ===
# of expected passes 2574
Running target unix/-m64
WARNING: program timed out.
FAIL: Process_5 -O3 compilation from source
=== libjava Summary for unix/-m64 ===
# of expected passes 2571
# of unexpected failures 1
# of untested testcases 2
=== libjava Summary ===
# of expected passes 5145
# of unexpected failures 1
# of untested testcases 2
=== libmudflap tests ===
Running target unix
=== libmudflap Summary for unix ===
# of expected passes 1437
Running target unix/-m64
FAIL: libmudflap.c++/pass55-frag.cxx ( -O) execution test
=== libmudflap Summary for unix/-m64 ===
# of expected passes 1436
# of unexpected failures 1
=== libmudflap Summary ===
# of expected passes 2873
# of unexpected failures 1
=== libstdc++ tests ===
Running target unix
=== libstdc++ Summary for unix ===
# of expected passes 7716
# of expected failures 45
# of unsupported tests 495
Running target unix/-m64
=== libstdc++ Summary for unix/-m64 ===
# of expected passes 7716
# of expected failures 45
# of unsupported tests 495
=== libstdc++ Summary ===
# of expected passes 15432
# of expected failures 90
# of unsupported tests 990
Compiler version: 4.7.0 20110722 (experimental) [trunk revision 176647] (GCC)
Platform: sparc-sun-solaris2.11
configure flags: --prefix=/vol/gcc --target=sparc-sun-solaris2.11 --enable-objc-gc --enable-libmudflap --with-host-libstdcxx='-L/vol/gcc-4.4/lib -Wl,-Bstatic -lstdc++ -Wl,-Bdynamic -lm' --with-boot-ldflags='-static-libstdc++ -static-libgcc -L/vol/gcc-4.4/lib' --with-as=/vol/gcc/bin/gas-2.21.1 --with-gnu-as --with-ld=/vol/gcc/bin/gld-2.21.1 --with-gnu-ld --with-gmp-include=/vol/gcc/include --with-gmp-lib=/vol/gcc/lib --with-mpfr-include=/vol/gcc/include --with-mpfr-lib=/vol/gcc/lib --with-mpc-include=/vol/gcc/include --with-mpc-lib=/vol/gcc/lib --enable-languages=all,ada,obj-c++,go --with-ppl-include=/vol/gcc/include --with-ppl-lib=/vol/gcc/lib --with-cloog-include=/vol/gcc/include --with-cloog-lib=/vol/gcc/lib --enable-cloog-backend=ppl
BOOT_CFLAGS=-g -O2
More information about the Gcc-testresults
mailing list