Results for 4.6.2 20110722 (prerelease) [gcc-4_6-branch revision 176643] (GCC) testsuite on i386-pc-solaris2.8

ro@smtp-relay.CeBiTec.Uni-Bielefeld.DE ro@smtp-relay.CeBiTec.Uni-Bielefeld.DE
Mon Jul 25 10:28:00 GMT 2011


LAST_UPDATED: Fri Jul 22 19:11:46 UTC 2011 (revision 176643)

		=== acats tests ===

		=== acats Summary ===
# of expected passes		2321
# of unexpected failures	0
Native configuration is i386-pc-solaris2.8

		=== g++ tests ===


Running target unix
FAIL: g++.dg/lto/20091219 cp_lto_20091219_0.o-cp_lto_20091219_0.o link, -O3 -flto
UNRESOLVED: g++.dg/lto/20091219 cp_lto_20091219_0.o-cp_lto_20091219_0.o execute -O3 -flto
FAIL: g++.dg/torture/pr31863.C  -O2 -flto  (test for excess errors)

		=== g++ Summary ===

# of expected passes		26758
# of unexpected failures	2
# of expected failures		166
# of unresolved testcases	1
# of unsupported tests		276
/var/gcc/regression/gcc-4.6-branch/8-gcc/build/gcc/testsuite/g++/../../g++  version 4.6.2 20110722 (prerelease) [gcc-4_6-branch revision 176643] (GCC) 

		=== gcc tests ===


Running target unix
FAIL: gcc.dg/lto/20110201-1 c_lto_20110201-1_0.o-c_lto_20110201-1_0.o link,  -O0 -flto 
UNRESOLVED: gcc.dg/lto/20110201-1 c_lto_20110201-1_0.o-c_lto_20110201-1_0.o execute  -O0 -flto 
FAIL: gcc.dg/vect/pr48172.c (test for excess errors)
WARNING: gcc.dg/vect/pr48172.c compilation failed to produce executable
FAIL: gcc.dg/vect/pr48377.c (test for excess errors)
WARNING: gcc.dg/vect/pr48377.c compilation failed to produce executable

		=== gcc Summary ===

# of expected passes		73503
# of unexpected failures	3
# of expected failures		212
# of unresolved testcases	1
# of unsupported tests		1893
/var/gcc/regression/gcc-4.6-branch/8-gcc/build/gcc/xgcc  version 4.6.2 20110722 (prerelease) [gcc-4_6-branch revision 176643] (GCC) 

		=== gfortran tests ===


Running target unix

		=== gfortran Summary ===

# of expected passes		37630
# of expected failures		41
# of unsupported tests		367
/var/gcc/regression/gcc-4.6-branch/8-gcc/build/gcc/testsuite/gfortran/../../gfortran  version 4.6.2 20110722 (prerelease) [gcc-4_6-branch revision 176643] (GCC) 

		=== gnat tests ===


Running target unix

		=== gnat Summary ===

# of expected passes		869
# of expected failures		10
# of unsupported tests		4
/var/gcc/regression/gcc-4.6-branch/8-gcc/build/gcc/gnatmake version 4.6.2 20110722 (prerelease) [gcc-4_6-branch revision 176643]

		=== objc tests ===


Running target unix

		=== objc Summary ===

# of expected passes		2920
# of expected failures		6
# of unsupported tests		74
/var/gcc/regression/gcc-4.6-branch/8-gcc/build/gcc/xgcc  version 4.6.2 20110722 (prerelease) [gcc-4_6-branch revision 176643] (GCC) 

		=== libffi tests ===


Running target unix

		=== libffi Summary ===

# of expected passes		1634
# of expected failures		10
# of unsupported tests		15
		=== libgomp tests ===


Running target unix

		=== libgomp Summary ===

# of expected passes		2586
# of unsupported tests		3
		=== libjava tests ===


Running target unix
FAIL: PR16923 run
FAIL: Divide_1 output - source compiled test
FAIL: Divide_1 -findirect-dispatch output - source compiled test
FAIL: Divide_1 -O3 output - source compiled test
FAIL: Divide_1 -O3 -findirect-dispatch output - source compiled test
FAIL: InvokeInterface execution - source compiled test
FAIL: InvokeInterface -O3 execution - source compiled test
FAIL: stacktrace -findirect-dispatch execution - source compiled test

		=== libjava Summary ===

# of expected passes		2563
# of unexpected failures	8
# of untested testcases		4
		=== libstdc++ tests ===


Running target unix

		=== libstdc++ Summary ===

# of expected passes		6858
# of expected failures		83
# of unsupported tests		749

Compiler version: 4.6.2 20110722 (prerelease) [gcc-4_6-branch revision 176643] (GCC) 
Platform: i386-pc-solaris2.8
configure flags: --prefix=/vol/gcc --target=i386-pc-solaris2.8 --with-gmp-include=/vol/gcc/include --with-gmp-lib=/vol/gcc/lib --with-mpfr-include=/vol/gcc/include --with-mpfr-lib=/vol/gcc/lib --with-mpc-include=/vol/gcc/include --with-mpc-lib=/vol/gcc/lib --enable-languages=all,ada --without-ppl --without-cloog
BOOT_CFLAGS=-g -O2



More information about the Gcc-testresults mailing list