Results for 4.7.0 20110723 (experimental) [trunk revision 176707] (GCC) testsuite on i686-pc-linux-gnu
Kirill Yukhin [ia32 Core i7 AVX]
i32corei7avx@mailhost.ims.intel.com
Sun Jul 24 01:54:00 GMT 2011
LAST_UPDATED: Sat Jul 23 22:55:33 UTC 2011 (revision 176707)
Native configuration is i686-pc-linux-gnu
=== g++ tests ===
Running target unix
FAIL: g++.dg/eh/async-unwind1.C (internal compiler error)
FAIL: g++.dg/eh/async-unwind1.C (test for excess errors)
WARNING: g++.dg/eh/async-unwind1.C compilation failed to produce executable
FAIL: g++.dg/eh/async-unwind2.C (internal compiler error)
FAIL: g++.dg/eh/async-unwind2.C (test for excess errors)
WARNING: g++.dg/eh/async-unwind2.C compilation failed to produce executable
FAIL: g++.dg/tree-ssa/pr46228.C (internal compiler error)
FAIL: g++.dg/tree-ssa/pr46228.C (test for excess errors)
FAIL: g++.dg/torture/20080625-1.C -Os (internal compiler error)
FAIL: g++.dg/torture/20080625-1.C -Os (test for excess errors)
FAIL: g++.dg/torture/pr31081-2.C -Os (internal compiler error)
FAIL: g++.dg/torture/pr31081-2.C -Os (test for excess errors)
FAIL: g++.dg/torture/pr33340.C -Os (internal compiler error)
FAIL: g++.dg/torture/pr33340.C -Os (test for excess errors)
FAIL: g++.dg/torture/pr33735.C -Os (internal compiler error)
FAIL: g++.dg/torture/pr33735.C -Os (test for excess errors)
FAIL: g++.dg/torture/pr35164-1.C -Os (internal compiler error)
FAIL: g++.dg/torture/pr35164-1.C -Os (test for excess errors)
FAIL: g++.dg/torture/pr35164-2.C -Os (internal compiler error)
FAIL: g++.dg/torture/pr35164-2.C -Os (test for excess errors)
FAIL: g++.dg/torture/pr40102.C -Os (internal compiler error)
FAIL: g++.dg/torture/pr40102.C -Os (test for excess errors)
FAIL: g++.dg/torture/pr40642.C -Os (internal compiler error)
FAIL: g++.dg/torture/pr40642.C -Os (test for excess errors)
FAIL: g++.dg/torture/pr44813.C -Os (internal compiler error)
FAIL: g++.dg/torture/pr44813.C -Os (test for excess errors)
FAIL: g++.dg/torture/pr48271.C -Os (internal compiler error)
FAIL: g++.dg/torture/pr48271.C -Os (test for excess errors)
FAIL: g++.dg/torture/pr49115.C -Os (internal compiler error)
FAIL: g++.dg/torture/pr49115.C -Os (test for excess errors)
WARNING: g++.dg/torture/pr49115.C -Os compilation failed to produce executable
FAIL: g++.dg/torture/stackalign/eh-alloca-1.C -Os (internal compiler error)
FAIL: g++.dg/torture/stackalign/eh-alloca-1.C -Os (test for excess errors)
WARNING: g++.dg/torture/stackalign/eh-alloca-1.C -Os compilation failed to produce executable
FAIL: g++.dg/torture/stackalign/eh-fastcall-1.C -Os (internal compiler error)
FAIL: g++.dg/torture/stackalign/eh-fastcall-1.C -Os (test for excess errors)
WARNING: g++.dg/torture/stackalign/eh-fastcall-1.C -Os compilation failed to produce executable
FAIL: g++.dg/torture/stackalign/eh-global-1.C -Os (internal compiler error)
FAIL: g++.dg/torture/stackalign/eh-global-1.C -Os (test for excess errors)
WARNING: g++.dg/torture/stackalign/eh-global-1.C -Os compilation failed to produce executable
FAIL: g++.dg/torture/stackalign/eh-inline-1.C -Os (internal compiler error)
FAIL: g++.dg/torture/stackalign/eh-inline-1.C -Os (test for excess errors)
WARNING: g++.dg/torture/stackalign/eh-inline-1.C -Os compilation failed to produce executable
FAIL: g++.dg/torture/stackalign/eh-inline-2.C -Os (internal compiler error)
FAIL: g++.dg/torture/stackalign/eh-inline-2.C -Os (test for excess errors)
WARNING: g++.dg/torture/stackalign/eh-inline-2.C -Os compilation failed to produce executable
FAIL: g++.dg/torture/stackalign/eh-thiscall-1.C -Os (internal compiler error)
FAIL: g++.dg/torture/stackalign/eh-thiscall-1.C -Os (test for excess errors)
WARNING: g++.dg/torture/stackalign/eh-thiscall-1.C -Os compilation failed to produce executable
FAIL: g++.dg/torture/stackalign/eh-vararg-1.C -Os (internal compiler error)
FAIL: g++.dg/torture/stackalign/eh-vararg-1.C -Os (test for excess errors)
WARNING: g++.dg/torture/stackalign/eh-vararg-1.C -Os compilation failed to produce executable
FAIL: g++.dg/torture/stackalign/eh-vararg-2.C -Os (internal compiler error)
FAIL: g++.dg/torture/stackalign/eh-vararg-2.C -Os (test for excess errors)
WARNING: g++.dg/torture/stackalign/eh-vararg-2.C -Os compilation failed to produce executable
FAIL: g++.dg/torture/stackalign/stdcall-1.C -Os (internal compiler error)
FAIL: g++.dg/torture/stackalign/stdcall-1.C -Os (test for excess errors)
FAIL: g++.dg/torture/stackalign/eh-alloca-1.C -Os (internal compiler error)
FAIL: g++.dg/torture/stackalign/eh-alloca-1.C -Os (test for excess errors)
WARNING: g++.dg/torture/stackalign/eh-alloca-1.C -Os compilation failed to produce executable
FAIL: g++.dg/torture/stackalign/eh-fastcall-1.C -Os (internal compiler error)
FAIL: g++.dg/torture/stackalign/eh-fastcall-1.C -Os (test for excess errors)
WARNING: g++.dg/torture/stackalign/eh-fastcall-1.C -Os compilation failed to produce executable
FAIL: g++.dg/torture/stackalign/eh-global-1.C -Os (internal compiler error)
FAIL: g++.dg/torture/stackalign/eh-global-1.C -Os (test for excess errors)
WARNING: g++.dg/torture/stackalign/eh-global-1.C -Os compilation failed to produce executable
FAIL: g++.dg/torture/stackalign/eh-inline-1.C -Os (internal compiler error)
FAIL: g++.dg/torture/stackalign/eh-inline-1.C -Os (test for excess errors)
WARNING: g++.dg/torture/stackalign/eh-inline-1.C -Os compilation failed to produce executable
FAIL: g++.dg/torture/stackalign/eh-inline-2.C -Os (internal compiler error)
FAIL: g++.dg/torture/stackalign/eh-inline-2.C -Os (test for excess errors)
WARNING: g++.dg/torture/stackalign/eh-inline-2.C -Os compilation failed to produce executable
FAIL: g++.dg/torture/stackalign/eh-thiscall-1.C -Os (internal compiler error)
FAIL: g++.dg/torture/stackalign/eh-thiscall-1.C -Os (test for excess errors)
WARNING: g++.dg/torture/stackalign/eh-thiscall-1.C -Os compilation failed to produce executable
FAIL: g++.dg/torture/stackalign/eh-vararg-1.C -Os (internal compiler error)
FAIL: g++.dg/torture/stackalign/eh-vararg-1.C -Os (test for excess errors)
WARNING: g++.dg/torture/stackalign/eh-vararg-1.C -Os compilation failed to produce executable
FAIL: g++.dg/torture/stackalign/eh-vararg-2.C -Os (internal compiler error)
FAIL: g++.dg/torture/stackalign/eh-vararg-2.C -Os (test for excess errors)
WARNING: g++.dg/torture/stackalign/eh-vararg-2.C -Os compilation failed to produce executable
FAIL: g++.dg/torture/stackalign/stdcall-1.C -Os (internal compiler error)
FAIL: g++.dg/torture/stackalign/stdcall-1.C -Os (test for excess errors)
FAIL: g++.dg/tree-prof/partition2.C compilation, -Os -fprofile-use
UNRESOLVED: g++.dg/tree-prof/partition2.C execution, -Os -fprofile-use
=== g++ Summary ===
# of expected passes 27825
# of unexpected failures 65
# of expected failures 157
# of unresolved testcases 1
# of unsupported tests 157
/nightly/gcc.svn/test-intel32corei7avx/gcc-build-trunk/bld/gcc/testsuite/g++/../../g++ version 4.7.0 20110723 (experimental) [trunk revision 176707] (GCC)
=== gcc tests ===
Running target unix
FAIL: gcc.c-torture/compile/pr49474.c -Os (internal compiler error)
FAIL: gcc.c-torture/compile/pr49474.c -Os (test for excess errors)
FAIL: gcc.c-torture/execute/builtins/memcpy-chk.c compilation, -Os (internal compiler error)
UNRESOLVED: gcc.c-torture/execute/builtins/memcpy-chk.c execution, -Os
FAIL: gcc.c-torture/execute/builtins/memmove-chk.c compilation, -Os (internal compiler error)
UNRESOLVED: gcc.c-torture/execute/builtins/memmove-chk.c execution, -Os
FAIL: gcc.c-torture/execute/builtins/mempcpy-chk.c compilation, -Os (internal compiler error)
UNRESOLVED: gcc.c-torture/execute/builtins/mempcpy-chk.c execution, -Os
FAIL: gcc.c-torture/execute/builtins/memset-chk.c compilation, -Os (internal compiler error)
UNRESOLVED: gcc.c-torture/execute/builtins/memset-chk.c execution, -Os
FAIL: gcc.c-torture/execute/builtins/snprintf-chk.c compilation, -Os (internal compiler error)
UNRESOLVED: gcc.c-torture/execute/builtins/snprintf-chk.c execution, -Os
FAIL: gcc.c-torture/execute/builtins/sprintf-chk.c compilation, -Os (internal compiler error)
UNRESOLVED: gcc.c-torture/execute/builtins/sprintf-chk.c execution, -Os
FAIL: gcc.c-torture/execute/builtins/stpcpy-chk.c compilation, -Os (internal compiler error)
UNRESOLVED: gcc.c-torture/execute/builtins/stpcpy-chk.c execution, -Os
FAIL: gcc.c-torture/execute/builtins/strcat-chk.c compilation, -Os (internal compiler error)
UNRESOLVED: gcc.c-torture/execute/builtins/strcat-chk.c execution, -Os
FAIL: gcc.c-torture/execute/builtins/strcpy-chk.c compilation, -Os (internal compiler error)
UNRESOLVED: gcc.c-torture/execute/builtins/strcpy-chk.c execution, -Os
FAIL: gcc.c-torture/execute/builtins/strncat-chk.c compilation, -Os (internal compiler error)
UNRESOLVED: gcc.c-torture/execute/builtins/strncat-chk.c execution, -Os
FAIL: gcc.c-torture/execute/builtins/strncpy-chk.c compilation, -Os (internal compiler error)
UNRESOLVED: gcc.c-torture/execute/builtins/strncpy-chk.c execution, -Os
FAIL: gcc.c-torture/execute/builtins/strstr-asm.c compilation, -O2 -flto -flto-partition=none
UNRESOLVED: gcc.c-torture/execute/builtins/strstr-asm.c execution, -O2 -flto -flto-partition=none
FAIL: gcc.c-torture/execute/builtins/strstr-asm.c compilation, -O2 -flto
UNRESOLVED: gcc.c-torture/execute/builtins/strstr-asm.c execution, -O2 -flto
FAIL: gcc.c-torture/execute/builtins/vsnprintf-chk.c compilation, -Os (internal compiler error)
UNRESOLVED: gcc.c-torture/execute/builtins/vsnprintf-chk.c execution, -Os
FAIL: gcc.c-torture/execute/builtins/vsprintf-chk.c compilation, -Os (internal compiler error)
UNRESOLVED: gcc.c-torture/execute/builtins/vsprintf-chk.c execution, -Os
FAIL: gcc.c-torture/execute/built-in-setjmp.c compilation, -Os (internal compiler error)
UNRESOLVED: gcc.c-torture/execute/built-in-setjmp.c execution, -Os
FAIL: gcc.c-torture/execute/nestfunc-5.c compilation, -Os (internal compiler error)
UNRESOLVED: gcc.c-torture/execute/nestfunc-5.c execution, -Os
FAIL: gcc.c-torture/execute/nestfunc-6.c compilation, -Os (internal compiler error)
UNRESOLVED: gcc.c-torture/execute/nestfunc-6.c execution, -Os
XPASS: gcc.dg/inline_3.c (test for excess errors)
XPASS: gcc.dg/inline_4.c (test for excess errors)
FAIL: gcc.dg/pr36998.c (internal compiler error)
FAIL: gcc.dg/pr36998.c (test for excess errors)
XPASS: gcc.dg/unroll_2.c (test for excess errors)
XPASS: gcc.dg/unroll_3.c (test for excess errors)
XPASS: gcc.dg/unroll_4.c (test for excess errors)
XPASS: gcc.dg/guality/example.c -O0 execution test
XPASS: gcc.dg/guality/example.c -O1 execution test
XPASS: gcc.dg/guality/example.c -O2 execution test
XPASS: gcc.dg/guality/guality.c -O0 execution test
XPASS: gcc.dg/guality/guality.c -O1 execution test
XPASS: gcc.dg/guality/guality.c -O2 execution test
XPASS: gcc.dg/guality/guality.c -Os execution test
XPASS: gcc.dg/guality/inline-params.c -O2 execution test
XPASS: gcc.dg/guality/inline-params.c -Os execution test
XPASS: gcc.dg/guality/pr41353-1.c -O0 line 28 j == 28 + 37
XPASS: gcc.dg/guality/pr41353-1.c -O1 line 28 j == 28 + 37
XPASS: gcc.dg/guality/pr41353-1.c -O2 line 28 j == 28 + 37
XPASS: gcc.dg/guality/pr41353-1.c -O3 -fomit-frame-pointer line 28 j == 28 + 37
XPASS: gcc.dg/guality/pr41353-1.c -O3 -g line 28 j == 28 + 37
XPASS: gcc.dg/guality/pr41353-1.c -Os line 28 j == 28 + 37
XPASS: gcc.dg/guality/pr41353-1.c -O2 -flto -flto-partition=none line 28 j == 28 + 37
XPASS: gcc.dg/guality/pr41353-1.c -O2 -flto line 28 j == 28 + 37
XPASS: gcc.dg/guality/pr41447-1.c -O0 execution test
XPASS: gcc.dg/guality/pr41447-1.c -O1 execution test
XPASS: gcc.dg/guality/pr41447-1.c -Os execution test
XPASS: gcc.dg/guality/pr41616-1.c -O0 execution test
XPASS: gcc.dg/guality/pr41616-1.c -O1 execution test
XPASS: gcc.dg/guality/pr41616-1.c -O2 execution test
XPASS: gcc.dg/guality/pr41616-1.c -Os execution test
FAIL: gcc.dg/guality/vla-1.c -O2 -flto -flto-partition=none line 24 sizeof (a) == 17 * sizeof (short)
FAIL: gcc.dg/guality/vla-1.c -O2 -flto line 24 sizeof (a) == 17 * sizeof (short)
FAIL: gcc.dg/guality/vla-2.c -O2 -flto -flto-partition=none line 16 sizeof (a) == 5 * sizeof (int)
FAIL: gcc.dg/guality/vla-2.c -O2 -flto -flto-partition=none line 25 sizeof (a) == 6 * sizeof (int)
FAIL: gcc.dg/guality/vla-2.c -O2 -flto line 16 sizeof (a) == 5 * sizeof (int)
FAIL: gcc.dg/guality/vla-2.c -O2 -flto line 25 sizeof (a) == 6 * sizeof (int)
FAIL: gcc.dg/torture/stackalign/nested-5.c -Os (internal compiler error)
FAIL: gcc.dg/torture/stackalign/nested-5.c -Os (test for excess errors)
WARNING: gcc.dg/torture/stackalign/nested-5.c -Os compilation failed to produce executable
FAIL: gcc.dg/torture/stackalign/nested-6.c -Os (internal compiler error)
FAIL: gcc.dg/torture/stackalign/nested-6.c -Os (test for excess errors)
WARNING: gcc.dg/torture/stackalign/nested-6.c -Os compilation failed to produce executable
FAIL: gcc.dg/torture/stackalign/setjmp-1.c -Os (internal compiler error)
FAIL: gcc.dg/torture/stackalign/setjmp-1.c -Os (test for excess errors)
WARNING: gcc.dg/torture/stackalign/setjmp-1.c -Os compilation failed to produce executable
FAIL: gcc.dg/torture/stackalign/setjmp-2.c -Os (internal compiler error)
FAIL: gcc.dg/torture/stackalign/setjmp-2.c -Os (test for excess errors)
WARNING: gcc.dg/torture/stackalign/setjmp-2.c -Os compilation failed to produce executable
FAIL: gcc.dg/torture/stackalign/vararg-1.c -Os (internal compiler error)
FAIL: gcc.dg/torture/stackalign/vararg-1.c -Os (test for excess errors)
WARNING: gcc.dg/torture/stackalign/vararg-1.c -Os compilation failed to produce executable
FAIL: gcc.dg/torture/stackalign/vararg-2.c -Os (internal compiler error)
FAIL: gcc.dg/torture/stackalign/vararg-2.c -Os (test for excess errors)
WARNING: gcc.dg/torture/stackalign/vararg-2.c -Os compilation failed to produce executable
FAIL: gcc.dg/torture/stackalign/vararg-3.c -Os (internal compiler error)
FAIL: gcc.dg/torture/stackalign/vararg-3.c -Os (test for excess errors)
WARNING: gcc.dg/torture/stackalign/vararg-3.c -Os compilation failed to produce executable
FAIL: gcc.dg/torture/stackalign/nested-5.c -Os (internal compiler error)
FAIL: gcc.dg/torture/stackalign/nested-5.c -Os (test for excess errors)
WARNING: gcc.dg/torture/stackalign/nested-5.c -Os compilation failed to produce executable
FAIL: gcc.dg/torture/stackalign/nested-6.c -Os (internal compiler error)
FAIL: gcc.dg/torture/stackalign/nested-6.c -Os (test for excess errors)
WARNING: gcc.dg/torture/stackalign/nested-6.c -Os compilation failed to produce executable
FAIL: gcc.dg/torture/stackalign/setjmp-1.c -Os (internal compiler error)
FAIL: gcc.dg/torture/stackalign/setjmp-1.c -Os (test for excess errors)
WARNING: gcc.dg/torture/stackalign/setjmp-1.c -Os compilation failed to produce executable
FAIL: gcc.dg/torture/stackalign/setjmp-2.c -Os (internal compiler error)
FAIL: gcc.dg/torture/stackalign/setjmp-2.c -Os (test for excess errors)
WARNING: gcc.dg/torture/stackalign/setjmp-2.c -Os compilation failed to produce executable
FAIL: gcc.dg/torture/stackalign/vararg-1.c -Os (internal compiler error)
FAIL: gcc.dg/torture/stackalign/vararg-1.c -Os (test for excess errors)
WARNING: gcc.dg/torture/stackalign/vararg-1.c -Os compilation failed to produce executable
FAIL: gcc.dg/torture/stackalign/vararg-2.c -Os (internal compiler error)
FAIL: gcc.dg/torture/stackalign/vararg-2.c -Os (test for excess errors)
WARNING: gcc.dg/torture/stackalign/vararg-2.c -Os compilation failed to produce executable
FAIL: gcc.dg/torture/stackalign/vararg-3.c -Os (internal compiler error)
FAIL: gcc.dg/torture/stackalign/vararg-3.c -Os (test for excess errors)
WARNING: gcc.dg/torture/stackalign/vararg-3.c -Os compilation failed to produce executable
FAIL: gcc.dg/torture/stackalign/nested-5.c -Os (internal compiler error)
FAIL: gcc.dg/torture/stackalign/nested-5.c -Os (test for excess errors)
WARNING: gcc.dg/torture/stackalign/nested-5.c -Os compilation failed to produce executable
FAIL: gcc.dg/torture/stackalign/nested-6.c -Os (internal compiler error)
FAIL: gcc.dg/torture/stackalign/nested-6.c -Os (test for excess errors)
WARNING: gcc.dg/torture/stackalign/nested-6.c -Os compilation failed to produce executable
FAIL: gcc.dg/torture/stackalign/setjmp-1.c -Os (internal compiler error)
FAIL: gcc.dg/torture/stackalign/setjmp-1.c -Os (test for excess errors)
WARNING: gcc.dg/torture/stackalign/setjmp-1.c -Os compilation failed to produce executable
FAIL: gcc.dg/torture/stackalign/setjmp-2.c -Os (internal compiler error)
FAIL: gcc.dg/torture/stackalign/setjmp-2.c -Os (test for excess errors)
WARNING: gcc.dg/torture/stackalign/setjmp-2.c -Os compilation failed to produce executable
FAIL: gcc.dg/torture/stackalign/vararg-1.c -Os (internal compiler error)
FAIL: gcc.dg/torture/stackalign/vararg-1.c -Os (test for excess errors)
WARNING: gcc.dg/torture/stackalign/vararg-1.c -Os compilation failed to produce executable
FAIL: gcc.dg/torture/stackalign/vararg-2.c -Os (internal compiler error)
FAIL: gcc.dg/torture/stackalign/vararg-2.c -Os (test for excess errors)
WARNING: gcc.dg/torture/stackalign/vararg-2.c -Os compilation failed to produce executable
FAIL: gcc.dg/torture/stackalign/vararg-3.c -Os (internal compiler error)
FAIL: gcc.dg/torture/stackalign/vararg-3.c -Os (test for excess errors)
WARNING: gcc.dg/torture/stackalign/vararg-3.c -Os compilation failed to produce executable
FAIL: gcc.dg/torture/stackalign/nested-5.c -Os (internal compiler error)
FAIL: gcc.dg/torture/stackalign/nested-5.c -Os (test for excess errors)
WARNING: gcc.dg/torture/stackalign/nested-5.c -Os compilation failed to produce executable
FAIL: gcc.dg/torture/stackalign/nested-6.c -Os (internal compiler error)
FAIL: gcc.dg/torture/stackalign/nested-6.c -Os (test for excess errors)
WARNING: gcc.dg/torture/stackalign/nested-6.c -Os compilation failed to produce executable
FAIL: gcc.dg/torture/stackalign/setjmp-1.c -Os (internal compiler error)
FAIL: gcc.dg/torture/stackalign/setjmp-1.c -Os (test for excess errors)
WARNING: gcc.dg/torture/stackalign/setjmp-1.c -Os compilation failed to produce executable
FAIL: gcc.dg/torture/stackalign/setjmp-2.c -Os (internal compiler error)
FAIL: gcc.dg/torture/stackalign/setjmp-2.c -Os (test for excess errors)
WARNING: gcc.dg/torture/stackalign/setjmp-2.c -Os compilation failed to produce executable
FAIL: gcc.dg/torture/stackalign/vararg-1.c -Os (internal compiler error)
FAIL: gcc.dg/torture/stackalign/vararg-1.c -Os (test for excess errors)
WARNING: gcc.dg/torture/stackalign/vararg-1.c -Os compilation failed to produce executable
FAIL: gcc.dg/torture/stackalign/vararg-2.c -Os (internal compiler error)
FAIL: gcc.dg/torture/stackalign/vararg-2.c -Os (test for excess errors)
WARNING: gcc.dg/torture/stackalign/vararg-2.c -Os compilation failed to produce executable
FAIL: gcc.dg/torture/stackalign/vararg-3.c -Os (internal compiler error)
FAIL: gcc.dg/torture/stackalign/vararg-3.c -Os (test for excess errors)
WARNING: gcc.dg/torture/stackalign/vararg-3.c -Os compilation failed to produce executable
FAIL: gcc.dg/torture/tls/run-gd.c -O2 -flto -flto-partition=none (test for excess errors)
WARNING: gcc.dg/torture/tls/run-gd.c -O2 -flto -flto-partition=none compilation failed to produce executable
FAIL: gcc.dg/torture/tls/run-gd.c -O2 -flto (test for excess errors)
WARNING: gcc.dg/torture/tls/run-gd.c -O2 -flto compilation failed to produce executable
FAIL: gcc.dg/torture/tls/run-ie.c -O2 -flto -flto-partition=none (test for excess errors)
WARNING: gcc.dg/torture/tls/run-ie.c -O2 -flto -flto-partition=none compilation failed to produce executable
FAIL: gcc.dg/torture/tls/run-ie.c -O2 -flto (test for excess errors)
WARNING: gcc.dg/torture/tls/run-ie.c -O2 -flto compilation failed to produce executable
FAIL: gcc.dg/torture/tls/run-ld.c -O2 -flto -flto-partition=none (test for excess errors)
WARNING: gcc.dg/torture/tls/run-ld.c -O2 -flto -flto-partition=none compilation failed to produce executable
FAIL: gcc.dg/torture/tls/run-ld.c -O2 -flto (test for excess errors)
WARNING: gcc.dg/torture/tls/run-ld.c -O2 -flto compilation failed to produce executable
FAIL: gcc.dg/torture/tls/run-le.c -O2 -flto -flto-partition=none (test for excess errors)
WARNING: gcc.dg/torture/tls/run-le.c -O2 -flto -flto-partition=none compilation failed to produce executable
FAIL: gcc.dg/torture/tls/run-le.c -O2 -flto (test for excess errors)
WARNING: gcc.dg/torture/tls/run-le.c -O2 -flto compilation failed to produce executable
FAIL: gcc.dg/torture/tls/tls-test.c -O2 -flto -flto-partition=none (test for excess errors)
WARNING: gcc.dg/torture/tls/tls-test.c -O2 -flto -flto-partition=none compilation failed to produce executable
FAIL: gcc.dg/torture/tls/tls-test.c -O2 -flto (test for excess errors)
WARNING: gcc.dg/torture/tls/tls-test.c -O2 -flto compilation failed to produce executable
FAIL: gcc.dg/tree-ssa/vrp47.c scan-tree-dump-times dom1 "x[^ ]* & y" 1
FAIL: gcc.dg/tree-ssa/vrp47.c scan-tree-dump-times vrp1 "x[^ ]* \\^ 1" 1
FAIL: gcc.dg/vect/vect-104.c scan-tree-dump-times vect "possible dependence between data-refs" 1
FAIL: gcc.dg/vect/vect-6.c scan-tree-dump-times vect "Vectorizing an unaligned access" 0
FAIL: gcc.dg/vect/vect-all.c scan-tree-dump-times vect "Vectorizing an unaligned access" 0
FAIL: gcc.dg/vect/vect-outer-1.c scan-tree-dump-times vect "strided access in outer loop" 1
FAIL: gcc.dg/vect/vect-outer-1a.c scan-tree-dump-times vect "strided access in outer loop" 1
FAIL: gcc.dg/vect/vect-outer-1b.c scan-tree-dump-times vect "strided access in outer loop" 1
FAIL: gcc.dg/vect/vect-outer-2b.c scan-tree-dump-times vect "strided access in outer loop." 1
FAIL: gcc.dg/vect/vect-outer-3a.c scan-tree-dump-times vect "step doesn't divide the vector-size" 2
FAIL: gcc.dg/vect/vect-outer-3b.c scan-tree-dump-times vect "strided access in outer loop" 2
FAIL: gcc.dg/vect/vect-outer-5.c scan-tree-dump-times vect "zero step in outer loop." 1
FAIL: gcc.dg/vect/vect-reduc-dot-s8b.c scan-tree-dump-times vect "vect_recog_widen_mult_pattern: detected" 1
FAIL: gcc.dg/vect/vect-104.c -flto scan-tree-dump-times vect "possible dependence between data-refs" 1
FAIL: gcc.dg/vect/vect-6.c -flto scan-tree-dump-times vect "Vectorizing an unaligned access" 0
FAIL: gcc.dg/vect/vect-all.c -flto scan-tree-dump-times vect "Vectorizing an unaligned access" 0
FAIL: gcc.dg/vect/vect-outer-1.c -flto scan-tree-dump-times vect "strided access in outer loop" 1
FAIL: gcc.dg/vect/vect-outer-1a.c -flto scan-tree-dump-times vect "strided access in outer loop" 1
FAIL: gcc.dg/vect/vect-outer-1b.c -flto scan-tree-dump-times vect "strided access in outer loop" 1
FAIL: gcc.dg/vect/vect-outer-2b.c -flto scan-tree-dump-times vect "strided access in outer loop." 1
FAIL: gcc.dg/vect/vect-outer-3a.c -flto scan-tree-dump-times vect "step doesn't divide the vector-size" 2
FAIL: gcc.dg/vect/vect-outer-3b.c -flto scan-tree-dump-times vect "strided access in outer loop" 2
FAIL: gcc.dg/vect/vect-outer-5.c -flto scan-tree-dump-times vect "zero step in outer loop." 1
FAIL: gcc.dg/vect/vect-reduc-dot-s8b.c -flto scan-tree-dump-times vect "vect_recog_widen_mult_pattern: detected" 1
FAIL: gcc.dg/vect/no-vfa-vect-101.c scan-tree-dump-times vect "can't determine dependence" 1
FAIL: gcc.dg/vect/no-vfa-vect-102.c scan-tree-dump-times vect "possible dependence between data-refs" 1
FAIL: gcc.dg/vect/no-vfa-vect-102a.c scan-tree-dump-times vect "possible dependence between data-refs" 1
FAIL: gcc.dg/vect/no-vfa-vect-37.c scan-tree-dump-times vect "can't determine dependence between" 2
FAIL: gcc.dg/vect/no-vfa-vect-79.c scan-tree-dump-times vect "can't determine dependence between" 1
FAIL: gcc.target/i386/andor-2.c scan-assembler-not sete
=== gcc Summary ===
# of expected passes 81233
# of unexpected failures 124
# of unexpected successes 29
# of expected failures 272
# of unresolved testcases 18
# of unsupported tests 829
/nightly/gcc.svn/test-intel32corei7avx/gcc-build-trunk/bld/gcc/xgcc version 4.7.0 20110723 (experimental) [trunk revision 176707] (GCC)
=== gfortran tests ===
Running target unix
FAIL: gfortran.dg/auto_char_dummy_array_1.f90 -Os (internal compiler error)
FAIL: gfortran.dg/auto_char_dummy_array_1.f90 -Os (test for excess errors)
WARNING: gfortran.dg/auto_char_dummy_array_1.f90 -Os compilation failed to produce executable
FAIL: gfortran.dg/bessel_5.f90 -Os (internal compiler error)
FAIL: gfortran.dg/bessel_5.f90 -Os (test for excess errors)
WARNING: gfortran.dg/bessel_5.f90 -Os compilation failed to produce executable
FAIL: gfortran.dg/cr_lf.f90 -Os (internal compiler error)
FAIL: gfortran.dg/cr_lf.f90 -Os (test for excess errors)
WARNING: gfortran.dg/cr_lf.f90 -Os compilation failed to produce executable
FAIL: gfortran.dg/pr46297.f -O3 -g (internal compiler error)
FAIL: gfortran.dg/pr46297.f -O3 -g (test for excess errors)
WARNING: gfortran.dg/pr46297.f -O3 -g compilation failed to produce executable
FAIL: gfortran.dg/pr47008.f03 -O3 -g (internal compiler error)
FAIL: gfortran.dg/pr47008.f03 -O3 -g (test for excess errors)
WARNING: gfortran.dg/pr47008.f03 -O3 -g compilation failed to produce executable
FAIL: gfortran.dg/vect/pr19049.f90 -O scan-tree-dump-times vect "complicated access pattern" 1
FAIL: gfortran.dg/vect/fast-math-mgrid-resid.f scan-tree-dump-times optimized "vect_var[^\\n]*\\+ " 13
=== gfortran Summary ===
# of expected passes 39105
# of unexpected failures 12
# of expected failures 53
# of unsupported tests 212
/nightly/gcc.svn/test-intel32corei7avx/gcc-build-trunk/bld/gcc/testsuite/gfortran/../../gfortran version 4.7.0 20110723 (experimental) [trunk revision 176707] (GCC)
=== objc tests ===
Running target unix
FAIL: objc.dg/torture/tls/thr-init-2.m -O2 -flto -flto-partition=none -fgnu-runtime (test for excess errors)
WARNING: objc.dg/torture/tls/thr-init-2.m -O2 -flto -flto-partition=none -fgnu-runtime compilation failed to produce executable
FAIL: objc.dg/torture/tls/thr-init-2.m -O2 -flto -fgnu-runtime (test for excess errors)
WARNING: objc.dg/torture/tls/thr-init-2.m -O2 -flto -fgnu-runtime compilation failed to produce executable
FAIL: objc/execute/exceptions/catchall-1.m compilation, -Os -fgnu-runtime (internal compiler error)
UNRESOLVED: objc/execute/exceptions/catchall-1.m execution, -Os -fgnu-runtime
FAIL: objc/execute/exceptions/foward-1.m compilation, -Os -fgnu-runtime (internal compiler error)
UNRESOLVED: objc/execute/exceptions/foward-1.m execution, -Os -fgnu-runtime
=== objc Summary ===
# of expected passes 2966
# of unexpected failures 4
# of expected failures 6
# of unresolved testcases 2
# of unsupported tests 74
/nightly/gcc.svn/test-intel32corei7avx/gcc-build-trunk/bld/gcc/xgcc version 4.7.0 20110723 (experimental) [trunk revision 176707] (GCC)
=== boehm-gc tests ===
Running target unix
FAIL: boehm-gc.c/thread_leak_test.c -O2 (test for excess errors)
=== boehm-gc Summary ===
# of expected passes 11
# of unexpected failures 1
# of unsupported tests 1
=== libffi tests ===
Running target unix
FAIL: libffi.special/unwindtest.cc -shared-libgcc -lstdc++ (test for excess errors)
WARNING: libffi.special/unwindtest.cc -shared-libgcc -lstdc++ compilation failed to produce executable
FAIL: libffi.special/unwindtest_ffi_call.cc -shared-libgcc -lstdc++ (test for excess errors)
WARNING: libffi.special/unwindtest_ffi_call.cc -shared-libgcc -lstdc++ compilation failed to produce executable
=== libffi Summary ===
# of expected passes 1628
# of unexpected failures 2
# of expected failures 10
# of unsupported tests 15
=== libgomp tests ===
Running target unix
FAIL: libgomp.graphite/force-parallel-1.c execution test
=== libgomp Summary ===
# of expected passes 2637
# of unexpected failures 1
=== libjava tests ===
Running target unix
=== libjava Summary ===
# of expected passes 2574
=== libmudflap tests ===
Running target unix
=== libmudflap Summary ===
# of expected passes 1431
=== libstdc++ tests ===
Running target unix
FAIL: 22_locale/messages/members/char/1.cc execution test
FAIL: 22_locale/messages/members/char/2.cc execution test
FAIL: 22_locale/messages/members/char/wrapped_env.cc execution test
FAIL: 22_locale/messages/members/char/wrapped_locale.cc execution test
FAIL: 22_locale/messages_byname/named_equivalence.cc execution test
=== libstdc++ Summary ===
# of expected passes 8622
# of unexpected failures 5
# of expected failures 45
# of unsupported tests 140
Compiler version: 4.7.0 20110723 (experimental) [trunk revision 176707] (GCC)
Platform: i686-pc-linux-gnu
configure flags: --with-arch=corei7-avx --with-cpu=corei7-avx --prefix=/usr/local --enable-clocale=gnu --with-system-zlib --enable-shared --with-demangler-in-ld --enable-cloog-backend=isl --with-ppl=/opt/gnu --with-cloog=/opt/gnu i686-linux --with-fpmath=sse --enable-languages=c,c++,fortran,java,lto,objc
More information about the Gcc-testresults
mailing list