Results for 4.7.0 20110723 (experimental) (GCC) testsuite on i686-pc-linux-gnu

GCC regression tester regress@geoffk.org
Sat Jul 23 23:55:00 GMT 2011


This build run by an automatic regression tester.
See <http://glutton.geoffk.org/HEAD/> for more information.

Date: 2011-07-23T21:36:50Z
Revision: 176706
URL: svn://gcc.gnu.org/svn/gcc/trunk
Status: regress-61
Prev-Endtime: 2011-07-23T21:34:55Z

Native configuration is i686-pc-linux-gnu

		=== g++ tests ===


Running target unix
FAIL: g++.dg/eh/async-unwind1.C (internal compiler error)
FAIL: g++.dg/eh/async-unwind1.C (test for excess errors)
WARNING: g++.dg/eh/async-unwind1.C compilation failed to produce executable
FAIL: g++.dg/eh/async-unwind2.C (internal compiler error)
FAIL: g++.dg/eh/async-unwind2.C (test for excess errors)
WARNING: g++.dg/eh/async-unwind2.C compilation failed to produce executable
FAIL: g++.dg/tree-ssa/pr46228.C (internal compiler error)
FAIL: g++.dg/tree-ssa/pr46228.C (test for excess errors)
FAIL: g++.dg/guality/redeclaration1.C  -O0  line 17 i == 24
FAIL: g++.dg/guality/redeclaration1.C  -O1  line 17 i == 24
FAIL: g++.dg/guality/redeclaration1.C  -O2  line 17 i == 24
FAIL: g++.dg/guality/redeclaration1.C  -O3 -fomit-frame-pointer  line 17 i == 24
FAIL: g++.dg/guality/redeclaration1.C  -O3 -g  line 17 i == 24
FAIL: g++.dg/guality/redeclaration1.C  -Os  line 17 i == 24
FAIL: g++.dg/torture/20080625-1.C  -Os  (internal compiler error)
FAIL: g++.dg/torture/20080625-1.C  -Os  (test for excess errors)
FAIL: g++.dg/torture/pr31081-2.C  -Os  (internal compiler error)
FAIL: g++.dg/torture/pr31081-2.C  -Os  (test for excess errors)
FAIL: g++.dg/torture/pr33340.C  -Os  (internal compiler error)
FAIL: g++.dg/torture/pr33340.C  -Os  (test for excess errors)
FAIL: g++.dg/torture/pr33735.C  -Os  (internal compiler error)
FAIL: g++.dg/torture/pr33735.C  -Os  (test for excess errors)
FAIL: g++.dg/torture/pr35164-1.C  -Os  (internal compiler error)
FAIL: g++.dg/torture/pr35164-1.C  -Os  (test for excess errors)
FAIL: g++.dg/torture/pr35164-2.C  -Os  (internal compiler error)
FAIL: g++.dg/torture/pr35164-2.C  -Os  (test for excess errors)
FAIL: g++.dg/torture/pr40102.C  -Os  (internal compiler error)
FAIL: g++.dg/torture/pr40102.C  -Os  (test for excess errors)
FAIL: g++.dg/torture/pr40642.C  -Os  (internal compiler error)
FAIL: g++.dg/torture/pr40642.C  -Os  (test for excess errors)
FAIL: g++.dg/torture/pr44813.C  -Os  (internal compiler error)
FAIL: g++.dg/torture/pr44813.C  -Os  (test for excess errors)
FAIL: g++.dg/torture/pr48271.C  -Os  (internal compiler error)
FAIL: g++.dg/torture/pr48271.C  -Os  (test for excess errors)
FAIL: g++.dg/torture/pr49115.C  -Os  (internal compiler error)
FAIL: g++.dg/torture/pr49115.C  -Os  (test for excess errors)
WARNING: g++.dg/torture/pr49115.C  -Os  compilation failed to produce executable
FAIL: g++.dg/torture/stackalign/eh-alloca-1.C  -Os  (internal compiler error)
FAIL: g++.dg/torture/stackalign/eh-alloca-1.C  -Os  (test for excess errors)
WARNING: g++.dg/torture/stackalign/eh-alloca-1.C  -Os  compilation failed to produce executable
FAIL: g++.dg/torture/stackalign/eh-fastcall-1.C  -Os  (internal compiler error)
FAIL: g++.dg/torture/stackalign/eh-fastcall-1.C  -Os  (test for excess errors)
WARNING: g++.dg/torture/stackalign/eh-fastcall-1.C  -Os  compilation failed to produce executable
FAIL: g++.dg/torture/stackalign/eh-global-1.C  -Os  (internal compiler error)
FAIL: g++.dg/torture/stackalign/eh-global-1.C  -Os  (test for excess errors)
WARNING: g++.dg/torture/stackalign/eh-global-1.C  -Os  compilation failed to produce executable
FAIL: g++.dg/torture/stackalign/eh-inline-1.C  -Os  (internal compiler error)
FAIL: g++.dg/torture/stackalign/eh-inline-1.C  -Os  (test for excess errors)
WARNING: g++.dg/torture/stackalign/eh-inline-1.C  -Os  compilation failed to produce executable
FAIL: g++.dg/torture/stackalign/eh-inline-2.C  -Os  (internal compiler error)
FAIL: g++.dg/torture/stackalign/eh-inline-2.C  -Os  (test for excess errors)
WARNING: g++.dg/torture/stackalign/eh-inline-2.C  -Os  compilation failed to produce executable
FAIL: g++.dg/torture/stackalign/eh-thiscall-1.C  -Os  (internal compiler error)
FAIL: g++.dg/torture/stackalign/eh-thiscall-1.C  -Os  (test for excess errors)
WARNING: g++.dg/torture/stackalign/eh-thiscall-1.C  -Os  compilation failed to produce executable
FAIL: g++.dg/torture/stackalign/eh-vararg-1.C  -Os  (internal compiler error)
FAIL: g++.dg/torture/stackalign/eh-vararg-1.C  -Os  (test for excess errors)
WARNING: g++.dg/torture/stackalign/eh-vararg-1.C  -Os  compilation failed to produce executable
FAIL: g++.dg/torture/stackalign/eh-vararg-2.C  -Os  (internal compiler error)
FAIL: g++.dg/torture/stackalign/eh-vararg-2.C  -Os  (test for excess errors)
WARNING: g++.dg/torture/stackalign/eh-vararg-2.C  -Os  compilation failed to produce executable
FAIL: g++.dg/torture/stackalign/stdcall-1.C  -Os  (internal compiler error)
FAIL: g++.dg/torture/stackalign/stdcall-1.C  -Os  (test for excess errors)
FAIL: g++.dg/torture/stackalign/eh-alloca-1.C  -Os  (internal compiler error)
FAIL: g++.dg/torture/stackalign/eh-alloca-1.C  -Os  (test for excess errors)
WARNING: g++.dg/torture/stackalign/eh-alloca-1.C  -Os  compilation failed to produce executable
FAIL: g++.dg/torture/stackalign/eh-fastcall-1.C  -Os  (internal compiler error)
FAIL: g++.dg/torture/stackalign/eh-fastcall-1.C  -Os  (test for excess errors)
WARNING: g++.dg/torture/stackalign/eh-fastcall-1.C  -Os  compilation failed to produce executable
FAIL: g++.dg/torture/stackalign/eh-global-1.C  -Os  (internal compiler error)
FAIL: g++.dg/torture/stackalign/eh-global-1.C  -Os  (test for excess errors)
WARNING: g++.dg/torture/stackalign/eh-global-1.C  -Os  compilation failed to produce executable
FAIL: g++.dg/torture/stackalign/eh-inline-1.C  -Os  (internal compiler error)
FAIL: g++.dg/torture/stackalign/eh-inline-1.C  -Os  (test for excess errors)
WARNING: g++.dg/torture/stackalign/eh-inline-1.C  -Os  compilation failed to produce executable
FAIL: g++.dg/torture/stackalign/eh-inline-2.C  -Os  (internal compiler error)
FAIL: g++.dg/torture/stackalign/eh-inline-2.C  -Os  (test for excess errors)
WARNING: g++.dg/torture/stackalign/eh-inline-2.C  -Os  compilation failed to produce executable
FAIL: g++.dg/torture/stackalign/eh-thiscall-1.C  -Os  (internal compiler error)
FAIL: g++.dg/torture/stackalign/eh-thiscall-1.C  -Os  (test for excess errors)
WARNING: g++.dg/torture/stackalign/eh-thiscall-1.C  -Os  compilation failed to produce executable
FAIL: g++.dg/torture/stackalign/eh-vararg-1.C  -Os  (internal compiler error)
FAIL: g++.dg/torture/stackalign/eh-vararg-1.C  -Os  (test for excess errors)
WARNING: g++.dg/torture/stackalign/eh-vararg-1.C  -Os  compilation failed to produce executable
FAIL: g++.dg/torture/stackalign/eh-vararg-2.C  -Os  (internal compiler error)
FAIL: g++.dg/torture/stackalign/eh-vararg-2.C  -Os  (test for excess errors)
WARNING: g++.dg/torture/stackalign/eh-vararg-2.C  -Os  compilation failed to produce executable
FAIL: g++.dg/torture/stackalign/stdcall-1.C  -Os  (internal compiler error)
FAIL: g++.dg/torture/stackalign/stdcall-1.C  -Os  (test for excess errors)
FAIL: g++.dg/tree-prof/partition2.C compilation,  -Os  -fprofile-use
UNRESOLVED: g++.dg/tree-prof/partition2.C execution,    -Os  -fprofile-use

		=== g++ Summary ===

# of expected passes		27798
# of unexpected failures	71
# of expected failures		157
# of unresolved testcases	1
# of unsupported tests		156
/home/regress/tbox/native/build/gcc/testsuite/g++/../../g++  version 4.7.0 20110723 (experimental) (GCC) 

		=== gcc tests ===


Running target unix
FAIL: gcc.c-torture/compile/pr49474.c  -Os  (internal compiler error)
FAIL: gcc.c-torture/compile/pr49474.c  -Os  (test for excess errors)
FAIL: gcc.c-torture/execute/builtins/memcpy-chk.c compilation,  -Os  (internal compiler error)
UNRESOLVED: gcc.c-torture/execute/builtins/memcpy-chk.c execution,  -Os 
FAIL: gcc.c-torture/execute/builtins/memmove-chk.c compilation,  -Os  (internal compiler error)
UNRESOLVED: gcc.c-torture/execute/builtins/memmove-chk.c execution,  -Os 
FAIL: gcc.c-torture/execute/builtins/mempcpy-chk.c compilation,  -Os  (internal compiler error)
UNRESOLVED: gcc.c-torture/execute/builtins/mempcpy-chk.c execution,  -Os 
FAIL: gcc.c-torture/execute/builtins/memset-chk.c compilation,  -Os  (internal compiler error)
UNRESOLVED: gcc.c-torture/execute/builtins/memset-chk.c execution,  -Os 
FAIL: gcc.c-torture/execute/builtins/snprintf-chk.c compilation,  -Os  (internal compiler error)
UNRESOLVED: gcc.c-torture/execute/builtins/snprintf-chk.c execution,  -Os 
FAIL: gcc.c-torture/execute/builtins/sprintf-chk.c compilation,  -Os  (internal compiler error)
UNRESOLVED: gcc.c-torture/execute/builtins/sprintf-chk.c execution,  -Os 
FAIL: gcc.c-torture/execute/builtins/stpcpy-chk.c compilation,  -Os  (internal compiler error)
UNRESOLVED: gcc.c-torture/execute/builtins/stpcpy-chk.c execution,  -Os 
FAIL: gcc.c-torture/execute/builtins/strcat-chk.c compilation,  -Os  (internal compiler error)
UNRESOLVED: gcc.c-torture/execute/builtins/strcat-chk.c execution,  -Os 
FAIL: gcc.c-torture/execute/builtins/strcpy-chk.c compilation,  -Os  (internal compiler error)
UNRESOLVED: gcc.c-torture/execute/builtins/strcpy-chk.c execution,  -Os 
FAIL: gcc.c-torture/execute/builtins/strncat-chk.c compilation,  -Os  (internal compiler error)
UNRESOLVED: gcc.c-torture/execute/builtins/strncat-chk.c execution,  -Os 
FAIL: gcc.c-torture/execute/builtins/strncpy-chk.c compilation,  -Os  (internal compiler error)
UNRESOLVED: gcc.c-torture/execute/builtins/strncpy-chk.c execution,  -Os 
FAIL: gcc.c-torture/execute/builtins/vsnprintf-chk.c compilation,  -Os  (internal compiler error)
UNRESOLVED: gcc.c-torture/execute/builtins/vsnprintf-chk.c execution,  -Os 
FAIL: gcc.c-torture/execute/builtins/vsprintf-chk.c compilation,  -Os  (internal compiler error)
UNRESOLVED: gcc.c-torture/execute/builtins/vsprintf-chk.c execution,  -Os 
FAIL: gcc.c-torture/execute/built-in-setjmp.c compilation,  -Os  (internal compiler error)
UNRESOLVED: gcc.c-torture/execute/built-in-setjmp.c execution,  -Os 
FAIL: gcc.c-torture/execute/nestfunc-5.c compilation,  -Os  (internal compiler error)
UNRESOLVED: gcc.c-torture/execute/nestfunc-5.c execution,  -Os 
FAIL: gcc.c-torture/execute/nestfunc-6.c compilation,  -Os  (internal compiler error)
UNRESOLVED: gcc.c-torture/execute/nestfunc-6.c execution,  -Os 
FAIL: gcc.dg/cproj-fails-with-broken-glibc.c execution test
XPASS: gcc.dg/inline_3.c (test for excess errors)
XPASS: gcc.dg/inline_4.c (test for excess errors)
FAIL: gcc.dg/pr36998.c (internal compiler error)
FAIL: gcc.dg/pr36998.c (test for excess errors)
XPASS: gcc.dg/unroll_2.c (test for excess errors)
XPASS: gcc.dg/unroll_3.c (test for excess errors)
XPASS: gcc.dg/unroll_4.c (test for excess errors)
XPASS: gcc.dg/guality/example.c  -O0  execution test
XPASS: gcc.dg/guality/example.c  -O1  execution test
XPASS: gcc.dg/guality/guality.c  -O0  execution test
XPASS: gcc.dg/guality/guality.c  -O1  execution test
XPASS: gcc.dg/guality/guality.c  -O2  execution test
XPASS: gcc.dg/guality/guality.c  -Os  execution test
XPASS: gcc.dg/guality/guality.c  -O2 -flto -flto-partition=none  execution test
XPASS: gcc.dg/guality/guality.c  -O2 -flto  execution test
FAIL: gcc.dg/guality/inline-params.c  -O0  execution test
FAIL: gcc.dg/guality/inline-params.c  -O1  execution test
XPASS: gcc.dg/guality/pr41353-1.c  -O0  line 28 j == 28 + 37
XPASS: gcc.dg/guality/pr41447-1.c  -O0  execution test
XPASS: gcc.dg/guality/pr41447-1.c  -O1  execution test
XPASS: gcc.dg/guality/pr41447-1.c  -Os  execution test
XPASS: gcc.dg/guality/pr41616-1.c  -O0  execution test
FAIL: gcc.dg/guality/vla-1.c  -O0  line 17 sizeof (a) == 6
FAIL: gcc.dg/guality/vla-1.c  -O0  line 24 sizeof (a) == 17 * sizeof (short)
FAIL: gcc.dg/guality/vla-1.c  -O1  line 17 sizeof (a) == 6
FAIL: gcc.dg/guality/vla-1.c  -O1  line 24 sizeof (a) == 17 * sizeof (short)
FAIL: gcc.dg/guality/vla-1.c  -O2  line 17 sizeof (a) == 6
FAIL: gcc.dg/guality/vla-1.c  -O2  line 24 sizeof (a) == 17 * sizeof (short)
FAIL: gcc.dg/guality/vla-1.c  -O3 -fomit-frame-pointer  line 17 sizeof (a) == 6
FAIL: gcc.dg/guality/vla-1.c  -O3 -fomit-frame-pointer  line 24 sizeof (a) == 17 * sizeof (short)
FAIL: gcc.dg/guality/vla-1.c  -O3 -g  line 17 sizeof (a) == 6
FAIL: gcc.dg/guality/vla-1.c  -O3 -g  line 24 sizeof (a) == 17 * sizeof (short)
FAIL: gcc.dg/guality/vla-1.c  -Os  line 17 sizeof (a) == 6
FAIL: gcc.dg/guality/vla-1.c  -Os  line 24 sizeof (a) == 17 * sizeof (short)
FAIL: gcc.dg/guality/vla-1.c  -O2 -flto -flto-partition=none  line 17 sizeof (a) == 6
FAIL: gcc.dg/guality/vla-1.c  -O2 -flto -flto-partition=none  line 24 sizeof (a) == 17 * sizeof (short)
FAIL: gcc.dg/guality/vla-1.c  -O2 -flto  line 17 sizeof (a) == 6
FAIL: gcc.dg/guality/vla-1.c  -O2 -flto  line 24 sizeof (a) == 17 * sizeof (short)
FAIL: gcc.dg/guality/vla-2.c  -O2 -flto -flto-partition=none  line 16 sizeof (a) == 5 * sizeof (int)
FAIL: gcc.dg/guality/vla-2.c  -O2 -flto -flto-partition=none  line 25 sizeof (a) == 6 * sizeof (int)
FAIL: gcc.dg/guality/vla-2.c  -O2 -flto  line 16 sizeof (a) == 5 * sizeof (int)
FAIL: gcc.dg/guality/vla-2.c  -O2 -flto  line 25 sizeof (a) == 6 * sizeof (int)
FAIL: gcc.dg/torture/stackalign/nested-5.c  -Os  (internal compiler error)
FAIL: gcc.dg/torture/stackalign/nested-5.c  -Os  (test for excess errors)
WARNING: gcc.dg/torture/stackalign/nested-5.c  -Os  compilation failed to produce executable
FAIL: gcc.dg/torture/stackalign/nested-6.c  -Os  (internal compiler error)
FAIL: gcc.dg/torture/stackalign/nested-6.c  -Os  (test for excess errors)
WARNING: gcc.dg/torture/stackalign/nested-6.c  -Os  compilation failed to produce executable
FAIL: gcc.dg/torture/stackalign/setjmp-1.c  -Os  (internal compiler error)
FAIL: gcc.dg/torture/stackalign/setjmp-1.c  -Os  (test for excess errors)
WARNING: gcc.dg/torture/stackalign/setjmp-1.c  -Os  compilation failed to produce executable
FAIL: gcc.dg/torture/stackalign/setjmp-2.c  -Os  (internal compiler error)
FAIL: gcc.dg/torture/stackalign/setjmp-2.c  -Os  (test for excess errors)
WARNING: gcc.dg/torture/stackalign/setjmp-2.c  -Os  compilation failed to produce executable
FAIL: gcc.dg/torture/stackalign/vararg-1.c  -Os  (internal compiler error)
FAIL: gcc.dg/torture/stackalign/vararg-1.c  -Os  (test for excess errors)
WARNING: gcc.dg/torture/stackalign/vararg-1.c  -Os  compilation failed to produce executable
FAIL: gcc.dg/torture/stackalign/vararg-2.c  -Os  (internal compiler error)
FAIL: gcc.dg/torture/stackalign/vararg-2.c  -Os  (test for excess errors)
WARNING: gcc.dg/torture/stackalign/vararg-2.c  -Os  compilation failed to produce executable
FAIL: gcc.dg/torture/stackalign/vararg-3.c  -Os  (internal compiler error)
FAIL: gcc.dg/torture/stackalign/vararg-3.c  -Os  (test for excess errors)
WARNING: gcc.dg/torture/stackalign/vararg-3.c  -Os  compilation failed to produce executable
FAIL: gcc.dg/torture/stackalign/nested-5.c  -Os  (internal compiler error)
FAIL: gcc.dg/torture/stackalign/nested-5.c  -Os  (test for excess errors)
WARNING: gcc.dg/torture/stackalign/nested-5.c  -Os  compilation failed to produce executable
FAIL: gcc.dg/torture/stackalign/nested-6.c  -Os  (internal compiler error)
FAIL: gcc.dg/torture/stackalign/nested-6.c  -Os  (test for excess errors)
WARNING: gcc.dg/torture/stackalign/nested-6.c  -Os  compilation failed to produce executable
FAIL: gcc.dg/torture/stackalign/setjmp-1.c  -Os  (internal compiler error)
FAIL: gcc.dg/torture/stackalign/setjmp-1.c  -Os  (test for excess errors)
WARNING: gcc.dg/torture/stackalign/setjmp-1.c  -Os  compilation failed to produce executable
FAIL: gcc.dg/torture/stackalign/setjmp-2.c  -Os  (internal compiler error)
FAIL: gcc.dg/torture/stackalign/setjmp-2.c  -Os  (test for excess errors)
WARNING: gcc.dg/torture/stackalign/setjmp-2.c  -Os  compilation failed to produce executable
FAIL: gcc.dg/torture/stackalign/vararg-1.c  -Os  (internal compiler error)
FAIL: gcc.dg/torture/stackalign/vararg-1.c  -Os  (test for excess errors)
WARNING: gcc.dg/torture/stackalign/vararg-1.c  -Os  compilation failed to produce executable
FAIL: gcc.dg/torture/stackalign/vararg-2.c  -Os  (internal compiler error)
FAIL: gcc.dg/torture/stackalign/vararg-2.c  -Os  (test for excess errors)
WARNING: gcc.dg/torture/stackalign/vararg-2.c  -Os  compilation failed to produce executable
FAIL: gcc.dg/torture/stackalign/vararg-3.c  -Os  (internal compiler error)
FAIL: gcc.dg/torture/stackalign/vararg-3.c  -Os  (test for excess errors)
WARNING: gcc.dg/torture/stackalign/vararg-3.c  -Os  compilation failed to produce executable
FAIL: gcc.dg/torture/stackalign/nested-5.c  -Os  (internal compiler error)
FAIL: gcc.dg/torture/stackalign/nested-5.c  -Os  (test for excess errors)
WARNING: gcc.dg/torture/stackalign/nested-5.c  -Os  compilation failed to produce executable
FAIL: gcc.dg/torture/stackalign/nested-6.c  -Os  (internal compiler error)
FAIL: gcc.dg/torture/stackalign/nested-6.c  -Os  (test for excess errors)
WARNING: gcc.dg/torture/stackalign/nested-6.c  -Os  compilation failed to produce executable
FAIL: gcc.dg/torture/stackalign/setjmp-1.c  -Os  (internal compiler error)
FAIL: gcc.dg/torture/stackalign/setjmp-1.c  -Os  (test for excess errors)
WARNING: gcc.dg/torture/stackalign/setjmp-1.c  -Os  compilation failed to produce executable
FAIL: gcc.dg/torture/stackalign/setjmp-2.c  -Os  (internal compiler error)
FAIL: gcc.dg/torture/stackalign/setjmp-2.c  -Os  (test for excess errors)
WARNING: gcc.dg/torture/stackalign/setjmp-2.c  -Os  compilation failed to produce executable
FAIL: gcc.dg/torture/stackalign/vararg-1.c  -Os  (internal compiler error)
FAIL: gcc.dg/torture/stackalign/vararg-1.c  -Os  (test for excess errors)
WARNING: gcc.dg/torture/stackalign/vararg-1.c  -Os  compilation failed to produce executable
FAIL: gcc.dg/torture/stackalign/vararg-2.c  -Os  (internal compiler error)
FAIL: gcc.dg/torture/stackalign/vararg-2.c  -Os  (test for excess errors)
WARNING: gcc.dg/torture/stackalign/vararg-2.c  -Os  compilation failed to produce executable
FAIL: gcc.dg/torture/stackalign/vararg-3.c  -Os  (internal compiler error)
FAIL: gcc.dg/torture/stackalign/vararg-3.c  -Os  (test for excess errors)
WARNING: gcc.dg/torture/stackalign/vararg-3.c  -Os  compilation failed to produce executable
FAIL: gcc.dg/torture/stackalign/nested-5.c  -Os  (internal compiler error)
FAIL: gcc.dg/torture/stackalign/nested-5.c  -Os  (test for excess errors)
WARNING: gcc.dg/torture/stackalign/nested-5.c  -Os  compilation failed to produce executable
FAIL: gcc.dg/torture/stackalign/nested-6.c  -Os  (internal compiler error)
FAIL: gcc.dg/torture/stackalign/nested-6.c  -Os  (test for excess errors)
WARNING: gcc.dg/torture/stackalign/nested-6.c  -Os  compilation failed to produce executable
FAIL: gcc.dg/torture/stackalign/setjmp-1.c  -Os  (internal compiler error)
FAIL: gcc.dg/torture/stackalign/setjmp-1.c  -Os  (test for excess errors)
WARNING: gcc.dg/torture/stackalign/setjmp-1.c  -Os  compilation failed to produce executable
FAIL: gcc.dg/torture/stackalign/setjmp-2.c  -Os  (internal compiler error)
FAIL: gcc.dg/torture/stackalign/setjmp-2.c  -Os  (test for excess errors)
WARNING: gcc.dg/torture/stackalign/setjmp-2.c  -Os  compilation failed to produce executable
FAIL: gcc.dg/torture/stackalign/vararg-1.c  -Os  (internal compiler error)
FAIL: gcc.dg/torture/stackalign/vararg-1.c  -Os  (test for excess errors)
WARNING: gcc.dg/torture/stackalign/vararg-1.c  -Os  compilation failed to produce executable
FAIL: gcc.dg/torture/stackalign/vararg-2.c  -Os  (internal compiler error)
FAIL: gcc.dg/torture/stackalign/vararg-2.c  -Os  (test for excess errors)
WARNING: gcc.dg/torture/stackalign/vararg-2.c  -Os  compilation failed to produce executable
FAIL: gcc.dg/torture/stackalign/vararg-3.c  -Os  (internal compiler error)
FAIL: gcc.dg/torture/stackalign/vararg-3.c  -Os  (test for excess errors)
WARNING: gcc.dg/torture/stackalign/vararg-3.c  -Os  compilation failed to produce executable
FAIL: gcc.dg/torture/tls/run-le.c  -O0  -pie -fpie  execution test
FAIL: gcc.dg/torture/tls/run-le.c  -O1  -pie -fpie  execution test
FAIL: gcc.dg/torture/tls/run-le.c  -O2  -pie -fpie  execution test
FAIL: gcc.dg/torture/tls/run-le.c  -O3 -fomit-frame-pointer  -pie -fpie  execution test
FAIL: gcc.dg/torture/tls/run-le.c  -O3 -g  -pie -fpie  execution test
FAIL: gcc.dg/torture/tls/run-le.c  -Os  -pie -fpie  execution test
FAIL: gcc.dg/torture/tls/run-le.c  -O0  -pie -fPIE  execution test
FAIL: gcc.dg/torture/tls/run-le.c  -O1  -pie -fPIE  execution test
FAIL: gcc.dg/torture/tls/run-le.c  -O2  -pie -fPIE  execution test
FAIL: gcc.dg/torture/tls/run-le.c  -O3 -fomit-frame-pointer  -pie -fPIE  execution test
FAIL: gcc.dg/torture/tls/run-le.c  -O3 -g  -pie -fPIE  execution test
FAIL: gcc.dg/torture/tls/run-le.c  -Os  -pie -fPIE  execution test
FAIL: gcc.dg/torture/tls/thr-init-1.c  -O0  -pie -fpie  execution test
FAIL: gcc.dg/torture/tls/thr-init-1.c  -O1  -pie -fpie  execution test
FAIL: gcc.dg/torture/tls/thr-init-1.c  -O2  -pie -fpie  execution test
FAIL: gcc.dg/torture/tls/thr-init-1.c  -O3 -fomit-frame-pointer  -pie -fpie  execution test
FAIL: gcc.dg/torture/tls/thr-init-1.c  -O3 -g  -pie -fpie  execution test
FAIL: gcc.dg/torture/tls/thr-init-1.c  -Os  -pie -fpie  execution test
FAIL: gcc.dg/torture/tls/thr-init-1.c  -O0  -pie -fPIE  execution test
FAIL: gcc.dg/torture/tls/thr-init-1.c  -O1  -pie -fPIE  execution test
FAIL: gcc.dg/torture/tls/thr-init-1.c  -O2  -pie -fPIE  execution test
FAIL: gcc.dg/torture/tls/thr-init-1.c  -O3 -fomit-frame-pointer  -pie -fPIE  execution test
FAIL: gcc.dg/torture/tls/thr-init-1.c  -O3 -g  -pie -fPIE  execution test
FAIL: gcc.dg/torture/tls/thr-init-1.c  -Os  -pie -fPIE  execution test
FAIL: gcc.dg/torture/tls/thr-init-2.c  -O0  -pie -fpie  execution test
FAIL: gcc.dg/torture/tls/thr-init-2.c  -O1  -pie -fpie  execution test
FAIL: gcc.dg/torture/tls/thr-init-2.c  -O2  -pie -fpie  execution test
FAIL: gcc.dg/torture/tls/thr-init-2.c  -O3 -fomit-frame-pointer  -pie -fpie  execution test
FAIL: gcc.dg/torture/tls/thr-init-2.c  -O3 -g  -pie -fpie  execution test
FAIL: gcc.dg/torture/tls/thr-init-2.c  -Os  -pie -fpie  execution test
FAIL: gcc.dg/torture/tls/thr-init-2.c  -O0  -pie -fPIE  execution test
FAIL: gcc.dg/torture/tls/thr-init-2.c  -O1  -pie -fPIE  execution test
FAIL: gcc.dg/torture/tls/thr-init-2.c  -O2  -pie -fPIE  execution test
FAIL: gcc.dg/torture/tls/thr-init-2.c  -O3 -fomit-frame-pointer  -pie -fPIE  execution test
FAIL: gcc.dg/torture/tls/thr-init-2.c  -O3 -g  -pie -fPIE  execution test
FAIL: gcc.dg/torture/tls/thr-init-2.c  -Os  -pie -fPIE  execution test
FAIL: gcc.dg/torture/tls/tls-test.c  -O0  -pie -fpie  execution test
FAIL: gcc.dg/torture/tls/tls-test.c  -O1  -pie -fpie  execution test
FAIL: gcc.dg/torture/tls/tls-test.c  -O2  -pie -fpie  execution test
FAIL: gcc.dg/torture/tls/tls-test.c  -O3 -fomit-frame-pointer  -pie -fpie  execution test
FAIL: gcc.dg/torture/tls/tls-test.c  -O3 -g  -pie -fpie  execution test
FAIL: gcc.dg/torture/tls/tls-test.c  -Os  -pie -fpie  execution test
FAIL: gcc.dg/torture/tls/tls-test.c  -O0  -pie -fPIE  execution test
FAIL: gcc.dg/torture/tls/tls-test.c  -O1  -pie -fPIE  execution test
FAIL: gcc.dg/torture/tls/tls-test.c  -O2  -pie -fPIE  execution test
FAIL: gcc.dg/torture/tls/tls-test.c  -O3 -fomit-frame-pointer  -pie -fPIE  execution test
FAIL: gcc.dg/torture/tls/tls-test.c  -O3 -g  -pie -fPIE  execution test
FAIL: gcc.dg/torture/tls/tls-test.c  -Os  -pie -fPIE  execution test
FAIL: gcc.dg/tree-ssa/vrp47.c scan-tree-dump-times dom1 "x[^ ]* & y" 1
FAIL: gcc.dg/tree-ssa/vrp47.c scan-tree-dump-times vrp1 "x[^ ]* \\^ 1" 1
FAIL: gcc.target/i386/andor-2.c scan-assembler-not sete

		=== gcc Summary ===

# of expected passes		79650
# of unexpected failures	150
# of unexpected successes	18
# of expected failures		270
# of unresolved testcases	16
# of unsupported tests		1553
/home/regress/tbox/native/build/gcc/xgcc  version 4.7.0 20110723 (experimental) (GCC) 

		=== gfortran tests ===


Running target unix
FAIL: gfortran.dg/auto_char_dummy_array_1.f90  -Os  (internal compiler error)
FAIL: gfortran.dg/auto_char_dummy_array_1.f90  -Os  (test for excess errors)
WARNING: gfortran.dg/auto_char_dummy_array_1.f90  -Os  compilation failed to produce executable
FAIL: gfortran.dg/bessel_5.f90  -Os  (internal compiler error)
FAIL: gfortran.dg/bessel_5.f90  -Os  (test for excess errors)
WARNING: gfortran.dg/bessel_5.f90  -Os  compilation failed to produce executable
FAIL: gfortran.dg/cr_lf.f90  -Os  (internal compiler error)
FAIL: gfortran.dg/cr_lf.f90  -Os  (test for excess errors)
WARNING: gfortran.dg/cr_lf.f90  -Os  compilation failed to produce executable
FAIL: gfortran.dg/pr46297.f  -O3 -g  (internal compiler error)
FAIL: gfortran.dg/pr46297.f  -O3 -g  (test for excess errors)
WARNING: gfortran.dg/pr46297.f  -O3 -g  compilation failed to produce executable
FAIL: gfortran.dg/pr47008.f03  -O3 -g  (internal compiler error)
FAIL: gfortran.dg/pr47008.f03  -O3 -g  (test for excess errors)
WARNING: gfortran.dg/pr47008.f03  -O3 -g  compilation failed to produce executable

		=== gfortran Summary ===

# of expected passes		39004
# of unexpected failures	10
# of expected failures		41
# of unsupported tests		212
/home/regress/tbox/native/build/gcc/testsuite/gfortran/../../gfortran  version 4.7.0 20110723 (experimental) (GCC) 

		=== objc tests ===


Running target unix
FAIL: objc/execute/exceptions/catchall-1.m compilation,  -Os -fgnu-runtime (internal compiler error)
UNRESOLVED: objc/execute/exceptions/catchall-1.m execution,  -Os -fgnu-runtime
FAIL: objc/execute/exceptions/foward-1.m compilation,  -Os -fgnu-runtime (internal compiler error)
UNRESOLVED: objc/execute/exceptions/foward-1.m execution,  -Os -fgnu-runtime

		=== objc Summary ===

# of expected passes		2970
# of unexpected failures	2
# of expected failures		6
# of unresolved testcases	2
# of unsupported tests		74
/home/regress/tbox/native/build/gcc/xgcc  version 4.7.0 20110723 (experimental) (GCC) 

		=== boehm-gc tests ===


Running target unix
FAIL: boehm-gc.c/thread_leak_test.c -O2 (test for excess errors)

		=== boehm-gc Summary ===

# of expected passes		11
# of unexpected failures	1
# of unsupported tests		1
		=== libffi tests ===


Running target unix
FAIL: libffi.special/unwindtest.cc  -shared-libgcc -lstdc++ (test for excess errors)
WARNING: libffi.special/unwindtest.cc  -shared-libgcc -lstdc++ compilation failed to produce executable
FAIL: libffi.special/unwindtest_ffi_call.cc  -shared-libgcc -lstdc++ (test for excess errors)
WARNING: libffi.special/unwindtest_ffi_call.cc  -shared-libgcc -lstdc++ compilation failed to produce executable

		=== libffi Summary ===

# of expected passes		1628
# of unexpected failures	2
# of expected failures		10
# of unsupported tests		15
		=== libgomp tests ===


Running target unix

		=== libgomp Summary ===

# of expected passes		2592
		=== libjava tests ===


Running target unix

		=== libjava Summary ===

# of expected passes		2574
		=== libmudflap tests ===


Running target unix

		=== libmudflap Summary ===

# of expected passes		1899
		=== libstdc++ tests ===


Running target unix

		=== libstdc++ Summary ===

# of expected passes		8615
# of expected failures		45
# of unsupported tests		142

Compiler version: 4.7.0 20110723 (experimental) (GCC) 
Platform: i686-pc-linux-gnu
configure flags: --prefix=/home/regress/tbox/objs --target=i686-pc-linux-gnu



More information about the Gcc-testresults mailing list